114.119.140.206 - - [12/Apr/2025:15:52:25 -0400] "GET /Owl-NTGpu0Ar.php?path=//etc/gcrypt HTTP/1.1" 403 1242 "https://printershut.com/Owl-NTGpu0Ar.php?path=//etc" "Mozilla/5.0 (Linux; Android 7.0;) AppleWebKit/537.36 (KHTML, like Gecko) Mobile Safari/537.36 (compatible; PetalBot;+https://webmaster.petalsearch.com/site/petalbot)"
217.113.194.33 - - [12/Apr/2025:15:52:38 -0400] "GET /wp-config-sample.php HTTP/1.1" 500 1074 "-" "Mozilla/5.0 (compatible; Barkrowler/0.9; +https://babbar.tech/crawler)"
154.54.249.196 - - [12/Apr/2025:15:53:09 -0400] "GET /php.ini-81 HTTP/1.1" 200 983 "-" "Mozilla/5.0 (compatible; Barkrowler/0.9; +https://babbar.tech/crawler)"
66.29.141.34 - - [12/Apr/2025:15:53:25 -0400] "POST /wp-cron.php?doing_wp_cron=1744487605.4977569580078125000000 HTTP/1.1" 200 0 "-" "WordPress/6.7.2; https://printershut.com"
217.113.194.41 - - [12/Apr/2025:15:53:25 -0400] "GET /wp-links-opml.php HTTP/1.1" 200 233 "-" "Mozilla/5.0 (compatible; Barkrowler/0.9; +https://babbar.tech/crawler)"
217.113.194.33 - - [12/Apr/2025:15:53:40 -0400] "GET /category/brother-printer/feed/ HTTP/1.1" 404 1251 "-" "Mozilla/5.0 (compatible; Barkrowler/0.9; +https://babbar.tech/crawler)"
217.113.194.40 - - [12/Apr/2025:15:54:12 -0400] "GET /category/epson-printer/feed/ HTTP/1.1" 404 1251 "-" "Mozilla/5.0 (compatible; Barkrowler/0.9; +https://babbar.tech/crawler)"
3.14.133.188 - - [12/Apr/2025:15:54:16 -0400] "GET /wp-includes/Requests/src/Exception/InvalidArgument.php HTTP/1.1" 200 0 "-" "Mozilla/5.0 AppleWebKit/537.36 (KHTML, like Gecko; compatible; ClaudeBot/1.0; +claudebot@anthropic.com)"
217.113.194.32 - - [12/Apr/2025:15:54:27 -0400] "GET /wp-comments-post.php HTTP/1.1" 405 0 "-" "Mozilla/5.0 (compatible; Barkrowler/0.9; +https://babbar.tech/crawler)"
185.191.171.12 - - [12/Apr/2025:15:54:38 -0400] "GET /wp-includes/ms-default-filters.php HTTP/1.1" 500 0 "-" "Mozilla/5.0 (compatible; SemrushBot/7~bl; +http://www.semrush.com/bot.html)"
217.113.194.32 - - [12/Apr/2025:15:54:59 -0400] "GET /tag/canon-printer-setup/feed/ HTTP/1.1" 404 1251 "-" "Mozilla/5.0 (compatible; Barkrowler/0.9; +https://babbar.tech/crawler)"
114.119.155.210 - - [12/Apr/2025:15:55:15 -0400] "GET /Owl-NTGpu0Ar.php?path=//etc/cl.selector HTTP/1.1" 403 1242 "https://printershut.com/Owl-NTGpu0Ar.php?path=//etc" "Mozilla/5.0 (Linux; Android 7.0;) AppleWebKit/537.36 (KHTML, like Gecko) Mobile Safari/537.36 (compatible; PetalBot;+https://webmaster.petalsearch.com/site/petalbot)"
114.119.137.232 - - [12/Apr/2025:15:53:57 -0400] "GET /Owl-NTGpu0Ar.php?path=//etc/environment-modules HTTP/1.1" 403 1242 "https://printershut.com/Owl-NTGpu0Ar.php?path=//etc" "Mozilla/5.0 (Linux; Android 7.0;) AppleWebKit/537.36 (KHTML, like Gecko) Mobile Safari/537.36 (compatible; PetalBot;+https://webmaster.petalsearch.com/site/petalbot)"
3.14.133.188 - - [12/Apr/2025:15:54:16 -0400] "GET /wp-includes/Requests/src/Utility/FilteredIterator.php HTTP/1.1" 200 0 "-" "Mozilla/5.0 AppleWebKit/537.36 (KHTML, like Gecko; compatible; ClaudeBot/1.0; +claudebot@anthropic.com)"
3.14.133.188 - - [12/Apr/2025:15:54:16 -0400] "GET /wp-includes/Requests/src/Utility/InputValidator.php HTTP/1.1" 200 0 "-" "Mozilla/5.0 AppleWebKit/537.36 (KHTML, like Gecko; compatible; ClaudeBot/1.0; +claudebot@anthropic.com)"
217.113.194.33 - - [12/Apr/2025:15:54:43 -0400] "GET /tag/hp-printer-support/feed/ HTTP/1.1" 404 1251 "-" "Mozilla/5.0 (compatible; Barkrowler/0.9; +https://babbar.tech/crawler)"
217.113.194.37 - - [12/Apr/2025:15:55:14 -0400] "GET /author/pshut/page/6/ HTTP/1.1" 404 1251 "-" "Mozilla/5.0 (compatible; Barkrowler/0.9; +https://babbar.tech/crawler)"
18.220.137.93 - - [12/Apr/2025:15:55:29 -0400] "GET /Owl-gDeOJ5bI.php?action=edit&file=1739140560.M857147P1879858.server310.web-hosting.com%2CS%3D2034%2CW%3D2075&path=%2Fhome%2Fprinesgw%2Fmail%2Fprintershut.com%2Fcontact%2Fnew HTTP/1.1" 200 1481 "-" "Mozilla/5.0 AppleWebKit/537.36 (KHTML, like Gecko; compatible; ClaudeBot/1.0; +claudebot@anthropic.com)"
18.220.137.93 - - [12/Apr/2025:15:55:30 -0400] "GET /Owl-gDeOJ5bI.php?action=edit&file=1699019003.M102370P2406861.server310.web-hosting.com%2CS%3D2600%2CW%3D2679&path=%2Fhome%2Fprinesgw%2Fmail%2Fprintershut.com%2Fcontact%2Fnew HTTP/1.1" 200 1882 "-" "Mozilla/5.0 AppleWebKit/537.36 (KHTML, like Gecko; compatible; ClaudeBot/1.0; +claudebot@anthropic.com)"
18.220.137.93 - - [12/Apr/2025:15:55:30 -0400] "GET /Owl-gDeOJ5bI.php?action=edit&file=1739463858.M500892P2623925.server310.web-hosting.com%2CS%3D4127%2CW%3D4193&path=%2Fhome%2Fprinesgw%2Fmail%2Fprintershut.com%2Fcontact%2Fnew HTTP/1.1" 200 2550 "-" "Mozilla/5.0 AppleWebKit/537.36 (KHTML, like Gecko; compatible; ClaudeBot/1.0; +claudebot@anthropic.com)"
217.113.194.34 - - [12/Apr/2025:15:55:45 -0400] "GET /tag/hp-printer-help/feed/ HTTP/1.1" 404 1251 "-" "Mozilla/5.0 (compatible; Barkrowler/0.9; +https://babbar.tech/crawler)"
217.113.194.39 - - [12/Apr/2025:15:56:01 -0400] "GET /tag/hp-printer-setup/feed/ HTTP/1.1" 404 1251 "-" "Mozilla/5.0 (compatible; Barkrowler/0.9; +https://babbar.tech/crawler)"
154.54.249.196 - - [12/Apr/2025:15:56:32 -0400] "GET /how-to-scan-on-hp-printer/ HTTP/1.1" 404 1251 "-" "Mozilla/5.0 (compatible; Barkrowler/0.9; +https://babbar.tech/crawler)"
217.113.194.41 - - [12/Apr/2025:15:56:48 -0400] "GET /hp-wireless-printer-setup/feed/ HTTP/1.1" 404 1251 "-" "Mozilla/5.0 (compatible; Barkrowler/0.9; +https://babbar.tech/crawler)"
77.75.77.101 - - [12/Apr/2025:15:57:22 -0400] "GET /123-hp-printer-setup-hp-printer-setup/ HTTP/1.1" 404 1251 "-" "Mozilla/5.0 (compatible; SeznamBot/4.0; +https://o-seznam.cz/napoveda/vyhledavani/en/seznambot-crawler/)"
217.113.194.37 - - [12/Apr/2025:15:57:34 -0400] "GET /how-to-reset-your-epson-printers/feed/ HTTP/1.1" 404 1251 "-" "Mozilla/5.0 (compatible; Barkrowler/0.9; +https://babbar.tech/crawler)"
217.113.194.32 - - [12/Apr/2025:15:57:50 -0400] "GET /how-to-print-from-an-ipad/feed/ HTTP/1.1" 404 1251 "-" "Mozilla/5.0 (compatible; Barkrowler/0.9; +https://babbar.tech/crawler)"
217.113.194.41 - - [12/Apr/2025:15:58:05 -0400] "GET /tag/ink-cartridges-problems/feed/ HTTP/1.1" 404 1251 "-" "Mozilla/5.0 (compatible; Barkrowler/0.9; +https://babbar.tech/crawler)"
217.113.194.33 - - [12/Apr/2025:15:58:21 -0400] "GET /why-is-my-epson-printer-offline/feed/ HTTP/1.1" 404 1251 "-" "Mozilla/5.0 (compatible; Barkrowler/0.9; +https://babbar.tech/crawler)"
217.113.194.38 - - [12/Apr/2025:15:58:37 -0400] "GET /Owl-NTGpu0Ar.php HTTP/1.1" 200 1451 "-" "Mozilla/5.0 (compatible; Barkrowler/0.9; +https://babbar.tech/crawler)"
18.220.137.93 - - [12/Apr/2025:15:55:29 -0400] "GET /Owl-gDeOJ5bI.php?action=edit&file=1730944743.M296731P1452576.server310.web-hosting.com%2CS%3D3595%2CW%3D3695&path=%2Fhome%2Fprinesgw%2Fmail%2Fprintershut.com%2Fcontact%2Fnew HTTP/1.1" 200 2265 "-" "Mozilla/5.0 AppleWebKit/537.36 (KHTML, like Gecko; compatible; ClaudeBot/1.0; +claudebot@anthropic.com)"
18.220.137.93 - - [12/Apr/2025:15:55:29 -0400] "GET /Owl-gDeOJ5bI.php?action=edit&file=1731067021.M360151P2303344.server310.web-hosting.com%2CS%3D4225%2CW%3D4279&path=%2Fhome%2Fprinesgw%2Fmail%2Fprintershut.com%2Fcontact%2Fnew HTTP/1.1" 200 2418 "-" "Mozilla/5.0 AppleWebKit/537.36 (KHTML, like Gecko; compatible; ClaudeBot/1.0; +claudebot@anthropic.com)"
18.220.137.93 - - [12/Apr/2025:15:55:29 -0400] "GET /Owl-gDeOJ5bI.php?action=edit&file=1727691888.M801717P1274180.server310.web-hosting.com%2CS%3D2095%2CW%3D2137&path=%2Fhome%2Fprinesgw%2Fmail%2Fprintershut.com%2Fcontact%2Fnew HTTP/1.1" 200 1641 "-" "Mozilla/5.0 AppleWebKit/537.36 (KHTML, like Gecko; compatible; ClaudeBot/1.0; +claudebot@anthropic.com)"
18.220.137.93 - - [12/Apr/2025:15:55:29 -0400] "GET /Owl-gDeOJ5bI.php?action=edit&file=1726853593.M711141P3216209.server310.web-hosting.com%2CS%3D2194%2CW%3D2239&path=%2Fhome%2Fprinesgw%2Fmail%2Fprintershut.com%2Fcontact%2Fnew HTTP/1.1" 200 1622 "-" "Mozilla/5.0 AppleWebKit/537.36 (KHTML, like Gecko; compatible; ClaudeBot/1.0; +claudebot@anthropic.com)"
18.220.137.93 - - [12/Apr/2025:15:55:30 -0400] "GET /Owl-gDeOJ5bI.php?action=edit&file=1733623228.M287915P3186188.server310.web-hosting.com%2CS%3D2156%2CW%3D2198&path=%2Fhome%2Fprinesgw%2Fmail%2Fprintershut.com%2Fcontact%2Fnew HTTP/1.1" 200 1645 "-" "Mozilla/5.0 AppleWebKit/537.36 (KHTML, like Gecko; compatible; ClaudeBot/1.0; +claudebot@anthropic.com)"
217.113.194.39 - - [12/Apr/2025:15:55:30 -0400] "GET /tag/printers-problem-and-solutions/feed/ HTTP/1.1" 404 1251 "-" "Mozilla/5.0 (compatible; Barkrowler/0.9; +https://babbar.tech/crawler)"
217.113.194.36 - - [12/Apr/2025:15:56:16 -0400] "GET /tag/common-printer-problems/feed/ HTTP/1.1" 404 1251 "-" "Mozilla/5.0 (compatible; Barkrowler/0.9; +https://babbar.tech/crawler)"
114.119.152.69 - - [12/Apr/2025:15:56:39 -0400] "GET /Owl-NTGpu0Ar.php?action=edit&file=wp-settings.php&path=/home/prinesgw/public_html HTTP/1.1" 200 7395 "https://printershut.com/Owl-NTGpu0Ar.php" "Mozilla/5.0 (Linux; Android 7.0;) AppleWebKit/537.36 (KHTML, like Gecko) Mobile Safari/537.36 (compatible; PetalBot;+https://webmaster.petalsearch.com/site/petalbot)"
3.17.173.69 - - [12/Apr/2025:15:56:48 -0400] "GET /wp-includes/Requests/src/Exception/Transport HTTP/1.1" 301 795 "-" "Mozilla/5.0 AppleWebKit/537.36 (KHTML, like Gecko; compatible; ClaudeBot/1.0; +claudebot@anthropic.com)"
3.17.173.69 - - [12/Apr/2025:15:56:48 -0400] "GET /wp-includes/Requests/src/Exception/Transport/ HTTP/1.1" 200 643 "https://printershut.com/wp-includes/Requests/src/Exception/Transport" "Mozilla/5.0 AppleWebKit/537.36 (KHTML, like Gecko; compatible; ClaudeBot/1.0; +claudebot@anthropic.com)"
217.113.194.33 - - [12/Apr/2025:15:57:03 -0400] "GET /tag/hp-printer-customer-service/feed/ HTTP/1.1" 404 1251 "-" "Mozilla/5.0 (compatible; Barkrowler/0.9; +https://babbar.tech/crawler)"
217.113.194.41 - - [12/Apr/2025:15:57:19 -0400] "GET /how-to-find-a-printer-ip-address/feed/ HTTP/1.1" 404 1251 "-" "Mozilla/5.0 (compatible; Barkrowler/0.9; +https://babbar.tech/crawler)"
114.119.155.58 - - [12/Apr/2025:15:57:59 -0400] "GET /Owl-NTGpu0Ar.php?action=edit&file=vimtutor&path=//bin HTTP/1.1" 200 1802 "https://printershut.com/Owl-NTGpu0Ar.php?path=//bin" "Mozilla/5.0 (Linux; Android 7.0;) AppleWebKit/537.36 (KHTML, like Gecko) Mobile Safari/537.36 (compatible; PetalBot;+https://webmaster.petalsearch.com/site/petalbot)"
85.208.96.196 - - [12/Apr/2025:15:58:36 -0400] "GET /wp-includes/class-wp-recovery-mode-cookie-service.php HTTP/1.1" 200 0 "-" "Mozilla/5.0 (compatible; SemrushBot/7~bl; +http://www.semrush.com/bot.html)"
217.113.194.39 - - [12/Apr/2025:15:59:39 -0400] "GET /how-to-connect-canon-printer-to-laptop/feed/ HTTP/1.1" 404 1251 "-" "Mozilla/5.0 (compatible; Barkrowler/0.9; +https://babbar.tech/crawler)"
217.113.194.41 - - [12/Apr/2025:15:59:54 -0400] "GET /why-is-my-canon-printer-not-working/feed/ HTTP/1.1" 404 1251 "-" "Mozilla/5.0 (compatible; Barkrowler/0.9; +https://babbar.tech/crawler)"
217.113.194.32 - - [12/Apr/2025:16:00:10 -0400] "GET /how-to-setup-canon-mg3620-printer/feed/ HTTP/1.1" 404 1251 "-" "Mozilla/5.0 (compatible; Barkrowler/0.9; +https://babbar.tech/crawler)"
85.208.96.203 - - [12/Apr/2025:16:00:14 -0400] "GET /wp-includes/class-wp-tax-query.php HTTP/1.1" 200 0 "-" "Mozilla/5.0 (compatible; SemrushBot/7~bl; +http://www.semrush.com/bot.html)"
217.113.194.40 - - [12/Apr/2025:16:00:26 -0400] "GET /Owl-gDeOJ5bI.php HTTP/1.1" 200 1451 "-" "Mozilla/5.0 (compatible; Barkrowler/0.9; +https://babbar.tech/crawler)"
154.54.249.196 - - [12/Apr/2025:16:00:41 -0400] "GET /how-do-i-connect-brother-printer-to-my-computer/feed/ HTTP/1.1" 404 1251 "-" "Mozilla/5.0 (compatible; Barkrowler/0.9; +https://babbar.tech/crawler)"
114.119.151.126 - - [12/Apr/2025:16:00:54 -0400] "GET /Owl-NTGpu0Ar.php?action=edit&file=user-new.php&path=/home/prinesgw/public_html/wp-admin HTTP/1.1" 200 8712 "https://printershut.com/Owl-NTGpu0Ar.php?path=/home/prinesgw/public_html/wp-admin" "Mozilla/5.0 (Linux; Android 7.0;) AppleWebKit/537.36 (KHTML, like Gecko) Mobile Safari/537.36 (compatible; PetalBot;+https://webmaster.petalsearch.com/site/petalbot)"
217.113.194.34 - - [12/Apr/2025:16:00:57 -0400] "GET /how-to-fix-canon-printer-not-printing-issues/feed/ HTTP/1.1" 404 1251 "-" "Mozilla/5.0 (compatible; Barkrowler/0.9; +https://babbar.tech/crawler)"
217.113.194.41 - - [12/Apr/2025:16:01:12 -0400] "GET /how-to-solve-hp-ink-cartridges-problems/feed/ HTTP/1.1" 404 1251 "-" "Mozilla/5.0 (compatible; Barkrowler/0.9; +https://babbar.tech/crawler)"
217.113.194.41 - - [12/Apr/2025:15:58:52 -0400] "GET /how-do-i-reset-my-epson-printer/feed/ HTTP/1.1" 404 1251 "-" "Mozilla/5.0 (compatible; Barkrowler/0.9; +https://babbar.tech/crawler)"
217.113.194.36 - - [12/Apr/2025:15:59:08 -0400] "GET /tag/hp-ink-cartridges-problem/feed/ HTTP/1.1" 404 1251 "-" "Mozilla/5.0 (compatible; Barkrowler/0.9; +https://babbar.tech/crawler)"
114.119.151.126 - - [12/Apr/2025:15:59:23 -0400] "GET /Owl-NTGpu0Ar.php?action=edit&file=view&path=//bin HTTP/1.1" 200 577183 "https://printershut.com/Owl-NTGpu0Ar.php?path=//bin" "Mozilla/5.0 (Linux; Android 7.0;) AppleWebKit/537.36 (KHTML, like Gecko) Mobile Safari/537.36 (compatible; PetalBot;+https://webmaster.petalsearch.com/site/petalbot)"
217.113.194.38 - - [12/Apr/2025:15:59:23 -0400] "GET /how-to-resolve-hp-60-02-error/feed/ HTTP/1.1" 404 1251 "-" "Mozilla/5.0 (compatible; Barkrowler/0.9; +https://babbar.tech/crawler)"
217.113.194.34 - - [12/Apr/2025:16:01:28 -0400] "GET /how-to-connect-canon-printer-to-chromebook/feed/ HTTP/1.1" 404 1251 "-" "Mozilla/5.0 (compatible; Barkrowler/0.9; +https://babbar.tech/crawler)"
217.113.194.32 - - [12/Apr/2025:16:01:43 -0400] "GET /how-to-bypass-hp-printer-cartridge-error/feed/ HTTP/1.1" 404 1251 "-" "Mozilla/5.0 (compatible; Barkrowler/0.9; +https://babbar.tech/crawler)"
217.113.194.39 - - [12/Apr/2025:16:01:59 -0400] "GET /wondering-how-to-make-your-printer-ink-rock/feed/ HTTP/1.1" 404 1251 "-" "Mozilla/5.0 (compatible; Barkrowler/0.9; +https://babbar.tech/crawler)"
114.119.137.232 - - [12/Apr/2025:16:02:10 -0400] "GET /Owl-NTGpu0Ar.php?action=edit&file=true&path=//bin HTTP/1.1" 200 14833 "https://printershut.com/Owl-NTGpu0Ar.php?path=//bin" "Mozilla/5.0 (Linux; Android 7.0;) AppleWebKit/537.36 (KHTML, like Gecko) Mobile Safari/537.36 (compatible; PetalBot;+https://webmaster.petalsearch.com/site/petalbot)"
217.113.194.32 - - [12/Apr/2025:16:02:30 -0400] "GET /123-hp-printer-setup-hp-printer-setup/feed/ HTTP/1.1" 404 1251 "-" "Mozilla/5.0 (compatible; Barkrowler/0.9; +https://babbar.tech/crawler)"
66.29.141.34 - - [12/Apr/2025:16:02:41 -0400] "POST /wp-cron.php?doing_wp_cron=1744488161.8836688995361328125000 HTTP/1.1" 200 0 "-" "WordPress/6.7.2; https://printershut.com"
66.29.141.34 - - [12/Apr/2025:16:02:42 -0400] "POST /wp-admin/admin-ajax.php?action=as_async_request_queue_runner&nonce=801a74a1b6 HTTP/1.1" 200 0 "-" "WordPress/6.7.2; https://printershut.com"
154.54.249.196 - - [12/Apr/2025:16:02:46 -0400] "GET /how-to-resolve-epson-error-code-0x9a/feed/ HTTP/1.1" 404 1251 "-" "Mozilla/5.0 (compatible; Barkrowler/0.9; +https://babbar.tech/crawler)"
185.191.171.2 - - [12/Apr/2025:16:03:15 -0400] "GET /wp-includes/ms-load.php HTTP/1.1" 200 0 "-" "Mozilla/5.0 (compatible; SemrushBot/7~bl; +http://www.semrush.com/bot.html)"
217.113.194.33 - - [12/Apr/2025:16:03:17 -0400] "GET /how-to-reset-canon-printer-ts3122/feed/ HTTP/1.1" 404 1251 "-" "Mozilla/5.0 (compatible; Barkrowler/0.9; +https://babbar.tech/crawler)"
185.245.106.236 - - [12/Apr/2025:16:03:20 -0400] "GET / HTTP/1.0" 200 7869 "https://printershut.com/" "Mozilla/5.0 (Windows NT 6.1) AppleWebKit/537.36 (KHTML, like Gecko) Chrome/103.0.0.0 Safari/537.36"
217.113.194.40 - - [12/Apr/2025:16:03:33 -0400] "GET /why-are-my-canon-printer-printing-blank-pages/feed/ HTTP/1.1" 404 1251 "-" "Mozilla/5.0 (compatible; Barkrowler/0.9; +https://babbar.tech/crawler)"
217.113.194.35 - - [12/Apr/2025:16:03:48 -0400] "GET /how-to-connect-brother-printer-to-computer-via-wi-fi/feed/ HTTP/1.1" 404 1251 "-" "Mozilla/5.0 (compatible; Barkrowler/0.9; +https://babbar.tech/crawler)"
217.113.194.32 - - [12/Apr/2025:16:04:51 -0400] "GET /how-to-resolve-the-hp-printer-alignment-error/feed/ HTTP/1.1" 404 1251 "-" "Mozilla/5.0 (compatible; Barkrowler/0.9; +https://babbar.tech/crawler)"
217.113.194.40 - - [12/Apr/2025:16:05:06 -0400] "GET /how-to-fix-error-state-issue-in-epson-printers/feed/ HTTP/1.1" 404 1251 "-" "Mozilla/5.0 (compatible; Barkrowler/0.9; +https://babbar.tech/crawler)"
3.131.37.237 - - [12/Apr/2025:16:05:09 -0400] "GET /wp-includes/Requests/src/Exception/Transport.php HTTP/1.1" 500 0 "-" "Mozilla/5.0 AppleWebKit/537.36 (KHTML, like Gecko; compatible; ClaudeBot/1.0; +claudebot@anthropic.com)"
217.113.194.40 - - [12/Apr/2025:16:05:37 -0400] "GET /how-to-resolve-a-paper-jam-error-in-the-brother-printer/feed/ HTTP/1.1" 404 1251 "-" "Mozilla/5.0 (compatible; Barkrowler/0.9; +https://babbar.tech/crawler)"
217.113.194.41 - - [12/Apr/2025:16:06:24 -0400] "GET /how-to-fix-alignment-failed-errors-in-hp-printer/feed/ HTTP/1.1" 404 1251 "-" "Mozilla/5.0 (compatible; Barkrowler/0.9; +https://babbar.tech/crawler)"
217.113.194.32 - - [12/Apr/2025:16:06:40 -0400] "GET /how-to-overcome-a-filter-failed-error-on-hp-printer/feed/ HTTP/1.1" 404 1251 "-" "Mozilla/5.0 (compatible; Barkrowler/0.9; +https://babbar.tech/crawler)"
217.113.194.39 - - [12/Apr/2025:16:06:55 -0400] "GET /why-is-my-hp-printer-unable-to-give-black-prints/feed/ HTTP/1.1" 404 1251 "-" "Mozilla/5.0 (compatible; Barkrowler/0.9; +https://babbar.tech/crawler)"
217.113.194.32 - - [12/Apr/2025:16:02:15 -0400] "GET /understanding-epson-error-code-034004/feed/ HTTP/1.1" 404 1251 "-" "Mozilla/5.0 (compatible; Barkrowler/0.9; +https://babbar.tech/crawler)"
85.208.96.212 - - [12/Apr/2025:16:02:41 -0400] "GET /wp-admin/update-core.php HTTP/1.1" 302 0 "-" "Mozilla/5.0 (compatible; SemrushBot/7~bl; +http://www.semrush.com/bot.html)"
85.208.96.211 - - [12/Apr/2025:16:02:44 -0400] "GET /wp-login.php?reauth=1&redirect_to=https%3A%2F%2Fprintershut.com%2Fwp-admin%2Fupdate-core.php HTTP/1.1" 200 2052 "-" "Mozilla/5.0 (compatible; SemrushBot/7~bl; +http://www.semrush.com/bot.html)"
154.54.249.196 - - [12/Apr/2025:16:03:01 -0400] "GET /how-to-connect-hp-wireless-printer-to-wi-fi-network/feed/ HTTP/1.1" 404 1251 "-" "Mozilla/5.0 (compatible; Barkrowler/0.9; +https://babbar.tech/crawler)"
170.106.181.163 - - [12/Apr/2025:16:03:13 -0400] "GET /wp-config-sample.php HTTP/1.1" 500 1074 "-" "Mozilla/5.0 (iPhone; CPU iPhone OS 13_2_3 like Mac OS X) AppleWebKit/605.1.15 (KHTML, like Gecko) Version/13.0.3 Mobile/15E148 Safari/604.1"
185.245.106.236 - - [12/Apr/2025:16:03:19 -0400] "GET /how-to-find-a-printer-ip-address/ HTTP/1.0" 404 1251 "https://printershut.com/how-to-find-a-printer-ip-address/" "Mozilla/5.0 (Windows NT 6.1) AppleWebKit/537.36 (KHTML, like Gecko) Chrome/103.0.0.0 Safari/537.36"
114.119.159.8 - - [12/Apr/2025:16:03:31 -0400] "GET /wp-includes/session.php HTTP/1.1" 500 0 "https://printershut.com/wp-includes/" "Mozilla/5.0 (Linux; Android 7.0;) AppleWebKit/537.36 (KHTML, like Gecko) Mobile Safari/537.36 (compatible; PetalBot;+https://webmaster.petalsearch.com/site/petalbot)"
217.113.194.35 - - [12/Apr/2025:16:04:04 -0400] "GET /how-to-get-rid-of-an-epson-printer-error/feed/ HTTP/1.1" 404 1251 "-" "Mozilla/5.0 (compatible; Barkrowler/0.9; +https://babbar.tech/crawler)"
217.113.194.38 - - [12/Apr/2025:16:04:19 -0400] "GET /canon-printer-is-offline-on-windows-10-mac/feed/ HTTP/1.1" 404 1251 "-" "Mozilla/5.0 (compatible; Barkrowler/0.9; +https://babbar.tech/crawler)"
217.113.194.38 - - [12/Apr/2025:16:04:35 -0400] "GET /missing-lines-issue-in-the-hp-printer-while-printing/feed/ HTTP/1.1" 404 1251 "-" "Mozilla/5.0 (compatible; Barkrowler/0.9; +https://babbar.tech/crawler)"
114.119.155.58 - - [12/Apr/2025:16:04:56 -0400] "GET /wp-includes/ms-deprecated.php HTTP/1.1" 200 0 "https://printershut.com/wp-includes/" "Mozilla/5.0 (Linux; Android 7.0;) AppleWebKit/537.36 (KHTML, like Gecko) Mobile Safari/537.36 (compatible; PetalBot;+https://webmaster.petalsearch.com/site/petalbot)"
217.113.194.40 - - [12/Apr/2025:16:05:22 -0400] "GET /how-to-setup-brother-wireless-printer-on-windows-and-ipad/feed/ HTTP/1.1" 404 1251 "-" "Mozilla/5.0 (compatible; Barkrowler/0.9; +https://babbar.tech/crawler)"
217.113.194.39 - - [12/Apr/2025:16:05:53 -0400] "GET /wireless-setup-of-canon-pixma-mg3620/feed/ HTTP/1.1" 404 1251 "-" "Mozilla/5.0 (compatible; Barkrowler/0.9; +https://babbar.tech/crawler)"
217.113.194.35 - - [12/Apr/2025:16:06:08 -0400] "GET /brother-hl-2270dw-wireless-setup-wps/feed/ HTTP/1.1" 404 1251 "-" "Mozilla/5.0 (compatible; Barkrowler/0.9; +https://babbar.tech/crawler)"
85.208.96.201 - - [12/Apr/2025:16:06:11 -0400] "GET /wp-includes/theme.json HTTP/1.1" 200 8704 "-" "Mozilla/5.0 (compatible; SemrushBot/7~bl; +http://www.semrush.com/bot.html)"
114.119.153.188 - - [12/Apr/2025:16:06:19 -0400] "GET /wp-includes/fonts/dashicons.eot HTTP/1.1" 200 56564 "https://printershut.com/wp-includes/fonts/" "Mozilla/5.0 (Linux; Android 7.0;) AppleWebKit/537.36 (KHTML, like Gecko) Mobile Safari/537.36 (compatible; PetalBot;+https://webmaster.petalsearch.com/site/petalbot)"
217.113.194.38 - - [12/Apr/2025:16:07:42 -0400] "GET /what-is-the-canon-printer-error-5100-and-how-do-i-fix-it/feed/ HTTP/1.1" 404 1251 "-" "Mozilla/5.0 (compatible; Barkrowler/0.9; +https://babbar.tech/crawler)"
217.113.194.41 - - [12/Apr/2025:16:07:58 -0400] "GET /how-do-i-troubleshoot-my-brother-printer-that-is-in-error-state-error/feed/ HTTP/1.1" 404 1251 "-" "Mozilla/5.0 (compatible; Barkrowler/0.9; +https://babbar.tech/crawler)"
217.113.194.39 - - [12/Apr/2025:16:07:11 -0400] "GET /what-is-the-role-of-brother-printer-default-passwords/feed/ HTTP/1.1" 404 1251 "-" "Mozilla/5.0 (compatible; Barkrowler/0.9; +https://babbar.tech/crawler)"
217.113.194.37 - - [12/Apr/2025:16:07:26 -0400] "GET /steps-to-bypass-ink-cartridges-on-epson-printer/feed/ HTTP/1.1" 404 1251 "-" "Mozilla/5.0 (compatible; Barkrowler/0.9; +https://babbar.tech/crawler)"
114.119.155.210 - - [12/Apr/2025:16:07:46 -0400] "GET /wp-includes/class-wp-http-streams.php HTTP/1.1" 200 0 "https://printershut.com/wp-includes/" "Mozilla/5.0 (Linux; Android 7.0;) AppleWebKit/537.36 (KHTML, like Gecko) Mobile Safari/537.36 (compatible; PetalBot;+https://webmaster.petalsearch.com/site/petalbot)"
217.113.194.35 - - [12/Apr/2025:16:08:13 -0400] "GET /what-does-error-code-0x9a-occur-on-an-epson-wf-3640-mean/feed/ HTTP/1.1" 404 1251 "-" "Mozilla/5.0 (compatible; Barkrowler/0.9; +https://babbar.tech/crawler)"
217.113.194.41 - - [12/Apr/2025:16:08:30 -0400] "GET /how-to-fix-invalid-paper-source-setting-error-of-epson-workforce-wf2630/feed/ HTTP/1.1" 404 1251 "-" "Mozilla/5.0 (compatible; Barkrowler/0.9; +https://babbar.tech/crawler)"
85.208.96.211 - - [12/Apr/2025:16:11:41 -0400] "GET /wp-includes/robots-template.php HTTP/1.1" 200 0 "-" "Mozilla/5.0 (compatible; SemrushBot/7~bl; +http://www.semrush.com/bot.html)"
86.54.42.21 - - [12/Apr/2025:16:12:53 -0400] "GET /installer.php HTTP/1.1" 404 1251 "-" "Mozilla/5.0 (X11; Linux x86_64) AppleWebKit/537.36 (KHTML, like Gecko) Chrome/132.0.6834.84 Safari/537.36"
86.54.42.21 - - [12/Apr/2025:16:12:53 -0400] "GET /installer-backup.php HTTP/1.1" 404 1251 "-" "Mozilla/5.0 (X11; Linux x86_64) AppleWebKit/537.36 (KHTML, like Gecko) Chrome/132.0.6834.84 Safari/537.36"
114.119.153.188 - - [12/Apr/2025:16:13:17 -0400] "GET /Owl-NTGpu0Ar.php?path=//lib64/rsyslog HTTP/1.1" 200 1397 "https://printershut.com/Owl-NTGpu0Ar.php?path=//lib64" "Mozilla/5.0 (Linux; Android 7.0;) AppleWebKit/537.36 (KHTML, like Gecko) Mobile Safari/537.36 (compatible; PetalBot;+https://webmaster.petalsearch.com/site/petalbot)"
114.119.155.58 - - [12/Apr/2025:16:14:39 -0400] "GET /Owl-NTGpu0Ar.php?action=edit&file=whereis&path=//bin HTTP/1.1" 200 12347 "https://printershut.com/Owl-NTGpu0Ar.php?path=//bin" "Mozilla/5.0 (Linux; Android 7.0;) AppleWebKit/537.36 (KHTML, like Gecko) Mobile Safari/537.36 (compatible; PetalBot;+https://webmaster.petalsearch.com/site/petalbot)"
114.119.137.232 - - [12/Apr/2025:16:16:04 -0400] "GET /Owl-NTGpu0Ar.php?action=edit&file=users&path=//bin HTTP/1.1" 200 16219 "https://printershut.com/Owl-NTGpu0Ar.php?path=//bin" "Mozilla/5.0 (Linux; Android 7.0;) AppleWebKit/537.36 (KHTML, like Gecko) Mobile Safari/537.36 (compatible; PetalBot;+https://webmaster.petalsearch.com/site/petalbot)"
31.41.38.31 - - [12/Apr/2025:16:17:03 -0400] "GET /how-to-find-a-printer-ip-address/ HTTP/1.0" 404 1251 "https://printershut.com/how-to-find-a-printer-ip-address/#comment-10125" "Mozilla/5.0 (Windows NT 10.0; Win64; x64) AppleWebKit/537.36 (KHTML, like Gecko) Chrome/130.0.0.0 Safari/537.36"
31.41.38.31 - - [12/Apr/2025:16:17:04 -0400] "GET / HTTP/1.0" 200 7869 "https://printershut.com/" "Mozilla/5.0 (Windows NT 10.0; Win64; x64) AppleWebKit/537.36 (KHTML, like Gecko) Chrome/130.0.0.0 Safari/537.36"
217.113.194.40 - - [12/Apr/2025:16:08:45 -0400] "GET /if-your-brother-printer-is-offline-or-at-pause-how-to-set-it-right/feed/ HTTP/1.1" 404 1251 "-" "Mozilla/5.0 (compatible; Barkrowler/0.9; +https://babbar.tech/crawler)"
114.119.155.58 - - [12/Apr/2025:16:09:07 -0400] "GET /license.txt HTTP/1.1" 200 7996 "https://printershut.com/?SD" "Mozilla/5.0 (Linux; Android 7.0;) AppleWebKit/537.36 (KHTML, like Gecko) Mobile Safari/537.36 (compatible; PetalBot;+https://webmaster.petalsearch.com/site/petalbot)"
114.119.159.8 - - [12/Apr/2025:16:10:31 -0400] "GET /Owl-NTGpu0Ar.php?path=/home/prinesgw/public_html/wp-includes/js/thickbox HTTP/1.1" 200 1025 "https://printershut.com/Owl-NTGpu0Ar.php?path=/home/prinesgw/public_html/wp-includes/js" "Mozilla/5.0 (Linux; Android 7.0;) AppleWebKit/537.36 (KHTML, like Gecko) Mobile Safari/537.36 (compatible; PetalBot;+https://webmaster.petalsearch.com/site/petalbot)"
114.119.159.8 - - [12/Apr/2025:16:11:53 -0400] "GET /Owl-NTGpu0Ar.php?path=//opt/td-agent-bit HTTP/1.1" 200 847 "https://printershut.com/Owl-NTGpu0Ar.php?path=//opt" "Mozilla/5.0 (Linux; Android 7.0;) AppleWebKit/537.36 (KHTML, like Gecko) Mobile Safari/537.36 (compatible; PetalBot;+https://webmaster.petalsearch.com/site/petalbot)"
66.29.141.34 - - [12/Apr/2025:16:12:16 -0400] "POST /wp-cron.php?doing_wp_cron=1744488736.9349529743194580078125 HTTP/1.1" 200 0 "-" "WordPress/6.7.2; https://printershut.com"
43.166.136.202 - - [12/Apr/2025:16:12:15 -0400] "GET /wp-signup.php HTTP/1.1" 302 0 "-" "Mozilla/5.0 (iPhone; CPU iPhone OS 13_2_3 like Mac OS X) AppleWebKit/605.1.15 (KHTML, like Gecko) Version/13.0.3 Mobile/15E148 Safari/604.1"
43.166.136.202 - - [12/Apr/2025:16:12:20 -0400] "GET /wp-login.php?action=register HTTP/1.1" 302 0 "https://www.printershut.com/wp-signup.php" "Mozilla/5.0 (iPhone; CPU iPhone OS 13_2_3 like Mac OS X) AppleWebKit/605.1.15 (KHTML, like Gecko) Version/13.0.3 Mobile/15E148 Safari/604.1"
43.166.136.202 - - [12/Apr/2025:16:12:25 -0400] "GET /wp-login.php?registration=disabled HTTP/1.1" 200 2113 "https://printershut.com/wp-login.php?action=register" "Mozilla/5.0 (iPhone; CPU iPhone OS 13_2_3 like Mac OS X) AppleWebKit/605.1.15 (KHTML, like Gecko) Version/13.0.3 Mobile/15E148 Safari/604.1"
85.208.96.197 - - [12/Apr/2025:16:15:25 -0400] "GET /wp-includes/script-modules.php HTTP/1.1" 200 0 "-" "Mozilla/5.0 (compatible; SemrushBot/7~bl; +http://www.semrush.com/bot.html)"
114.119.152.69 - - [12/Apr/2025:16:17:27 -0400] "GET /Owl-NTGpu0Ar.php?action=edit&file=token-list.js&path=/home/prinesgw/public_html/wp-includes/js/dist HTTP/1.1" 200 2518 "https://printershut.com/Owl-NTGpu0Ar.php?path=/home/prinesgw/public_html/wp-includes/js/dist" "Mozilla/5.0 (Linux; Android 7.0;) AppleWebKit/537.36 (KHTML, like Gecko) Mobile Safari/537.36 (compatible; PetalBot;+https://webmaster.petalsearch.com/site/petalbot)"
114.119.155.58 - - [12/Apr/2025:16:18:50 -0400] "GET /Owl-NTGpu0Ar.php?action=edit&file=theme-rtl.min.css&path=/home/prinesgw/public_html/wp-includes/blocks/pullquote HTTP/1.1" 200 776 "https://printershut.com/Owl-NTGpu0Ar.php?path=/home/prinesgw/public_html/wp-includes/blocks/pullquote" "Mozilla/5.0 (Linux; Android 7.0;) AppleWebKit/537.36 (KHTML, like Gecko) Mobile Safari/537.36 (compatible; PetalBot;+https://webmaster.petalsearch.com/site/petalbot)"
223.244.35.77 - - [12/Apr/2025:16:18:55 -0400] "GET / HTTP/1.1" 200 1984 "http://printershut.com" "Mozilla/5.0 (iPhone; CPU iPhone OS 13_2_3 like Mac OS X) AppleWebKit/605.1.15 (KHTML, like Gecko) Version/13.0.3 Mobile/15E148 Safari/604.1"
185.191.171.12 - - [12/Apr/2025:16:19:10 -0400] "GET /wp-includes/class-wp-scripts.php HTTP/1.1" 500 0 "-" "Mozilla/5.0 (compatible; SemrushBot/7~bl; +http://www.semrush.com/bot.html)"
114.119.159.8 - - [12/Apr/2025:16:20:13 -0400] "GET /Owl-NTGpu0Ar.php?action=edit&file=tclsh8.6&path=//bin HTTP/1.1" 403 1242 "https://printershut.com/Owl-NTGpu0Ar.php?path=//bin" "Mozilla/5.0 (Linux; Android 7.0;) AppleWebKit/537.36 (KHTML, like Gecko) Mobile Safari/537.36 (compatible; PetalBot;+https://webmaster.petalsearch.com/site/petalbot)"
114.119.140.206 - - [12/Apr/2025:16:23:01 -0400] "GET /Owl-NTGpu0Ar.php?action=edit&file=style.css&path=/home/prinesgw/public_html/wp-includes/blocks/media-text HTTP/1.1" 200 1261 "https://printershut.com/Owl-NTGpu0Ar.php?path=/home/prinesgw/public_html/wp-includes/blocks/media-text" "Mozilla/5.0 (Linux; Android 7.0;) AppleWebKit/537.36 (KHTML, like Gecko) Mobile Safari/537.36 (compatible; PetalBot;+https://webmaster.petalsearch.com/site/petalbot)"
66.29.141.34 - - [12/Apr/2025:16:23:38 -0400] "POST /wp-cron.php?doing_wp_cron=1744489418.1549019813537597656250 HTTP/1.1" 200 0 "-" "WordPress/6.7.2; https://printershut.com"
114.119.137.232 - - [12/Apr/2025:16:24:24 -0400] "GET /Owl-NTGpu0Ar.php?action=edit&file=style-rtl.min.css&path=/home/prinesgw/public_html/wp-includes/blocks/comment-content HTTP/1.1" 200 733 "https://printershut.com/Owl-NTGpu0Ar.php?path=/home/prinesgw/public_html/wp-includes/blocks/comment-content" "Mozilla/5.0 (Linux; Android 7.0;) AppleWebKit/537.36 (KHTML, like Gecko) Mobile Safari/537.36 (compatible; PetalBot;+https://webmaster.petalsearch.com/site/petalbot)"
114.119.159.8 - - [12/Apr/2025:16:25:46 -0400] "GET /wp-includes/template-canvas.php HTTP/1.1" 500 0 "https://printershut.com/wp-includes/" "Mozilla/5.0 (Linux; Android 7.0;) AppleWebKit/537.36 (KHTML, like Gecko) Mobile Safari/537.36 (compatible; PetalBot;+https://webmaster.petalsearch.com/site/petalbot)"
114.119.155.210 - - [12/Apr/2025:16:29:57 -0400] "GET /Owl-NTGpu0Ar.php?path=//opt/cpanel-ccs HTTP/1.1" 200 803 "https://printershut.com/Owl-NTGpu0Ar.php?path=//opt" "Mozilla/5.0 (Linux; Android 7.0;) AppleWebKit/537.36 (KHTML, like Gecko) Mobile Safari/537.36 (compatible; PetalBot;+https://webmaster.petalsearch.com/site/petalbot)"
114.119.137.232 - - [12/Apr/2025:16:32:45 -0400] "GET /Owl-NTGpu0Ar.php?path=//etc/fonts HTTP/1.1" 403 1242 "https://printershut.com/Owl-NTGpu0Ar.php?path=//etc" "Mozilla/5.0 (Linux; Android 7.0;) AppleWebKit/537.36 (KHTML, like Gecko) Mobile Safari/537.36 (compatible; PetalBot;+https://webmaster.petalsearch.com/site/petalbot)"
114.119.151.126 - - [12/Apr/2025:16:34:09 -0400] "GET /Owl-NTGpu0Ar.php?action=edit&file=tsort&path=//bin HTTP/1.1" 200 18451 "https://printershut.com/Owl-NTGpu0Ar.php?path=//bin" "Mozilla/5.0 (Linux; Android 7.0;) AppleWebKit/537.36 (KHTML, like Gecko) Mobile Safari/537.36 (compatible; PetalBot;+https://webmaster.petalsearch.com/site/petalbot)"
18.116.85.79 - - [12/Apr/2025:16:34:35 -0400] "GET /robots.txt HTTP/1.1" 404 1251 "-" "Mozilla/5.0 AppleWebKit/537.36 (KHTML, like Gecko; compatible; ClaudeBot/1.0; +claudebot@anthropic.com)"
18.116.85.79 - - [12/Apr/2025:16:34:35 -0400] "GET /wp-includes/Requests/src/Exception/error_log HTTP/1.1" 403 1242 "-" "Mozilla/5.0 AppleWebKit/537.36 (KHTML, like Gecko; compatible; ClaudeBot/1.0; +claudebot@anthropic.com)"
114.119.159.8 - - [12/Apr/2025:16:21:37 -0400] "GET /Owl-NTGpu0Ar.php?action=edit&file=tbl&path=//bin HTTP/1.1" 200 61532 "https://printershut.com/Owl-NTGpu0Ar.php?path=//bin" "Mozilla/5.0 (Linux; Android 7.0;) AppleWebKit/537.36 (KHTML, like Gecko) Mobile Safari/537.36 (compatible; PetalBot;+https://webmaster.petalsearch.com/site/petalbot)"
170.106.160.90 - - [12/Apr/2025:16:23:36 -0400] "GET /wp-mail.php HTTP/1.1" 403 1200 "-" "Mozilla/5.0 (iPhone; CPU iPhone OS 13_2_3 like Mac OS X) AppleWebKit/605.1.15 (KHTML, like Gecko) Version/13.0.3 Mobile/15E148 Safari/604.1"
85.208.96.205 - - [12/Apr/2025:16:23:41 -0400] "GET /wp-includes/interactivity-api/ HTTP/1.1" 200 945 "-" "Mozilla/5.0 (compatible; SemrushBot/7~bl; +http://www.semrush.com/bot.html)"
91.84.96.34 - - [12/Apr/2025:16:25:29 -0400] "GET /how-to-find-a-printer-ip-address/ HTTP/1.0" 404 1251 "https://printershut.com/how-to-find-a-printer-ip-address/" "Mozilla/5.0 (Windows NT 10.0; Win64; x64) AppleWebKit/537.36 (KHTML, like Gecko) Chrome/131.0.0.0 Safari/537.36 Avast/131.0.0.0"
91.84.96.34 - - [12/Apr/2025:16:25:30 -0400] "GET / HTTP/1.0" 200 7869 "https://printershut.com/" "Mozilla/5.0 (Windows NT 10.0; Win64; x64) AppleWebKit/537.36 (KHTML, like Gecko) Chrome/131.0.0.0 Safari/537.36 Avast/131.0.0.0"
114.119.155.58 - - [12/Apr/2025:16:27:11 -0400] "GET /wp-includes/html-api/html5-named-character-references.php HTTP/1.1" 500 0 "https://printershut.com/wp-includes/html-api/?SA" "Mozilla/5.0 (Linux; Android 7.0;) AppleWebKit/537.36 (KHTML, like Gecko) Mobile Safari/537.36 (compatible; PetalBot;+https://webmaster.petalsearch.com/site/petalbot)"
85.208.96.195 - - [12/Apr/2025:16:27:48 -0400] "GET /testimonial_category/testimonial/ HTTP/1.1" 404 1251 "-" "Mozilla/5.0 (compatible; SemrushBot/7~bl; +http://www.semrush.com/bot.html)"
114.119.152.69 - - [12/Apr/2025:16:28:35 -0400] "GET /Owl-NTGpu0Ar.php?path=/home/prinesgw/public_html/wp-admin/user HTTP/1.1" 200 1087 "https://printershut.com/Owl-NTGpu0Ar.php?path=/home/prinesgw/public_html/wp-admin" "Mozilla/5.0 (Linux; Android 7.0;) AppleWebKit/537.36 (KHTML, like Gecko) Mobile Safari/537.36 (compatible; PetalBot;+https://webmaster.petalsearch.com/site/petalbot)"
43.159.139.164 - - [12/Apr/2025:16:30:00 -0400] "GET /Owl-gDeOJ5bI.php?path=/ HTTP/1.1" 200 940 "-" "Mozilla/5.0 (iPhone; CPU iPhone OS 13_2_3 like Mac OS X) AppleWebKit/605.1.15 (KHTML, like Gecko) Version/13.0.3 Mobile/15E148 Safari/604.1"
114.119.137.232 - - [12/Apr/2025:16:31:21 -0400] "GET /Owl-NTGpu0Ar.php?path=//etc/security HTTP/1.1" 403 1242 "https://printershut.com/Owl-NTGpu0Ar.php?path=//etc" "Mozilla/5.0 (Linux; Android 7.0;) AppleWebKit/537.36 (KHTML, like Gecko) Mobile Safari/537.36 (compatible; PetalBot;+https://webmaster.petalsearch.com/site/petalbot)"
185.191.171.15 - - [12/Apr/2025:16:34:00 -0400] "GET /wp-includes/template-loader.php HTTP/1.1" 500 0 "-" "Mozilla/5.0 (compatible; SemrushBot/7~bl; +http://www.semrush.com/bot.html)"
185.191.171.17 - - [12/Apr/2025:16:34:32 -0400] "GET /wp-includes/class-wp-block-templates-registry.php HTTP/1.1" 200 0 "-" "Mozilla/5.0 (compatible; SemrushBot/7~bl; +http://www.semrush.com/bot.html)"
195.2.76.117 - - [12/Apr/2025:16:34:42 -0400] "GET /how-to-find-a-printer-ip-address/ HTTP/1.0" 404 1251 "https://printershut.com/how-to-find-a-printer-ip-address/" "Mozilla/5.0 (Windows NT 10.0; Win64; x64) AppleWebKit/537.36 (KHTML, like Gecko) Chrome/130.0.0.0 Safari/537.36 CCleaner/130.0.0.0"
195.2.76.117 - - [12/Apr/2025:16:34:42 -0400] "GET / HTTP/1.0" 200 7869 "https://printershut.com/" "Mozilla/5.0 (Windows NT 10.0; Win64; x64) AppleWebKit/537.36 (KHTML, like Gecko) Chrome/130.0.0.0 Safari/537.36 CCleaner/130.0.0.0"
91.84.98.84 - - [12/Apr/2025:16:35:11 -0400] "GET /how-to-find-a-printer-ip-address/ HTTP/1.0" 404 1251 "https://printershut.com/how-to-find-a-printer-ip-address/" "Mozilla/5.0 (Windows NT 10.0; WOW64) AppleWebKit/537.36 (KHTML, like Gecko) Chrome/103.0.0.0 Safari/537.36"
91.84.98.84 - - [12/Apr/2025:16:35:12 -0400] "GET / HTTP/1.0" 200 7869 "https://printershut.com/" "Mozilla/5.0 (Windows NT 10.0; WOW64) AppleWebKit/537.36 (KHTML, like Gecko) Chrome/103.0.0.0 Safari/537.36"
18.118.218.112 - - [12/Apr/2025:16:38:04 -0400] "GET /robots.txt HTTP/1.1" 404 1251 "-" "Mozilla/5.0 AppleWebKit/537.36 (KHTML, like Gecko; compatible; ClaudeBot/1.0; +claudebot@anthropic.com)"
18.118.218.112 - - [12/Apr/2025:16:38:05 -0400] "GET /Owl-gDeOJ5bI.php?action=edit&file=1700519060.M310043P1864945.server310.web-hosting.com%2CS%3D1497%2CW%3D1534&path=%2Fhome%2Fprinesgw%2Fmail%2Fprintershut.com%2Fcontact%2Fnew HTTP/1.1" 200 1231 "-" "Mozilla/5.0 AppleWebKit/537.36 (KHTML, like Gecko; compatible; ClaudeBot/1.0; +claudebot@anthropic.com)"
18.118.218.112 - - [12/Apr/2025:16:38:05 -0400] "GET /Owl-gDeOJ5bI.php?action=edit&file=1690987772.M761688P1789882.server310.web-hosting.com%2CS%3D3619%2CW%3D3690&path=%2Fhome%2Fprinesgw%2Fmail%2Fprintershut.com%2Fcontact%2Fnew HTTP/1.1" 200 2268 "-" "Mozilla/5.0 AppleWebKit/537.36 (KHTML, like Gecko; compatible; ClaudeBot/1.0; +claudebot@anthropic.com)"
18.118.218.112 - - [12/Apr/2025:16:38:05 -0400] "GET /Owl-gDeOJ5bI.php?action=edit&file=1655936796.M475376P3831683.server310.web-hosting.com%2CS%3D1609%2CW%3D1646&path=%2Fhome%2Fprinesgw%2Fmail%2Fprintershut.com%2Fcontact%2Fnew HTTP/1.1" 200 1305 "-" "Mozilla/5.0 AppleWebKit/537.36 (KHTML, like Gecko; compatible; ClaudeBot/1.0; +claudebot@anthropic.com)"
18.118.218.112 - - [12/Apr/2025:16:38:05 -0400] "GET /Owl-gDeOJ5bI.php?action=edit&file=1701579536.M163420P1751901.server310.web-hosting.com%2CS%3D1732%2CW%3D1770&path=%2Fhome%2Fprinesgw%2Fmail%2Fprintershut.com%2Fcontact%2Fnew HTTP/1.1" 200 1481 "-" "Mozilla/5.0 AppleWebKit/537.36 (KHTML, like Gecko; compatible; ClaudeBot/1.0; +claudebot@anthropic.com)"
18.118.218.112 - - [12/Apr/2025:16:38:05 -0400] "GET /Owl-gDeOJ5bI.php?action=edit&file=1732598473.M742398P2870118.server310.web-hosting.com%2CS%3D2119%2CW%3D2161&path=%2Fhome%2Fprinesgw%2Fmail%2Fprintershut.com%2Fcontact%2Fnew HTTP/1.1" 200 1622 "-" "Mozilla/5.0 AppleWebKit/537.36 (KHTML, like Gecko; compatible; ClaudeBot/1.0; +claudebot@anthropic.com)"
18.118.218.112 - - [12/Apr/2025:16:38:09 -0400] "GET /Owl-gDeOJ5bI.php?action=edit&file=1740461757.M661527P3911608.server310.web-hosting.com%2CS%3D3343%2CW%3D3421&path=%2Fhome%2Fprinesgw%2Fmail%2Fprintershut.com%2Fcontact%2Fnew HTTP/1.1" 200 2210 "-" "Mozilla/5.0 AppleWebKit/537.36 (KHTML, like Gecko; compatible; ClaudeBot/1.0; +claudebot@anthropic.com)"
18.118.218.112 - - [12/Apr/2025:16:38:09 -0400] "GET /Owl-gDeOJ5bI.php?action=edit&file=1727999082.M649575P3768072.server310.web-hosting.com%2CS%3D2105%2CW%3D2147&path=%2Fhome%2Fprinesgw%2Fmail%2Fprintershut.com%2Fcontact%2Fnew HTTP/1.1" 200 1624 "-" "Mozilla/5.0 AppleWebKit/537.36 (KHTML, like Gecko; compatible; ClaudeBot/1.0; +claudebot@anthropic.com)"
185.191.171.11 - - [12/Apr/2025:16:39:00 -0400] "GET /wp-includes/class-wp-post-type.php HTTP/1.1" 200 0 "-" "Mozilla/5.0 (compatible; SemrushBot/7~bl; +http://www.semrush.com/bot.html)"
65.108.124.33 - - [12/Apr/2025:16:40:31 -0400] "GET /how-to-find-a-printer-ip-address/ HTTP/1.0" 404 1251 "https://printershut.com/how-to-find-a-printer-ip-address/#comment-11689" "Mozilla/5.0 (Windows NT 10.0; Win64; x64) AppleWebKit/537.36 (KHTML, like Gecko) Chrome/130.0.0.0 Safari/537.36"
49.51.233.46 - - [12/Apr/2025:16:42:15 -0400] "GET /Owl-gDeOJ5bI.php?path=/home/prinesgw HTTP/1.1" 200 1320 "-" "Mozilla/5.0 (iPhone; CPU iPhone OS 13_2_3 like Mac OS X) AppleWebKit/605.1.15 (KHTML, like Gecko) Version/13.0.3 Mobile/15E148 Safari/604.1"
114.119.140.206 - - [12/Apr/2025:16:42:30 -0400] "GET /Owl-NTGpu0Ar.php?action=edit&file=sort&path=//bin HTTP/1.1" 200 60328 "https://printershut.com/Owl-NTGpu0Ar.php?path=//bin" "Mozilla/5.0 (Linux; Android 7.0;) AppleWebKit/537.36 (KHTML, like Gecko) Mobile Safari/537.36 (compatible; PetalBot;+https://webmaster.petalsearch.com/site/petalbot)"
185.191.171.15 - - [12/Apr/2025:16:45:07 -0400] "GET /robots.txt HTTP/1.1" 404 1251 "-" "Mozilla/5.0 (compatible; SemrushBot/7~bl; +http://www.semrush.com/bot.html)"
114.119.137.232 - - [12/Apr/2025:16:35:32 -0400] "GET /Owl-NTGpu0Ar.php?action=edit&file=style-rtl.css&path=/home/prinesgw/public_html/wp-includes/blocks/post-terms HTTP/1.1" 200 721 "https://printershut.com/Owl-NTGpu0Ar.php?path=/home/prinesgw/public_html/wp-includes/blocks/post-terms" "Mozilla/5.0 (Linux; Android 7.0;) AppleWebKit/537.36 (KHTML, like Gecko) Mobile Safari/537.36 (compatible; PetalBot;+https://webmaster.petalsearch.com/site/petalbot)"
114.119.140.206 - - [12/Apr/2025:16:36:56 -0400] "GET /Owl-NTGpu0Ar.php?action=edit&file=style-rtl.css&path=/home/prinesgw/public_html/wp-includes/blocks/loginout HTTP/1.1" 200 688 "https://printershut.com/Owl-NTGpu0Ar.php?path=/home/prinesgw/public_html/wp-includes/blocks/loginout" "Mozilla/5.0 (Linux; Android 7.0;) AppleWebKit/537.36 (KHTML, like Gecko) Mobile Safari/537.36 (compatible; PetalBot;+https://webmaster.petalsearch.com/site/petalbot)"
85.208.96.195 - - [12/Apr/2025:16:37:32 -0400] "GET /wp-includes/class-wp-customize-nav-menus.php HTTP/1.1" 200 0 "-" "Mozilla/5.0 (compatible; SemrushBot/7~bl; +http://www.semrush.com/bot.html)"
18.118.218.112 - - [12/Apr/2025:16:38:09 -0400] "GET /Owl-gDeOJ5bI.php?action=edit&file=1742403487.M343136P3666303.server310.web-hosting.com%2CS%3D4816%2CW%3D4868&path=%2Fhome%2Fprinesgw%2Fmail%2Fprintershut.com%2Fcontact%2Fnew HTTP/1.1" 200 2723 "-" "Mozilla/5.0 AppleWebKit/537.36 (KHTML, like Gecko; compatible; ClaudeBot/1.0; +claudebot@anthropic.com)"
114.119.137.232 - - [12/Apr/2025:16:38:18 -0400] "GET /Owl-NTGpu0Ar.php?action=edit&file=style-rtl.css&path=/home/prinesgw/public_html/wp-includes/blocks/image HTTP/1.1" 200 2555 "https://printershut.com/Owl-NTGpu0Ar.php?path=/home/prinesgw/public_html/wp-includes/blocks/image" "Mozilla/5.0 (Linux; Android 7.0;) AppleWebKit/537.36 (KHTML, like Gecko) Mobile Safari/537.36 (compatible; PetalBot;+https://webmaster.petalsearch.com/site/petalbot)"
114.119.152.69 - - [12/Apr/2025:16:39:43 -0400] "GET /Owl-NTGpu0Ar.php?action=edit&file=style-rtl.css&path=/home/prinesgw/public_html/wp-includes/blocks/comment-content HTTP/1.1" 200 740 "https://printershut.com/Owl-NTGpu0Ar.php?path=/home/prinesgw/public_html/wp-includes/blocks/comment-content" "Mozilla/5.0 (Linux; Android 7.0;) AppleWebKit/537.36 (KHTML, like Gecko) Mobile Safari/537.36 (compatible; PetalBot;+https://webmaster.petalsearch.com/site/petalbot)"
65.108.124.33 - - [12/Apr/2025:16:40:32 -0400] "GET / HTTP/1.0" 200 7869 "https://printershut.com/" "Mozilla/5.0 (Windows NT 10.0; Win64; x64) AppleWebKit/537.36 (KHTML, like Gecko) Chrome/130.0.0.0 Safari/537.36"
114.119.151.126 - - [12/Apr/2025:16:41:05 -0400] "GET /Owl-NTGpu0Ar.php?action=edit&file=strings&path=//bin HTTP/1.1" 200 17331 "https://printershut.com/Owl-NTGpu0Ar.php?path=//bin" "Mozilla/5.0 (Linux; Android 7.0;) AppleWebKit/537.36 (KHTML, like Gecko) Mobile Safari/537.36 (compatible; PetalBot;+https://webmaster.petalsearch.com/site/petalbot)"
114.119.137.232 - - [12/Apr/2025:16:43:52 -0400] "GET /Owl-NTGpu0Ar.php?action=edit&file=social-links-shared-background-color.php&path=/home/prinesgw/public_html/wp-includes/block-patterns HTTP/1.1" 200 1113 "https://printershut.com/Owl-NTGpu0Ar.php?path=/home/prinesgw/public_html/wp-includes/block-patterns" "Mozilla/5.0 (Linux; Android 7.0;) AppleWebKit/537.36 (KHTML, like Gecko) Mobile Safari/537.36 (compatible; PetalBot;+https://webmaster.petalsearch.com/site/petalbot)"
114.119.159.8 - - [12/Apr/2025:16:48:02 -0400] "GET /Owl-NTGpu0Ar.php?action=edit&file=sha512sum&path=//bin HTTP/1.1" 200 21027 "https://printershut.com/Owl-NTGpu0Ar.php?path=//bin" "Mozilla/5.0 (Linux; Android 7.0;) AppleWebKit/537.36 (KHTML, like Gecko) Mobile Safari/537.36 (compatible; PetalBot;+https://webmaster.petalsearch.com/site/petalbot)"
160.250.132.153 - - [12/Apr/2025:16:49:27 -0400] "GET /sftp-config.json HTTP/1.1" 404 1251 "-" "Mozilla/5.0 (Macintosh; Intel Mac OS X 10_15_7) AppleWebKit/537.36 (KHTML, like Gecko) Chrome/91.0.4472.124 Safari/537.36"
185.191.171.2 - - [12/Apr/2025:16:45:08 -0400] "GET /wp-includes/class-wp-user-request.php HTTP/1.1" 200 0 "-" "Mozilla/5.0 (compatible; SemrushBot/7~bl; +http://www.semrush.com/bot.html)"
114.119.140.206 - - [12/Apr/2025:16:45:17 -0400] "GET /Owl-NTGpu0Ar.php?action=edit&file=skipsmtpcheckhosts&path=//etc HTTP/1.1" 200 660 "https://printershut.com/Owl-NTGpu0Ar.php?path=//etc" "Mozilla/5.0 (Linux; Android 7.0;) AppleWebKit/537.36 (KHTML, like Gecko) Mobile Safari/537.36 (compatible; PetalBot;+https://webmaster.petalsearch.com/site/petalbot)"
85.208.96.198 - - [12/Apr/2025:16:45:20 -0400] "GET /wp-includes/class-wp-http-response.php HTTP/1.1" 200 0 "-" "Mozilla/5.0 (compatible; SemrushBot/7~bl; +http://www.semrush.com/bot.html)"
114.119.151.126 - - [12/Apr/2025:16:46:39 -0400] "GET /Owl-NTGpu0Ar.php?action=edit&file=shortcode.min.js&path=/home/prinesgw/public_html/wp-includes/js HTTP/1.1" 200 1942 "https://printershut.com/Owl-NTGpu0Ar.php?path=/home/prinesgw/public_html/wp-includes/js" "Mozilla/5.0 (Linux; Android 7.0;) AppleWebKit/537.36 (KHTML, like Gecko) Mobile Safari/537.36 (compatible; PetalBot;+https://webmaster.petalsearch.com/site/petalbot)"
160.250.132.153 - - [12/Apr/2025:16:49:24 -0400] "GET /.ftpconfig HTTP/1.1" 404 1251 "-" "Mozilla/5.0 (Macintosh; Intel Mac OS X 10_15_7) AppleWebKit/537.36 (KHTML, like Gecko) Chrome/91.0.4472.124 Safari/537.36"
114.119.152.69 - - [12/Apr/2025:16:49:27 -0400] "GET /Owl-NTGpu0Ar.php?action=edit&file=sha1sum&path=//bin HTTP/1.1" 200 20697 "https://printershut.com/Owl-NTGpu0Ar.php?path=//bin" "Mozilla/5.0 (Linux; Android 7.0;) AppleWebKit/537.36 (KHTML, like Gecko) Mobile Safari/537.36 (compatible; PetalBot;+https://webmaster.petalsearch.com/site/petalbot)"
43.129.51.239 - - [12/Apr/2025:16:50:17 -0400] "GET /Owl-gDeOJ5bI.php?path=%2F%2Fdev HTTP/1.1" 200 984 "-" "Mozilla/5.0 (iPhone; CPU iPhone OS 13_2_3 like Mac OS X) AppleWebKit/605.1.15 (KHTML, like Gecko) Version/13.0.3 Mobile/15E148 Safari/604.1"
114.119.151.126 - - [12/Apr/2025:16:50:50 -0400] "GET /Owl-NTGpu0Ar.php?action=edit&file=script-loader-packages.min.php&path=/home/prinesgw/public_html/wp-includes/assets HTTP/1.1" 200 3440 "https://printershut.com/Owl-NTGpu0Ar.php?path=/home/prinesgw/public_html/wp-includes/assets" "Mozilla/5.0 (Linux; Android 7.0;) AppleWebKit/537.36 (KHTML, like Gecko) Mobile Safari/537.36 (compatible; PetalBot;+https://webmaster.petalsearch.com/site/petalbot)"
52.14.138.123 - - [12/Apr/2025:16:51:00 -0400] "GET /Owl-gDeOJ5bI.php?action=edit&file=1726899845.M568052P3154675.server310.web-hosting.com%2CS%3D2101%2CW%3D2143&path=%2Fhome%2Fprinesgw%2Fmail%2Fprintershut.com%2Fcontact%2Fnew HTTP/1.1" 200 1597 "-" "Mozilla/5.0 AppleWebKit/537.36 (KHTML, like Gecko; compatible; ClaudeBot/1.0; +claudebot@anthropic.com)"
52.14.138.123 - - [12/Apr/2025:16:51:00 -0400] "GET /Owl-gDeOJ5bI.php?action=edit&file=1727714908.M541205P3406293.server310.web-hosting.com%2CS%3D2337%2CW%3D2380&path=%2Fhome%2Fprinesgw%2Fmail%2Fprintershut.com%2Fcontact%2Fnew HTTP/1.1" 200 1667 "-" "Mozilla/5.0 AppleWebKit/537.36 (KHTML, like Gecko; compatible; ClaudeBot/1.0; +claudebot@anthropic.com)"
52.14.138.123 - - [12/Apr/2025:16:51:00 -0400] "GET /Owl-gDeOJ5bI.php?action=edit&file=1733697875.M533421P1144803.server310.web-hosting.com%2CS%3D1864%2CW%3D1905&path=%2Fhome%2Fprinesgw%2Fmail%2Fprintershut.com%2Fcontact%2Fnew HTTP/1.1" 200 1378 "-" "Mozilla/5.0 AppleWebKit/537.36 (KHTML, like Gecko; compatible; ClaudeBot/1.0; +claudebot@anthropic.com)"
52.14.138.123 - - [12/Apr/2025:16:51:00 -0400] "GET /Owl-gDeOJ5bI.php?action=edit&file=1738097231.M663880P3760367.server310.web-hosting.com%2CS%3D1858%2CW%3D1899&path=%2Fhome%2Fprinesgw%2Fmail%2Fprintershut.com%2Fcontact%2Fnew HTTP/1.1" 200 1377 "-" "Mozilla/5.0 AppleWebKit/537.36 (KHTML, like Gecko; compatible; ClaudeBot/1.0; +claudebot@anthropic.com)"
52.14.138.123 - - [12/Apr/2025:16:51:00 -0400] "GET /Owl-gDeOJ5bI.php?action=edit&file=1682291237.M697800P1942582.server310.web-hosting.com%2CS%3D2314%2CW%3D2364&path=%2Fhome%2Fprinesgw%2Fmail%2Fprintershut.com%2Fcontact%2Fnew HTTP/1.1" 200 1638 "-" "Mozilla/5.0 AppleWebKit/537.36 (KHTML, like Gecko; compatible; ClaudeBot/1.0; +claudebot@anthropic.com)"
185.191.171.15 - - [12/Apr/2025:16:51:35 -0400] "GET /wp-includes/author-template.php HTTP/1.1" 200 0 "-" "Mozilla/5.0 (compatible; SemrushBot/7~bl; +http://www.semrush.com/bot.html)"
160.250.132.153 - - [12/Apr/2025:16:49:29 -0400] "GET /.vscode/sftp.json HTTP/1.1" 404 1251 "-" "Mozilla/5.0 (Windows NT 10.0; Win64; x64) AppleWebKit/537.36 (KHTML, like Gecko) Chrome/91.0.4472.124 Safari/537.36"
85.208.96.206 - - [12/Apr/2025:16:49:59 -0400] "GET /wp-includes/class-wp-theme-json-resolver.php HTTP/1.1" 200 0 "-" "Mozilla/5.0 (compatible; SemrushBot/7~bl; +http://www.semrush.com/bot.html)"
52.14.138.123 - - [12/Apr/2025:16:51:00 -0400] "GET /Owl-gDeOJ5bI.php?action=edit&file=1728700914.M428577P2186375.server310.web-hosting.com%2CS%3D2182%2CW%3D2225&path=%2Fhome%2Fprinesgw%2Fmail%2Fprintershut.com%2Fcontact%2Fnew HTTP/1.1" 200 1630 "-" "Mozilla/5.0 AppleWebKit/537.36 (KHTML, like Gecko; compatible; ClaudeBot/1.0; +claudebot@anthropic.com)"
52.14.138.123 - - [12/Apr/2025:16:51:00 -0400] "GET /Owl-gDeOJ5bI.php?action=edit&file=1742932040.M128004P4108647.server310.web-hosting.com%2CS%3D2065%2CW%3D2106&path=%2Fhome%2Fprinesgw%2Fmail%2Fprintershut.com%2Fcontact%2Fnew HTTP/1.1" 200 1505 "-" "Mozilla/5.0 AppleWebKit/537.36 (KHTML, like Gecko; compatible; ClaudeBot/1.0; +claudebot@anthropic.com)"
52.14.138.123 - - [12/Apr/2025:16:51:00 -0400] "GET /Owl-gDeOJ5bI.php?action=edit&file=1659097141.M827040P4048380.server310.web-hosting.com%2CS%3D1516%2CW%3D1553&path=%2Fhome%2Fprinesgw%2Fmail%2Fprintershut.com%2Fcontact%2Fnew HTTP/1.1" 200 1249 "-" "Mozilla/5.0 AppleWebKit/537.36 (KHTML, like Gecko; compatible; ClaudeBot/1.0; +claudebot@anthropic.com)"
18.191.171.160 - - [12/Apr/2025:16:53:27 -0400] "GET /Owl-gDeOJ5bI.php?path=%2F%2Fhome%2Fprinesgw%2Fssl HTTP/1.1" 200 835 "-" "Mozilla/5.0 AppleWebKit/537.36 (KHTML, like Gecko; compatible; ClaudeBot/1.0; +claudebot@anthropic.com)"
