114.119.155.58 - - [12/Apr/2025:12:33:31 -0400] "GET /Owl-NTGpu0Ar.php?action=edit&file=libauparse.so.0&path=//lib64 HTTP/1.1" 200 67370 "https://printershut.com/Owl-NTGpu0Ar.php?path=//lib64" "Mozilla/5.0 (Linux; Android 7.0;) AppleWebKit/537.36 (KHTML, like Gecko) Mobile Safari/537.36 (compatible; PetalBot;+https://webmaster.petalsearch.com/site/petalbot)"
114.119.152.69 - - [12/Apr/2025:12:34:55 -0400] "GET /Owl-NTGpu0Ar.php?action=edit&file=libatomic_ops.so.1.1.1&path=//lib64 HTTP/1.1" 200 4422 "https://printershut.com/Owl-NTGpu0Ar.php?path=//lib64" "Mozilla/5.0 (Linux; Android 7.0;) AppleWebKit/537.36 (KHTML, like Gecko) Mobile Safari/537.36 (compatible; PetalBot;+https://webmaster.petalsearch.com/site/petalbot)"
114.119.140.206 - - [12/Apr/2025:12:36:17 -0400] "GET /Owl-NTGpu0Ar.php?action=edit&file=libatomic_ops.so.1&path=//lib64 HTTP/1.1" 200 4422 "https://printershut.com/Owl-NTGpu0Ar.php?path=//lib64" "Mozilla/5.0 (Linux; Android 7.0;) AppleWebKit/537.36 (KHTML, like Gecko) Mobile Safari/537.36 (compatible; PetalBot;+https://webmaster.petalsearch.com/site/petalbot)"
3.149.255.21 - - [12/Apr/2025:12:36:33 -0400] "GET /Owl-gDeOJ5bI.php?action=edit&file=softirqs&path=%2F%2Fproc HTTP/1.1" 200 479 "-" "Mozilla/5.0 AppleWebKit/537.36 (KHTML, like Gecko; compatible; ClaudeBot/1.0; +claudebot@anthropic.com)"
85.208.96.194 - - [12/Apr/2025:12:38:21 -0400] "GET /wp-includes/theme.php HTTP/1.1" 500 0 "-" "Mozilla/5.0 (compatible; SemrushBot/7~bl; +http://www.semrush.com/bot.html)"
18.117.7.15 - - [12/Apr/2025:12:38:56 -0400] "GET /Owl-gDeOJ5bI.php?action=edit&file=zoneinfo&path=%2F%2Fproc HTTP/1.1" 200 479 "-" "Mozilla/5.0 AppleWebKit/537.36 (KHTML, like Gecko; compatible; ClaudeBot/1.0; +claudebot@anthropic.com)"
114.119.140.206 - - [12/Apr/2025:12:40:28 -0400] "GET /Owl-NTGpu0Ar.php?action=edit&file=libXxf86misc.so.1.1.0&path=//lib64 HTTP/1.1" 200 6954 "https://printershut.com/Owl-NTGpu0Ar.php?path=//lib64" "Mozilla/5.0 (Linux; Android 7.0;) AppleWebKit/537.36 (KHTML, like Gecko) Mobile Safari/537.36 (compatible; PetalBot;+https://webmaster.petalsearch.com/site/petalbot)"
3.147.72.135 - - [12/Apr/2025:12:41:15 -0400] "GET /Owl-gDeOJ5bI.php?action=edit&file=key-users&path=%2F%2Fproc HTTP/1.1" 200 479 "-" "Mozilla/5.0 AppleWebKit/537.36 (KHTML, like Gecko; compatible; ClaudeBot/1.0; +claudebot@anthropic.com)"
3.147.72.135 - - [12/Apr/2025:12:41:15 -0400] "GET /Owl-gDeOJ5bI.php?action=edit&file=sendmail&path=%2F%2Fsbin HTTP/1.1" 200 1095 "-" "Mozilla/5.0 AppleWebKit/537.36 (KHTML, like Gecko; compatible; ClaudeBot/1.0; +claudebot@anthropic.com)"
3.147.72.135 - - [12/Apr/2025:12:41:15 -0400] "GET /Owl-gDeOJ5bI.php?action=edit&file=faillock&path=%2F%2Fsbin HTTP/1.1" 200 7731 "-" "Mozilla/5.0 AppleWebKit/537.36 (KHTML, like Gecko; compatible; ClaudeBot/1.0; +claudebot@anthropic.com)"
3.147.72.135 - - [12/Apr/2025:12:41:15 -0400] "GET /Owl-gDeOJ5bI.php?action=edit&file=kallsyms&path=%2F%2Fproc HTTP/1.1" 200 479 "-" "Mozilla/5.0 AppleWebKit/537.36 (KHTML, like Gecko; compatible; ClaudeBot/1.0; +claudebot@anthropic.com)"
114.119.137.232 - - [12/Apr/2025:12:44:37 -0400] "GET /wp-includes/class-wp-customize-control.php HTTP/1.1" 500 0 "https://printershut.com/wp-includes/" "Mozilla/5.0 (Linux; Android 7.0;) AppleWebKit/537.36 (KHTML, like Gecko) Mobile Safari/537.36 (compatible; PetalBot;+https://webmaster.petalsearch.com/site/petalbot)"
18.222.112.116 - - [12/Apr/2025:12:45:53 -0400] "GET /Owl-gDeOJ5bI.php?action=edit&file=interrupts&path=%2F%2Fproc HTTP/1.1" 200 479 "-" "Mozilla/5.0 AppleWebKit/537.36 (KHTML, like Gecko; compatible; ClaudeBot/1.0; +claudebot@anthropic.com)"
18.222.112.116 - - [12/Apr/2025:12:45:53 -0400] "GET /Owl-gDeOJ5bI.php?action=edit&file=proxyexec&path=%2F%2Fsbin HTTP/1.1" 200 8841 "-" "Mozilla/5.0 AppleWebKit/537.36 (KHTML, like Gecko; compatible; ClaudeBot/1.0; +claudebot@anthropic.com)"
114.119.137.232 - - [12/Apr/2025:12:46:01 -0400] "GET /Owl-NTGpu0Ar.php?action=edit&file=trusted-key.key&path=//etc HTTP/1.1" 200 992 "https://printershut.com/Owl-NTGpu0Ar.php?path=//etc" "Mozilla/5.0 (Linux; Android 7.0;) AppleWebKit/537.36 (KHTML, like Gecko) Mobile Safari/537.36 (compatible; PetalBot;+https://webmaster.petalsearch.com/site/petalbot)"
45.157.54.40 - - [12/Apr/2025:12:47:57 -0400] "GET /wp-content/plugins/wordpress-file-upload-pro/css/wordpress_file_upload_style.css HTTP/1.1" 404 1251 "-" "Mozilla/5.0 (Windows NT 10.0; Win64; x64) AppleWebKit/537.36 (KHTML, like Gecko) Chrome/127.0.0.0 Safari/537.36"
18.117.7.15 - - [12/Apr/2025:12:38:56 -0400] "GET /Owl-gDeOJ5bI.php?action=edit&file=slabinfo&path=%2F%2Fproc HTTP/1.1" 200 479 "-" "Mozilla/5.0 AppleWebKit/537.36 (KHTML, like Gecko; compatible; ClaudeBot/1.0; +claudebot@anthropic.com)"
114.119.155.58 - - [12/Apr/2025:12:39:04 -0400] "GET /Owl-NTGpu0Ar.php?action=edit&file=libaprutil-1.so.0&path=//lib64 HTTP/1.1" 200 87599 "https://printershut.com/Owl-NTGpu0Ar.php?path=//lib64" "Mozilla/5.0 (Linux; Android 7.0;) AppleWebKit/537.36 (KHTML, like Gecko) Mobile Safari/537.36 (compatible; PetalBot;+https://webmaster.petalsearch.com/site/petalbot)"
185.191.171.17 - - [12/Apr/2025:12:39:36 -0400] "GET /wp-includes/class-wp-post.php HTTP/1.1" 200 0 "-" "Mozilla/5.0 (compatible; SemrushBot/7~bl; +http://www.semrush.com/bot.html)"
114.119.140.206 - - [12/Apr/2025:12:41:51 -0400] "GET /Owl-NTGpu0Ar.php?action=edit&file=libXmuu.so.1.0.0&path=//lib64 HTTP/1.1" 200 7698 "https://printershut.com/Owl-NTGpu0Ar.php?path=//lib64" "Mozilla/5.0 (Linux; Android 7.0;) AppleWebKit/537.36 (KHTML, like Gecko) Mobile Safari/537.36 (compatible; PetalBot;+https://webmaster.petalsearch.com/site/petalbot)"
114.119.153.188 - - [12/Apr/2025:12:43:14 -0400] "GET /wp-includes/class-wp-http-cookie.php HTTP/1.1" 200 0 "https://printershut.com/wp-includes/" "Mozilla/5.0 (Linux; Android 7.0;) AppleWebKit/537.36 (KHTML, like Gecko) Mobile Safari/537.36 (compatible; PetalBot;+https://webmaster.petalsearch.com/site/petalbot)"
18.222.54.32 - - [12/Apr/2025:12:43:34 -0400] "GET /Owl-gDeOJ5bI.php?action=edit&file=genrandom&path=%2F%2Fsbin HTTP/1.1" 200 4982 "-" "Mozilla/5.0 AppleWebKit/537.36 (KHTML, like Gecko; compatible; ClaudeBot/1.0; +claudebot@anthropic.com)"
18.222.54.32 - - [12/Apr/2025:12:43:34 -0400] "GET /Owl-gDeOJ5bI.php?action=edit&file=nsec3hash&path=%2F%2Fsbin HTTP/1.1" 200 5006 "-" "Mozilla/5.0 AppleWebKit/537.36 (KHTML, like Gecko; compatible; ClaudeBot/1.0; +claudebot@anthropic.com)"
18.222.54.32 - - [12/Apr/2025:12:43:34 -0400] "GET /Owl-gDeOJ5bI.php?action=edit&file=saslauthd&path=%2F%2Fsbin HTTP/1.1" 200 38096 "-" "Mozilla/5.0 AppleWebKit/537.36 (KHTML, like Gecko; compatible; ClaudeBot/1.0; +claudebot@anthropic.com)"
18.222.54.32 - - [12/Apr/2025:12:43:34 -0400] "GET /Owl-gDeOJ5bI.php?action=edit&file=schedstat&path=%2F%2Fproc HTTP/1.1" 200 479 "-" "Mozilla/5.0 AppleWebKit/537.36 (KHTML, like Gecko; compatible; ClaudeBot/1.0; +claudebot@anthropic.com)"
18.222.112.116 - - [12/Apr/2025:12:45:53 -0400] "GET /Owl-gDeOJ5bI.php?action=edit&file=buddyinfo&path=%2F%2Fproc HTTP/1.1" 200 479 "-" "Mozilla/5.0 AppleWebKit/537.36 (KHTML, like Gecko; compatible; ClaudeBot/1.0; +claudebot@anthropic.com)"
18.222.112.116 - - [12/Apr/2025:12:45:53 -0400] "GET /Owl-gDeOJ5bI.php?action=edit&file=diskstats&path=%2F%2Fproc HTTP/1.1" 200 479 "-" "Mozilla/5.0 AppleWebKit/537.36 (KHTML, like Gecko; compatible; ClaudeBot/1.0; +claudebot@anthropic.com)"
114.119.140.206 - - [12/Apr/2025:12:47:25 -0400] "GET /Owl-NTGpu0Ar.php?action=edit&file=style.css&path=/home/prinesgw/public_html/wp-includes/blocks/read-more HTTP/1.1" 200 752 "https://printershut.com/Owl-NTGpu0Ar.php?path=/home/prinesgw/public_html/wp-includes/blocks/read-more" "Mozilla/5.0 (Linux; Android 7.0;) AppleWebKit/537.36 (KHTML, like Gecko) Mobile Safari/537.36 (compatible; PetalBot;+https://webmaster.petalsearch.com/site/petalbot)"
18.225.56.185 - - [12/Apr/2025:12:48:32 -0400] "GET /Owl-gDeOJ5bI.php?action=edit&file=timer_list&path=%2F%2Fproc HTTP/1.1" 200 479 "-" "Mozilla/5.0 AppleWebKit/537.36 (KHTML, like Gecko; compatible; ClaudeBot/1.0; +claudebot@anthropic.com)"
18.225.56.185 - - [12/Apr/2025:12:48:32 -0400] "GET /Owl-gDeOJ5bI.php?action=edit&file=kpagecount&path=%2F%2Fproc HTTP/1.1" 200 479 "-" "Mozilla/5.0 AppleWebKit/537.36 (KHTML, like Gecko; compatible; ClaudeBot/1.0; +claudebot@anthropic.com)"
114.119.155.58 - - [12/Apr/2025:12:48:48 -0400] "GET /Owl-NTGpu0Ar.php?action=edit&file=pyvenv-3&path=//bin HTTP/1.1" 200 574 "https://printershut.com/Owl-NTGpu0Ar.php?path=//bin" "Mozilla/5.0 (Linux; Android 7.0;) AppleWebKit/537.36 (KHTML, like Gecko) Mobile Safari/537.36 (compatible; PetalBot;+https://webmaster.petalsearch.com/site/petalbot)"
37.139.53.195 - - [12/Apr/2025:12:50:11 -0400] "GET /how-to-find-a-printer-ip-address/ HTTP/1.0" 404 1251 "https://printershut.com/how-to-find-a-printer-ip-address/" "Mozilla/5.0 (Windows NT 10.0; Win64; x64) AppleWebKit/537.36 (KHTML, like Gecko) Chrome/131.0.0.0 Safari/537.36 Avast/131.0.0.0"
114.119.140.206 - - [12/Apr/2025:12:50:13 -0400] "GET /Owl-NTGpu0Ar.php?action=edit&file=pdf2ps&path=//bin HTTP/1.1" 200 1228 "https://printershut.com/Owl-NTGpu0Ar.php?path=//bin" "Mozilla/5.0 (Linux; Android 7.0;) AppleWebKit/537.36 (KHTML, like Gecko) Mobile Safari/537.36 (compatible; PetalBot;+https://webmaster.petalsearch.com/site/petalbot)"
18.220.140.173 - - [12/Apr/2025:12:51:02 -0400] "GET /Owl-gDeOJ5bI.php?action=edit&file=unix_update&path=%2F%2Fsbin HTTP/1.1" 200 554 "-" "Mozilla/5.0 AppleWebKit/537.36 (KHTML, like Gecko; compatible; ClaudeBot/1.0; +claudebot@anthropic.com)"
18.220.140.173 - - [12/Apr/2025:12:51:02 -0400] "GET /Owl-gDeOJ5bI.php?action=edit&file=partitions&path=%2F%2Fproc HTTP/1.1" 200 479 "-" "Mozilla/5.0 AppleWebKit/537.36 (KHTML, like Gecko; compatible; ClaudeBot/1.0; +claudebot@anthropic.com)"
85.208.96.209 - - [12/Apr/2025:12:52:52 -0400] "GET /wp-includes/class-snoopy.php HTTP/1.1" 500 0 "-" "Mozilla/5.0 (compatible; SemrushBot/7~bl; +http://www.semrush.com/bot.html)"
114.119.153.188 - - [12/Apr/2025:12:53:00 -0400] "GET /Owl-NTGpu0Ar.php?action=edit&file=mariadb&path=//bin HTTP/1.1" 200 1040331 "https://printershut.com/Owl-NTGpu0Ar.php?path=//bin" "Mozilla/5.0 (Linux; Android 7.0;) AppleWebKit/537.36 (KHTML, like Gecko) Mobile Safari/537.36 (compatible; PetalBot;+https://webmaster.petalsearch.com/site/petalbot)"
18.222.109.133 - - [12/Apr/2025:12:53:44 -0400] "GET /Owl-gDeOJ5bI.php?action=edit&file=kpagecgroup&path=%2F%2Fproc HTTP/1.1" 200 479 "-" "Mozilla/5.0 AppleWebKit/537.36 (KHTML, like Gecko; compatible; ClaudeBot/1.0; +claudebot@anthropic.com)"
114.119.152.69 - - [12/Apr/2025:12:54:22 -0400] "GET /Owl-NTGpu0Ar.php?action=edit&file=libboost_serialization.so.1.66.0&path=//lib64 HTTP/1.1" 200 90858 "https://printershut.com/Owl-NTGpu0Ar.php?path=//lib64" "Mozilla/5.0 (Linux; Android 7.0;) AppleWebKit/537.36 (KHTML, like Gecko) Mobile Safari/537.36 (compatible; PetalBot;+https://webmaster.petalsearch.com/site/petalbot)"
114.119.151.126 - - [12/Apr/2025:12:55:49 -0400] "GET /Owl-NTGpu0Ar.php?action=edit&file=libbabeltrace-ctf.so.1&path=//lib64 HTTP/1.1" 200 147139 "https://printershut.com/Owl-NTGpu0Ar.php?path=//lib64" "Mozilla/5.0 (Linux; Android 7.0;) AppleWebKit/537.36 (KHTML, like Gecko) Mobile Safari/537.36 (compatible; PetalBot;+https://webmaster.petalsearch.com/site/petalbot)"
3.144.130.238 - - [12/Apr/2025:12:56:06 -0400] "GET /Owl-gDeOJ5bI.php?action=edit&file=sched_debug&path=%2F%2Fproc HTTP/1.1" 200 479 "-" "Mozilla/5.0 AppleWebKit/537.36 (KHTML, like Gecko; compatible; ClaudeBot/1.0; +claudebot@anthropic.com)"
85.208.96.195 - - [12/Apr/2025:12:56:42 -0400] "GET /wp-includes/class-wp-block-type.php HTTP/1.1" 200 0 "-" "Mozilla/5.0 (compatible; SemrushBot/7~bl; +http://www.semrush.com/bot.html)"
18.225.56.185 - - [12/Apr/2025:12:48:32 -0400] "GET /Owl-gDeOJ5bI.php?action=edit&file=kpageflags&path=%2F%2Fproc HTTP/1.1" 200 479 "-" "Mozilla/5.0 AppleWebKit/537.36 (KHTML, like Gecko; compatible; ClaudeBot/1.0; +claudebot@anthropic.com)"
37.139.53.195 - - [12/Apr/2025:12:50:12 -0400] "GET / HTTP/1.0" 200 7869 "https://printershut.com/" "Mozilla/5.0 (Windows NT 10.0; Win64; x64) AppleWebKit/537.36 (KHTML, like Gecko) Chrome/131.0.0.0 Safari/537.36 Avast/131.0.0.0"
18.220.140.173 - - [12/Apr/2025:12:51:01 -0400] "GET /Owl-gDeOJ5bI.php?action=edit&file=unix_chkpwd&path=%2F%2Fsbin HTTP/1.1" 200 14225 "-" "Mozilla/5.0 AppleWebKit/537.36 (KHTML, like Gecko; compatible; ClaudeBot/1.0; +claudebot@anthropic.com)"
114.119.152.69 - - [12/Apr/2025:12:51:35 -0400] "GET /Owl-NTGpu0Ar.php?action=edit&file=mysql.sock&path=//tmp HTTP/1.1" 200 655 "https://printershut.com/Owl-NTGpu0Ar.php?path=//tmp" "Mozilla/5.0 (Linux; Android 7.0;) AppleWebKit/537.36 (KHTML, like Gecko) Mobile Safari/537.36 (compatible; PetalBot;+https://webmaster.petalsearch.com/site/petalbot)"
18.222.109.133 - - [12/Apr/2025:12:53:44 -0400] "GET /Owl-gDeOJ5bI.php?action=edit&file=saslpasswd2&path=%2F%2Fsbin HTTP/1.1" 200 6398 "-" "Mozilla/5.0 AppleWebKit/537.36 (KHTML, like Gecko; compatible; ClaudeBot/1.0; +claudebot@anthropic.com)"
18.222.109.133 - - [12/Apr/2025:12:53:44 -0400] "GET /Owl-gDeOJ5bI.php?action=edit&file=filesystems&path=%2F%2Fproc HTTP/1.1" 200 714 "-" "Mozilla/5.0 AppleWebKit/537.36 (KHTML, like Gecko; compatible; ClaudeBot/1.0; +claudebot@anthropic.com)"
3.144.130.238 - - [12/Apr/2025:12:56:06 -0400] "GET /Owl-gDeOJ5bI.php?action=edit&file=vmallocinfo&path=%2F%2Fproc HTTP/1.1" 200 479 "-" "Mozilla/5.0 AppleWebKit/537.36 (KHTML, like Gecko; compatible; ClaudeBot/1.0; +claudebot@anthropic.com)"
3.144.130.238 - - [12/Apr/2025:12:56:06 -0400] "GET /Owl-gDeOJ5bI.php?action=edit&file=consoletype&path=%2F%2Fsbin HTTP/1.1" 200 4150 "-" "Mozilla/5.0 AppleWebKit/537.36 (KHTML, like Gecko; compatible; ClaudeBot/1.0; +claudebot@anthropic.com)"
18.188.195.92 - - [12/Apr/2025:12:58:26 -0400] "GET /Owl-gDeOJ5bI.php?action=edit&file=pluginviewer&path=%2F%2Fsbin HTTP/1.1" 200 7260 "-" "Mozilla/5.0 AppleWebKit/537.36 (KHTML, like Gecko; compatible; ClaudeBot/1.0; +claudebot@anthropic.com)"
18.188.195.92 - - [12/Apr/2025:12:58:26 -0400] "GET /Owl-gDeOJ5bI.php?action=edit&file=execdomains&path=%2F%2Fproc HTTP/1.1" 200 479 "-" "Mozilla/5.0 AppleWebKit/537.36 (KHTML, like Gecko; compatible; ClaudeBot/1.0; +claudebot@anthropic.com)"
18.188.195.92 - - [12/Apr/2025:12:58:26 -0400] "GET /Owl-gDeOJ5bI.php?action=edit&file=tsig-keygen&path=%2F%2Fsbin HTTP/1.1" 200 8429 "-" "Mozilla/5.0 AppleWebKit/537.36 (KHTML, like Gecko; compatible; ClaudeBot/1.0; +claudebot@anthropic.com)"
114.119.140.206 - - [12/Apr/2025:12:58:40 -0400] "GET /Owl-NTGpu0Ar.php?action=edit&file=libQt5PrintSupport.so.5.15.3&path=//lib64 HTTP/1.1" 200 193357 "https://printershut.com/Owl-NTGpu0Ar.php?path=//lib64" "Mozilla/5.0 (Linux; Android 7.0;) AppleWebKit/537.36 (KHTML, like Gecko) Mobile Safari/537.36 (compatible; PetalBot;+https://webmaster.petalsearch.com/site/petalbot)"
3.147.103.209 - - [12/Apr/2025:13:00:47 -0400] "GET /Owl-gDeOJ5bI.php?action=edit&file=dnssec-revoke&path=%2F%2Fsbin HTTP/1.1" 200 20693 "-" "Mozilla/5.0 AppleWebKit/537.36 (KHTML, like Gecko; compatible; ClaudeBot/1.0; +claudebot@anthropic.com)"
3.147.103.209 - - [12/Apr/2025:13:00:47 -0400] "GET /Owl-gDeOJ5bI.php?action=edit&file=ddns-confgen&path=%2F%2Fsbin HTTP/1.1" 200 8414 "-" "Mozilla/5.0 AppleWebKit/537.36 (KHTML, like Gecko; compatible; ClaudeBot/1.0; +claudebot@anthropic.com)"
114.119.159.8 - - [12/Apr/2025:13:02:46 -0400] "GET /Owl-NTGpu0Ar.php?action=edit&file=libQt5DBus.so.5.15&path=//lib64 HTTP/1.1" 200 265674 "https://printershut.com/Owl-NTGpu0Ar.php?path=//lib64" "Mozilla/5.0 (Linux; Android 7.0;) AppleWebKit/537.36 (KHTML, like Gecko) Mobile Safari/537.36 (compatible; PetalBot;+https://webmaster.petalsearch.com/site/petalbot)"
114.119.137.232 - - [12/Apr/2025:12:57:11 -0400] "GET /Owl-NTGpu0Ar.php?action=edit&file=libQt5Quick.so.5&path=//lib64 HTTP/1.1" 200 2237810 "https://printershut.com/Owl-NTGpu0Ar.php?path=//lib64" "Mozilla/5.0 (Linux; Android 7.0;) AppleWebKit/537.36 (KHTML, like Gecko) Mobile Safari/537.36 (compatible; PetalBot;+https://webmaster.petalsearch.com/site/petalbot)"
114.119.155.210 - - [12/Apr/2025:13:00:01 -0400] "GET /Owl-NTGpu0Ar.php?action=edit&file=libQt5MultimediaQuick.so.5.15.3&path=//lib64 HTTP/1.1" 200 50835 "https://printershut.com/Owl-NTGpu0Ar.php?path=//lib64" "Mozilla/5.0 (Linux; Android 7.0;) AppleWebKit/537.36 (KHTML, like Gecko) Mobile Safari/537.36 (compatible; PetalBot;+https://webmaster.petalsearch.com/site/petalbot)"
3.147.103.209 - - [12/Apr/2025:13:00:47 -0400] "GET /Owl-gDeOJ5bI.php?action=edit&file=pagetypeinfo&path=%2F%2Fproc HTTP/1.1" 200 479 "-" "Mozilla/5.0 AppleWebKit/537.36 (KHTML, like Gecko; compatible; ClaudeBot/1.0; +claudebot@anthropic.com)"
114.119.155.58 - - [12/Apr/2025:13:01:23 -0400] "GET /Owl-NTGpu0Ar.php?action=edit&file=libQt5MultimediaQuick.so.5.15&path=//lib64 HTTP/1.1" 200 50841 "https://printershut.com/Owl-NTGpu0Ar.php?path=//lib64" "Mozilla/5.0 (Linux; Android 7.0;) AppleWebKit/537.36 (KHTML, like Gecko) Mobile Safari/537.36 (compatible; PetalBot;+https://webmaster.petalsearch.com/site/petalbot)"
114.119.159.8 - - [12/Apr/2025:13:04:11 -0400] "GET /Owl-NTGpu0Ar.php?action=edit&file=libQt5Concurrent.so.5&path=//lib64 HTTP/1.1" 200 12926 "https://printershut.com/Owl-NTGpu0Ar.php?path=//lib64" "Mozilla/5.0 (Linux; Android 7.0;) AppleWebKit/537.36 (KHTML, like Gecko) Mobile Safari/537.36 (compatible; PetalBot;+https://webmaster.petalsearch.com/site/petalbot)"
185.89.100.28 - - [12/Apr/2025:13:04:33 -0400] "GET /canon-printer-support/ HTTP/1.0" 404 1251 "https://printershut.com/canon-printer-support/" "Mozilla/5.0 (Windows NT 6.1; Win64; x64) AppleWebKit/537.36 (KHTML, like Gecko) Chrome/103.0.0.0 Safari/537.36"
185.89.100.28 - - [12/Apr/2025:13:04:34 -0400] "GET / HTTP/1.0" 200 7869 "https://printershut.com/" "Mozilla/5.0 (Windows NT 6.1; Win64; x64) AppleWebKit/537.36 (KHTML, like Gecko) Chrome/103.0.0.0 Safari/537.36"
3.14.143.103 - - [12/Apr/2025:13:03:08 -0400] "GET /Owl-gDeOJ5bI.php?action=edit&file=sysrq-trigger&path=%2F%2Fproc HTTP/1.1" 200 479 "-" "Mozilla/5.0 AppleWebKit/537.36 (KHTML, like Gecko; compatible; ClaudeBot/1.0; +claudebot@anthropic.com)"
3.14.143.103 - - [12/Apr/2025:13:03:08 -0400] "GET /Owl-gDeOJ5bI.php?action=edit&file=testsaslauthd&path=%2F%2Fsbin HTTP/1.1" 200 6466 "-" "Mozilla/5.0 AppleWebKit/537.36 (KHTML, like Gecko; compatible; ClaudeBot/1.0; +claudebot@anthropic.com)"
3.14.143.103 - - [12/Apr/2025:13:03:08 -0400] "GET /Owl-gDeOJ5bI.php?action=edit&file=dnssec-keygen&path=%2F%2Fsbin HTTP/1.1" 200 26895 "-" "Mozilla/5.0 AppleWebKit/537.36 (KHTML, like Gecko; compatible; ClaudeBot/1.0; +claudebot@anthropic.com)"
198.98.54.73 - - [12/Apr/2025:13:03:51 -0400] "GET /wp-login.php HTTP/1.1" 200 6138 "-" "Mozilla/5.0 (Windows NT 6.1; WOW64; Trident/7.0; rv:11.0) like Gecko"
66.29.141.34 - - [12/Apr/2025:13:03:53 -0400] "POST /wp-cron.php?doing_wp_cron=1744477433.7449600696563720703125 HTTP/1.1" 200 0 "-" "WordPress/6.7.2; https://printershut.com"
198.98.54.73 - - [12/Apr/2025:13:03:51 -0400] "POST /wp-login.php HTTP/1.1" 200 6419 "-" "Mozilla/5.0 (Windows NT 6.1; WOW64; Trident/7.0; rv:11.0) like Gecko"
3.144.47.192 - - [12/Apr/2025:13:05:26 -0400] "GET /Owl-gDeOJ5bI.php?action=edit&file=dnssec-settime&path=%2F%2Fsbin HTTP/1.1" 200 23650 "-" "Mozilla/5.0 AppleWebKit/537.36 (KHTML, like Gecko; compatible; ClaudeBot/1.0; +claudebot@anthropic.com)"
3.144.47.192 - - [12/Apr/2025:13:05:27 -0400] "GET /Owl-gDeOJ5bI.php?action=edit&file=dnssec-verify&path=%2F%2Fsbin HTTP/1.1" 200 20705 "-" "Mozilla/5.0 AppleWebKit/537.36 (KHTML, like Gecko; compatible; ClaudeBot/1.0; +claudebot@anthropic.com)"
3.144.47.192 - - [12/Apr/2025:13:05:27 -0400] "GET /Owl-gDeOJ5bI.php?action=edit&file=dnssec-keymgr&path=%2F%2Fsbin HTTP/1.1" 200 1002 "-" "Mozilla/5.0 AppleWebKit/537.36 (KHTML, like Gecko; compatible; ClaudeBot/1.0; +claudebot@anthropic.com)"
3.12.76.129 - - [12/Apr/2025:13:07:21 -0400] "GET /robots.txt HTTP/1.1" 404 1251 "-" "Mozilla/5.0 AppleWebKit/537.36 (KHTML, like Gecko; compatible; ClaudeBot/1.0; +claudebot@anthropic.com)"
3.12.76.129 - - [12/Apr/2025:13:07:21 -0400] "GET /Owl-gDeOJ5bI.php?action=edit&file=1726799565.M910398P2667602.server310.web-hosting.com%2CS%3D2090%2CW%3D2132&path=%2Fhome%2Fprinesgw%2Fmail%2Fprintershut.com%2Fcontact%2Fnew HTTP/1.1" 200 1599 "-" "Mozilla/5.0 AppleWebKit/537.36 (KHTML, like Gecko; compatible; ClaudeBot/1.0; +claudebot@anthropic.com)"
3.12.76.129 - - [12/Apr/2025:13:07:21 -0400] "GET /Owl-gDeOJ5bI.php?action=edit&file=1686210799.M188717P3697407.server310.web-hosting.com%2CS%3D1513%2CW%3D1550&path=%2Fhome%2Fprinesgw%2Fmail%2Fprintershut.com%2Fcontact%2Fnew HTTP/1.1" 200 1264 "-" "Mozilla/5.0 AppleWebKit/537.36 (KHTML, like Gecko; compatible; ClaudeBot/1.0; +claudebot@anthropic.com)"
3.12.76.129 - - [12/Apr/2025:13:07:21 -0400] "GET /Owl-gDeOJ5bI.php?action=edit&file=1726276348.M577149P3633353.server310.web-hosting.com%2CS%3D2117%2CW%3D2159&path=%2Fhome%2Fprinesgw%2Fmail%2Fprintershut.com%2Fcontact%2Fnew HTTP/1.1" 200 1603 "-" "Mozilla/5.0 AppleWebKit/537.36 (KHTML, like Gecko; compatible; ClaudeBot/1.0; +claudebot@anthropic.com)"
3.12.76.129 - - [12/Apr/2025:13:07:21 -0400] "GET /Owl-gDeOJ5bI.php?action=edit&file=1735079186.M496237P3204089.server310.web-hosting.com%2CS%3D2108%2CW%3D2150&path=%2Fhome%2Fprinesgw%2Fmail%2Fprintershut.com%2Fcontact%2Fnew HTTP/1.1" 200 1609 "-" "Mozilla/5.0 AppleWebKit/537.36 (KHTML, like Gecko; compatible; ClaudeBot/1.0; +claudebot@anthropic.com)"
3.12.76.129 - - [12/Apr/2025:13:07:21 -0400] "GET /Owl-gDeOJ5bI.php?action=edit&file=1675839004.M464354P2745486.server310.web-hosting.com%2CS%3D2436%2CW%3D2516&path=%2Fhome%2Fprinesgw%2Fmail%2Fprintershut.com%2Fcontact%2Fnew HTTP/1.1" 200 1735 "-" "Mozilla/5.0 AppleWebKit/537.36 (KHTML, like Gecko; compatible; ClaudeBot/1.0; +claudebot@anthropic.com)"
3.149.255.189 - - [12/Apr/2025:13:07:46 -0400] "GET /Owl-gDeOJ5bI.php?action=edit&file=cracklib-check&path=%2F%2Fsbin HTTP/1.1" 200 4049 "-" "Mozilla/5.0 AppleWebKit/537.36 (KHTML, like Gecko; compatible; ClaudeBot/1.0; +claudebot@anthropic.com)"
3.149.255.189 - - [12/Apr/2025:13:07:46 -0400] "GET /Owl-gDeOJ5bI.php?action=edit&file=dnssec-checkds&path=%2F%2Fsbin HTTP/1.1" 200 1002 "-" "Mozilla/5.0 AppleWebKit/537.36 (KHTML, like Gecko; compatible; ClaudeBot/1.0; +claudebot@anthropic.com)"
44.244.208.46 - - [12/Apr/2025:13:08:42 -0400] "GET /wp-content/uploads/2024/10/how-to-scan-on-hp-printer.jpg HTTP/1.1" 200 170712 "-" "Mozilla/5.0 (Windows NT 10.0; Win64; x64) AppleWebKit/537.36 (KHTML, like Gecko) Chrome/89.0.4389.114 Safari/537.36"
18.237.243.189 - - [12/Apr/2025:13:08:47 -0400] "GET /wp-content/uploads/2024/10/how-to-scan-on-hp-printer.jpg HTTP/1.1" 200 170712 "-" "Mozilla/5.0 (Windows NT 10.0; Win64; x64) AppleWebKit/537.36 (KHTML, like Gecko) Chrome/89.0.4389.114 Safari/537.36"
18.191.236.193 - - [12/Apr/2025:13:10:06 -0400] "GET /Owl-gDeOJ5bI.php?action=edit&file=cracklib-packer&path=%2F%2Fsbin HTTP/1.1" 200 4408 "-" "Mozilla/5.0 AppleWebKit/537.36 (KHTML, like Gecko; compatible; ClaudeBot/1.0; +claudebot@anthropic.com)"
114.119.151.126 - - [12/Apr/2025:13:05:30 -0400] "GET /wp-includes/theme-compat/ HTTP/1.1" 200 1456 "https://printershut.com/wp-includes/" "Mozilla/5.0 (Linux; Android 7.0;) AppleWebKit/537.36 (KHTML, like Gecko) Mobile Safari/537.36 (compatible; PetalBot;+https://webmaster.petalsearch.com/site/petalbot)"
114.119.155.58 - - [12/Apr/2025:13:06:57 -0400] "GET /wp-includes/html-api/?SD HTTP/1.1" 200 1623 "https://printershut.com/wp-includes/html-api/?SA" "Mozilla/5.0 (Linux; Android 7.0;) AppleWebKit/537.36 (KHTML, like Gecko) Mobile Safari/537.36 (compatible; PetalBot;+https://webmaster.petalsearch.com/site/petalbot)"
3.12.76.129 - - [12/Apr/2025:13:07:21 -0400] "GET /Owl-gDeOJ5bI.php?action=edit&file=1659826668.M972017P1954183.server310.web-hosting.com%2CS%3D1624%2CW%3D1661&path=%2Fhome%2Fprinesgw%2Fmail%2Fprintershut.com%2Fcontact%2Fnew HTTP/1.1" 200 1318 "-" "Mozilla/5.0 AppleWebKit/537.36 (KHTML, like Gecko; compatible; ClaudeBot/1.0; +claudebot@anthropic.com)"
3.12.76.129 - - [12/Apr/2025:13:07:21 -0400] "GET /Owl-gDeOJ5bI.php?action=edit&file=1714171701.M403660P3401232.server310.web-hosting.com%2CS%3D2614%2CW%3D2672&path=%2Fhome%2Fprinesgw%2Fmail%2Fprintershut.com%2Fcontact%2Fnew HTTP/1.1" 200 1855 "-" "Mozilla/5.0 AppleWebKit/537.36 (KHTML, like Gecko; compatible; ClaudeBot/1.0; +claudebot@anthropic.com)"
3.12.76.129 - - [12/Apr/2025:13:07:21 -0400] "GET /Owl-gDeOJ5bI.php?action=edit&file=1734441518.M691046P3474255.server310.web-hosting.com%2CS%3D2110%2CW%3D2152&path=%2Fhome%2Fprinesgw%2Fmail%2Fprintershut.com%2Fcontact%2Fnew HTTP/1.1" 200 1615 "-" "Mozilla/5.0 AppleWebKit/537.36 (KHTML, like Gecko; compatible; ClaudeBot/1.0; +claudebot@anthropic.com)"
3.149.255.189 - - [12/Apr/2025:13:07:46 -0400] "GET /Owl-gDeOJ5bI.php?action=edit&file=isc-hmac-fixup&path=%2F%2Fsbin HTTP/1.1" 200 5007 "-" "Mozilla/5.0 AppleWebKit/537.36 (KHTML, like Gecko; compatible; ClaudeBot/1.0; +claudebot@anthropic.com)"
114.119.159.8 - - [12/Apr/2025:13:08:20 -0400] "GET /Owl-NTGpu0Ar.php?action=edit&file=stdbuf&path=//bin HTTP/1.1" 200 24333 "https://printershut.com/Owl-NTGpu0Ar.php?path=//bin" "Mozilla/5.0 (Linux; Android 7.0;) AppleWebKit/537.36 (KHTML, like Gecko) Mobile Safari/537.36 (compatible; PetalBot;+https://webmaster.petalsearch.com/site/petalbot)"
44.244.193.245 - - [12/Apr/2025:13:08:42 -0400] "GET /wp-content/uploads/2024/10/scan-printer1.jpg HTTP/1.1" 200 539944 "-" "Mozilla/5.0 (Windows NT 10.0; Win64; x64) AppleWebKit/537.36 (KHTML, like Gecko) Chrome/89.0.4389.114 Safari/537.36"
44.247.232.41 - - [12/Apr/2025:13:08:42 -0400] "GET /wp-content/uploads/2024/10/scan-printer1.jpg HTTP/1.1" 200 539944 "-" "Mozilla/5.0 (Windows NT 10.0; Win64; x64) AppleWebKit/537.36 (KHTML, like Gecko) Chrome/89.0.4389.114 Safari/537.36"
35.89.101.49 - - [12/Apr/2025:13:08:48 -0400] "GET /wp-content/uploads/2024/10/scan-printer1.jpg HTTP/1.1" 200 539944 "-" "Mozilla/5.0 (Windows NT 10.0; Win64; x64) AppleWebKit/537.36 (KHTML, like Gecko) Chrome/89.0.4389.114 Safari/537.36"
5.161.62.186 - - [12/Apr/2025:13:08:51 -0400] "GET /how-to-scan-on-hp-printer/ HTTP/1.1" 404 1251 "-" "Mozilla/5.0 (Windows NT 10.0; Win64; x64) AppleWebKit/537.36 (KHTML, like Gecko) Chrome/84.0.4147.105 Safari/537.36"
114.119.137.232 - - [12/Apr/2025:13:09:39 -0400] "GET /Owl-NTGpu0Ar.php?action=edit&file=libOpenIPMIglib.so.0.0.1&path=//lib64 HTTP/1.1" 200 8549 "https://printershut.com/Owl-NTGpu0Ar.php?path=//lib64" "Mozilla/5.0 (Linux; Android 7.0;) AppleWebKit/537.36 (KHTML, like Gecko) Mobile Safari/537.36 (compatible; PetalBot;+https://webmaster.petalsearch.com/site/petalbot)"
18.191.236.193 - - [12/Apr/2025:13:10:06 -0400] "GET /robots.txt HTTP/1.1" 404 1251 "-" "Mozilla/5.0 AppleWebKit/537.36 (KHTML, like Gecko; compatible; ClaudeBot/1.0; +claudebot@anthropic.com)"
18.191.236.193 - - [12/Apr/2025:13:10:06 -0400] "GET /Owl-gDeOJ5bI.php?action=edit&file=dnssec-signzone&path=%2F%2Fsbin HTTP/1.1" 200 45922 "-" "Mozilla/5.0 AppleWebKit/537.36 (KHTML, like Gecko; compatible; ClaudeBot/1.0; +claudebot@anthropic.com)"
114.119.155.210 - - [12/Apr/2025:13:11:09 -0400] "GET /Owl-NTGpu0Ar.php?action=edit&file=libOpenIPMIglib.so.0&path=//lib64 HTTP/1.1" 200 8547 "https://printershut.com/Owl-NTGpu0Ar.php?path=//lib64" "Mozilla/5.0 (Linux; Android 7.0;) AppleWebKit/537.36 (KHTML, like Gecko) Mobile Safari/537.36 (compatible; PetalBot;+https://webmaster.petalsearch.com/site/petalbot)"
3.23.101.108 - - [12/Apr/2025:13:12:26 -0400] "GET /Owl-gDeOJ5bI.php?action=edit&file=cracklib-format&path=%2F%2Fsbin HTTP/1.1" 200 719 "-" "Mozilla/5.0 AppleWebKit/537.36 (KHTML, like Gecko; compatible; ClaudeBot/1.0; +claudebot@anthropic.com)"
114.119.155.210 - - [12/Apr/2025:13:12:50 -0400] "GET /Owl-NTGpu0Ar.php?action=edit&file=libOpenIPMI.so.0&path=//lib64 HTTP/1.1" 200 415692 "https://printershut.com/Owl-NTGpu0Ar.php?path=//lib64" "Mozilla/5.0 (Linux; Android 7.0;) AppleWebKit/537.36 (KHTML, like Gecko) Mobile Safari/537.36 (compatible; PetalBot;+https://webmaster.petalsearch.com/site/petalbot)"
18.191.236.193 - - [12/Apr/2025:13:10:06 -0400] "GET /Owl-gDeOJ5bI.php?action=edit&file=dnssec-coverage&path=%2F%2Fsbin HTTP/1.1" 200 1001 "-" "Mozilla/5.0 AppleWebKit/537.36 (KHTML, like Gecko; compatible; ClaudeBot/1.0; +claudebot@anthropic.com)"
3.23.101.108 - - [12/Apr/2025:13:12:26 -0400] "GET /Owl-gDeOJ5bI.php?action=edit&file=dnssec-importkey&path=%2F%2Fsbin HTTP/1.1" 200 22122 "-" "Mozilla/5.0 AppleWebKit/537.36 (KHTML, like Gecko; compatible; ClaudeBot/1.0; +claudebot@anthropic.com)"
3.23.101.108 - - [12/Apr/2025:13:12:26 -0400] "GET /Owl-gDeOJ5bI.php?action=edit&file=pwhistory_helper&path=%2F%2Fsbin HTTP/1.1" 200 7060 "-" "Mozilla/5.0 AppleWebKit/537.36 (KHTML, like Gecko; compatible; ClaudeBot/1.0; +claudebot@anthropic.com)"
114.119.151.126 - - [12/Apr/2025:13:14:39 -0400] "GET /Owl-NTGpu0Ar.php?action=edit&file=libMagickWand-6.Q16.so.7&path=//lib64 HTTP/1.1" 200 445224 "https://printershut.com/Owl-NTGpu0Ar.php?path=//lib64" "Mozilla/5.0 (Linux; Android 7.0;) AppleWebKit/537.36 (KHTML, like Gecko) Mobile Safari/537.36 (compatible; PetalBot;+https://webmaster.petalsearch.com/site/petalbot)"
3.143.247.104 - - [12/Apr/2025:13:14:55 -0400] "GET /Owl-gDeOJ5bI.php?action=edit&file=sasldblistusers2&path=%2F%2Fsbin HTTP/1.1" 200 8360 "-" "Mozilla/5.0 AppleWebKit/537.36 (KHTML, like Gecko; compatible; ClaudeBot/1.0; +claudebot@anthropic.com)"
3.143.247.104 - - [12/Apr/2025:13:14:55 -0400] "GET /Owl-gDeOJ5bI.php?action=edit&file=dnssec-dsfromkey&path=%2F%2Fsbin HTTP/1.1" 200 23076 "-" "Mozilla/5.0 AppleWebKit/537.36 (KHTML, like Gecko; compatible; ClaudeBot/1.0; +claudebot@anthropic.com)"
3.147.67.245 - - [12/Apr/2025:13:17:14 -0400] "GET /Owl-gDeOJ5bI.php?action=edit&file=pam_console_apply&path=%2F%2Fsbin HTTP/1.1" 200 15541 "-" "Mozilla/5.0 AppleWebKit/537.36 (KHTML, like Gecko; compatible; ClaudeBot/1.0; +claudebot@anthropic.com)"
3.147.67.245 - - [12/Apr/2025:13:17:14 -0400] "GET /Owl-gDeOJ5bI.php?action=edit&file=named-compilezone&path=%2F%2Fsbin HTTP/1.1" 200 12197 "-" "Mozilla/5.0 AppleWebKit/537.36 (KHTML, like Gecko; compatible; ClaudeBot/1.0; +claudebot@anthropic.com)"
18.188.123.155 - - [12/Apr/2025:13:19:38 -0400] "GET /Owl-gDeOJ5bI.php?action=edit&file=cloudlinux-selector&path=%2F%2Fsbin HTTP/1.1" 200 905 "-" "Mozilla/5.0 AppleWebKit/537.36 (KHTML, like Gecko; compatible; ClaudeBot/1.0; +claudebot@anthropic.com)"
18.188.123.155 - - [12/Apr/2025:13:19:38 -0400] "GET /Owl-gDeOJ5bI.php?action=edit&file=dnssec-keyfromlabel&path=%2F%2Fsbin HTTP/1.1" 200 24493 "-" "Mozilla/5.0 AppleWebKit/537.36 (KHTML, like Gecko; compatible; ClaudeBot/1.0; +claudebot@anthropic.com)"
18.221.124.95 - - [12/Apr/2025:13:21:59 -0400] "GET /Owl-gDeOJ5bI.php?path=%2F%2Flib64%2Ftk8.6 HTTP/1.1" 200 754 "-" "Mozilla/5.0 AppleWebKit/537.36 (KHTML, like Gecko; compatible; ClaudeBot/1.0; +claudebot@anthropic.com)"
18.221.124.95 - - [12/Apr/2025:13:21:59 -0400] "GET /Owl-gDeOJ5bI.php?path=%2F%2Flib64%2Fperl5 HTTP/1.1" 200 1460 "-" "Mozilla/5.0 AppleWebKit/537.36 (KHTML, like Gecko; compatible; ClaudeBot/1.0; +claudebot@anthropic.com)"
18.221.124.95 - - [12/Apr/2025:13:21:59 -0400] "GET /Owl-gDeOJ5bI.php?path=%2F%2Flib64%2Fgames HTTP/1.1" 200 687 "-" "Mozilla/5.0 AppleWebKit/537.36 (KHTML, like Gecko; compatible; ClaudeBot/1.0; +claudebot@anthropic.com)"
18.221.124.95 - - [12/Apr/2025:13:22:00 -0400] "GET /Owl-gDeOJ5bI.php?path=%2F%2Flib64%2Fpgsql HTTP/1.1" 200 1219 "-" "Mozilla/5.0 AppleWebKit/537.36 (KHTML, like Gecko; compatible; ClaudeBot/1.0; +claudebot@anthropic.com)"
18.221.124.95 - - [12/Apr/2025:13:22:00 -0400] "GET /Owl-gDeOJ5bI.php?path=%2F%2Flib64%2Flibnl HTTP/1.1" 200 725 "-" "Mozilla/5.0 AppleWebKit/537.36 (KHTML, like Gecko; compatible; ClaudeBot/1.0; +claudebot@anthropic.com)"
18.221.124.95 - - [12/Apr/2025:13:22:00 -0400] "GET /Owl-gDeOJ5bI.php?path=%2F%2Fopt%2Fhc_php HTTP/1.1" 200 734 "-" "Mozilla/5.0 AppleWebKit/537.36 (KHTML, like Gecko; compatible; ClaudeBot/1.0; +claudebot@anthropic.com)"
18.221.124.95 - - [12/Apr/2025:13:22:01 -0400] "GET /Owl-gDeOJ5bI.php?path=%2F%2Flib%2Fdracut HTTP/1.1" 200 909 "-" "Mozilla/5.0 AppleWebKit/537.36 (KHTML, like Gecko; compatible; ClaudeBot/1.0; +claudebot@anthropic.com)"
18.221.124.95 - - [12/Apr/2025:13:22:01 -0400] "GET /Owl-gDeOJ5bI.php?path=%2F%2Flib%2Flocale HTTP/1.1" 200 1074 "-" "Mozilla/5.0 AppleWebKit/537.36 (KHTML, like Gecko; compatible; ClaudeBot/1.0; +claudebot@anthropic.com)"
18.221.124.95 - - [12/Apr/2025:13:22:01 -0400] "GET /Owl-gDeOJ5bI.php?path=%2F%2Fopt%2Fcpanel HTTP/1.1" 200 986 "-" "Mozilla/5.0 AppleWebKit/537.36 (KHTML, like Gecko; compatible; ClaudeBot/1.0; +claudebot@anthropic.com)"
185.191.171.10 - - [12/Apr/2025:13:14:14 -0400] "GET /wp-includes/class-wp-image-editor-imagick.php HTTP/1.1" 500 0 "-" "Mozilla/5.0 (compatible; SemrushBot/7~bl; +http://www.semrush.com/bot.html)"
3.143.247.104 - - [12/Apr/2025:13:14:55 -0400] "GET /Owl-gDeOJ5bI.php?action=edit&file=cracklib-unpacker&path=%2F%2Fsbin HTTP/1.1" 200 3897 "-" "Mozilla/5.0 AppleWebKit/537.36 (KHTML, like Gecko; compatible; ClaudeBot/1.0; +claudebot@anthropic.com)"
85.208.96.205 - - [12/Apr/2025:13:15:47 -0400] "GET /wp-includes/class-wp-admin-bar.php HTTP/1.1" 200 0 "-" "Mozilla/5.0 (compatible; SemrushBot/7~bl; +http://www.semrush.com/bot.html)"
185.191.171.14 - - [12/Apr/2025:13:16:58 -0400] "GET /wp-includes/option.php HTTP/1.1" 200 0 "-" "Mozilla/5.0 (compatible; SemrushBot/7~bl; +http://www.semrush.com/bot.html)"
173.252.83.112 - - [12/Apr/2025:13:17:01 -0400] "GET /robots.txt HTTP/1.1" 404 1251 "-" "facebookexternalhit/1.1 (+http://www.facebook.com/externalhit_uatext.php)"
3.147.67.245 - - [12/Apr/2025:13:17:14 -0400] "GET /Owl-gDeOJ5bI.php?action=edit&file=pam_timestamp_check&path=%2F%2Fsbin HTTP/1.1" 200 5428 "-" "Mozilla/5.0 AppleWebKit/537.36 (KHTML, like Gecko; compatible; ClaudeBot/1.0; +claudebot@anthropic.com)"
18.188.123.155 - - [12/Apr/2025:13:19:38 -0400] "GET /Owl-gDeOJ5bI.php?action=edit&file=create-cracklib-dict&path=%2F%2Fsbin HTTP/1.1" 200 1085 "-" "Mozilla/5.0 AppleWebKit/537.36 (KHTML, like Gecko; compatible; ClaudeBot/1.0; +claudebot@anthropic.com)"
18.221.124.95 - - [12/Apr/2025:13:21:59 -0400] "GET /Owl-gDeOJ5bI.php?path=%2F%2Flib64%2Fsasl2 HTTP/1.1" 200 814 "-" "Mozilla/5.0 AppleWebKit/537.36 (KHTML, like Gecko; compatible; ClaudeBot/1.0; +claudebot@anthropic.com)"
18.221.124.95 - - [12/Apr/2025:13:21:59 -0400] "GET /Owl-gDeOJ5bI.php?path=%2F%2Flib64%2Fmysql HTTP/1.1" 200 863 "-" "Mozilla/5.0 AppleWebKit/537.36 (KHTML, like Gecko; compatible; ClaudeBot/1.0; +claudebot@anthropic.com)"
18.221.124.95 - - [12/Apr/2025:13:21:59 -0400] "GET /Owl-gDeOJ5bI.php?path=%2F%2Flib64%2Fgconv HTTP/1.1" 200 2871 "-" "Mozilla/5.0 AppleWebKit/537.36 (KHTML, like Gecko; compatible; ClaudeBot/1.0; +claudebot@anthropic.com)"
18.221.124.95 - - [12/Apr/2025:13:22:00 -0400] "GET /Owl-gDeOJ5bI.php?path=%2F%2Flib64%2Fguile HTTP/1.1" 200 731 "-" "Mozilla/5.0 AppleWebKit/537.36 (KHTML, like Gecko; compatible; ClaudeBot/1.0; +claudebot@anthropic.com)"
18.221.124.95 - - [12/Apr/2025:13:22:00 -0400] "GET /Owl-gDeOJ5bI.php?path=%2F%2Flib64%2Faudit HTTP/1.1" 200 756 "-" "Mozilla/5.0 AppleWebKit/537.36 (KHTML, like Gecko; compatible; ClaudeBot/1.0; +claudebot@anthropic.com)"
18.221.124.95 - - [12/Apr/2025:13:22:00 -0400] "GET /Owl-gDeOJ5bI.php?path=%2F%2Fetc%2Fmotd.d HTTP/1.1" 403 1242 "-" "Mozilla/5.0 AppleWebKit/537.36 (KHTML, like Gecko; compatible; ClaudeBot/1.0; +claudebot@anthropic.com)"
18.221.124.95 - - [12/Apr/2025:13:22:01 -0400] "GET /Owl-gDeOJ5bI.php?path=%2F%2Frun%2Fscreen HTTP/1.1" 200 687 "-" "Mozilla/5.0 AppleWebKit/537.36 (KHTML, like Gecko; compatible; ClaudeBot/1.0; +claudebot@anthropic.com)"
18.221.124.95 - - [12/Apr/2025:13:22:01 -0400] "GET /Owl-gDeOJ5bI.php?path=%2F%2Flib%2Fkernel HTTP/1.1" 200 734 "-" "Mozilla/5.0 AppleWebKit/537.36 (KHTML, like Gecko; compatible; ClaudeBot/1.0; +claudebot@anthropic.com)"
18.221.124.95 - - [12/Apr/2025:13:22:01 -0400] "GET /Owl-gDeOJ5bI.php?path=%2F%2Fopt%2Fliblve HTTP/1.1" 200 811 "-" "Mozilla/5.0 AppleWebKit/537.36 (KHTML, like Gecko; compatible; ClaudeBot/1.0; +claudebot@anthropic.com)"
18.221.124.95 - - [12/Apr/2025:13:22:01 -0400] "GET /Owl-gDeOJ5bI.php?path=%2F%2Flib%2Fmotd.d HTTP/1.1" 200 688 "-" "Mozilla/5.0 AppleWebKit/537.36 (KHTML, like Gecko; compatible; ClaudeBot/1.0; +claudebot@anthropic.com)"
18.221.124.95 - - [12/Apr/2025:13:22:01 -0400] "GET /Owl-gDeOJ5bI.php?path=%2F%2Fetc%2Fgcrypt HTTP/1.1" 403 1242 "-" "Mozilla/5.0 AppleWebKit/537.36 (KHTML, like Gecko; compatible; ClaudeBot/1.0; +claudebot@anthropic.com)"
18.221.124.95 - - [12/Apr/2025:13:22:02 -0400] "GET /Owl-gDeOJ5bI.php?path=%2F%2Fetc%2Fcpanel HTTP/1.1" 200 688 "-" "Mozilla/5.0 AppleWebKit/537.36 (KHTML, like Gecko; compatible; ClaudeBot/1.0; +claudebot@anthropic.com)"
18.221.124.95 - - [12/Apr/2025:13:22:02 -0400] "GET /Owl-gDeOJ5bI.php?path=%2F%2Frun%2Fmotd.d HTTP/1.1" 200 688 "-" "Mozilla/5.0 AppleWebKit/537.36 (KHTML, like Gecko; compatible; ClaudeBot/1.0; +claudebot@anthropic.com)"
18.221.124.95 - - [12/Apr/2025:13:22:02 -0400] "GET /Owl-gDeOJ5bI.php?path=%2F%2Flib64%2Fsssd HTTP/1.1" 200 1034 "-" "Mozilla/5.0 AppleWebKit/537.36 (KHTML, like Gecko; compatible; ClaudeBot/1.0; +claudebot@anthropic.com)"
18.221.124.95 - - [12/Apr/2025:13:22:02 -0400] "GET /Owl-gDeOJ5bI.php?path=%2F%2Flib64%2Fkrb5 HTTP/1.1" 200 732 "-" "Mozilla/5.0 AppleWebKit/537.36 (KHTML, like Gecko; compatible; ClaudeBot/1.0; +claudebot@anthropic.com)"
18.221.124.95 - - [12/Apr/2025:13:22:02 -0400] "GET /Owl-gDeOJ5bI.php?path=%2F%2Flib64%2Fruby HTTP/1.1" 200 1239 "-" "Mozilla/5.0 AppleWebKit/537.36 (KHTML, like Gecko; compatible; ClaudeBot/1.0; +claudebot@anthropic.com)"
18.221.124.95 - - [12/Apr/2025:13:22:02 -0400] "GET /Owl-gDeOJ5bI.php?path=%2F%2Flib64%2Fbind HTTP/1.1" 200 688 "-" "Mozilla/5.0 AppleWebKit/537.36 (KHTML, like Gecko; compatible; ClaudeBot/1.0; +claudebot@anthropic.com)"
18.221.124.95 - - [12/Apr/2025:13:22:02 -0400] "GET /Owl-gDeOJ5bI.php?path=%2F%2Flib64%2Fgems HTTP/1.1" 200 730 "-" "Mozilla/5.0 AppleWebKit/537.36 (KHTML, like Gecko; compatible; ClaudeBot/1.0; +claudebot@anthropic.com)"
18.221.124.95 - - [12/Apr/2025:13:22:03 -0400] "GET /Owl-gDeOJ5bI.php?path=%2F%2Flib64%2Fsse2 HTTP/1.1" 200 688 "-" "Mozilla/5.0 AppleWebKit/537.36 (KHTML, like Gecko; compatible; ClaudeBot/1.0; +claudebot@anthropic.com)"
18.221.124.95 - - [12/Apr/2025:13:22:03 -0400] "GET /Owl-gDeOJ5bI.php?path=%2F%2Fetc%2Fsasl2 HTTP/1.1" 403 1242 "-" "Mozilla/5.0 AppleWebKit/537.36 (KHTML, like Gecko; compatible; ClaudeBot/1.0; +claudebot@anthropic.com)"
18.221.124.95 - - [12/Apr/2025:13:22:03 -0400] "GET /Owl-gDeOJ5bI.php?path=%2F%2Fopt%2Fplesk HTTP/1.1" 200 727 "-" "Mozilla/5.0 AppleWebKit/537.36 (KHTML, like Gecko; compatible; ClaudeBot/1.0; +claudebot@anthropic.com)"
18.221.124.95 - - [12/Apr/2025:13:22:03 -0400] "GET /Owl-gDeOJ5bI.php?path=%2F%2Flib%2Ftuned HTTP/1.1" 200 1005 "-" "Mozilla/5.0 AppleWebKit/537.36 (KHTML, like Gecko; compatible; ClaudeBot/1.0; +claudebot@anthropic.com)"
18.221.124.95 - - [12/Apr/2025:13:22:03 -0400] "GET /Owl-gDeOJ5bI.php?path=%2F%2Fetc%2Ffonts HTTP/1.1" 403 1242 "-" "Mozilla/5.0 AppleWebKit/537.36 (KHTML, like Gecko; compatible; ClaudeBot/1.0; +claudebot@anthropic.com)"
18.221.124.95 - - [12/Apr/2025:13:22:03 -0400] "GET /Owl-gDeOJ5bI.php?path=%2F%2Fusr%2Flib64 HTTP/1.1" 200 19658 "-" "Mozilla/5.0 AppleWebKit/537.36 (KHTML, like Gecko; compatible; ClaudeBot/1.0; +claudebot@anthropic.com)"
18.221.124.95 - - [12/Apr/2025:13:22:04 -0400] "GET /Owl-gDeOJ5bI.php?path=%2F%2Fetc%2Fpam.d HTTP/1.1" 403 1242 "-" "Mozilla/5.0 AppleWebKit/537.36 (KHTML, like Gecko; compatible; ClaudeBot/1.0; +claudebot@anthropic.com)"
18.221.124.95 - - [12/Apr/2025:13:22:04 -0400] "GET /Owl-gDeOJ5bI.php?path=%2F%2Flib64%2Fbpf HTTP/1.1" 200 687 "-" "Mozilla/5.0 AppleWebKit/537.36 (KHTML, like Gecko; compatible; ClaudeBot/1.0; +claudebot@anthropic.com)"
18.221.124.95 - - [12/Apr/2025:13:22:04 -0400] "GET /Owl-gDeOJ5bI.php?path=%2F%2Flib64%2FX11 HTTP/1.1" 200 688 "-" "Mozilla/5.0 AppleWebKit/537.36 (KHTML, like Gecko; compatible; ClaudeBot/1.0; +claudebot@anthropic.com)"
18.221.124.95 - - [12/Apr/2025:13:22:04 -0400] "GET /Owl-gDeOJ5bI.php?path=%2F%2Flib64%2Flua HTTP/1.1" 200 739 "-" "Mozilla/5.0 AppleWebKit/537.36 (KHTML, like Gecko; compatible; ClaudeBot/1.0; +claudebot@anthropic.com)"
18.221.124.95 - - [12/Apr/2025:13:22:04 -0400] "GET /Owl-gDeOJ5bI.php?path=%2F%2Flib64%2Fgio HTTP/1.1" 200 732 "-" "Mozilla/5.0 AppleWebKit/537.36 (KHTML, like Gecko; compatible; ClaudeBot/1.0; +claudebot@anthropic.com)"
18.221.124.95 - - [12/Apr/2025:13:22:02 -0400] "GET /Owl-gDeOJ5bI.php?path=%2F%2Frun%2Fcagefs HTTP/1.1" 200 748 "-" "Mozilla/5.0 AppleWebKit/537.36 (KHTML, like Gecko; compatible; ClaudeBot/1.0; +claudebot@anthropic.com)"
18.221.124.95 - - [12/Apr/2025:13:22:02 -0400] "GET /Owl-gDeOJ5bI.php?path=%2F%2Flib64%2Fgawk HTTP/1.1" 200 896 "-" "Mozilla/5.0 AppleWebKit/537.36 (KHTML, like Gecko; compatible; ClaudeBot/1.0; +claudebot@anthropic.com)"
18.221.124.95 - - [12/Apr/2025:13:22:03 -0400] "GET /Owl-gDeOJ5bI.php?path=%2F%2Fopt%2Fsuphp HTTP/1.1" 200 730 "-" "Mozilla/5.0 AppleWebKit/537.36 (KHTML, like Gecko; compatible; ClaudeBot/1.0; +claudebot@anthropic.com)"
18.221.124.95 - - [12/Apr/2025:13:22:03 -0400] "GET /Owl-gDeOJ5bI.php?path=%2F%2Flib%2Fgames HTTP/1.1" 200 687 "-" "Mozilla/5.0 AppleWebKit/537.36 (KHTML, like Gecko; compatible; ClaudeBot/1.0; +claudebot@anthropic.com)"
18.221.124.95 - - [12/Apr/2025:13:22:03 -0400] "GET /Owl-gDeOJ5bI.php?path=%2F%2Flib%2Fdebug HTTP/1.1" 200 774 "-" "Mozilla/5.0 AppleWebKit/537.36 (KHTML, like Gecko; compatible; ClaudeBot/1.0; +claudebot@anthropic.com)"
18.221.124.95 - - [12/Apr/2025:13:22:03 -0400] "GET /Owl-gDeOJ5bI.php?path=%2F%2Fusr%2Fshare HTTP/1.1" 200 1250 "-" "Mozilla/5.0 AppleWebKit/537.36 (KHTML, like Gecko; compatible; ClaudeBot/1.0; +claudebot@anthropic.com)"
18.221.124.95 - - [12/Apr/2025:13:22:03 -0400] "GET /Owl-gDeOJ5bI.php?path=%2F%2Fusr%2Flocal HTTP/1.1" 200 797 "-" "Mozilla/5.0 AppleWebKit/537.36 (KHTML, like Gecko; compatible; ClaudeBot/1.0; +claudebot@anthropic.com)"
18.221.124.95 - - [12/Apr/2025:13:22:04 -0400] "GET /Owl-gDeOJ5bI.php?path=%2F%2Flib%2Fkdump HTTP/1.1" 200 791 "-" "Mozilla/5.0 AppleWebKit/537.36 (KHTML, like Gecko; compatible; ClaudeBot/1.0; +claudebot@anthropic.com)"
18.221.124.95 - - [12/Apr/2025:13:22:04 -0400] "GET /Owl-gDeOJ5bI.php?path=%2F%2Flib64%2Fldb HTTP/1.1" 200 841 "-" "Mozilla/5.0 AppleWebKit/537.36 (KHTML, like Gecko; compatible; ClaudeBot/1.0; +claudebot@anthropic.com)"
18.221.124.95 - - [12/Apr/2025:13:22:04 -0400] "GET /Owl-gDeOJ5bI.php?path=%2F%2Flib64%2Ftls HTTP/1.1" 200 689 "-" "Mozilla/5.0 AppleWebKit/537.36 (KHTML, like Gecko; compatible; ClaudeBot/1.0; +claudebot@anthropic.com)"
18.221.124.95 - - [12/Apr/2025:13:22:04 -0400] "GET /Owl-gDeOJ5bI.php?path=%2F%2Flib64%2Fnss HTTP/1.1" 200 746 "-" "Mozilla/5.0 AppleWebKit/537.36 (KHTML, like Gecko; compatible; ClaudeBot/1.0; +claudebot@anthropic.com)"
18.221.124.95 - - [12/Apr/2025:13:22:04 -0400] "GET /Owl-gDeOJ5bI.php?path=%2F%2Flib%2Fsse2 HTTP/1.1" 200 686 "-" "Mozilla/5.0 AppleWebKit/537.36 (KHTML, like Gecko; compatible; ClaudeBot/1.0; +claudebot@anthropic.com)"
18.221.124.95 - - [12/Apr/2025:13:22:04 -0400] "GET /Owl-gDeOJ5bI.php?path=%2F%2Frun%2Fnscd HTTP/1.1" 200 758 "-" "Mozilla/5.0 AppleWebKit/537.36 (KHTML, like Gecko; compatible; ClaudeBot/1.0; +claudebot@anthropic.com)"
18.221.124.95 - - [12/Apr/2025:13:22:05 -0400] "GET /Owl-gDeOJ5bI.php?path=%2F%2Flib%2Fexim HTTP/1.1" 200 727 "-" "Mozilla/5.0 AppleWebKit/537.36 (KHTML, like Gecko; compatible; ClaudeBot/1.0; +claudebot@anthropic.com)"
18.221.124.95 - - [12/Apr/2025:13:22:05 -0400] "GET /Owl-gDeOJ5bI.php?path=%2F%2Fetc%2Fmail HTTP/1.1" 403 1242 "-" "Mozilla/5.0 AppleWebKit/537.36 (KHTML, like Gecko; compatible; ClaudeBot/1.0; +claudebot@anthropic.com)"
18.221.124.95 - - [12/Apr/2025:13:22:05 -0400] "GET /Owl-gDeOJ5bI.php?path=%2F%2Frun%2Fdbus HTTP/1.1" 200 752 "-" "Mozilla/5.0 AppleWebKit/537.36 (KHTML, like Gecko; compatible; ClaudeBot/1.0; +claudebot@anthropic.com)"
18.221.124.95 - - [12/Apr/2025:13:22:05 -0400] "GET /Owl-gDeOJ5bI.php?path=%2F%2Fopt%2Fdell HTTP/1.1" 200 726 "-" "Mozilla/5.0 AppleWebKit/537.36 (KHTML, like Gecko; compatible; ClaudeBot/1.0; +claudebot@anthropic.com)"
18.221.124.95 - - [12/Apr/2025:13:22:05 -0400] "GET /Owl-gDeOJ5bI.php?path=%2F%2Flib%2Fgrub HTTP/1.1" 200 729 "-" "Mozilla/5.0 AppleWebKit/537.36 (KHTML, like Gecko; compatible; ClaudeBot/1.0; +claudebot@anthropic.com)"
18.221.124.95 - - [12/Apr/2025:13:22:05 -0400] "GET /Owl-gDeOJ5bI.php?path=%2F%2Flib%2Fudev HTTP/1.1" 200 1033 "-" "Mozilla/5.0 AppleWebKit/537.36 (KHTML, like Gecko; compatible; ClaudeBot/1.0; +claudebot@anthropic.com)"
18.221.124.95 - - [12/Apr/2025:13:22:05 -0400] "GET /Owl-gDeOJ5bI.php?path=%2F%2Flib%2Fgems HTTP/1.1" 200 729 "-" "Mozilla/5.0 AppleWebKit/537.36 (KHTML, like Gecko; compatible; ClaudeBot/1.0; +claudebot@anthropic.com)"
18.221.124.95 - - [12/Apr/2025:13:22:05 -0400] "GET /Owl-gDeOJ5bI.php?path=%2F%2Fetc%2Fskel HTTP/1.1" 403 1242 "-" "Mozilla/5.0 AppleWebKit/537.36 (KHTML, like Gecko; compatible; ClaudeBot/1.0; +claudebot@anthropic.com)"
18.221.124.95 - - [12/Apr/2025:13:22:05 -0400] "GET /Owl-gDeOJ5bI.php?path=%2F%2Fusr%2Fsbin HTTP/1.1" 200 1470 "-" "Mozilla/5.0 AppleWebKit/537.36 (KHTML, like Gecko; compatible; ClaudeBot/1.0; +claudebot@anthropic.com)"
18.221.124.95 - - [12/Apr/2025:13:22:05 -0400] "GET /Owl-gDeOJ5bI.php?path=%2F%2Flib64%2Fsa HTTP/1.1" 200 774 "-" "Mozilla/5.0 AppleWebKit/537.36 (KHTML, like Gecko; compatible; ClaudeBot/1.0; +claudebot@anthropic.com)"
18.221.124.95 - - [12/Apr/2025:13:22:05 -0400] "GET /Owl-gDeOJ5bI.php?path=%2F%2Fetc%2Fscl HTTP/1.1" 403 1242 "-" "Mozilla/5.0 AppleWebKit/537.36 (KHTML, like Gecko; compatible; ClaudeBot/1.0; +claudebot@anthropic.com)"
18.221.124.95 - - [12/Apr/2025:13:22:06 -0400] "GET /Owl-gDeOJ5bI.php?path=%2F%2Fetc%2Fssh HTTP/1.1" 403 1242 "-" "Mozilla/5.0 AppleWebKit/537.36 (KHTML, like Gecko; compatible; ClaudeBot/1.0; +claudebot@anthropic.com)"
18.221.124.95 - - [12/Apr/2025:13:22:06 -0400] "GET /Owl-gDeOJ5bI.php?path=%2F%2Fetc%2Fssl HTTP/1.1" 403 1242 "-" "Mozilla/5.0 AppleWebKit/537.36 (KHTML, like Gecko; compatible; ClaudeBot/1.0; +claudebot@anthropic.com)"
18.221.124.95 - - [12/Apr/2025:13:22:06 -0400] "GET /Owl-gDeOJ5bI.php?path=%2F%2Flib%2Frpm HTTP/1.1" 200 1285 "-" "Mozilla/5.0 AppleWebKit/537.36 (KHTML, like Gecko; compatible; ClaudeBot/1.0; +claudebot@anthropic.com)"
18.221.124.95 - - [12/Apr/2025:13:22:06 -0400] "GET /Owl-gDeOJ5bI.php?path=%2F%2Fusr%2Fsrc HTTP/1.1" 200 739 "-" "Mozilla/5.0 AppleWebKit/537.36 (KHTML, like Gecko; compatible; ClaudeBot/1.0; +claudebot@anthropic.com)"
18.221.124.95 - - [12/Apr/2025:13:22:06 -0400] "GET /Owl-gDeOJ5bI.php?path=%2F%2Fusr%2Flib HTTP/1.1" 200 1156 "-" "Mozilla/5.0 AppleWebKit/537.36 (KHTML, like Gecko; compatible; ClaudeBot/1.0; +claudebot@anthropic.com)"
18.221.124.95 - - [12/Apr/2025:13:22:06 -0400] "GET /Owl-gDeOJ5bI.php?path=%2F%2Flib%2Fkbd HTTP/1.1" 200 770 "-" "Mozilla/5.0 AppleWebKit/537.36 (KHTML, like Gecko; compatible; ClaudeBot/1.0; +claudebot@anthropic.com)"
18.221.124.95 - - [12/Apr/2025:13:22:07 -0400] "GET /Owl-gDeOJ5bI.php?path=%2F%2Fetc%2Fmc HTTP/1.1" 403 1242 "-" "Mozilla/5.0 AppleWebKit/537.36 (KHTML, like Gecko; compatible; ClaudeBot/1.0; +claudebot@anthropic.com)"
114.119.155.58 - - [12/Apr/2025:13:22:53 -0400] "GET /Owl-NTGpu0Ar.php?action=edit&file=libGLdispatch.so.0&path=//lib64 HTTP/1.1" 200 133078 "https://printershut.com/Owl-NTGpu0Ar.php?path=//lib64" "Mozilla/5.0 (Linux; Android 7.0;) AppleWebKit/537.36 (KHTML, like Gecko) Mobile Safari/537.36 (compatible; PetalBot;+https://webmaster.petalsearch.com/site/petalbot)"
114.119.153.188 - - [12/Apr/2025:13:24:08 -0400] "GET /Owl-NTGpu0Ar.php?action=edit&file=libFLAC.so.8&path=//lib64 HTTP/1.1" 200 174459 "https://printershut.com/Owl-NTGpu0Ar.php?path=//lib64" "Mozilla/5.0 (Linux; Android 7.0;) AppleWebKit/537.36 (KHTML, like Gecko) Mobile Safari/537.36 (compatible; PetalBot;+https://webmaster.petalsearch.com/site/petalbot)"
13.58.3.158 - - [12/Apr/2025:13:24:18 -0400] "GET /Owl-gDeOJ5bI.php?path=%2F%2Flib64%2Ftraceevent HTTP/1.1" 200 730 "-" "Mozilla/5.0 AppleWebKit/537.36 (KHTML, like Gecko; compatible; ClaudeBot/1.0; +claudebot@anthropic.com)"
13.58.3.158 - - [12/Apr/2025:13:24:19 -0400] "GET /Owl-gDeOJ5bI.php?path=%2F%2Fetc%2Fmodulefiles HTTP/1.1" 403 1242 "-" "Mozilla/5.0 AppleWebKit/537.36 (KHTML, like Gecko; compatible; ClaudeBot/1.0; +claudebot@anthropic.com)"
13.58.3.158 - - [12/Apr/2025:13:24:19 -0400] "GET /Owl-gDeOJ5bI.php?path=%2F%2Flib64%2Fpkgconfig HTTP/1.1" 200 2121 "-" "Mozilla/5.0 AppleWebKit/537.36 (KHTML, like Gecko; compatible; ClaudeBot/1.0; +claudebot@anthropic.com)"
13.58.3.158 - - [12/Apr/2025:13:24:19 -0400] "GET /Owl-gDeOJ5bI.php?path=%2F%2Flib64%2Fpython3.8 HTTP/1.1" 200 3530 "-" "Mozilla/5.0 AppleWebKit/537.36 (KHTML, like Gecko; compatible; ClaudeBot/1.0; +claudebot@anthropic.com)"
13.58.3.158 - - [12/Apr/2025:13:24:19 -0400] "GET /Owl-gDeOJ5bI.php?path=%2F%2Flib64%2Fwireshark HTTP/1.1" 200 935 "-" "Mozilla/5.0 AppleWebKit/537.36 (KHTML, like Gecko; compatible; ClaudeBot/1.0; +claudebot@anthropic.com)"
13.58.3.158 - - [12/Apr/2025:13:24:19 -0400] "GET /Owl-gDeOJ5bI.php?path=%2F%2Flib64%2Ffipscheck HTTP/1.1" 200 795 "-" "Mozilla/5.0 AppleWebKit/537.36 (KHTML, like Gecko; compatible; ClaudeBot/1.0; +claudebot@anthropic.com)"
13.58.3.158 - - [12/Apr/2025:13:24:19 -0400] "GET /Owl-gDeOJ5bI.php?path=%2F%2Flib64%2Fpython3.6 HTTP/1.1" 200 3437 "-" "Mozilla/5.0 AppleWebKit/537.36 (KHTML, like Gecko; compatible; ClaudeBot/1.0; +claudebot@anthropic.com)"
