114.119.140.206 - - [12/Apr/2025:11:48:59 -0400] "GET /Owl-NTGpu0Ar.php?action=edit&file=wp-auth-check.css&path=/home/prinesgw/public_html/wp-includes/css HTTP/1.1" 200 1509 "https://printershut.com/Owl-NTGpu0Ar.php?path=/home/prinesgw/public_html/wp-includes/css" "Mozilla/5.0 (Linux; Android 7.0;) AppleWebKit/537.36 (KHTML, like Gecko) Mobile Safari/537.36 (compatible; PetalBot;+https://webmaster.petalsearch.com/site/petalbot)"
185.191.171.11 - - [12/Apr/2025:11:49:01 -0400] "GET /wp-includes/widgets.php HTTP/1.1" 200 0 "-" "Mozilla/5.0 (compatible; SemrushBot/7~bl; +http://www.semrush.com/bot.html)"
3.19.120.1 - - [12/Apr/2025:11:49:05 -0400] "GET /wp-includes/js/mediaelement/wp-mediaelement.min.css HTTP/1.1" 200 982 "-" "Mozilla/5.0 AppleWebKit/537.36 (KHTML, like Gecko; compatible; ClaudeBot/1.0; +claudebot@anthropic.com)"
3.19.120.1 - - [12/Apr/2025:11:49:05 -0400] "GET /wp-includes/js/mediaelement/mediaelement-migrate.js HTTP/1.1" 200 1069 "-" "Mozilla/5.0 AppleWebKit/537.36 (KHTML, like Gecko; compatible; ClaudeBot/1.0; +claudebot@anthropic.com)"
3.19.120.1 - - [12/Apr/2025:11:49:06 -0400] "GET /wp-includes/sodium_compat/lib/php72compat_const.php HTTP/1.1" 200 0 "-" "Mozilla/5.0 AppleWebKit/537.36 (KHTML, like Gecko; compatible; ClaudeBot/1.0; +claudebot@anthropic.com)"
3.19.120.1 - - [12/Apr/2025:11:49:06 -0400] "GET /wp-includes/sodium_compat/lib/php84compat_const.php HTTP/1.1" 200 0 "-" "Mozilla/5.0 AppleWebKit/537.36 (KHTML, like Gecko; compatible; ClaudeBot/1.0; +claudebot@anthropic.com)"
3.19.120.1 - - [12/Apr/2025:11:49:06 -0400] "GET /wp-includes/js/mediaelement/mediaelementplayer.css HTTP/1.1" 200 2982 "-" "Mozilla/5.0 AppleWebKit/537.36 (KHTML, like Gecko; compatible; ClaudeBot/1.0; +claudebot@anthropic.com)"
3.19.120.1 - - [12/Apr/2025:11:49:06 -0400] "GET /wp-includes/js/mediaelement/wp-mediaelement.min.js HTTP/1.1" 200 453 "-" "Mozilla/5.0 AppleWebKit/537.36 (KHTML, like Gecko; compatible; ClaudeBot/1.0; +claudebot@anthropic.com)"
3.144.181.40 - - [12/Apr/2025:11:51:28 -0400] "GET /wp-includes/sitemaps/providers/class-wp-sitemaps-posts.php HTTP/1.1" 500 0 "-" "Mozilla/5.0 AppleWebKit/537.36 (KHTML, like Gecko; compatible; ClaudeBot/1.0; +claudebot@anthropic.com)"
3.144.181.40 - - [12/Apr/2025:11:51:28 -0400] "GET /wp-includes/js/mediaelement/mediaelementplayer-legacy.css HTTP/1.1" 200 2972 "-" "Mozilla/5.0 AppleWebKit/537.36 (KHTML, like Gecko; compatible; ClaudeBot/1.0; +claudebot@anthropic.com)"
3.144.181.40 - - [12/Apr/2025:11:51:29 -0400] "GET /wp-includes/js/imgareaselect/jquery.imgareaselect.min.js HTTP/1.1" 200 3588 "-" "Mozilla/5.0 AppleWebKit/537.36 (KHTML, like Gecko; compatible; ClaudeBot/1.0; +claudebot@anthropic.com)"
18.220.140.26 - - [12/Apr/2025:11:48:43 -0400] "GET /Owl-gDeOJ5bI.php?action=edit&file=1690400920.M479902P1124829.server310.web-hosting.com%2CS%3D2406%2CW%3D2467&path=%2Fhome%2Fprinesgw%2Fmail%2Fprintershut.com%2Fcontact%2Fnew HTTP/1.1" 200 1694 "-" "Mozilla/5.0 AppleWebKit/537.36 (KHTML, like Gecko; compatible; ClaudeBot/1.0; +claudebot@anthropic.com)"
18.220.140.26 - - [12/Apr/2025:11:48:43 -0400] "GET /Owl-gDeOJ5bI.php?action=edit&file=1687608218.M735958P2019652.server310.web-hosting.com%2CS%3D1568%2CW%3D1608&path=%2Fhome%2Fprinesgw%2Fmail%2Fprintershut.com%2Fcontact%2Fnew HTTP/1.1" 200 1311 "-" "Mozilla/5.0 AppleWebKit/537.36 (KHTML, like Gecko; compatible; ClaudeBot/1.0; +claudebot@anthropic.com)"
18.220.140.26 - - [12/Apr/2025:11:48:44 -0400] "GET /Owl-gDeOJ5bI.php?action=edit&file=1726514678.M670487P3439330.server310.web-hosting.com%2CS%3D2783%2CW%3D2831&path=%2Fhome%2Fprinesgw%2Fmail%2Fprintershut.com%2Fcontact%2Fnew HTTP/1.1" 200 1676 "-" "Mozilla/5.0 AppleWebKit/537.36 (KHTML, like Gecko; compatible; ClaudeBot/1.0; +claudebot@anthropic.com)"
3.19.120.1 - - [12/Apr/2025:11:49:06 -0400] "GET /wp-includes/sodium_compat/lib/stream-xchacha20.php HTTP/1.1" 200 0 "-" "Mozilla/5.0 AppleWebKit/537.36 (KHTML, like Gecko; compatible; ClaudeBot/1.0; +claudebot@anthropic.com)"
114.119.140.206 - - [12/Apr/2025:11:50:22 -0400] "GET /Owl-NTGpu0Ar.php?action=edit&file=which&path=//bin HTTP/1.1" 200 13067 "https://printershut.com/Owl-NTGpu0Ar.php?path=//bin" "Mozilla/5.0 (Linux; Android 7.0;) AppleWebKit/537.36 (KHTML, like Gecko) Mobile Safari/537.36 (compatible; PetalBot;+https://webmaster.petalsearch.com/site/petalbot)"
3.144.181.40 - - [12/Apr/2025:11:51:29 -0400] "GET /wp-includes/rest-api/fields/class-wp-rest-meta-fields.php HTTP/1.1" 200 0 "-" "Mozilla/5.0 AppleWebKit/537.36 (KHTML, like Gecko; compatible; ClaudeBot/1.0; +claudebot@anthropic.com)"
3.144.181.40 - - [12/Apr/2025:11:51:29 -0400] "GET /wp-includes/js/mediaelement/mediaelement-migrate.min.js HTTP/1.1" 200 479 "-" "Mozilla/5.0 AppleWebKit/537.36 (KHTML, like Gecko; compatible; ClaudeBot/1.0; +claudebot@anthropic.com)"
3.144.181.40 - - [12/Apr/2025:11:51:29 -0400] "GET /wp-includes/js/imgareaselect/jquery.imgareaselect.js HTTP/1.1" 200 9114 "-" "Mozilla/5.0 AppleWebKit/537.36 (KHTML, like Gecko; compatible; ClaudeBot/1.0; +claudebot@anthropic.com)"
114.119.140.206 - - [12/Apr/2025:11:51:47 -0400] "GET /Owl-NTGpu0Ar.php?action=edit&file=undo-manager.min.js&path=/home/prinesgw/public_html/wp-includes/js/dist HTTP/1.1" 200 1545 "https://printershut.com/Owl-NTGpu0Ar.php?path=/home/prinesgw/public_html/wp-includes/js/dist" "Mozilla/5.0 (Linux; Android 7.0;) AppleWebKit/537.36 (KHTML, like Gecko) Mobile Safari/537.36 (compatible; PetalBot;+https://webmaster.petalsearch.com/site/petalbot)"
85.208.96.198 - - [12/Apr/2025:11:52:45 -0400] "GET /wp-includes/shortcodes.php HTTP/1.1" 200 0 "-" "Mozilla/5.0 (compatible; SemrushBot/7~bl; +http://www.semrush.com/bot.html)"
3.142.249.192 - - [12/Apr/2025:11:53:48 -0400] "GET /wp-includes/rest-api/fields/class-wp-rest-term-meta-fields.php HTTP/1.1" 500 0 "-" "Mozilla/5.0 AppleWebKit/537.36 (KHTML, like Gecko; compatible; ClaudeBot/1.0; +claudebot@anthropic.com)"
3.142.249.192 - - [12/Apr/2025:11:53:48 -0400] "GET /wp-includes/rest-api/fields/class-wp-rest-user-meta-fields.php HTTP/1.1" 500 0 "-" "Mozilla/5.0 AppleWebKit/537.36 (KHTML, like Gecko; compatible; ClaudeBot/1.0; +claudebot@anthropic.com)"
3.142.249.192 - - [12/Apr/2025:11:53:48 -0400] "GET /wp-includes/js/mediaelement/mediaelementplayer-legacy.min.css HTTP/1.1" 200 2394 "-" "Mozilla/5.0 AppleWebKit/537.36 (KHTML, like Gecko; compatible; ClaudeBot/1.0; +claudebot@anthropic.com)"
3.142.249.192 - - [12/Apr/2025:11:53:48 -0400] "GET /wp-includes/rest-api/search/class-wp-rest-search-handler.php HTTP/1.1" 200 0 "-" "Mozilla/5.0 AppleWebKit/537.36 (KHTML, like Gecko; compatible; ClaudeBot/1.0; +claudebot@anthropic.com)"
3.144.181.40 - - [12/Apr/2025:11:51:29 -0400] "GET /wp-includes/js/mediaelement/mediaelement-and-player.js HTTP/1.1" 200 48100 "-" "Mozilla/5.0 AppleWebKit/537.36 (KHTML, like Gecko; compatible; ClaudeBot/1.0; +claudebot@anthropic.com)"
114.119.137.232 - - [12/Apr/2025:11:53:10 -0400] "GET /Owl-NTGpu0Ar.php?action=edit&file=theme-rtl.css&path=/home/prinesgw/public_html/wp-includes/blocks/image HTTP/1.1" 200 759 "https://printershut.com/Owl-NTGpu0Ar.php?path=/home/prinesgw/public_html/wp-includes/blocks/image" "Mozilla/5.0 (Linux; Android 7.0;) AppleWebKit/537.36 (KHTML, like Gecko) Mobile Safari/537.36 (compatible; PetalBot;+https://webmaster.petalsearch.com/site/petalbot)"
3.142.249.192 - - [12/Apr/2025:11:53:49 -0400] "GET /wp-includes/rest-api/endpoints/class-wp-rest-controller.php HTTP/1.1" 200 0 "-" "Mozilla/5.0 AppleWebKit/537.36 (KHTML, like Gecko; compatible; ClaudeBot/1.0; +claudebot@anthropic.com)"
3.142.249.192 - - [12/Apr/2025:11:53:49 -0400] "GET /wp-includes/sitemaps/providers/class-wp-sitemaps-users.php HTTP/1.1" 500 0 "-" "Mozilla/5.0 AppleWebKit/537.36 (KHTML, like Gecko; compatible; ClaudeBot/1.0; +claudebot@anthropic.com)"
18.117.229.168 - - [12/Apr/2025:11:56:32 -0400] "GET /wp-includes/rest-api/fields/class-wp-rest-comment-meta-fields.php HTTP/1.1" 500 0 "-" "Mozilla/5.0 AppleWebKit/537.36 (KHTML, like Gecko; compatible; ClaudeBot/1.0; +claudebot@anthropic.com)"
18.117.229.168 - - [12/Apr/2025:11:56:32 -0400] "GET /wp-includes/rest-api/endpoints/class-wp-rest-posts-controller.php HTTP/1.1" 500 0 "-" "Mozilla/5.0 AppleWebKit/537.36 (KHTML, like Gecko; compatible; ClaudeBot/1.0; +claudebot@anthropic.com)"
18.117.229.168 - - [12/Apr/2025:11:56:33 -0400] "GET /wp-includes/rest-api/endpoints/class-wp-rest-menus-controller.php HTTP/1.1" 500 0 "-" "Mozilla/5.0 AppleWebKit/537.36 (KHTML, like Gecko; compatible; ClaudeBot/1.0; +claudebot@anthropic.com)"
18.117.229.168 - - [12/Apr/2025:11:56:33 -0400] "GET /wp-includes/sitemaps/providers/class-wp-sitemaps-taxonomies.php HTTP/1.1" 500 0 "-" "Mozilla/5.0 AppleWebKit/537.36 (KHTML, like Gecko; compatible; ClaudeBot/1.0; +claudebot@anthropic.com)"
114.119.151.126 - - [12/Apr/2025:11:57:20 -0400] "GET /Owl-NTGpu0Ar.php?action=edit&file=style-rtl.css&path=/home/prinesgw/public_html/wp-includes/blocks/comment-edit-link HTTP/1.1" 200 695 "https://printershut.com/Owl-NTGpu0Ar.php?path=/home/prinesgw/public_html/wp-includes/blocks/comment-edit-link" "Mozilla/5.0 (Linux; Android 7.0;) AppleWebKit/537.36 (KHTML, like Gecko) Mobile Safari/537.36 (compatible; PetalBot;+https://webmaster.petalsearch.com/site/petalbot)"
85.208.96.209 - - [12/Apr/2025:11:57:58 -0400] "GET /wp-includes/class-wp-classic-to-block-menu-converter.php HTTP/1.1" 200 0 "-" "Mozilla/5.0 (compatible; SemrushBot/7~bl; +http://www.semrush.com/bot.html)"
3.142.249.192 - - [12/Apr/2025:11:53:49 -0400] "GET /wp-includes/js/mediaelement/mediaelement-and-player.min.js HTTP/1.1" 200 36433 "-" "Mozilla/5.0 AppleWebKit/537.36 (KHTML, like Gecko; compatible; ClaudeBot/1.0; +claudebot@anthropic.com)"
114.119.151.126 - - [12/Apr/2025:11:54:34 -0400] "GET /Owl-NTGpu0Ar.php?action=edit&file=swfobject.js&path=/home/prinesgw/public_html/wp-includes/js HTTP/1.1" 200 5099 "https://printershut.com/Owl-NTGpu0Ar.php?path=/home/prinesgw/public_html/wp-includes/js" "Mozilla/5.0 (Linux; Android 7.0;) AppleWebKit/537.36 (KHTML, like Gecko) Mobile Safari/537.36 (compatible; PetalBot;+https://webmaster.petalsearch.com/site/petalbot)"
114.119.155.210 - - [12/Apr/2025:11:55:59 -0400] "GET /Owl-NTGpu0Ar.php?action=edit&file=style-rtl.min.css&path=/home/prinesgw/public_html/wp-includes/blocks/social-links HTTP/1.1" 200 2319 "https://printershut.com/Owl-NTGpu0Ar.php?path=/home/prinesgw/public_html/wp-includes/blocks/social-links" "Mozilla/5.0 (Linux; Android 7.0;) AppleWebKit/537.36 (KHTML, like Gecko) Mobile Safari/537.36 (compatible; PetalBot;+https://webmaster.petalsearch.com/site/petalbot)"
18.117.229.168 - - [12/Apr/2025:11:56:32 -0400] "GET /wp-includes/rest-api/endpoints/class-wp-rest-users-controller.php HTTP/1.1" 500 0 "-" "Mozilla/5.0 AppleWebKit/537.36 (KHTML, like Gecko; compatible; ClaudeBot/1.0; +claudebot@anthropic.com)"
18.117.229.168 - - [12/Apr/2025:11:56:32 -0400] "GET /wp-includes/rest-api/endpoints/class-wp-rest-terms-controller.php HTTP/1.1" 500 0 "-" "Mozilla/5.0 AppleWebKit/537.36 (KHTML, like Gecko; compatible; ClaudeBot/1.0; +claudebot@anthropic.com)"
18.117.229.168 - - [12/Apr/2025:11:56:33 -0400] "GET /wp-includes/rest-api/fields/class-wp-rest-post-meta-fields.php HTTP/1.1" 500 0 "-" "Mozilla/5.0 AppleWebKit/537.36 (KHTML, like Gecko; compatible; ClaudeBot/1.0; +claudebot@anthropic.com)"
114.119.152.69 - - [12/Apr/2025:11:58:44 -0400] "GET /wp-includes/class-wp-user.php HTTP/1.1" 200 0 "https://printershut.com/wp-includes/" "Mozilla/5.0 (Linux; Android 7.0;) AppleWebKit/537.36 (KHTML, like Gecko) Mobile Safari/537.36 (compatible; PetalBot;+https://webmaster.petalsearch.com/site/petalbot)"
3.144.118.174 - - [12/Apr/2025:11:58:57 -0400] "GET /wp-includes/rest-api/endpoints/class-wp-rest-widgets-controller.php HTTP/1.1" 500 0 "-" "Mozilla/5.0 AppleWebKit/537.36 (KHTML, like Gecko; compatible; ClaudeBot/1.0; +claudebot@anthropic.com)"
3.144.118.174 - - [12/Apr/2025:11:58:57 -0400] "GET /wp-includes/rest-api/endpoints/class-wp-rest-sidebars-controller.php HTTP/1.1" 500 0 "-" "Mozilla/5.0 AppleWebKit/537.36 (KHTML, like Gecko; compatible; ClaudeBot/1.0; +claudebot@anthropic.com)"
3.144.118.174 - - [12/Apr/2025:11:58:58 -0400] "GET /wp-includes/rest-api/endpoints/class-wp-rest-themes-controller.php HTTP/1.1" 500 0 "-" "Mozilla/5.0 AppleWebKit/537.36 (KHTML, like Gecko; compatible; ClaudeBot/1.0; +claudebot@anthropic.com)"
3.144.118.174 - - [12/Apr/2025:11:58:58 -0400] "GET /wp-includes/rest-api/endpoints/class-wp-rest-blocks-controller.php HTTP/1.1" 500 0 "-" "Mozilla/5.0 AppleWebKit/537.36 (KHTML, like Gecko; compatible; ClaudeBot/1.0; +claudebot@anthropic.com)"
85.208.96.197 - - [12/Apr/2025:11:59:17 -0400] "GET /wp-includes/class-wp-comment.php HTTP/1.1" 200 0 "-" "Mozilla/5.0 (compatible; SemrushBot/7~bl; +http://www.semrush.com/bot.html)"
114.119.155.58 - - [12/Apr/2025:12:00:06 -0400] "GET /Owl-NTGpu0Ar.php?path=//var/spool HTTP/1.1" 200 853 "https://printershut.com/Owl-NTGpu0Ar.php?path=//var" "Mozilla/5.0 (Linux; Android 7.0;) AppleWebKit/537.36 (KHTML, like Gecko) Mobile Safari/537.36 (compatible; PetalBot;+https://webmaster.petalsearch.com/site/petalbot)"
116.202.245.90 - - [12/Apr/2025:12:00:42 -0400] "GET /how-to-resolve-hp-60-02-error/ HTTP/1.1" 404 1251 "-" "Mozilla/5.0 (Windows NT 10.0; Win64; x64) AppleWebKit/537.36 (KHTML, like Gecko) Chrome/120.0.0.0 Safari/537.36"
3.17.154.155 - - [12/Apr/2025:12:01:23 -0400] "GET /wp-includes/rest-api/endpoints/class-wp-rest-post-types-controller.php HTTP/1.1" 500 0 "-" "Mozilla/5.0 AppleWebKit/537.36 (KHTML, like Gecko; compatible; ClaudeBot/1.0; +claudebot@anthropic.com)"
3.17.154.155 - - [12/Apr/2025:12:01:28 -0400] "GET /wp-includes/rest-api/endpoints/class-wp-rest-taxonomies-controller.php HTTP/1.1" 500 0 "-" "Mozilla/5.0 AppleWebKit/537.36 (KHTML, like Gecko; compatible; ClaudeBot/1.0; +claudebot@anthropic.com)"
114.119.159.8 - - [12/Apr/2025:12:01:31 -0400] "GET /Owl-NTGpu0Ar.php?action=edit&file=wp-signup.php&path=/home/prinesgw/public_html HTTP/1.1" 200 11120 "https://printershut.com/Owl-NTGpu0Ar.php" "Mozilla/5.0 (Linux; Android 7.0;) AppleWebKit/537.36 (KHTML, like Gecko) Mobile Safari/537.36 (compatible; PetalBot;+https://webmaster.petalsearch.com/site/petalbot)"
3.17.154.155 - - [12/Apr/2025:12:01:33 -0400] "GET /wp-includes/rest-api/endpoints/class-wp-rest-autosaves-controller.php HTTP/1.1" 500 0 "-" "Mozilla/5.0 AppleWebKit/537.36 (KHTML, like Gecko; compatible; ClaudeBot/1.0; +claudebot@anthropic.com)"
3.17.154.155 - - [12/Apr/2025:12:01:38 -0400] "GET /wp-includes/rest-api/endpoints/class-wp-rest-templates-controller.php HTTP/1.1" 500 0 "-" "Mozilla/5.0 AppleWebKit/537.36 (KHTML, like Gecko; compatible; ClaudeBot/1.0; +claudebot@anthropic.com)"
85.208.96.209 - - [12/Apr/2025:12:01:42 -0400] "GET /wp-includes/cache.php HTTP/1.1" 500 0 "-" "Mozilla/5.0 (compatible; SemrushBot/7~bl; +http://www.semrush.com/bot.html)"
18.222.197.132 - - [12/Apr/2025:12:01:54 -0400] "GET /Owl-gDeOJ5bI.php?action=edit&file=1707969957.M607637P1779923.server310.web-hosting.com%2CS%3D2498%2CW%3D2625&path=%2Fhome%2Fprinesgw%2Fmail%2Fprintershut.com%2Fcontact%2Fnew HTTP/1.1" 200 1795 "-" "Mozilla/5.0 AppleWebKit/537.36 (KHTML, like Gecko; compatible; ClaudeBot/1.0; +claudebot@anthropic.com)"
3.144.118.174 - - [12/Apr/2025:11:58:58 -0400] "GET /wp-includes/rest-api/endpoints/class-wp-rest-plugins-controller.php HTTP/1.1" 500 0 "-" "Mozilla/5.0 AppleWebKit/537.36 (KHTML, like Gecko; compatible; ClaudeBot/1.0; +claudebot@anthropic.com)"
3.144.118.174 - - [12/Apr/2025:11:58:58 -0400] "GET /wp-includes/rest-api/search/class-wp-rest-post-search-handler.php HTTP/1.1" 500 0 "-" "Mozilla/5.0 AppleWebKit/537.36 (KHTML, like Gecko; compatible; ClaudeBot/1.0; +claudebot@anthropic.com)"
3.144.118.174 - - [12/Apr/2025:11:59:03 -0400] "GET /wp-includes/rest-api/search/class-wp-rest-term-search-handler.php HTTP/1.1" 500 0 "-" "Mozilla/5.0 AppleWebKit/537.36 (KHTML, like Gecko; compatible; ClaudeBot/1.0; +claudebot@anthropic.com)"
3.17.154.155 - - [12/Apr/2025:12:01:43 -0400] "GET /wp-includes/rest-api/endpoints/class-wp-rest-revisions-controller.php HTTP/1.1" 500 0 "-" "Mozilla/5.0 AppleWebKit/537.36 (KHTML, like Gecko; compatible; ClaudeBot/1.0; +claudebot@anthropic.com)"
3.17.154.155 - - [12/Apr/2025:12:01:48 -0400] "GET /wp-includes/rest-api/endpoints/class-wp-rest-settings-controller.php HTTP/1.1" 500 0 "-" "Mozilla/5.0 AppleWebKit/537.36 (KHTML, like Gecko; compatible; ClaudeBot/1.0; +claudebot@anthropic.com)"
3.17.154.155 - - [12/Apr/2025:12:01:53 -0400] "GET /wp-includes/rest-api/endpoints/class-wp-rest-comments-controller.php HTTP/1.1" 500 0 "-" "Mozilla/5.0 AppleWebKit/537.36 (KHTML, like Gecko; compatible; ClaudeBot/1.0; +claudebot@anthropic.com)"
18.222.197.132 - - [12/Apr/2025:12:01:54 -0400] "GET /Owl-gDeOJ5bI.php?action=edit&file=1729262688.M645732P2131575.server310.web-hosting.com%2CS%3D2198%2CW%3D2242&path=%2Fhome%2Fprinesgw%2Fmail%2Fprintershut.com%2Fcontact%2Fnew HTTP/1.1" 200 1621 "-" "Mozilla/5.0 AppleWebKit/537.36 (KHTML, like Gecko; compatible; ClaudeBot/1.0; +claudebot@anthropic.com)"
18.222.197.132 - - [12/Apr/2025:12:01:54 -0400] "GET /Owl-gDeOJ5bI.php?action=edit&file=1737593968.M785413P4013344.server310.web-hosting.com%2CS%3D2021%2CW%3D2060&path=%2Fhome%2Fprinesgw%2Fmail%2Fprintershut.com%2Fcontact%2Fnew HTTP/1.1" 200 1512 "-" "Mozilla/5.0 AppleWebKit/537.36 (KHTML, like Gecko; compatible; ClaudeBot/1.0; +claudebot@anthropic.com)"
18.222.197.132 - - [12/Apr/2025:12:01:54 -0400] "GET /Owl-gDeOJ5bI.php?action=edit&file=1741006843.M704427P2491082.server310.web-hosting.com%2CS%3D1412%2CW%3D1449&path=%2Fhome%2Fprinesgw%2Fmail%2Fprintershut.com%2Fcontact%2Fnew HTTP/1.1" 200 1214 "-" "Mozilla/5.0 AppleWebKit/537.36 (KHTML, like Gecko; compatible; ClaudeBot/1.0; +claudebot@anthropic.com)"
114.119.137.232 - - [12/Apr/2025:12:02:56 -0400] "GET /Owl-NTGpu0Ar.php?action=edit&file=tload&path=//bin HTTP/1.1" 200 7722 "https://printershut.com/Owl-NTGpu0Ar.php?path=//bin" "Mozilla/5.0 (Linux; Android 7.0;) AppleWebKit/537.36 (KHTML, like Gecko) Mobile Safari/537.36 (compatible; PetalBot;+https://webmaster.petalsearch.com/site/petalbot)"
3.143.213.242 - - [12/Apr/2025:12:03:50 -0400] "GET /wp-includes/rest-api/search/class-wp-rest-post-format-search-handler.php HTTP/1.1" 500 0 "-" "Mozilla/5.0 AppleWebKit/537.36 (KHTML, like Gecko; compatible; ClaudeBot/1.0; +claudebot@anthropic.com)"
3.143.213.242 - - [12/Apr/2025:12:04:00 -0400] "GET /wp-includes/rest-api/endpoints/class-wp-rest-attachments-controller.php HTTP/1.1" 500 0 "-" "Mozilla/5.0 AppleWebKit/537.36 (KHTML, like Gecko; compatible; ClaudeBot/1.0; +claudebot@anthropic.com)"
3.143.213.242 - - [12/Apr/2025:12:04:10 -0400] "GET /wp-includes/rest-api/endpoints/class-wp-rest-block-types-controller.php HTTP/1.1" 500 0 "-" "Mozilla/5.0 AppleWebKit/537.36 (KHTML, like Gecko; compatible; ClaudeBot/1.0; +claudebot@anthropic.com)"
3.143.213.242 - - [12/Apr/2025:12:04:15 -0400] "GET /wp-includes/rest-api/endpoints/class-wp-rest-font-faces-controller.php HTTP/1.1" 500 0 "-" "Mozilla/5.0 AppleWebKit/537.36 (KHTML, like Gecko; compatible; ClaudeBot/1.0; +claudebot@anthropic.com)"
18.222.197.132 - - [12/Apr/2025:12:01:54 -0400] "GET /Owl-gDeOJ5bI.php?action=edit&file=1692860395.M659320P2019563.server310.web-hosting.com%2CS%3D1494%2CW%3D1531&path=%2Fhome%2Fprinesgw%2Fmail%2Fprintershut.com%2Fcontact%2Fnew HTTP/1.1" 200 1246 "-" "Mozilla/5.0 AppleWebKit/537.36 (KHTML, like Gecko; compatible; ClaudeBot/1.0; +claudebot@anthropic.com)"
18.222.197.132 - - [12/Apr/2025:12:01:54 -0400] "GET /Owl-gDeOJ5bI.php?action=edit&file=1732107764.M345534P4089324.server310.web-hosting.com%2CS%3D2093%2CW%3D2135&path=%2Fhome%2Fprinesgw%2Fmail%2Fprintershut.com%2Fcontact%2Fnew HTTP/1.1" 200 1621 "-" "Mozilla/5.0 AppleWebKit/537.36 (KHTML, like Gecko; compatible; ClaudeBot/1.0; +claudebot@anthropic.com)"
18.222.197.132 - - [12/Apr/2025:12:01:54 -0400] "GET /Owl-gDeOJ5bI.php?action=edit&file=1737393920.M954814P3274213.server310.web-hosting.com%2CS%3D3078%2CW%3D3130&path=%2Fhome%2Fprinesgw%2Fmail%2Fprintershut.com%2Fcontact%2Fnew HTTP/1.1" 200 2032 "-" "Mozilla/5.0 AppleWebKit/537.36 (KHTML, like Gecko; compatible; ClaudeBot/1.0; +claudebot@anthropic.com)"
18.222.197.132 - - [12/Apr/2025:12:01:54 -0400] "GET /Owl-gDeOJ5bI.php?action=edit&file=1734579522.M351358P1648206.server310.web-hosting.com%2CS%3D2085%2CW%3D2127&path=%2Fhome%2Fprinesgw%2Fmail%2Fprintershut.com%2Fcontact%2Fnew HTTP/1.1" 200 1598 "-" "Mozilla/5.0 AppleWebKit/537.36 (KHTML, like Gecko; compatible; ClaudeBot/1.0; +claudebot@anthropic.com)"
3.143.213.242 - - [12/Apr/2025:12:03:45 -0400] "GET /wp-includes/rest-api/endpoints/class-wp-rest-global-styles-controller.php HTTP/1.1" 500 0 "-" "Mozilla/5.0 AppleWebKit/537.36 (KHTML, like Gecko; compatible; ClaudeBot/1.0; +claudebot@anthropic.com)"
3.143.213.242 - - [12/Apr/2025:12:03:55 -0400] "GET /wp-includes/rest-api/endpoints/class-wp-rest-widget-types-controller.php HTTP/1.1" 500 0 "-" "Mozilla/5.0 AppleWebKit/537.36 (KHTML, like Gecko; compatible; ClaudeBot/1.0; +claudebot@anthropic.com)"
3.143.213.242 - - [12/Apr/2025:12:04:05 -0400] "GET /wp-includes/rest-api/endpoints/class-wp-rest-site-health-controller.php HTTP/1.1" 500 0 "-" "Mozilla/5.0 AppleWebKit/537.36 (KHTML, like Gecko; compatible; ClaudeBot/1.0; +claudebot@anthropic.com)"
185.191.171.13 - - [12/Apr/2025:12:04:55 -0400] "GET /wp-includes/class-wp-hook.php HTTP/1.1" 200 0 "-" "Mozilla/5.0 (compatible; SemrushBot/7~bl; +http://www.semrush.com/bot.html)"
114.119.153.188 - - [12/Apr/2025:12:05:43 -0400] "GET /Owl-NTGpu0Ar.php?action=edit&file=senderverifybypasshosts&path=//etc HTTP/1.1" 200 662 "https://printershut.com/Owl-NTGpu0Ar.php?path=//etc" "Mozilla/5.0 (Linux; Android 7.0;) AppleWebKit/537.36 (KHTML, like Gecko) Mobile Safari/537.36 (compatible; PetalBot;+https://webmaster.petalsearch.com/site/petalbot)"
18.219.116.52 - - [12/Apr/2025:12:06:16 -0400] "GET /wp-includes/rest-api/endpoints/class-wp-rest-font-collections-controller.php HTTP/1.1" 500 0 "-" "Mozilla/5.0 AppleWebKit/537.36 (KHTML, like Gecko; compatible; ClaudeBot/1.0; +claudebot@anthropic.com)"
18.219.116.52 - - [12/Apr/2025:12:06:41 -0400] "GET /wp-includes/rest-api/endpoints/class-wp-rest-post-statuses-controller.php HTTP/1.1" 500 0 "-" "Mozilla/5.0 AppleWebKit/537.36 (KHTML, like Gecko; compatible; ClaudeBot/1.0; +claudebot@anthropic.com)"
114.119.140.206 - - [12/Apr/2025:12:07:04 -0400] "GET /Owl-NTGpu0Ar.php?action=edit&file=rename&path=//bin HTTP/1.1" 200 7193 "https://printershut.com/Owl-NTGpu0Ar.php?path=//bin" "Mozilla/5.0 (Linux; Android 7.0;) AppleWebKit/537.36 (KHTML, like Gecko) Mobile Safari/537.36 (compatible; PetalBot;+https://webmaster.petalsearch.com/site/petalbot)"
3.17.59.199 - - [12/Apr/2025:12:08:36 -0400] "GET /robots.txt HTTP/1.1" 404 1251 "-" "Mozilla/5.0 AppleWebKit/537.36 (KHTML, like Gecko; compatible; ClaudeBot/1.0; +claudebot@anthropic.com)"
3.17.59.199 - - [12/Apr/2025:12:08:36 -0400] "GET /wp-includes/rest-api/endpoints/class-wp-rest-block-pattern-categories-controller.php HTTP/1.1" 500 0 "-" "Mozilla/5.0 AppleWebKit/537.36 (KHTML, like Gecko; compatible; ClaudeBot/1.0; +claudebot@anthropic.com)"
114.119.151.126 - - [12/Apr/2025:12:08:37 -0400] "GET /Owl-NTGpu0Ar.php?action=edit&file=readelf&path=//bin HTTP/1.1" 200 268478 "https://printershut.com/Owl-NTGpu0Ar.php?path=//bin" "Mozilla/5.0 (Linux; Android 7.0;) AppleWebKit/537.36 (KHTML, like Gecko) Mobile Safari/537.36 (compatible; PetalBot;+https://webmaster.petalsearch.com/site/petalbot)"
3.17.59.199 - - [12/Apr/2025:12:08:41 -0400] "GET /wp-includes/rest-api/endpoints/class-wp-rest-global-styles-revisions-controller.php HTTP/1.1" 500 0 "-" "Mozilla/5.0 AppleWebKit/537.36 (KHTML, like Gecko; compatible; ClaudeBot/1.0; +claudebot@anthropic.com)"
3.17.59.199 - - [12/Apr/2025:12:08:46 -0400] "GET /wp-includes/rest-api/endpoints/class-wp-rest-application-passwords-controller.php HTTP/1.1" 500 0 "-" "Mozilla/5.0 AppleWebKit/537.36 (KHTML, like Gecko; compatible; ClaudeBot/1.0; +claudebot@anthropic.com)"
3.17.59.199 - - [12/Apr/2025:12:08:51 -0400] "GET /wp-includes/rest-api/endpoints/class-wp-rest-navigation-fallback-controller.php HTTP/1.1" 500 0 "-" "Mozilla/5.0 AppleWebKit/537.36 (KHTML, like Gecko; compatible; ClaudeBot/1.0; +claudebot@anthropic.com)"
3.17.59.199 - - [12/Apr/2025:12:08:56 -0400] "GET /wp-includes/rest-api/endpoints/class-wp-rest-template-revisions-controller.php HTTP/1.1" 500 0 "-" "Mozilla/5.0 AppleWebKit/537.36 (KHTML, like Gecko; compatible; ClaudeBot/1.0; +claudebot@anthropic.com)"
3.17.59.199 - - [12/Apr/2025:12:09:06 -0400] "GET /wp-includes/rest-api/endpoints/class-wp-rest-edit-site-export-controller.php HTTP/1.1" 500 0 "-" "Mozilla/5.0 AppleWebKit/537.36 (KHTML, like Gecko; compatible; ClaudeBot/1.0; +claudebot@anthropic.com)"
3.144.118.174 - - [12/Apr/2025:12:10:55 -0400] "GET /Owl-gDeOJ5bI.php?path=%2F%2Fproc%2Flve HTTP/1.1" 200 874 "-" "Mozilla/5.0 AppleWebKit/537.36 (KHTML, like Gecko; compatible; ClaudeBot/1.0; +claudebot@anthropic.com)"
3.144.118.174 - - [12/Apr/2025:12:11:05 -0400] "GET /Owl-gDeOJ5bI.php?path=%2F%2Fproc%2Ftty HTTP/1.1" 200 790 "-" "Mozilla/5.0 AppleWebKit/537.36 (KHTML, like Gecko; compatible; ClaudeBot/1.0; +claudebot@anthropic.com)"
3.144.118.174 - - [12/Apr/2025:12:11:10 -0400] "GET /Owl-gDeOJ5bI.php?path=%2F%2Fproc%2Ffs HTTP/1.1" 200 790 "-" "Mozilla/5.0 AppleWebKit/537.36 (KHTML, like Gecko; compatible; ClaudeBot/1.0; +claudebot@anthropic.com)"
114.119.153.188 - - [12/Apr/2025:12:11:15 -0400] "GET /Owl-NTGpu0Ar.php?action=edit&file=ps2pdf12&path=//bin HTTP/1.1" 200 797 "https://printershut.com/Owl-NTGpu0Ar.php?path=//bin" "Mozilla/5.0 (Linux; Android 7.0;) AppleWebKit/537.36 (KHTML, like Gecko) Mobile Safari/537.36 (compatible; PetalBot;+https://webmaster.petalsearch.com/site/petalbot)"
18.188.195.92 - - [12/Apr/2025:12:13:17 -0400] "GET /Owl-gDeOJ5bI.php?path=%2F%2Fproc%2Fself HTTP/1.1" 200 1281 "-" "Mozilla/5.0 AppleWebKit/537.36 (KHTML, like Gecko; compatible; ClaudeBot/1.0; +claudebot@anthropic.com)"
18.188.195.92 - - [12/Apr/2025:12:13:22 -0400] "GET /Owl-gDeOJ5bI.php?path=%2F%2Fproc%2Fscsi HTTP/1.1" 200 781 "-" "Mozilla/5.0 AppleWebKit/537.36 (KHTML, like Gecko; compatible; ClaudeBot/1.0; +claudebot@anthropic.com)"
18.188.195.92 - - [12/Apr/2025:12:13:27 -0400] "GET /Owl-gDeOJ5bI.php?path=%2F%2Fproc%2Fbus HTTP/1.1" 200 739 "-" "Mozilla/5.0 AppleWebKit/537.36 (KHTML, like Gecko; compatible; ClaudeBot/1.0; +claudebot@anthropic.com)"
114.119.153.188 - - [12/Apr/2025:12:04:17 -0400] "GET /Owl-NTGpu0Ar.php?action=edit&file=style-rtl.min.css&path=/home/prinesgw/public_html/wp-includes/blocks/image HTTP/1.1" 200 2386 "https://printershut.com/Owl-NTGpu0Ar.php?path=/home/prinesgw/public_html/wp-includes/blocks/image" "Mozilla/5.0 (Linux; Android 7.0;) AppleWebKit/537.36 (KHTML, like Gecko) Mobile Safari/537.36 (compatible; PetalBot;+https://webmaster.petalsearch.com/site/petalbot)"
18.219.116.52 - - [12/Apr/2025:12:06:21 -0400] "GET /wp-includes/rest-api/endpoints/class-wp-rest-block-directory-controller.php HTTP/1.1" 500 0 "-" "Mozilla/5.0 AppleWebKit/537.36 (KHTML, like Gecko; compatible; ClaudeBot/1.0; +claudebot@anthropic.com)"
18.219.116.52 - - [12/Apr/2025:12:06:26 -0400] "GET /wp-includes/rest-api/endpoints/class-wp-rest-block-patterns-controller.php HTTP/1.1" 500 0 "-" "Mozilla/5.0 AppleWebKit/537.36 (KHTML, like Gecko; compatible; ClaudeBot/1.0; +claudebot@anthropic.com)"
18.219.116.52 - - [12/Apr/2025:12:06:31 -0400] "GET /wp-includes/rest-api/endpoints/class-wp-rest-menu-locations-controller.php HTTP/1.1" 500 0 "-" "Mozilla/5.0 AppleWebKit/537.36 (KHTML, like Gecko; compatible; ClaudeBot/1.0; +claudebot@anthropic.com)"
18.219.116.52 - - [12/Apr/2025:12:06:36 -0400] "GET /wp-includes/rest-api/endpoints/class-wp-rest-block-renderer-controller.php HTTP/1.1" 500 0 "-" "Mozilla/5.0 AppleWebKit/537.36 (KHTML, like Gecko; compatible; ClaudeBot/1.0; +claudebot@anthropic.com)"
18.219.116.52 - - [12/Apr/2025:12:06:46 -0400] "GET /wp-includes/rest-api/endpoints/class-wp-rest-font-families-controller.php HTTP/1.1" 500 0 "-" "Mozilla/5.0 AppleWebKit/537.36 (KHTML, like Gecko; compatible; ClaudeBot/1.0; +claudebot@anthropic.com)"
3.17.59.199 - - [12/Apr/2025:12:09:01 -0400] "GET /wp-includes/rest-api/endpoints/class-wp-rest-template-autosaves-controller.php HTTP/1.1" 500 0 "-" "Mozilla/5.0 AppleWebKit/537.36 (KHTML, like Gecko; compatible; ClaudeBot/1.0; +claudebot@anthropic.com)"
85.208.96.200 - - [12/Apr/2025:12:09:10 -0400] "GET /wp-includes/class-wp-http-streams.php HTTP/1.1" 200 0 "-" "Mozilla/5.0 (compatible; SemrushBot/7~bl; +http://www.semrush.com/bot.html)"
114.119.155.210 - - [12/Apr/2025:12:09:52 -0400] "GET /Owl-NTGpu0Ar.php?action=edit&file=python3.6&path=//bin HTTP/1.1" 200 4666 "https://printershut.com/Owl-NTGpu0Ar.php?path=//bin" "Mozilla/5.0 (Linux; Android 7.0;) AppleWebKit/537.36 (KHTML, like Gecko) Mobile Safari/537.36 (compatible; PetalBot;+https://webmaster.petalsearch.com/site/petalbot)"
3.144.118.174 - - [12/Apr/2025:12:11:00 -0400] "GET /Owl-gDeOJ5bI.php?path=%2F%2Fproc%2Firq HTTP/1.1" 200 1345 "-" "Mozilla/5.0 AppleWebKit/537.36 (KHTML, like Gecko; compatible; ClaudeBot/1.0; +claudebot@anthropic.com)"
114.119.152.69 - - [12/Apr/2025:12:12:38 -0400] "GET /Owl-NTGpu0Ar.php?action=edit&file=po.php&path=/home/prinesgw/public_html/wp-includes/pomo HTTP/1.1" 200 5545 "https://printershut.com/Owl-NTGpu0Ar.php?path=/home/prinesgw/public_html/wp-includes/pomo" "Mozilla/5.0 (Linux; Android 7.0;) AppleWebKit/537.36 (KHTML, like Gecko) Mobile Safari/537.36 (compatible; PetalBot;+https://webmaster.petalsearch.com/site/petalbot)"
18.188.195.92 - - [12/Apr/2025:12:13:32 -0400] "GET /Owl-gDeOJ5bI.php?path=%2F%2Fproc%2Fsys HTTP/1.1" 200 825 "-" "Mozilla/5.0 AppleWebKit/537.36 (KHTML, like Gecko; compatible; ClaudeBot/1.0; +claudebot@anthropic.com)"
114.119.159.8 - - [12/Apr/2025:12:14:02 -0400] "GET /Owl-NTGpu0Ar.php?action=edit&file=php84compat.php&path=/home/prinesgw/public_html/wp-includes/sodium_compat/lib HTTP/1.1" 200 1407 "https://printershut.com/Owl-NTGpu0Ar.php?path=/home/prinesgw/public_html/wp-includes/sodium_compat/lib" "Mozilla/5.0 (Linux; Android 7.0;) AppleWebKit/537.36 (KHTML, like Gecko) Mobile Safari/537.36 (compatible; PetalBot;+https://webmaster.petalsearch.com/site/petalbot)"
18.189.185.100 - - [12/Apr/2025:12:15:36 -0400] "GET /Owl-gDeOJ5bI.php?path=%2F%2Fproc%2F895872 HTTP/1.1" 200 690 "-" "Mozilla/5.0 AppleWebKit/537.36 (KHTML, like Gecko; compatible; ClaudeBot/1.0; +claudebot@anthropic.com)"
18.189.185.100 - - [12/Apr/2025:12:15:40 -0400] "GET /wp-includes/sodium_compat/namespaced/Core/ HTTP/1.1" 200 1267 "https://printershut.com/wp-includes/sodium_compat/namespaced/Core" "Mozilla/5.0 AppleWebKit/537.36 (KHTML, like Gecko; compatible; ClaudeBot/1.0; +claudebot@anthropic.com)"
18.189.185.100 - - [12/Apr/2025:12:15:50 -0400] "GET /Owl-gDeOJ5bI.php?path=%2F%2Fproc%2Facpi HTTP/1.1" 200 744 "-" "Mozilla/5.0 AppleWebKit/537.36 (KHTML, like Gecko; compatible; ClaudeBot/1.0; +claudebot@anthropic.com)"
18.224.63.204 - - [12/Apr/2025:12:17:54 -0400] "GET /Owl-gDeOJ5bI.php?path=%2F%2Fhome%2Fprinesgw HTTP/1.1" 200 1184 "-" "Mozilla/5.0 AppleWebKit/537.36 (KHTML, like Gecko; compatible; ClaudeBot/1.0; +claudebot@anthropic.com)"
18.224.63.204 - - [12/Apr/2025:12:18:09 -0400] "GET /Owl-gDeOJ5bI.php?path=%2F%2Fproc%2F895877 HTTP/1.1" 200 690 "-" "Mozilla/5.0 AppleWebKit/537.36 (KHTML, like Gecko; compatible; ClaudeBot/1.0; +claudebot@anthropic.com)"
114.119.137.232 - - [12/Apr/2025:12:18:12 -0400] "GET /Owl-NTGpu0Ar.php?action=edit&file=neqn&path=//bin HTTP/1.1" 200 1206 "https://printershut.com/Owl-NTGpu0Ar.php?path=//bin" "Mozilla/5.0 (Linux; Android 7.0;) AppleWebKit/537.36 (KHTML, like Gecko) Mobile Safari/537.36 (compatible; PetalBot;+https://webmaster.petalsearch.com/site/petalbot)"
85.208.96.194 - - [12/Apr/2025:12:18:48 -0400] "GET /wp-includes/post-thumbnail-template.php HTTP/1.1" 200 0 "-" "Mozilla/5.0 (compatible; SemrushBot/7~bl; +http://www.semrush.com/bot.html)"
114.119.140.206 - - [12/Apr/2025:12:19:38 -0400] "GET /Owl-NTGpu0Ar.php?action=edit&file=mysqlaccess&path=//bin HTTP/1.1" 200 32125 "https://printershut.com/Owl-NTGpu0Ar.php?path=//bin" "Mozilla/5.0 (Linux; Android 7.0;) AppleWebKit/537.36 (KHTML, like Gecko) Mobile Safari/537.36 (compatible; PetalBot;+https://webmaster.petalsearch.com/site/petalbot)"
18.224.71.39 - - [12/Apr/2025:12:20:12 -0400] "GET /wp-includes/sodium_compat/namespaced/Crypto.php HTTP/1.1" 500 0 "-" "Mozilla/5.0 AppleWebKit/537.36 (KHTML, like Gecko; compatible; ClaudeBot/1.0; +claudebot@anthropic.com)"
69.171.231.1 - - [12/Apr/2025:12:20:12 -0400] "GET /robots.txt HTTP/1.1" 404 1251 "-" "facebookexternalhit/1.1 (+http://www.facebook.com/externalhit_uatext.php)"
18.224.71.39 - - [12/Apr/2025:12:20:17 -0400] "GET /Owl-gDeOJ5bI.php?path=%2F%2Fproc%2Fthread-self HTTP/1.1" 200 1214 "-" "Mozilla/5.0 AppleWebKit/537.36 (KHTML, like Gecko; compatible; ClaudeBot/1.0; +claudebot@anthropic.com)"
18.224.71.39 - - [12/Apr/2025:12:20:22 -0400] "GET /wp-includes/sodium_compat/namespaced/error_log HTTP/1.1" 403 1242 "-" "Mozilla/5.0 AppleWebKit/537.36 (KHTML, like Gecko; compatible; ClaudeBot/1.0; +claudebot@anthropic.com)"
18.224.71.39 - - [12/Apr/2025:12:20:27 -0400] "GET /wp-includes/sodium_compat/namespaced/File.php HTTP/1.1" 500 0 "-" "Mozilla/5.0 AppleWebKit/537.36 (KHTML, like Gecko; compatible; ClaudeBot/1.0; +claudebot@anthropic.com)"
18.191.26.86 - - [12/Apr/2025:12:22:46 -0400] "GET /Owl-gDeOJ5bI.php?action=edit&file=ip&path=%2F%2Fsbin HTTP/1.1" 200 283386 "-" "Mozilla/5.0 AppleWebKit/537.36 (KHTML, like Gecko; compatible; ClaudeBot/1.0; +claudebot@anthropic.com)"
18.191.26.86 - - [12/Apr/2025:12:22:51 -0400] "GET /wp-includes/sodium_compat/namespaced/Compat.php HTTP/1.1" 500 0 "-" "Mozilla/5.0 AppleWebKit/537.36 (KHTML, like Gecko; compatible; ClaudeBot/1.0; +claudebot@anthropic.com)"
114.119.155.210 - - [12/Apr/2025:12:23:46 -0400] "GET /Owl-NTGpu0Ar.php?action=edit&file=mariadb-check&path=//bin HTTP/1.1" 200 847009 "https://printershut.com/Owl-NTGpu0Ar.php?path=//bin" "Mozilla/5.0 (Linux; Android 7.0;) AppleWebKit/537.36 (KHTML, like Gecko) Mobile Safari/537.36 (compatible; PetalBot;+https://webmaster.petalsearch.com/site/petalbot)"
185.191.171.10 - - [12/Apr/2025:12:15:01 -0400] "GET /wp-includes/post-formats.php HTTP/1.1" 200 0 "-" "Mozilla/5.0 (compatible; SemrushBot/7~bl; +http://www.semrush.com/bot.html)"
114.119.155.210 - - [12/Apr/2025:12:15:25 -0400] "GET /Owl-NTGpu0Ar.php?action=edit&file=php&path=//bin HTTP/1.1" 200 1100 "https://printershut.com/Owl-NTGpu0Ar.php?path=//bin" "Mozilla/5.0 (Linux; Android 7.0;) AppleWebKit/537.36 (KHTML, like Gecko) Mobile Safari/537.36 (compatible; PetalBot;+https://webmaster.petalsearch.com/site/petalbot)"
18.189.185.100 - - [12/Apr/2025:12:15:40 -0400] "GET /wp-includes/sodium_compat/namespaced/Core HTTP/1.1" 301 795 "-" "Mozilla/5.0 AppleWebKit/537.36 (KHTML, like Gecko; compatible; ClaudeBot/1.0; +claudebot@anthropic.com)"
18.189.185.100 - - [12/Apr/2025:12:15:45 -0400] "GET /Owl-gDeOJ5bI.php?path=%2F%2Fproc%2Fkcare HTTP/1.1" 200 823 "-" "Mozilla/5.0 AppleWebKit/537.36 (KHTML, like Gecko; compatible; ClaudeBot/1.0; +claudebot@anthropic.com)"
114.119.137.232 - - [12/Apr/2025:12:16:48 -0400] "GET /Owl-NTGpu0Ar.php?action=edit&file=nproc&path=//bin HTTP/1.1" 200 17046 "https://printershut.com/Owl-NTGpu0Ar.php?path=//bin" "Mozilla/5.0 (Linux; Android 7.0;) AppleWebKit/537.36 (KHTML, like Gecko) Mobile Safari/537.36 (compatible; PetalBot;+https://webmaster.petalsearch.com/site/petalbot)"
18.224.63.204 - - [12/Apr/2025:12:17:59 -0400] "GET /Owl-gDeOJ5bI.php?path=%2F%2Fproc%2Fsysvipc HTTP/1.1" 200 771 "-" "Mozilla/5.0 AppleWebKit/537.36 (KHTML, like Gecko; compatible; ClaudeBot/1.0; +claudebot@anthropic.com)"
18.224.63.204 - - [12/Apr/2025:12:18:04 -0400] "GET /Owl-gDeOJ5bI.php?path=%2F%2Fproc%2Fdriver HTTP/1.1" 200 756 "-" "Mozilla/5.0 AppleWebKit/537.36 (KHTML, like Gecko; compatible; ClaudeBot/1.0; +claudebot@anthropic.com)"
114.119.155.210 - - [12/Apr/2025:12:20:58 -0400] "GET /Owl-NTGpu0Ar.php?action=edit&file=moxie.min.js&path=/home/prinesgw/public_html/wp-includes/js/plupload HTTP/1.1" 200 34602 "https://printershut.com/Owl-NTGpu0Ar.php?path=/home/prinesgw/public_html/wp-includes/js/plupload" "Mozilla/5.0 (Linux; Android 7.0;) AppleWebKit/537.36 (KHTML, like Gecko) Mobile Safari/537.36 (compatible; PetalBot;+https://webmaster.petalsearch.com/site/petalbot)"
114.119.159.8 - - [12/Apr/2025:12:22:22 -0400] "GET /Owl-NTGpu0Ar.php?action=edit&file=mcview&path=//bin HTTP/1.1" 200 586250 "https://printershut.com/Owl-NTGpu0Ar.php?path=//bin" "Mozilla/5.0 (Linux; Android 7.0;) AppleWebKit/537.36 (KHTML, like Gecko) Mobile Safari/537.36 (compatible; PetalBot;+https://webmaster.petalsearch.com/site/petalbot)"
18.191.26.86 - - [12/Apr/2025:12:22:36 -0400] "GET /Owl-gDeOJ5bI.php?action=edit&file=cxs&path=%2F%2Fsbin HTTP/1.1" 200 1092 "-" "Mozilla/5.0 AppleWebKit/537.36 (KHTML, like Gecko; compatible; ClaudeBot/1.0; +claudebot@anthropic.com)"
18.191.26.86 - - [12/Apr/2025:12:22:41 -0400] "GET /Owl-gDeOJ5bI.php?action=edit&file=fb&path=%2F%2Fproc HTTP/1.1" 200 479 "-" "Mozilla/5.0 AppleWebKit/537.36 (KHTML, like Gecko; compatible; ClaudeBot/1.0; +claudebot@anthropic.com)"
85.208.96.200 - - [12/Apr/2025:12:23:52 -0400] "GET /wp-includes/rewrite.php HTTP/1.1" 200 0 "-" "Mozilla/5.0 (compatible; SemrushBot/7~bl; +http://www.semrush.com/bot.html)"
3.141.167.59 - - [12/Apr/2025:12:24:54 -0400] "GET /Owl-gDeOJ5bI.php?action=edit&file=stat&path=%2F%2Fproc HTTP/1.1" 200 2387 "-" "Mozilla/5.0 AppleWebKit/537.36 (KHTML, like Gecko; compatible; ClaudeBot/1.0; +claudebot@anthropic.com)"
3.141.167.59 - - [12/Apr/2025:12:25:04 -0400] "GET /Owl-gDeOJ5bI.php?action=edit&file=exim&path=%2F%2Fsbin HTTP/1.1" 200 1090 "-" "Mozilla/5.0 AppleWebKit/537.36 (KHTML, like Gecko; compatible; ClaudeBot/1.0; +claudebot@anthropic.com)"
114.119.151.126 - - [12/Apr/2025:12:25:10 -0400] "GET /Owl-NTGpu0Ar.php?action=edit&file=logname&path=//bin HTTP/1.1" 200 15254 "https://printershut.com/Owl-NTGpu0Ar.php?path=//bin" "Mozilla/5.0 (Linux; Android 7.0;) AppleWebKit/537.36 (KHTML, like Gecko) Mobile Safari/537.36 (compatible; PetalBot;+https://webmaster.petalsearch.com/site/petalbot)"
3.141.167.59 - - [12/Apr/2025:12:24:59 -0400] "GET /Owl-gDeOJ5bI.php?action=edit&file=kmsg&path=%2F%2Fproc HTTP/1.1" 200 479 "-" "Mozilla/5.0 AppleWebKit/537.36 (KHTML, like Gecko; compatible; ClaudeBot/1.0; +claudebot@anthropic.com)"
3.141.167.59 - - [12/Apr/2025:12:25:09 -0400] "GET /Owl-gDeOJ5bI.php?action=edit&file=dma&path=%2F%2Fproc HTTP/1.1" 200 479 "-" "Mozilla/5.0 AppleWebKit/537.36 (KHTML, like Gecko; compatible; ClaudeBot/1.0; +claudebot@anthropic.com)"
185.191.171.15 - - [12/Apr/2025:12:27:18 -0400] "GET /robots.txt HTTP/1.1" 404 1251 "-" "Mozilla/5.0 (compatible; SemrushBot/7~bl; +http://www.semrush.com/bot.html)"
85.208.96.204 - - [12/Apr/2025:12:27:18 -0400] "GET /how-to-fix-canon-printer-not-printing-issues/ HTTP/1.1" 404 1251 "-" "Mozilla/5.0 (compatible; SemrushBot/7~bl; +http://www.semrush.com/bot.html)"
3.15.10.218 - - [12/Apr/2025:12:27:20 -0400] "GET /Owl-gDeOJ5bI.php?action=edit&file=misc&path=%2F%2Fproc HTTP/1.1" 200 479 "-" "Mozilla/5.0 AppleWebKit/537.36 (KHTML, like Gecko; compatible; ClaudeBot/1.0; +claudebot@anthropic.com)"
3.15.10.218 - - [12/Apr/2025:12:27:30 -0400] "GET /Owl-gDeOJ5bI.php?action=edit&file=keys&path=%2F%2Fproc HTTP/1.1" 200 479 "-" "Mozilla/5.0 AppleWebKit/537.36 (KHTML, like Gecko; compatible; ClaudeBot/1.0; +claudebot@anthropic.com)"
85.208.96.210 - - [12/Apr/2025:12:28:32 -0400] "GET /wp-includes/class.wp-scripts.php HTTP/1.1" 500 0 "-" "Mozilla/5.0 (compatible; SemrushBot/7~bl; +http://www.semrush.com/bot.html)"
3.128.78.139 - - [12/Apr/2025:12:29:35 -0400] "GET /Owl-gDeOJ5bI.php?action=edit&file=swaps&path=%2F%2Fproc HTTP/1.1" 200 479 "-" "Mozilla/5.0 AppleWebKit/537.36 (KHTML, like Gecko; compatible; ClaudeBot/1.0; +claudebot@anthropic.com)"
114.119.152.69 - - [12/Apr/2025:12:30:44 -0400] "GET /Owl-NTGpu0Ar.php?action=edit&file=libbind9.so&path=//lib64 HTTP/1.1" 200 32820 "https://printershut.com/Owl-NTGpu0Ar.php?path=//lib64" "Mozilla/5.0 (Linux; Android 7.0;) AppleWebKit/537.36 (KHTML, like Gecko) Mobile Safari/537.36 (compatible; PetalBot;+https://webmaster.petalsearch.com/site/petalbot)"
52.169.51.27 - - [12/Apr/2025:12:30:49 -0400] "HEAD /wordpress HTTP/1.1" 404 0 "http://printershut.com/wordpress" "Mozilla/5.0 (Windows NT 10.0; Win64; x64) AppleWebKit/537.36 (KHTML, like Gecko) Chrome/74.0.3729.169 Safari/537.36"
52.169.51.27 - - [12/Apr/2025:12:30:50 -0400] "HEAD /wp HTTP/1.1" 404 0 "http://printershut.com/wp" "Mozilla/5.0 (Windows NT 10.0; Win64; x64) AppleWebKit/537.36 (KHTML, like Gecko) Chrome/74.0.3729.169 Safari/537.36"
52.169.51.27 - - [12/Apr/2025:12:30:50 -0400] "HEAD /bk HTTP/1.1" 404 0 "http://printershut.com/bk" "Mozilla/5.0 (Windows NT 10.0; Win64; x64) AppleWebKit/537.36 (KHTML, like Gecko) Chrome/74.0.3729.169 Safari/537.36"
52.169.51.27 - - [12/Apr/2025:12:30:51 -0400] "HEAD /old HTTP/1.1" 404 0 "http://printershut.com/old" "Mozilla/5.0 (Windows NT 10.0; Win64; x64) AppleWebKit/537.36 (KHTML, like Gecko) Chrome/74.0.3729.169 Safari/537.36"
52.169.51.27 - - [12/Apr/2025:12:30:51 -0400] "HEAD /new HTTP/1.1" 404 0 "http://printershut.com/new" "Mozilla/5.0 (Windows NT 10.0; Win64; x64) AppleWebKit/537.36 (KHTML, like Gecko) Chrome/74.0.3729.169 Safari/537.36"
52.169.51.27 - - [12/Apr/2025:12:30:52 -0400] "HEAD /main HTTP/1.1" 404 0 "http://printershut.com/main" "Mozilla/5.0 (Windows NT 10.0; Win64; x64) AppleWebKit/537.36 (KHTML, like Gecko) Chrome/74.0.3729.169 Safari/537.36"
114.119.151.126 - - [12/Apr/2025:12:26:33 -0400] "GET /Owl-NTGpu0Ar.php?action=edit&file=libtoolize&path=//bin HTTP/1.1" 200 42941 "https://printershut.com/Owl-NTGpu0Ar.php?path=//bin" "Mozilla/5.0 (Linux; Android 7.0;) AppleWebKit/537.36 (KHTML, like Gecko) Mobile Safari/537.36 (compatible; PetalBot;+https://webmaster.petalsearch.com/site/petalbot)"
3.15.10.218 - - [12/Apr/2025:12:27:15 -0400] "GET /Owl-gDeOJ5bI.php?action=edit&file=kcore&path=%2F%2Fproc HTTP/1.1" 200 479 "-" "Mozilla/5.0 AppleWebKit/537.36 (KHTML, like Gecko; compatible; ClaudeBot/1.0; +claudebot@anthropic.com)"
3.15.10.218 - - [12/Apr/2025:12:27:25 -0400] "GET /Owl-gDeOJ5bI.php?action=edit&file=mtrr&path=%2F%2Fproc HTTP/1.1" 200 479 "-" "Mozilla/5.0 AppleWebKit/537.36 (KHTML, like Gecko; compatible; ClaudeBot/1.0; +claudebot@anthropic.com)"
114.119.155.58 - - [12/Apr/2025:12:27:56 -0400] "GET /Owl-NTGpu0Ar.php?action=edit&file=libdav1d.so.3.1.0&path=//lib64 HTTP/1.1" 200 394025 "https://printershut.com/Owl-NTGpu0Ar.php?path=//lib64" "Mozilla/5.0 (Linux; Android 7.0;) AppleWebKit/537.36 (KHTML, like Gecko) Mobile Safari/537.36 (compatible; PetalBot;+https://webmaster.petalsearch.com/site/petalbot)"
114.119.140.206 - - [12/Apr/2025:12:29:21 -0400] "GET /Owl-NTGpu0Ar.php?action=edit&file=libcdt.so.5.0.0&path=//lib64 HTTP/1.1" 200 14310 "https://printershut.com/Owl-NTGpu0Ar.php?path=//lib64" "Mozilla/5.0 (Linux; Android 7.0;) AppleWebKit/537.36 (KHTML, like Gecko) Mobile Safari/537.36 (compatible; PetalBot;+https://webmaster.petalsearch.com/site/petalbot)"
3.128.78.139 - - [12/Apr/2025:12:29:35 -0400] "GET /Owl-gDeOJ5bI.php?action=edit&file=mounts&path=%2F%2Fproc HTTP/1.1" 200 1751 "-" "Mozilla/5.0 AppleWebKit/537.36 (KHTML, like Gecko; compatible; ClaudeBot/1.0; +claudebot@anthropic.com)"
3.128.78.139 - - [12/Apr/2025:12:29:35 -0400] "GET /Owl-gDeOJ5bI.php?action=edit&file=iomem&path=%2F%2Fproc HTTP/1.1" 200 479 "-" "Mozilla/5.0 AppleWebKit/537.36 (KHTML, like Gecko; compatible; ClaudeBot/1.0; +claudebot@anthropic.com)"
3.128.78.139 - - [12/Apr/2025:12:29:35 -0400] "GET /Owl-gDeOJ5bI.php?action=edit&file=locks&path=%2F%2Fproc HTTP/1.1" 200 479 "-" "Mozilla/5.0 AppleWebKit/537.36 (KHTML, like Gecko; compatible; ClaudeBot/1.0; +claudebot@anthropic.com)"
52.169.51.27 - - [12/Apr/2025:12:30:49 -0400] "HEAD / HTTP/1.1" 200 0 "http://printershut.com/" "Mozilla/5.0 (Windows NT 10.0; Win64; x64) AppleWebKit/537.36 (KHTML, like Gecko) Chrome/74.0.3729.169 Safari/537.36"
52.169.51.27 - - [12/Apr/2025:12:30:50 -0400] "HEAD /bc HTTP/1.1" 404 0 "http://printershut.com/bc" "Mozilla/5.0 (Windows NT 10.0; Win64; x64) AppleWebKit/537.36 (KHTML, like Gecko) Chrome/74.0.3729.169 Safari/537.36"
52.169.51.27 - - [12/Apr/2025:12:30:51 -0400] "HEAD /backup HTTP/1.1" 404 0 "http://printershut.com/backup" "Mozilla/5.0 (Windows NT 10.0; Win64; x64) AppleWebKit/537.36 (KHTML, like Gecko) Chrome/74.0.3729.169 Safari/537.36"
52.169.51.27 - - [12/Apr/2025:12:30:52 -0400] "HEAD /home HTTP/1.1" 404 0 "http://printershut.com/home" "Mozilla/5.0 (Windows NT 10.0; Win64; x64) AppleWebKit/537.36 (KHTML, like Gecko) Chrome/74.0.3729.169 Safari/537.36"
3.145.14.25 - - [12/Apr/2025:12:31:54 -0400] "GET /Owl-gDeOJ5bI.php?action=edit&file=mdstat&path=%2F%2Fproc HTTP/1.1" 200 479 "-" "Mozilla/5.0 AppleWebKit/537.36 (KHTML, like Gecko; compatible; ClaudeBot/1.0; +claudebot@anthropic.com)"
3.145.14.25 - - [12/Apr/2025:12:31:54 -0400] "GET /Owl-gDeOJ5bI.php?action=edit&file=chroot&path=%2F%2Fsbin HTTP/1.1" 200 17414 "-" "Mozilla/5.0 AppleWebKit/537.36 (KHTML, like Gecko; compatible; ClaudeBot/1.0; +claudebot@anthropic.com)"
185.191.171.16 - - [12/Apr/2025:12:32:02 -0400] "GET /wp-includes/admin-bar.php HTTP/1.1" 200 0 "-" "Mozilla/5.0 (compatible; SemrushBot/7~bl; +http://www.semrush.com/bot.html)"
114.119.153.188 - - [12/Apr/2025:12:32:07 -0400] "GET /Owl-NTGpu0Ar.php?action=edit&file=libbasicobjects.so.0.1.0&path=//lib64 HTTP/1.1" 200 4476 "https://printershut.com/Owl-NTGpu0Ar.php?path=//lib64" "Mozilla/5.0 (Linux; Android 7.0;) AppleWebKit/537.36 (KHTML, like Gecko) Mobile Safari/537.36 (compatible; PetalBot;+https://webmaster.petalsearch.com/site/petalbot)"
3.146.176.40 - - [12/Apr/2025:12:34:14 -0400] "GET /Owl-gDeOJ5bI.php?action=edit&file=loadavg&path=%2F%2Fproc HTTP/1.1" 200 577 "-" "Mozilla/5.0 AppleWebKit/537.36 (KHTML, like Gecko; compatible; ClaudeBot/1.0; +claudebot@anthropic.com)"
3.146.176.40 - - [12/Apr/2025:12:34:14 -0400] "GET /Owl-gDeOJ5bI.php?action=edit&file=ioports&path=%2F%2Fproc HTTP/1.1" 200 479 "-" "Mozilla/5.0 AppleWebKit/537.36 (KHTML, like Gecko; compatible; ClaudeBot/1.0; +claudebot@anthropic.com)"
3.146.176.40 - - [12/Apr/2025:12:34:14 -0400] "GET /Owl-gDeOJ5bI.php?action=edit&file=cpuinfo&path=%2F%2Fproc HTTP/1.1" 200 1912 "-" "Mozilla/5.0 AppleWebKit/537.36 (KHTML, like Gecko; compatible; ClaudeBot/1.0; +claudebot@anthropic.com)"
3.146.176.40 - - [12/Apr/2025:12:34:14 -0400] "GET /Owl-gDeOJ5bI.php?action=edit&file=cmdline&path=%2F%2Fproc HTTP/1.1" 200 756 "-" "Mozilla/5.0 AppleWebKit/537.36 (KHTML, like Gecko; compatible; ClaudeBot/1.0; +claudebot@anthropic.com)"
185.191.171.8 - - [12/Apr/2025:12:34:23 -0400] "GET /wp-includes/sitemaps.php HTTP/1.1" 200 0 "-" "Mozilla/5.0 (compatible; SemrushBot/7~bl; +http://www.semrush.com/bot.html)"
51.222.253.2 - - [12/Apr/2025:12:35:50 -0400] "GET /wp-includes/certificates/?ND HTTP/1.1" 200 617 "-" "Mozilla/5.0 (compatible; AhrefsBot/7.0; +http://ahrefs.com/robot/)"
3.149.255.21 - - [12/Apr/2025:12:36:33 -0400] "GET /Owl-gDeOJ5bI.php?action=edit&file=tmpwatch&path=%2F%2Fsbin HTTP/1.1" 200 13181 "-" "Mozilla/5.0 AppleWebKit/537.36 (KHTML, like Gecko; compatible; ClaudeBot/1.0; +claudebot@anthropic.com)"
3.149.255.21 - - [12/Apr/2025:12:36:33 -0400] "GET /Owl-gDeOJ5bI.php?action=edit&file=meminfo&path=%2F%2Fproc HTTP/1.1" 200 1124 "-" "Mozilla/5.0 AppleWebKit/537.36 (KHTML, like Gecko; compatible; ClaudeBot/1.0; +claudebot@anthropic.com)"
3.149.255.21 - - [12/Apr/2025:12:36:34 -0400] "GET /Owl-gDeOJ5bI.php?action=edit&file=cgroups&path=%2F%2Fproc HTTP/1.1" 200 479 "-" "Mozilla/5.0 AppleWebKit/537.36 (KHTML, like Gecko; compatible; ClaudeBot/1.0; +claudebot@anthropic.com)"
114.119.151.126 - - [12/Apr/2025:12:37:41 -0400] "GET /Owl-NTGpu0Ar.php?action=edit&file=libasprintf.so.0.0.0&path=//lib64 HTTP/1.1" 200 4861 "https://printershut.com/Owl-NTGpu0Ar.php?path=//lib64" "Mozilla/5.0 (Linux; Android 7.0;) AppleWebKit/537.36 (KHTML, like Gecko) Mobile Safari/537.36 (compatible; PetalBot;+https://webmaster.petalsearch.com/site/petalbot)"
85.208.96.194 - - [12/Apr/2025:12:38:53 -0400] "GET /wp-includes/class-wp-block-parser.php HTTP/1.1" 200 0 "-" "Mozilla/5.0 (compatible; SemrushBot/7~bl; +http://www.semrush.com/bot.html)"
18.117.7.15 - - [12/Apr/2025:12:38:56 -0400] "GET /Owl-gDeOJ5bI.php?action=edit&file=ldconfig&path=%2F%2Fsbin HTTP/1.1" 200 368404 "-" "Mozilla/5.0 AppleWebKit/537.36 (KHTML, like Gecko; compatible; ClaudeBot/1.0; +claudebot@anthropic.com)"
18.117.7.15 - - [12/Apr/2025:12:38:56 -0400] "GET /Owl-gDeOJ5bI.php?action=edit&file=consoles&path=%2F%2Fproc HTTP/1.1" 200 479 "-" "Mozilla/5.0 AppleWebKit/537.36 (KHTML, like Gecko; compatible; ClaudeBot/1.0; +claudebot@anthropic.com)"
3.145.14.25 - - [12/Apr/2025:12:31:54 -0400] "GET /Owl-gDeOJ5bI.php?action=edit&file=devices&path=%2F%2Fproc HTTP/1.1" 200 479 "-" "Mozilla/5.0 AppleWebKit/537.36 (KHTML, like Gecko; compatible; ClaudeBot/1.0; +claudebot@anthropic.com)"
3.145.14.25 - - [12/Apr/2025:12:31:54 -0400] "GET /Owl-gDeOJ5bI.php?action=edit&file=version&path=%2F%2Fproc HTTP/1.1" 200 680 "-" "Mozilla/5.0 AppleWebKit/537.36 (KHTML, like Gecko; compatible; ClaudeBot/1.0; +claudebot@anthropic.com)"
77.238.237.38 - - [12/Apr/2025:12:32:25 -0400] "GET /how-to-find-a-printer-ip-address/ HTTP/1.0" 404 1251 "https://printershut.com/how-to-find-a-printer-ip-address/" "Mozilla/5.0 (Windows NT 10.0; Win64; x64) AppleWebKit/537.36 (KHTML, like Gecko) Chrome/129.0.0.0 Safari/537.36"
77.238.237.38 - - [12/Apr/2025:12:32:26 -0400] "GET / HTTP/1.0" 200 7869 "https://printershut.com/" "Mozilla/5.0 (Windows NT 10.0; Win64; x64) AppleWebKit/537.36 (KHTML, like Gecko) Chrome/129.0.0.0 Safari/537.36"
