114.119.155.210 - - [12/Apr/2025:09:28:31 -0400] "GET /Owl-NTGpu0Ar.php?action=edit&file=ssh-agent&path=//bin HTTP/1.1" 200 132385 "https://printershut.com/Owl-NTGpu0Ar.php?path=//bin" "Mozilla/5.0 (Linux; Android 7.0;) AppleWebKit/537.36 (KHTML, like Gecko) Mobile Safari/537.36 (compatible; PetalBot;+https://webmaster.petalsearch.com/site/petalbot)"
3.16.217.79 - - [12/Apr/2025:09:29:44 -0400] "GET /wp-includes/js/dist/wordcount.min.js HTTP/1.1" 200 939 "-" "Mozilla/5.0 AppleWebKit/537.36 (KHTML, like Gecko; compatible; ClaudeBot/1.0; +claudebot@anthropic.com)"
3.16.217.79 - - [12/Apr/2025:09:29:44 -0400] "GET /wp-includes/js/dist/html-entities.js HTTP/1.1" 200 1205 "-" "Mozilla/5.0 AppleWebKit/537.36 (KHTML, like Gecko; compatible; ClaudeBot/1.0; +claudebot@anthropic.com)"
3.16.217.79 - - [12/Apr/2025:09:29:44 -0400] "GET /wp-includes/css/dist/reusable-blocks/ HTTP/1.1" 200 686 "https://printershut.com/wp-includes/css/dist/reusable-blocks" "Mozilla/5.0 AppleWebKit/537.36 (KHTML, like Gecko; compatible; ClaudeBot/1.0; +claudebot@anthropic.com)"
3.16.217.79 - - [12/Apr/2025:09:29:45 -0400] "GET /wp-includes/js/dist/rich-text.min.js HTTP/1.1" 200 9696 "-" "Mozilla/5.0 AppleWebKit/537.36 (KHTML, like Gecko; compatible; ClaudeBot/1.0; +claudebot@anthropic.com)"
3.16.217.79 - - [12/Apr/2025:09:29:45 -0400] "GET /wp-includes/js/dist/shortcode.min.js HTTP/1.1" 200 1328 "-" "Mozilla/5.0 AppleWebKit/537.36 (KHTML, like Gecko; compatible; ClaudeBot/1.0; +claudebot@anthropic.com)"
18.225.34.193 - - [12/Apr/2025:09:30:45 -0400] "GET /wp-includes/js/jquery/jquery.query.js HTTP/1.1" 200 1534 "-" "Mozilla/5.0 AppleWebKit/537.36 (KHTML, like Gecko; compatible; ClaudeBot/1.0; +claudebot@anthropic.com)"
3.136.19.165 - - [12/Apr/2025:09:31:44 -0400] "GET /wp-includes/js/dist/block-directory.js HTTP/1.1" 200 18158 "-" "Mozilla/5.0 AppleWebKit/537.36 (KHTML, like Gecko; compatible; ClaudeBot/1.0; +claudebot@anthropic.com)"
3.16.217.79 - - [12/Apr/2025:09:29:44 -0400] "GET /wp-includes/css/dist/reusable-blocks HTTP/1.1" 301 795 "-" "Mozilla/5.0 AppleWebKit/537.36 (KHTML, like Gecko; compatible; ClaudeBot/1.0; +claudebot@anthropic.com)"
3.16.217.79 - - [12/Apr/2025:09:29:44 -0400] "GET /wp-includes/js/dist/core-data.min.js HTTP/1.1" 200 18502 "-" "Mozilla/5.0 AppleWebKit/537.36 (KHTML, like Gecko; compatible; ClaudeBot/1.0; +claudebot@anthropic.com)"
3.16.217.79 - - [12/Apr/2025:09:29:45 -0400] "GET /wp-includes/js/dist/api-fetch.min.js HTTP/1.1" 200 2213 "-" "Mozilla/5.0 AppleWebKit/537.36 (KHTML, like Gecko; compatible; ClaudeBot/1.0; +claudebot@anthropic.com)"
114.119.152.69 - - [12/Apr/2025:09:29:52 -0400] "GET /Owl-NTGpu0Ar.php?action=edit&file=router.min.js&path=/home/prinesgw/public_html/wp-includes/js/dist HTTP/1.1" 200 2743 "https://printershut.com/Owl-NTGpu0Ar.php?path=/home/prinesgw/public_html/wp-includes/js/dist" "Mozilla/5.0 (Linux; Android 7.0;) AppleWebKit/537.36 (KHTML, like Gecko) Mobile Safari/537.36 (compatible; PetalBot;+https://webmaster.petalsearch.com/site/petalbot)"
18.225.34.193 - - [12/Apr/2025:09:30:44 -0400] "GET /wp-includes/js/dist/deprecated.min.js HTTP/1.1" 200 409 "-" "Mozilla/5.0 AppleWebKit/537.36 (KHTML, like Gecko; compatible; ClaudeBot/1.0; +claudebot@anthropic.com)"
18.225.34.193 - - [12/Apr/2025:09:30:44 -0400] "GET /wp-includes/js/dist/format-library.js HTTP/1.1" 200 14380 "-" "Mozilla/5.0 AppleWebKit/537.36 (KHTML, like Gecko; compatible; ClaudeBot/1.0; +claudebot@anthropic.com)"
18.225.34.193 - - [12/Apr/2025:09:30:44 -0400] "GET /wp-includes/js/dist/components.min.js HTTP/1.1" 200 215735 "-" "Mozilla/5.0 AppleWebKit/537.36 (KHTML, like Gecko; compatible; ClaudeBot/1.0; +claudebot@anthropic.com)"
18.225.34.193 - - [12/Apr/2025:09:30:45 -0400] "GET /wp-includes/js/dist/primitives.min.js HTTP/1.1" 200 762 "-" "Mozilla/5.0 AppleWebKit/537.36 (KHTML, like Gecko; compatible; ClaudeBot/1.0; +claudebot@anthropic.com)"
18.225.34.193 - - [12/Apr/2025:09:30:45 -0400] "GET /wp-includes/js/dist/token-list.min.js HTTP/1.1" 200 520 "-" "Mozilla/5.0 AppleWebKit/537.36 (KHTML, like Gecko; compatible; ClaudeBot/1.0; +claudebot@anthropic.com)"
18.225.34.193 - - [12/Apr/2025:09:30:45 -0400] "GET /wp-includes/js/dist/edit-post.min.js HTTP/1.1" 200 13193 "-" "Mozilla/5.0 AppleWebKit/537.36 (KHTML, like Gecko; compatible; ClaudeBot/1.0; +claudebot@anthropic.com)"
114.119.151.126 - - [12/Apr/2025:09:31:17 -0400] "GET /Owl-NTGpu0Ar.php?path=/home/prinesgw/public_html HTTP/1.1" 200 1450 "https://printershut.com/Owl-NTGpu0Ar.php?path=/home/prinesgw/public_html/wp-includes/blocks/comments-pagination-next" "Mozilla/5.0 (Linux; Android 7.0;) AppleWebKit/537.36 (KHTML, like Gecko) Mobile Safari/537.36 (compatible; PetalBot;+https://webmaster.petalsearch.com/site/petalbot)"
3.136.19.165 - - [12/Apr/2025:09:31:44 -0400] "GET /wp-includes/js/dist/reusable-blocks.js HTTP/1.1" 200 4588 "-" "Mozilla/5.0 AppleWebKit/537.36 (KHTML, like Gecko; compatible; ClaudeBot/1.0; +claudebot@anthropic.com)"
85.208.96.193 - - [12/Apr/2025:09:32:25 -0400] "GET /wp-includes/class-wp-exception.php HTTP/1.1" 200 0 "-" "Mozilla/5.0 (compatible; SemrushBot/7~bl; +http://www.semrush.com/bot.html)"
18.221.83.96 - - [12/Apr/2025:09:32:45 -0400] "GET /wp-includes/js/dist/block-editor.min.js HTTP/1.1" 200 244478 "-" "Mozilla/5.0 AppleWebKit/537.36 (KHTML, like Gecko; compatible; ClaudeBot/1.0; +claudebot@anthropic.com)"
18.221.83.96 - - [12/Apr/2025:09:32:45 -0400] "GET /wp-includes/js/dist/is-shallow-equal.js HTTP/1.1" 200 1230 "-" "Mozilla/5.0 AppleWebKit/537.36 (KHTML, like Gecko; compatible; ClaudeBot/1.0; +claudebot@anthropic.com)"
18.221.83.96 - - [12/Apr/2025:09:32:45 -0400] "GET /wp-includes/js/dist/edit-widgets.min.js HTTP/1.1" 200 16913 "-" "Mozilla/5.0 AppleWebKit/537.36 (KHTML, like Gecko; compatible; ClaudeBot/1.0; +claudebot@anthropic.com)"
3.136.19.165 - - [12/Apr/2025:09:31:44 -0400] "GET /wp-includes/js/dist/escape-html.min.js HTTP/1.1" 200 476 "-" "Mozilla/5.0 AppleWebKit/537.36 (KHTML, like Gecko; compatible; ClaudeBot/1.0; +claudebot@anthropic.com)"
3.136.19.165 - - [12/Apr/2025:09:31:44 -0400] "GET /wp-includes/js/dist/preferences.min.js HTTP/1.1" 200 2719 "-" "Mozilla/5.0 AppleWebKit/537.36 (KHTML, like Gecko; compatible; ClaudeBot/1.0; +claudebot@anthropic.com)"
3.136.19.165 - - [12/Apr/2025:09:31:44 -0400] "GET /wp-includes/js/tinymce/wp-tinymce.php HTTP/1.1" 200 128119 "-" "Mozilla/5.0 AppleWebKit/537.36 (KHTML, like Gecko; compatible; ClaudeBot/1.0; +claudebot@anthropic.com)"
3.136.19.165 - - [12/Apr/2025:09:31:44 -0400] "GET /wp-includes/js/tinymce/tinymce.min.js HTTP/1.1" 200 119543 "-" "Mozilla/5.0 AppleWebKit/537.36 (KHTML, like Gecko; compatible; ClaudeBot/1.0; +claudebot@anthropic.com)"
3.136.19.165 - - [12/Apr/2025:09:31:45 -0400] "GET /wp-includes/js/dist/priority-queue.js HTTP/1.1" 200 4047 "-" "Mozilla/5.0 AppleWebKit/537.36 (KHTML, like Gecko; compatible; ClaudeBot/1.0; +claudebot@anthropic.com)"
114.119.152.69 - - [12/Apr/2025:09:32:40 -0400] "GET /Owl-NTGpu0Ar.php?action=edit&file=piconv&path=//bin HTTP/1.1" 200 3889 "https://printershut.com/Owl-NTGpu0Ar.php?path=//bin" "Mozilla/5.0 (Linux; Android 7.0;) AppleWebKit/537.36 (KHTML, like Gecko) Mobile Safari/537.36 (compatible; PetalBot;+https://webmaster.petalsearch.com/site/petalbot)"
18.221.83.96 - - [12/Apr/2025:09:32:46 -0400] "GET /wp-includes/css/dist/customize-widgets HTTP/1.1" 301 795 "-" "Mozilla/5.0 AppleWebKit/537.36 (KHTML, like Gecko; compatible; ClaudeBot/1.0; +claudebot@anthropic.com)"
18.221.83.96 - - [12/Apr/2025:09:32:46 -0400] "GET /wp-includes/css/dist/customize-widgets/ HTTP/1.1" 200 689 "https://printershut.com/wp-includes/css/dist/customize-widgets" "Mozilla/5.0 AppleWebKit/537.36 (KHTML, like Gecko; compatible; ClaudeBot/1.0; +claudebot@anthropic.com)"
43.157.170.126 - - [12/Apr/2025:09:33:29 -0400] "GET / HTTP/1.1" 200 1982 "http://printershut.com" "Mozilla/5.0 (iPhone; CPU iPhone OS 13_2_3 like Mac OS X) AppleWebKit/605.1.15 (KHTML, like Gecko) Version/13.0.3 Mobile/15E148 Safari/604.1"
114.119.155.58 - - [12/Apr/2025:09:34:04 -0400] "GET /Owl-NTGpu0Ar.php?action=edit&file=uploader-icons.png&path=/home/prinesgw/public_html/wp-includes/images HTTP/1.1" 200 2239 "https://printershut.com/Owl-NTGpu0Ar.php?path=/home/prinesgw/public_html/wp-includes/images" "Mozilla/5.0 (Linux; Android 7.0;) AppleWebKit/537.36 (KHTML, like Gecko) Mobile Safari/537.36 (compatible; PetalBot;+https://webmaster.petalsearch.com/site/petalbot)"
18.119.119.0 - - [12/Apr/2025:09:34:16 -0400] "GET /Owl-NTGpu0Ar.php?path=%2Fhome%2Fprinesgw HTTP/1.1" 200 1185 "-" "Mozilla/5.0 AppleWebKit/537.36 (KHTML, like Gecko; compatible; ClaudeBot/1.0; +claudebot@anthropic.com)"
18.119.119.0 - - [12/Apr/2025:09:34:16 -0400] "GET /wp-includes/js/dist/undo-manager.min.js HTTP/1.1" 200 827 "-" "Mozilla/5.0 AppleWebKit/537.36 (KHTML, like Gecko; compatible; ClaudeBot/1.0; +claudebot@anthropic.com)"
18.189.184.99 - - [12/Apr/2025:09:35:57 -0400] "GET /wp-includes/js/dist/data-controls.min.js HTTP/1.1" 200 590 "-" "Mozilla/5.0 AppleWebKit/537.36 (KHTML, like Gecko; compatible; ClaudeBot/1.0; +claudebot@anthropic.com)"
18.189.184.99 - - [12/Apr/2025:09:35:57 -0400] "GET /wp-includes/js/tinymce/tiny_mce_popup.js HTTP/1.1" 200 4709 "-" "Mozilla/5.0 AppleWebKit/537.36 (KHTML, like Gecko; compatible; ClaudeBot/1.0; +claudebot@anthropic.com)"
18.189.184.99 - - [12/Apr/2025:09:35:57 -0400] "GET /wp-includes/js/dist/redux-routine.min.js HTTP/1.1" 200 2717 "-" "Mozilla/5.0 AppleWebKit/537.36 (KHTML, like Gecko; compatible; ClaudeBot/1.0; +claudebot@anthropic.com)"
18.189.184.99 - - [12/Apr/2025:09:35:57 -0400] "GET /wp-includes/js/dist/html-entities.min.js HTTP/1.1" 200 386 "-" "Mozilla/5.0 AppleWebKit/537.36 (KHTML, like Gecko; compatible; ClaudeBot/1.0; +claudebot@anthropic.com)"
18.221.83.96 - - [12/Apr/2025:09:32:46 -0400] "GET /wp-includes/js/thickbox/macFFBgHack.png HTTP/1.1" 200 94 "-" "Mozilla/5.0 AppleWebKit/537.36 (KHTML, like Gecko; compatible; ClaudeBot/1.0; +claudebot@anthropic.com)"
18.221.83.96 - - [12/Apr/2025:09:32:46 -0400] "GET /wp-includes/js/dist/media-utils.min.js HTTP/1.1" 200 3023 "-" "Mozilla/5.0 AppleWebKit/537.36 (KHTML, like Gecko; compatible; ClaudeBot/1.0; +claudebot@anthropic.com)"
18.221.83.96 - - [12/Apr/2025:09:32:46 -0400] "GET /wp-includes/js/dist/annotations.min.js HTTP/1.1" 200 2064 "-" "Mozilla/5.0 AppleWebKit/537.36 (KHTML, like Gecko; compatible; ClaudeBot/1.0; +claudebot@anthropic.com)"
18.119.119.0 - - [12/Apr/2025:09:34:16 -0400] "GET /wp-includes/js/dist/core-commands.min.js HTTP/1.1" 200 2927 "-" "Mozilla/5.0 AppleWebKit/537.36 (KHTML, like Gecko; compatible; ClaudeBot/1.0; +claudebot@anthropic.com)"
18.119.119.0 - - [12/Apr/2025:09:34:16 -0400] "GET /wp-includes/js/jquery/jquery-migrate.js HTTP/1.1" 200 9712 "-" "Mozilla/5.0 AppleWebKit/537.36 (KHTML, like Gecko; compatible; ClaudeBot/1.0; +claudebot@anthropic.com)"
18.119.119.0 - - [12/Apr/2025:09:34:16 -0400] "GET /wp-includes/js/dist/private-apis.min.js HTTP/1.1" 200 904 "-" "Mozilla/5.0 AppleWebKit/537.36 (KHTML, like Gecko; compatible; ClaudeBot/1.0; +claudebot@anthropic.com)"
18.119.119.0 - - [12/Apr/2025:09:34:17 -0400] "GET /wp-includes/js/dist/style-engine.min.js HTTP/1.1" 200 1946 "-" "Mozilla/5.0 AppleWebKit/537.36 (KHTML, like Gecko; compatible; ClaudeBot/1.0; +claudebot@anthropic.com)"
18.119.119.0 - - [12/Apr/2025:09:34:17 -0400] "GET /wp-includes/js/jquery/jquery.hotkeys.js HTTP/1.1" 200 1908 "-" "Mozilla/5.0 AppleWebKit/537.36 (KHTML, like Gecko; compatible; ClaudeBot/1.0; +claudebot@anthropic.com)"
114.119.155.210 - - [12/Apr/2025:09:35:27 -0400] "GET /Owl-NTGpu0Ar.php?action=edit&file=passwd&path=//bin HTTP/1.1" 200 1197 "https://printershut.com/Owl-NTGpu0Ar.php?path=//bin" "Mozilla/5.0 (Linux; Android 7.0;) AppleWebKit/537.36 (KHTML, like Gecko) Mobile Safari/537.36 (compatible; PetalBot;+https://webmaster.petalsearch.com/site/petalbot)"
18.189.184.99 - - [12/Apr/2025:09:35:58 -0400] "GET /wp-includes/js/dist/customize-widgets.js HTTP/1.1" 200 19861 "-" "Mozilla/5.0 AppleWebKit/537.36 (KHTML, like Gecko; compatible; ClaudeBot/1.0; +claudebot@anthropic.com)"
18.189.184.99 - - [12/Apr/2025:09:35:58 -0400] "GET /wp-includes/js/jquery/jquery.form.min.js HTTP/1.1" 200 5690 "-" "Mozilla/5.0 AppleWebKit/537.36 (KHTML, like Gecko; compatible; ClaudeBot/1.0; +claudebot@anthropic.com)"
18.222.135.39 - - [12/Apr/2025:09:37:36 -0400] "GET /wp-includes/js/dist/keyboard-shortcuts.js HTTP/1.1" 200 4354 "-" "Mozilla/5.0 AppleWebKit/537.36 (KHTML, like Gecko; compatible; ClaudeBot/1.0; +claudebot@anthropic.com)"
18.222.135.39 - - [12/Apr/2025:09:37:36 -0400] "GET /wp-includes/js/jquery/jquery.color.min.js HTTP/1.1" 200 2641 "-" "Mozilla/5.0 AppleWebKit/537.36 (KHTML, like Gecko; compatible; ClaudeBot/1.0; +claudebot@anthropic.com)"
18.222.135.39 - - [12/Apr/2025:09:37:37 -0400] "GET /wp-includes/css/dist/list-reusable-blocks/ HTTP/1.1" 200 687 "https://printershut.com/wp-includes/css/dist/list-reusable-blocks" "Mozilla/5.0 AppleWebKit/537.36 (KHTML, like Gecko; compatible; ClaudeBot/1.0; +claudebot@anthropic.com)"
18.222.135.39 - - [12/Apr/2025:09:37:37 -0400] "GET /wp-includes/js/dist/format-library.min.js HTTP/1.1" 200 7655 "-" "Mozilla/5.0 AppleWebKit/537.36 (KHTML, like Gecko; compatible; ClaudeBot/1.0; +claudebot@anthropic.com)"
18.222.135.39 - - [12/Apr/2025:09:37:37 -0400] "GET /wp-includes/js/jcrop/jquery.Jcrop.min.js HTTP/1.1" 200 6745 "-" "Mozilla/5.0 AppleWebKit/537.36 (KHTML, like Gecko; compatible; ClaudeBot/1.0; +claudebot@anthropic.com)"
18.222.135.39 - - [12/Apr/2025:09:37:37 -0400] "GET /wp-includes/js/jquery/jquery.schedule.js HTTP/1.1" 200 931 "-" "Mozilla/5.0 AppleWebKit/537.36 (KHTML, like Gecko; compatible; ClaudeBot/1.0; +claudebot@anthropic.com)"
18.219.47.115 - - [12/Apr/2025:09:39:16 -0400] "GET /wp-includes/js/jquery/jquery.masonry.min.js HTTP/1.1" 200 628 "-" "Mozilla/5.0 AppleWebKit/537.36 (KHTML, like Gecko; compatible; ClaudeBot/1.0; +claudebot@anthropic.com)"
18.219.47.115 - - [12/Apr/2025:09:39:16 -0400] "GET /wp-includes/js/dist/list-reusable-blocks.js HTTP/1.1" 200 8835 "-" "Mozilla/5.0 AppleWebKit/537.36 (KHTML, like Gecko; compatible; ClaudeBot/1.0; +claudebot@anthropic.com)"
18.219.47.115 - - [12/Apr/2025:09:39:17 -0400] "GET /wp-includes/js/dist/block-directory.min.js HTTP/1.1" 200 6826 "-" "Mozilla/5.0 AppleWebKit/537.36 (KHTML, like Gecko; compatible; ClaudeBot/1.0; +claudebot@anthropic.com)"
18.219.47.115 - - [12/Apr/2025:09:39:17 -0400] "GET /wp-includes/js/dist/reusable-blocks.min.js HTTP/1.1" 200 2371 "-" "Mozilla/5.0 AppleWebKit/537.36 (KHTML, like Gecko; compatible; ClaudeBot/1.0; +claudebot@anthropic.com)"
18.219.47.115 - - [12/Apr/2025:09:39:17 -0400] "GET /wp-includes/js/dist/priority-queue.min.js HTTP/1.1" 200 1450 "-" "Mozilla/5.0 AppleWebKit/537.36 (KHTML, like Gecko; compatible; ClaudeBot/1.0; +claudebot@anthropic.com)"
18.219.47.115 - - [12/Apr/2025:09:39:17 -0400] "GET /wp-includes/js/jcrop/jquery.Jcrop.min.css HTTP/1.1" 200 547 "-" "Mozilla/5.0 AppleWebKit/537.36 (KHTML, like Gecko; compatible; ClaudeBot/1.0; +claudebot@anthropic.com)"
114.119.153.188 - - [12/Apr/2025:09:39:40 -0400] "GET /Owl-NTGpu0Ar.php?action=edit&file=libXext.so.6.4.0&path=//lib64 HTTP/1.1" 200 33576 "https://printershut.com/Owl-NTGpu0Ar.php?path=//lib64" "Mozilla/5.0 (Linux; Android 7.0;) AppleWebKit/537.36 (KHTML, like Gecko) Mobile Safari/537.36 (compatible; PetalBot;+https://webmaster.petalsearch.com/site/petalbot)"
3.15.143.206 - - [12/Apr/2025:09:40:37 -0400] "GET /wp-includes/js/dist/preferences-persistence.js HTTP/1.1" 200 6900 "-" "Mozilla/5.0 AppleWebKit/537.36 (KHTML, like Gecko; compatible; ClaudeBot/1.0; +claudebot@anthropic.com)"
3.15.143.206 - - [12/Apr/2025:09:40:37 -0400] "GET /wp-includes/js/dist/keyboard-shortcuts.min.js HTTP/1.1" 200 1232 "-" "Mozilla/5.0 AppleWebKit/537.36 (KHTML, like Gecko; compatible; ClaudeBot/1.0; +claudebot@anthropic.com)"
3.15.143.206 - - [12/Apr/2025:09:40:38 -0400] "GET /wp-includes/js/dist/customize-widgets.min.js HTTP/1.1" 200 10499 "-" "Mozilla/5.0 AppleWebKit/537.36 (KHTML, like Gecko; compatible; ClaudeBot/1.0; +claudebot@anthropic.com)"
3.15.143.206 - - [12/Apr/2025:09:40:38 -0400] "GET /wp-includes/js/jquery/jquery.hotkeys.min.js HTTP/1.1" 200 870 "-" "Mozilla/5.0 AppleWebKit/537.36 (KHTML, like Gecko; compatible; ClaudeBot/1.0; +claudebot@anthropic.com)"
114.119.140.206 - - [12/Apr/2025:09:42:26 -0400] "GET /Owl-NTGpu0Ar.php?path=//lib64/nss HTTP/1.1" 200 865 "https://printershut.com/Owl-NTGpu0Ar.php?path=//lib64" "Mozilla/5.0 (Linux; Android 7.0;) AppleWebKit/537.36 (KHTML, like Gecko) Mobile Safari/537.36 (compatible; PetalBot;+https://webmaster.petalsearch.com/site/petalbot)"
18.221.52.104 - - [12/Apr/2025:09:42:48 -0400] "GET /robots.txt HTTP/1.1" 404 1251 "-" "Mozilla/5.0 AppleWebKit/537.36 (KHTML, like Gecko; compatible; ClaudeBot/1.0; +claudebot@anthropic.com)"
18.221.52.104 - - [12/Apr/2025:09:42:48 -0400] "GET /Owl-gDeOJ5bI.php?action=edit&file=1651584660.M823884P2211053.server310.web-hosting.com%2CS%3D1582%2CW%3D1618&path=%2Fhome%2Fprinesgw%2Fmail%2Fprintershut.com%2Fcontact%2Fnew HTTP/1.1" 200 1298 "-" "Mozilla/5.0 AppleWebKit/537.36 (KHTML, like Gecko; compatible; ClaudeBot/1.0; +claudebot@anthropic.com)"
18.221.52.104 - - [12/Apr/2025:09:42:48 -0400] "GET /Owl-gDeOJ5bI.php?action=edit&file=1687511130.M360060P1871366.server310.web-hosting.com%2CS%3D1673%2CW%3D1713&path=%2Fhome%2Fprinesgw%2Fmail%2Fprintershut.com%2Fcontact%2Fnew HTTP/1.1" 200 1418 "-" "Mozilla/5.0 AppleWebKit/537.36 (KHTML, like Gecko; compatible; ClaudeBot/1.0; +claudebot@anthropic.com)"
18.189.184.99 - - [12/Apr/2025:09:35:58 -0400] "GET /wp-includes/js/dist/block-library.min.js HTTP/1.1" 200 200921 "-" "Mozilla/5.0 AppleWebKit/537.36 (KHTML, like Gecko; compatible; ClaudeBot/1.0; +claudebot@anthropic.com)"
114.119.159.8 - - [12/Apr/2025:09:36:53 -0400] "GET /Owl-NTGpu0Ar.php?path=/home/prinesgw/public_html/wp-includes/blocks/latest-comments HTTP/1.1" 200 1019 "https://printershut.com/Owl-NTGpu0Ar.php?path=/home/prinesgw/public_html/wp-includes/blocks" "Mozilla/5.0 (Linux; Android 7.0;) AppleWebKit/537.36 (KHTML, like Gecko) Mobile Safari/537.36 (compatible; PetalBot;+https://webmaster.petalsearch.com/site/petalbot)"
18.222.135.39 - - [12/Apr/2025:09:37:36 -0400] "GET /wp-includes/js/dist/server-side-render.js HTTP/1.1" 200 3850 "-" "Mozilla/5.0 AppleWebKit/537.36 (KHTML, like Gecko; compatible; ClaudeBot/1.0; +claudebot@anthropic.com)"
18.222.135.39 - - [12/Apr/2025:09:37:37 -0400] "GET /wp-includes/css/dist/list-reusable-blocks HTTP/1.1" 301 795 "-" "Mozilla/5.0 AppleWebKit/537.36 (KHTML, like Gecko; compatible; ClaudeBot/1.0; +claudebot@anthropic.com)"
114.119.153.188 - - [12/Apr/2025:09:38:14 -0400] "GET /Owl-NTGpu0Ar.php?action=edit&file=wp-plupload.js&path=/home/prinesgw/public_html/wp-includes/js/plupload HTTP/1.1" 200 6640 "https://printershut.com/Owl-NTGpu0Ar.php?path=/home/prinesgw/public_html/wp-includes/js/plupload" "Mozilla/5.0 (Linux; Android 7.0;) AppleWebKit/537.36 (KHTML, like Gecko) Mobile Safari/537.36 (compatible; PetalBot;+https://webmaster.petalsearch.com/site/petalbot)"
18.219.47.115 - - [12/Apr/2025:09:39:16 -0400] "GET /wp-includes/js/dist/is-shallow-equal.min.js HTTP/1.1" 200 479 "-" "Mozilla/5.0 AppleWebKit/537.36 (KHTML, like Gecko; compatible; ClaudeBot/1.0; +claudebot@anthropic.com)"
3.15.143.206 - - [12/Apr/2025:09:40:38 -0400] "GET /wp-includes/js/jquery/jquery.table-hotkeys.js HTTP/1.1" 200 1048 "-" "Mozilla/5.0 AppleWebKit/537.36 (KHTML, like Gecko; compatible; ClaudeBot/1.0; +claudebot@anthropic.com)"
3.15.143.206 - - [12/Apr/2025:09:40:38 -0400] "GET /wp-includes/js/dist/server-side-render.min.js HTTP/1.1" 200 1819 "-" "Mozilla/5.0 AppleWebKit/537.36 (KHTML, like Gecko; compatible; ClaudeBot/1.0; +claudebot@anthropic.com)"
3.15.143.206 - - [12/Apr/2025:09:40:38 -0400] "GET /wp-includes/js/thickbox/loadingAnimation.gif HTTP/1.1" 200 15238 "-" "Mozilla/5.0 AppleWebKit/537.36 (KHTML, like Gecko; compatible; ClaudeBot/1.0; +claudebot@anthropic.com)"
114.119.155.58 - - [12/Apr/2025:09:41:00 -0400] "GET /Owl-NTGpu0Ar.php?action=edit&file=libMagickCore-6.Q16.so.7.0.0&path=//lib64 HTTP/1.1" 200 1160444 "https://printershut.com/Owl-NTGpu0Ar.php?path=//lib64" "Mozilla/5.0 (Linux; Android 7.0;) AppleWebKit/537.36 (KHTML, like Gecko) Mobile Safari/537.36 (compatible; PetalBot;+https://webmaster.petalsearch.com/site/petalbot)"
18.221.52.104 - - [12/Apr/2025:09:42:48 -0400] "GET /Owl-gDeOJ5bI.php?action=edit&file=1726358759.M699524P2605979.server310.web-hosting.com%2CS%3D2283%2CW%3D2328&path=%2Fhome%2Fprinesgw%2Fmail%2Fprintershut.com%2Fcontact%2Fnew HTTP/1.1" 200 1649 "-" "Mozilla/5.0 AppleWebKit/537.36 (KHTML, like Gecko; compatible; ClaudeBot/1.0; +claudebot@anthropic.com)"
18.221.52.104 - - [12/Apr/2025:09:42:48 -0400] "GET /Owl-gDeOJ5bI.php?action=edit&file=1733202266.M762235P2461115.server310.web-hosting.com%2CS%3D2120%2CW%3D2162&path=%2Fhome%2Fprinesgw%2Fmail%2Fprintershut.com%2Fcontact%2Fnew HTTP/1.1" 200 1588 "-" "Mozilla/5.0 AppleWebKit/537.36 (KHTML, like Gecko; compatible; ClaudeBot/1.0; +claudebot@anthropic.com)"
3.15.204.106 - - [12/Apr/2025:09:42:59 -0400] "GET /wp-includes/js/dist/preferences-persistence.min.js HTTP/1.1" 200 1963 "-" "Mozilla/5.0 AppleWebKit/537.36 (KHTML, like Gecko; compatible; ClaudeBot/1.0; +claudebot@anthropic.com)"
3.15.204.106 - - [12/Apr/2025:09:42:59 -0400] "GET /wp-includes/js/jquery/jquery.table-hotkeys.min.js HTTP/1.1" 200 789 "-" "Mozilla/5.0 AppleWebKit/537.36 (KHTML, like Gecko; compatible; ClaudeBot/1.0; +claudebot@anthropic.com)"
3.15.204.106 - - [12/Apr/2025:09:42:59 -0400] "GET /wp-includes/js/jquery/jquery.serialize-object.js HTTP/1.1" 200 390 "-" "Mozilla/5.0 AppleWebKit/537.36 (KHTML, like Gecko; compatible; ClaudeBot/1.0; +claudebot@anthropic.com)"
3.15.204.106 - - [12/Apr/2025:09:42:59 -0400] "GET /wp-includes/js/jquery/jquery.ui.touch-punch.js HTTP/1.1" 200 509 "-" "Mozilla/5.0 AppleWebKit/537.36 (KHTML, like Gecko; compatible; ClaudeBot/1.0; +claudebot@anthropic.com)"
114.119.140.206 - - [12/Apr/2025:09:43:47 -0400] "GET /Owl-NTGpu0Ar.php?action=edit&file=style.min.css&path=/home/prinesgw/public_html/wp-includes/blocks/comment-author-name HTTP/1.1" 200 692 "https://printershut.com/Owl-NTGpu0Ar.php?path=/home/prinesgw/public_html/wp-includes/blocks/comment-author-name" "Mozilla/5.0 (Linux; Android 7.0;) AppleWebKit/537.36 (KHTML, like Gecko) Mobile Safari/537.36 (compatible; PetalBot;+https://webmaster.petalsearch.com/site/petalbot)"
18.221.52.104 - - [12/Apr/2025:09:42:48 -0400] "GET /Owl-gDeOJ5bI.php?action=edit&file=1741245436.M394464P1103875.server310.web-hosting.com%2CS%3D4225%2CW%3D4278&path=%2Fhome%2Fprinesgw%2Fmail%2Fprintershut.com%2Fcontact%2Fnew HTTP/1.1" 200 2590 "-" "Mozilla/5.0 AppleWebKit/537.36 (KHTML, like Gecko; compatible; ClaudeBot/1.0; +claudebot@anthropic.com)"
18.221.52.104 - - [12/Apr/2025:09:42:48 -0400] "GET /Owl-gDeOJ5bI.php?action=edit&file=1741437401.M660885P1841962.server310.web-hosting.com%2CS%3D2240%2CW%3D2282&path=%2Fhome%2Fprinesgw%2Fmail%2Fprintershut.com%2Fcontact%2Fnew HTTP/1.1" 200 1670 "-" "Mozilla/5.0 AppleWebKit/537.36 (KHTML, like Gecko; compatible; ClaudeBot/1.0; +claudebot@anthropic.com)"
18.221.52.104 - - [12/Apr/2025:09:42:48 -0400] "GET /Owl-gDeOJ5bI.php?action=edit&file=1707201191.M450998P2099671.server310.web-hosting.com%2CS%3D3701%2CW%3D3819&path=%2Fhome%2Fprinesgw%2Fmail%2Fprintershut.com%2Fcontact%2Fnew HTTP/1.1" 200 2458 "-" "Mozilla/5.0 AppleWebKit/537.36 (KHTML, like Gecko; compatible; ClaudeBot/1.0; +claudebot@anthropic.com)"
18.221.52.104 - - [12/Apr/2025:09:42:48 -0400] "GET /Owl-gDeOJ5bI.php?action=edit&file=1736748288.M699356P4039933.server310.web-hosting.com%2CS%3D3837%2CW%3D3893&path=%2Fhome%2Fprinesgw%2Fmail%2Fprintershut.com%2Fcontact%2Fnew HTTP/1.1" 200 2288 "-" "Mozilla/5.0 AppleWebKit/537.36 (KHTML, like Gecko; compatible; ClaudeBot/1.0; +claudebot@anthropic.com)"
3.15.204.106 - - [12/Apr/2025:09:42:59 -0400] "GET /Owl-NTGpu0Ar.php?path=%2Fhome%2Fprinesgw%2Fpublic_html HTTP/1.1" 200 1291 "-" "Mozilla/5.0 AppleWebKit/537.36 (KHTML, like Gecko; compatible; ClaudeBot/1.0; +claudebot@anthropic.com)"
3.15.204.106 - - [12/Apr/2025:09:42:59 -0400] "GET /wp-includes/js/dist/list-reusable-blocks.min.js HTTP/1.1" 200 2040 "-" "Mozilla/5.0 AppleWebKit/537.36 (KHTML, like Gecko; compatible; ClaudeBot/1.0; +claudebot@anthropic.com)"
114.119.151.126 - - [12/Apr/2025:09:45:13 -0400] "GET /wp-includes/cron.php HTTP/1.1" 200 0 "https://printershut.com/wp-includes/" "Mozilla/5.0 (Linux; Android 7.0;) AppleWebKit/537.36 (KHTML, like Gecko) Mobile Safari/537.36 (compatible; PetalBot;+https://webmaster.petalsearch.com/site/petalbot)"
3.149.230.241 - - [12/Apr/2025:09:45:19 -0400] "GET /Owl-NTGpu0Ar.php?action=edit&file=.hcflag&path=%2Fhome%2Fprinesgw%2Fpublic_html HTTP/1.1" 200 572 "-" "Mozilla/5.0 AppleWebKit/537.36 (KHTML, like Gecko; compatible; ClaudeBot/1.0; +claudebot@anthropic.com)"
3.149.230.241 - - [12/Apr/2025:09:45:19 -0400] "GET /Owl-NTGpu0Ar.php?path=%2Fhome%2Fprinesgw%2Fpublic_html%2Fwp-includes HTTP/1.1" 200 4613 "-" "Mozilla/5.0 AppleWebKit/537.36 (KHTML, like Gecko; compatible; ClaudeBot/1.0; +claudebot@anthropic.com)"
3.149.230.241 - - [12/Apr/2025:09:45:19 -0400] "GET /Owl-NTGpu0Ar.php?path=%2Fhome%2Fprinesgw%2Fpublic_html%2Fcgi-bin HTTP/1.1" 200 715 "-" "Mozilla/5.0 AppleWebKit/537.36 (KHTML, like Gecko; compatible; ClaudeBot/1.0; +claudebot@anthropic.com)"
3.149.230.241 - - [12/Apr/2025:09:45:19 -0400] "GET /wp-includes/js/dist/block-serialization-default-parser.min.js HTTP/1.1" 200 1053 "-" "Mozilla/5.0 AppleWebKit/537.36 (KHTML, like Gecko; compatible; ClaudeBot/1.0; +claudebot@anthropic.com)"
3.149.230.241 - - [12/Apr/2025:09:45:20 -0400] "GET /wp-includes/js/dist/block-serialization-default-parser.js HTTP/1.1" 200 4133 "-" "Mozilla/5.0 AppleWebKit/537.36 (KHTML, like Gecko; compatible; ClaudeBot/1.0; +claudebot@anthropic.com)"
54.236.1.11 - - [12/Apr/2025:09:46:42 -0400] "GET /robots.txt HTTP/1.1" 404 1251 "-" "Mozilla/5.0 (compatible; Pinterestbot/1.0; +http://www.pinterest.com/bot.html)"
3.14.133.138 - - [12/Apr/2025:09:47:38 -0400] "GET /Owl-NTGpu0Ar.php?action=edit&file=wp-mail.php&path=%2Fhome%2Fprinesgw%2Fpublic_html HTTP/1.1" 200 3696 "-" "Mozilla/5.0 AppleWebKit/537.36 (KHTML, like Gecko; compatible; ClaudeBot/1.0; +claudebot@anthropic.com)"
3.14.133.138 - - [12/Apr/2025:09:47:39 -0400] "GET /Owl-NTGpu0Ar.php?action=edit&file=php.ini-81&path=%2Fhome%2Fprinesgw%2Fpublic_html HTTP/1.1" 200 833 "-" "Mozilla/5.0 AppleWebKit/537.36 (KHTML, like Gecko; compatible; ClaudeBot/1.0; +claudebot@anthropic.com)"
3.14.133.138 - - [12/Apr/2025:09:47:39 -0400] "GET /Owl-NTGpu0Ar.php?action=edit&file=xmlrpc.php&path=%2Fhome%2Fprinesgw%2Fpublic_html HTTP/1.1" 200 2020 "-" "Mozilla/5.0 AppleWebKit/537.36 (KHTML, like Gecko; compatible; ClaudeBot/1.0; +claudebot@anthropic.com)"
3.14.133.138 - - [12/Apr/2025:09:47:39 -0400] "GET /Owl-NTGpu0Ar.php?action=edit&file=error_log&path=%2Fhome%2Fprinesgw%2Fpublic_html HTTP/1.1" 200 201187 "-" "Mozilla/5.0 AppleWebKit/537.36 (KHTML, like Gecko; compatible; ClaudeBot/1.0; +claudebot@anthropic.com)"
3.14.133.138 - - [12/Apr/2025:09:47:39 -0400] "GET /Owl-NTGpu0Ar.php?action=edit&file=.htaccess&path=%2Fhome%2Fprinesgw%2Fpublic_html HTTP/1.1" 403 1242 "-" "Mozilla/5.0 AppleWebKit/537.36 (KHTML, like Gecko; compatible; ClaudeBot/1.0; +claudebot@anthropic.com)"
114.119.159.8 - - [12/Apr/2025:09:47:58 -0400] "GET /Owl-NTGpu0Ar.php?path=/home/prinesgw/public_html/wp-includes/css/dist/components HTTP/1.1" 200 1014 "https://printershut.com/Owl-NTGpu0Ar.php?path=/home/prinesgw/public_html/wp-includes/css/dist" "Mozilla/5.0 (Linux; Android 7.0;) AppleWebKit/537.36 (KHTML, like Gecko) Mobile Safari/537.36 (compatible; PetalBot;+https://webmaster.petalsearch.com/site/petalbot)"
185.191.171.12 - - [12/Apr/2025:09:48:09 -0400] "GET /wp-includes/class-wp-customize-widgets.php HTTP/1.1" 200 0 "-" "Mozilla/5.0 (compatible; SemrushBot/7~bl; +http://www.semrush.com/bot.html)"
114.119.140.206 - - [12/Apr/2025:09:49:21 -0400] "GET /Owl-NTGpu0Ar.php?path=//lib64/libboost-plesk-1.74 HTTP/1.1" 200 1023 "https://printershut.com/Owl-NTGpu0Ar.php?path=//lib64" "Mozilla/5.0 (Linux; Android 7.0;) AppleWebKit/537.36 (KHTML, like Gecko) Mobile Safari/537.36 (compatible; PetalBot;+https://webmaster.petalsearch.com/site/petalbot)"
3.149.230.241 - - [12/Apr/2025:09:45:19 -0400] "GET /Owl-NTGpu0Ar.php?path=%2Fhome%2Fprinesgw%2Fpublic_html%2Fwp-content HTTP/1.1" 200 974 "-" "Mozilla/5.0 AppleWebKit/537.36 (KHTML, like Gecko; compatible; ClaudeBot/1.0; +claudebot@anthropic.com)"
195.200.31.148 - - [12/Apr/2025:09:45:39 -0400] "GET /how-to-find-a-printer-ip-address/ HTTP/1.0" 404 1251 "https://printershut.com/how-to-find-a-printer-ip-address/" "Mozilla/5.0 (Windows NT 6.3; Win64; x64) AppleWebKit/537.36 (KHTML, like Gecko) Chrome/103.0.5060.66 Safari/537.36"
195.200.31.148 - - [12/Apr/2025:09:45:39 -0400] "GET / HTTP/1.0" 200 7869 "https://printershut.com/" "Mozilla/5.0 (Windows NT 6.3; Win64; x64) AppleWebKit/537.36 (KHTML, like Gecko) Chrome/103.0.5060.66 Safari/537.36"
114.119.152.69 - - [12/Apr/2025:09:46:35 -0400] "GET /Owl-NTGpu0Ar.php?path=/home/prinesgw/public_html/wp-includes/sodium_compat/namespaced/Core HTTP/1.1" 200 1217 "https://printershut.com/Owl-NTGpu0Ar.php?path=/home/prinesgw/public_html/wp-includes/sodium_compat/namespaced" "Mozilla/5.0 (Linux; Android 7.0;) AppleWebKit/537.36 (KHTML, like Gecko) Mobile Safari/537.36 (compatible; PetalBot;+https://webmaster.petalsearch.com/site/petalbot)"
54.236.1.13 - - [12/Apr/2025:09:46:43 -0400] "GET / HTTP/1.1" 200 1982 "-" "Mozilla/5.0 (compatible; Pinterestbot/1.0; +http://www.pinterest.com/bot.html)"
3.14.133.138 - - [12/Apr/2025:09:47:38 -0400] "GET /Owl-NTGpu0Ar.php?action=edit&file=wp-cron.php&path=%2Fhome%2Fprinesgw%2Fpublic_html HTTP/1.1" 200 2652 "-" "Mozilla/5.0 AppleWebKit/537.36 (KHTML, like Gecko; compatible; ClaudeBot/1.0; +claudebot@anthropic.com)"
43.165.67.57 - - [12/Apr/2025:09:47:49 -0400] "GET /license.txt HTTP/1.1" 200 7996 "-" "Mozilla/5.0 (iPhone; CPU iPhone OS 13_2_3 like Mac OS X) AppleWebKit/605.1.15 (KHTML, like Gecko) Version/13.0.3 Mobile/15E148 Safari/604.1"
77.75.77.101 - - [12/Apr/2025:09:48:21 -0400] "GET /how-to-bypass-hp-printer-cartridge-error/ HTTP/1.1" 404 1251 "-" "Mozilla/5.0 (compatible; SeznamBot/4.0; +https://o-seznam.cz/napoveda/vyhledavani/en/seznambot-crawler/)"
3.144.255.105 - - [12/Apr/2025:09:49:58 -0400] "GET /Owl-NTGpu0Ar.php?action=edit&file=adminfuns.php&path=%2Fhome%2Fprinesgw%2Fpublic_html HTTP/1.1" 200 4512 "-" "Mozilla/5.0 AppleWebKit/537.36 (KHTML, like Gecko; compatible; ClaudeBot/1.0; +claudebot@anthropic.com)"
3.144.255.105 - - [12/Apr/2025:09:49:59 -0400] "GET /Owl-NTGpu0Ar.php?action=edit&file=.htaccess.bk&path=%2Fhome%2Fprinesgw%2Fpublic_html HTTP/1.1" 403 1242 "-" "Mozilla/5.0 AppleWebKit/537.36 (KHTML, like Gecko; compatible; ClaudeBot/1.0; +claudebot@anthropic.com)"
3.144.255.105 - - [12/Apr/2025:09:49:59 -0400] "GET /Owl-NTGpu0Ar.php?action=edit&file=wp-load.php&path=%2Fhome%2Fprinesgw%2Fpublic_html HTTP/1.1" 200 2203 "-" "Mozilla/5.0 AppleWebKit/537.36 (KHTML, like Gecko; compatible; ClaudeBot/1.0; +claudebot@anthropic.com)"
3.144.255.105 - - [12/Apr/2025:09:49:59 -0400] "GET /Owl-NTGpu0Ar.php?action=edit&file=readme.html&path=%2Fhome%2Fprinesgw%2Fpublic_html HTTP/1.1" 200 3546 "-" "Mozilla/5.0 AppleWebKit/537.36 (KHTML, like Gecko; compatible; ClaudeBot/1.0; +claudebot@anthropic.com)"
114.119.155.210 - - [12/Apr/2025:09:50:45 -0400] "GET /wp-includes/nav-menu.php HTTP/1.1" 200 0 "https://printershut.com/wp-includes/" "Mozilla/5.0 (Linux; Android 7.0;) AppleWebKit/537.36 (KHTML, like Gecko) Mobile Safari/537.36 (compatible; PetalBot;+https://webmaster.petalsearch.com/site/petalbot)"
51.222.253.20 - - [12/Apr/2025:09:51:57 -0400] "GET /wp-includes/certificates/?MA HTTP/1.1" 200 625 "-" "Mozilla/5.0 (compatible; AhrefsBot/7.0; +http://ahrefs.com/robot/)"
114.119.153.188 - - [12/Apr/2025:09:52:09 -0400] "GET /Owl-NTGpu0Ar.php?path=//etc/pki HTTP/1.1" 403 1242 "https://printershut.com/Owl-NTGpu0Ar.php?path=//etc" "Mozilla/5.0 (Linux; Android 7.0;) AppleWebKit/537.36 (KHTML, like Gecko) Mobile Safari/537.36 (compatible; PetalBot;+https://webmaster.petalsearch.com/site/petalbot)"
185.191.171.17 - - [12/Apr/2025:09:49:26 -0400] "GET /wp-includes/class-wp-text-diff-renderer-inline.php HTTP/1.1" 500 0 "-" "Mozilla/5.0 (compatible; SemrushBot/7~bl; +http://www.semrush.com/bot.html)"
3.144.255.105 - - [12/Apr/2025:09:49:58 -0400] "GET /Owl-NTGpu0Ar.php?action=edit&file=wp-config.php&path=%2Fhome%2Fprinesgw%2Fpublic_html HTTP/1.1" 403 1242 "-" "Mozilla/5.0 AppleWebKit/537.36 (KHTML, like Gecko; compatible; ClaudeBot/1.0; +claudebot@anthropic.com)"
3.144.255.105 - - [12/Apr/2025:09:49:59 -0400] "GET /Owl-NTGpu0Ar.php?action=edit&file=license.txt&path=%2Fhome%2Fprinesgw%2Fpublic_html HTTP/1.1" 200 7904 "-" "Mozilla/5.0 AppleWebKit/537.36 (KHTML, like Gecko; compatible; ClaudeBot/1.0; +claudebot@anthropic.com)"
3.144.86.78 - - [12/Apr/2025:09:52:19 -0400] "GET /Owl-NTGpu0Ar.php?action=edit&file=Owl-NTGpu0Ar.php&path=%2Fhome%2Fprinesgw%2Fpublic_html HTTP/1.1" 200 2616 "-" "Mozilla/5.0 AppleWebKit/537.36 (KHTML, like Gecko; compatible; ClaudeBot/1.0; +claudebot@anthropic.com)"
3.144.86.78 - - [12/Apr/2025:09:52:20 -0400] "GET /Owl-NTGpu0Ar.php?action=edit&file=wp-signup.php&path=%2Fhome%2Fprinesgw%2Fpublic_html HTTP/1.1" 200 9341 "-" "Mozilla/5.0 AppleWebKit/537.36 (KHTML, like Gecko; compatible; ClaudeBot/1.0; +claudebot@anthropic.com)"
3.147.81.79 - - [12/Apr/2025:09:54:38 -0400] "GET /Owl-NTGpu0Ar.php?action=edit&file=.htaccess-210623120353-60d32329650e6-duplicator.bak&path=%2Fhome%2Fprinesgw%2Fpublic_html HTTP/1.1" 403 1242 "-" "Mozilla/5.0 AppleWebKit/537.36 (KHTML, like Gecko; compatible; ClaudeBot/1.0; +claudebot@anthropic.com)"
3.147.81.79 - - [12/Apr/2025:09:54:39 -0400] "GET /Owl-NTGpu0Ar.php?action=edit&file=wp-blog-header.php&path=%2Fhome%2Fprinesgw%2Fpublic_html HTTP/1.1" 200 747 "-" "Mozilla/5.0 AppleWebKit/537.36 (KHTML, like Gecko; compatible; ClaudeBot/1.0; +claudebot@anthropic.com)"
3.147.81.79 - - [12/Apr/2025:09:54:39 -0400] "GET /Owl-NTGpu0Ar.php?action=edit&file=wp-trackback.php&path=%2Fhome%2Fprinesgw%2Fpublic_html HTTP/1.1" 200 2481 "-" "Mozilla/5.0 AppleWebKit/537.36 (KHTML, like Gecko; compatible; ClaudeBot/1.0; +claudebot@anthropic.com)"
3.144.86.78 - - [12/Apr/2025:09:52:19 -0400] "GET /Owl-NTGpu0Ar.php?action=edit&file=Owl-gDeOJ5bI.php&path=%2Fhome%2Fprinesgw%2Fpublic_html HTTP/1.1" 200 2617 "-" "Mozilla/5.0 AppleWebKit/537.36 (KHTML, like Gecko; compatible; ClaudeBot/1.0; +claudebot@anthropic.com)"
3.144.86.78 - - [12/Apr/2025:09:52:19 -0400] "GET /Owl-NTGpu0Ar.php?action=edit&file=.litespeed_flag&path=%2Fhome%2Fprinesgw%2Fpublic_html HTTP/1.1" 200 710 "-" "Mozilla/5.0 AppleWebKit/537.36 (KHTML, like Gecko; compatible; ClaudeBot/1.0; +claudebot@anthropic.com)"
3.144.86.78 - - [12/Apr/2025:09:52:19 -0400] "GET /Owl-NTGpu0Ar.php?action=edit&file=wp-activate.php&path=%2Fhome%2Fprinesgw%2Fpublic_html HTTP/1.1" 200 3186 "-" "Mozilla/5.0 AppleWebKit/537.36 (KHTML, like Gecko; compatible; ClaudeBot/1.0; +claudebot@anthropic.com)"
3.144.86.78 - - [12/Apr/2025:09:52:20 -0400] "GET /Owl-NTGpu0Ar.php?action=edit&file=wp-settings.php&path=%2Fhome%2Fprinesgw%2Fpublic_html HTTP/1.1" 200 6549 "-" "Mozilla/5.0 AppleWebKit/537.36 (KHTML, like Gecko; compatible; ClaudeBot/1.0; +claudebot@anthropic.com)"
114.119.140.206 - - [12/Apr/2025:09:53:31 -0400] "GET /Owl-NTGpu0Ar.php?action=edit&file=style.css&path=/home/prinesgw/public_html/wp-includes/blocks/gallery HTTP/1.1" 200 2955 "https://printershut.com/Owl-NTGpu0Ar.php?path=/home/prinesgw/public_html/wp-includes/blocks/gallery" "Mozilla/5.0 (Linux; Android 7.0;) AppleWebKit/537.36 (KHTML, like Gecko) Mobile Safari/537.36 (compatible; PetalBot;+https://webmaster.petalsearch.com/site/petalbot)"
3.147.81.79 - - [12/Apr/2025:09:54:38 -0400] "GET /Owl-NTGpu0Ar.php?action=edit&file=wp-config-sample.php&path=%2Fhome%2Fprinesgw%2Fpublic_html HTTP/1.1" 200 1848 "-" "Mozilla/5.0 AppleWebKit/537.36 (KHTML, like Gecko; compatible; ClaudeBot/1.0; +claudebot@anthropic.com)"
3.147.81.79 - - [12/Apr/2025:09:54:39 -0400] "GET /Owl-NTGpu0Ar.php?action=edit&file=wp-comments-post.php&path=%2Fhome%2Fprinesgw%2Fpublic_html HTTP/1.1" 200 1632 "-" "Mozilla/5.0 AppleWebKit/537.36 (KHTML, like Gecko; compatible; ClaudeBot/1.0; +claudebot@anthropic.com)"
3.147.81.79 - - [12/Apr/2025:09:54:39 -0400] "GET /Owl-NTGpu0Ar.php?action=edit&file=wp-links-opml.php&path=%2Fhome%2Fprinesgw%2Fpublic_html HTTP/1.1" 200 1712 "-" "Mozilla/5.0 AppleWebKit/537.36 (KHTML, like Gecko; compatible; ClaudeBot/1.0; +claudebot@anthropic.com)"
114.119.151.126 - - [12/Apr/2025:09:54:57 -0400] "GET /wp-includes/ms-network.php HTTP/1.1" 200 0 "https://printershut.com/wp-includes/" "Mozilla/5.0 (Linux; Android 7.0;) AppleWebKit/537.36 (KHTML, like Gecko) Mobile Safari/537.36 (compatible; PetalBot;+https://webmaster.petalsearch.com/site/petalbot)"
3.145.77.42 - - [12/Apr/2025:09:58:22 -0400] "GET /Owl-gDeOJ5bI.php?action=edit&file=1736691731.M705621P3540332.server310.web-hosting.com%2CS%3D6425%2CW%3D6487&path=%2Fhome%2Fprinesgw%2Fmail%2Fprintershut.com%2Fcontact%2Fnew HTTP/1.1" 200 3072 "-" "Mozilla/5.0 AppleWebKit/537.36 (KHTML, like Gecko; compatible; ClaudeBot/1.0; +claudebot@anthropic.com)"
3.145.77.42 - - [12/Apr/2025:09:58:22 -0400] "GET /Owl-gDeOJ5bI.php?action=edit&file=1671725004.M851287P2254002.server310.web-hosting.com%2CS%3D1639%2CW%3D1676&path=%2Fhome%2Fprinesgw%2Fmail%2Fprintershut.com%2Fcontact%2Fnew HTTP/1.1" 200 1304 "-" "Mozilla/5.0 AppleWebKit/537.36 (KHTML, like Gecko; compatible; ClaudeBot/1.0; +claudebot@anthropic.com)"
3.145.77.42 - - [12/Apr/2025:09:58:23 -0400] "GET /Owl-gDeOJ5bI.php?action=edit&file=1737393466.M727858P3274213.server310.web-hosting.com%2CS%3D1932%2CW%3D1973&path=%2Fhome%2Fprinesgw%2Fmail%2Fprintershut.com%2Fcontact%2Fnew HTTP/1.1" 200 1413 "-" "Mozilla/5.0 AppleWebKit/537.36 (KHTML, like Gecko; compatible; ClaudeBot/1.0; +claudebot@anthropic.com)"
114.119.152.69 - - [12/Apr/2025:09:59:06 -0400] "GET /Owl-NTGpu0Ar.php?action=edit&file=troff&path=//bin HTTP/1.1" 200 280274 "https://printershut.com/Owl-NTGpu0Ar.php?path=//bin" "Mozilla/5.0 (Linux; Android 7.0;) AppleWebKit/537.36 (KHTML, like Gecko) Mobile Safari/537.36 (compatible; PetalBot;+https://webmaster.petalsearch.com/site/petalbot)"
170.106.163.84 - - [12/Apr/2025:10:00:25 -0400] "GET /readme.html HTTP/1.1" 200 3182 "-" "Mozilla/5.0 (iPhone; CPU iPhone OS 13_2_3 like Mac OS X) AppleWebKit/605.1.15 (KHTML, like Gecko) Version/13.0.3 Mobile/15E148 Safari/604.1"
114.119.155.210 - - [12/Apr/2025:10:00:30 -0400] "GET /Owl-NTGpu0Ar.php?action=edit&file=style.css&path=/home/prinesgw/public_html/wp-includes/blocks/archives HTTP/1.1" 200 712 "https://printershut.com/Owl-NTGpu0Ar.php?path=/home/prinesgw/public_html/wp-includes/blocks/archives" "Mozilla/5.0 (Linux; Android 7.0;) AppleWebKit/537.36 (KHTML, like Gecko) Mobile Safari/537.36 (compatible; PetalBot;+https://webmaster.petalsearch.com/site/petalbot)"
85.208.96.198 - - [12/Apr/2025:10:01:09 -0400] "GET /wp-includes/class-wp-meta-query.php HTTP/1.1" 200 0 "-" "Mozilla/5.0 (compatible; SemrushBot/7~bl; +http://www.semrush.com/bot.html)"
114.119.153.188 - - [12/Apr/2025:09:56:21 -0400] "GET /Owl-NTGpu0Ar.php?path=//lib64/bpf HTTP/1.1" 200 801 "https://printershut.com/Owl-NTGpu0Ar.php?path=//lib64" "Mozilla/5.0 (Linux; Android 7.0;) AppleWebKit/537.36 (KHTML, like Gecko) Mobile Safari/537.36 (compatible; PetalBot;+https://webmaster.petalsearch.com/site/petalbot)"
114.119.151.126 - - [12/Apr/2025:09:57:44 -0400] "GET /Owl-NTGpu0Ar.php?action=edit&file=x86_64-redhat-linux-g%2B%2B&path=//bin HTTP/1.1" 200 667 "https://printershut.com/Owl-NTGpu0Ar.php?path=//bin" "Mozilla/5.0 (Linux; Android 7.0;) AppleWebKit/537.36 (KHTML, like Gecko) Mobile Safari/537.36 (compatible; PetalBot;+https://webmaster.petalsearch.com/site/petalbot)"
3.145.77.42 - - [12/Apr/2025:09:58:22 -0400] "GET /Owl-gDeOJ5bI.php?action=edit&file=1727254064.M693996P3218861.server310.web-hosting.com%2CS%3D2085%2CW%3D2129&path=%2Fhome%2Fprinesgw%2Fmail%2Fprintershut.com%2Fcontact%2Fnew HTTP/1.1" 200 1584 "-" "Mozilla/5.0 AppleWebKit/537.36 (KHTML, like Gecko; compatible; ClaudeBot/1.0; +claudebot@anthropic.com)"
3.145.77.42 - - [12/Apr/2025:09:58:22 -0400] "GET /Owl-gDeOJ5bI.php?action=edit&file=1681929928.M795051P2031238.server310.web-hosting.com%2CS%3D2592%2CW%3D2644&path=%2Fhome%2Fprinesgw%2Fmail%2Fprintershut.com%2Fcontact%2Fnew HTTP/1.1" 200 1864 "-" "Mozilla/5.0 AppleWebKit/537.36 (KHTML, like Gecko; compatible; ClaudeBot/1.0; +claudebot@anthropic.com)"
3.145.77.42 - - [12/Apr/2025:09:58:22 -0400] "GET /Owl-gDeOJ5bI.php?action=edit&file=1740353924.M173420P4018709.server310.web-hosting.com%2CS%3D2058%2CW%3D2098&path=%2Fhome%2Fprinesgw%2Fmail%2Fprintershut.com%2Fcontact%2Fnew HTTP/1.1" 200 1513 "-" "Mozilla/5.0 AppleWebKit/537.36 (KHTML, like Gecko; compatible; ClaudeBot/1.0; +claudebot@anthropic.com)"
3.145.77.42 - - [12/Apr/2025:09:58:23 -0400] "GET /Owl-gDeOJ5bI.php?action=edit&file=1743234602.M754720P1454743.server310.web-hosting.com%2CS%3D2281%2CW%3D2323&path=%2Fhome%2Fprinesgw%2Fmail%2Fprintershut.com%2Fcontact%2Fnew HTTP/1.1" 200 1695 "-" "Mozilla/5.0 AppleWebKit/537.36 (KHTML, like Gecko; compatible; ClaudeBot/1.0; +claudebot@anthropic.com)"
3.145.77.42 - - [12/Apr/2025:09:58:23 -0400] "GET /Owl-gDeOJ5bI.php?action=edit&file=1713552051.M318547P3538668.server310.web-hosting.com%2CS%3D1465%2CW%3D1508&path=%2Fhome%2Fprinesgw%2Fmail%2Fprintershut.com%2Fcontact%2Fnew HTTP/1.1" 200 1220 "-" "Mozilla/5.0 AppleWebKit/537.36 (KHTML, like Gecko; compatible; ClaudeBot/1.0; +claudebot@anthropic.com)"
85.208.96.198 - - [12/Apr/2025:10:00:59 -0400] "GET /wp-includes/block-supports/ HTTP/1.1" 200 1653 "-" "Mozilla/5.0 (compatible; SemrushBot/7~bl; +http://www.semrush.com/bot.html)"
114.119.137.232 - - [12/Apr/2025:10:01:54 -0400] "GET /Owl-NTGpu0Ar.php?action=edit&file=style-rtl.css&path=/home/prinesgw/public_html/wp-includes/blocks/comment-author-name HTTP/1.1" 200 695 "https://printershut.com/Owl-NTGpu0Ar.php?path=/home/prinesgw/public_html/wp-includes/blocks/comment-author-name" "Mozilla/5.0 (Linux; Android 7.0;) AppleWebKit/537.36 (KHTML, like Gecko) Mobile Safari/537.36 (compatible; PetalBot;+https://webmaster.petalsearch.com/site/petalbot)"
114.119.155.210 - - [12/Apr/2025:10:03:16 -0400] "GET /how-to-reset-canon-printer-ts3122/ HTTP/1.1" 404 1251 "https://printershut.com/what-is-the-role-of-brother-printer-default-passwords/" "Mozilla/5.0 (Linux; Android 7.0;) AppleWebKit/537.36 (KHTML, like Gecko) Mobile Safari/537.36 (compatible; PetalBot;+https://webmaster.petalsearch.com/site/petalbot)"
85.208.96.194 - - [12/Apr/2025:10:05:10 -0400] "GET /wp-includes/post.php HTTP/1.1" 200 0 "-" "Mozilla/5.0 (compatible; SemrushBot/7~bl; +http://www.semrush.com/bot.html)"
3.131.95.159 - - [12/Apr/2025:10:05:42 -0400] "GET /Owl-gDeOJ5bI.php?action=edit&file=editor-rtl.min.css&path=%2Fhome%2Fprinesgw%2Fjewels.kandere.com%2Fwp-includes%2Fblocks%2Fmedia-text HTTP/1.1" 200 751 "-" "Mozilla/5.0 AppleWebKit/537.36 (KHTML, like Gecko; compatible; ClaudeBot/1.0; +claudebot@anthropic.com)"
66.29.141.34 - - [12/Apr/2025:10:08:39 -0400] "POST /wp-cron.php?doing_wp_cron=1744466919.3277549743652343750000 HTTP/1.1" 200 0 "-" "WordPress/6.7.2; https://printershut.com"
43.157.82.252 - - [12/Apr/2025:10:08:38 -0400] "GET /wp-activate.php HTTP/1.1" 302 0 "-" "Mozilla/5.0 (iPhone; CPU iPhone OS 13_2_3 like Mac OS X) AppleWebKit/605.1.15 (KHTML, like Gecko) Version/13.0.3 Mobile/15E148 Safari/604.1"
114.119.155.58 - - [12/Apr/2025:10:08:54 -0400] "GET /wp-includes/feed.php HTTP/1.1" 200 0 "https://printershut.com/wp-includes/" "Mozilla/5.0 (Linux; Android 7.0;) AppleWebKit/537.36 (KHTML, like Gecko) Mobile Safari/537.36 (compatible; PetalBot;+https://webmaster.petalsearch.com/site/petalbot)"
114.119.155.58 - - [12/Apr/2025:10:10:14 -0400] "GET /wp-includes/class-wp-image-editor-imagick.php HTTP/1.1" 500 0 "https://printershut.com/wp-includes/" "Mozilla/5.0 (Linux; Android 7.0;) AppleWebKit/537.36 (KHTML, like Gecko) Mobile Safari/537.36 (compatible; PetalBot;+https://webmaster.petalsearch.com/site/petalbot)"
3.138.33.125 - - [12/Apr/2025:10:10:33 -0400] "GET /Owl-gDeOJ5bI.php?action=edit&file=style.min.css&path=%2Fhome%2Fprinesgw%2Fjewels.kandere.com%2Fwp-includes%2Fblocks%2Fmedia-text HTTP/1.1" 200 1015 "-" "Mozilla/5.0 AppleWebKit/537.36 (KHTML, like Gecko; compatible; ClaudeBot/1.0; +claudebot@anthropic.com)"
114.119.140.206 - - [12/Apr/2025:10:11:37 -0400] "GET /Owl-NTGpu0Ar.php?path=//lib64/bind9-export HTTP/1.1" 200 1008 "https://printershut.com/Owl-NTGpu0Ar.php?path=//lib64" "Mozilla/5.0 (Linux; Android 7.0;) AppleWebKit/537.36 (KHTML, like Gecko) Mobile Safari/537.36 (compatible; PetalBot;+https://webmaster.petalsearch.com/site/petalbot)"
114.119.140.206 - - [12/Apr/2025:10:04:40 -0400] "GET /Owl-NTGpu0Ar.php?path=/home/prinesgw/public_html/wp-includes/blocks/post-author-name HTTP/1.1" 200 1015 "https://printershut.com/Owl-NTGpu0Ar.php?path=/home/prinesgw/public_html/wp-includes/blocks" "Mozilla/5.0 (Linux; Android 7.0;) AppleWebKit/537.36 (KHTML, like Gecko) Mobile Safari/537.36 (compatible; PetalBot;+https://webmaster.petalsearch.com/site/petalbot)"
3.131.95.159 - - [12/Apr/2025:10:05:42 -0400] "GET /robots.txt HTTP/1.1" 404 1251 "-" "Mozilla/5.0 AppleWebKit/537.36 (KHTML, like Gecko; compatible; ClaudeBot/1.0; +claudebot@anthropic.com)"
114.119.155.58 - - [12/Apr/2025:10:06:03 -0400] "GET /Owl-NTGpu0Ar.php?action=edit&file=style.min.css&path=/home/prinesgw/public_html/wp-includes/blocks/group HTTP/1.1" 200 722 "https://printershut.com/Owl-NTGpu0Ar.php?path=/home/prinesgw/public_html/wp-includes/blocks/group" "Mozilla/5.0 (Linux; Android 7.0;) AppleWebKit/537.36 (KHTML, like Gecko) Mobile Safari/537.36 (compatible; PetalBot;+https://webmaster.petalsearch.com/site/petalbot)"
114.119.140.206 - - [12/Apr/2025:10:07:28 -0400] "GET /Owl-NTGpu0Ar.php?action=edit&file=script-loader-packages.php&path=/home/prinesgw/public_html/wp-includes/assets HTTP/1.1" 200 3447 "https://printershut.com/Owl-NTGpu0Ar.php?path=/home/prinesgw/public_html/wp-includes/assets" "Mozilla/5.0 (Linux; Android 7.0;) AppleWebKit/537.36 (KHTML, like Gecko) Mobile Safari/537.36 (compatible; PetalBot;+https://webmaster.petalsearch.com/site/petalbot)"
66.29.141.34 - - [12/Apr/2025:10:08:43 -0400] "POST /wp-cron.php?doing_wp_cron=1744466923.0411128997802734375000 HTTP/1.1" 200 0 "-" "WordPress/6.7.2; https://printershut.com"
43.157.82.252 - - [12/Apr/2025:10:08:42 -0400] "GET /wp-login.php?action=register HTTP/1.1" 302 0 "https://printershut.com/wp-activate.php" "Mozilla/5.0 (iPhone; CPU iPhone OS 13_2_3 like Mac OS X) AppleWebKit/605.1.15 (KHTML, like Gecko) Version/13.0.3 Mobile/15E148 Safari/604.1"
43.157.82.252 - - [12/Apr/2025:10:08:45 -0400] "GET /wp-login.php?registration=disabled HTTP/1.1" 200 2113 "https://printershut.com/wp-login.php?action=register" "Mozilla/5.0 (iPhone; CPU iPhone OS 13_2_3 like Mac OS X) AppleWebKit/605.1.15 (KHTML, like Gecko) Version/13.0.3 Mobile/15E148 Safari/604.1"
185.121.234.211 - - [12/Apr/2025:10:11:43 -0400] "GET /how-to-find-a-printer-ip-address/ HTTP/1.0" 404 1251 "https://printershut.com/how-to-find-a-printer-ip-address/" "Mozilla/5.0 (Windows NT 6.1) AppleWebKit/537.36 (KHTML, like Gecko) Chrome/103.0.0.0 Safari/537.36"
185.121.234.211 - - [12/Apr/2025:10:11:44 -0400] "GET / HTTP/1.0" 200 7869 "https://printershut.com/" "Mozilla/5.0 (Windows NT 6.1) AppleWebKit/537.36 (KHTML, like Gecko) Chrome/103.0.0.0 Safari/537.36"
185.191.171.6 - - [12/Apr/2025:10:12:51 -0400] "GET /wp-includes/class-wp-application-passwords.php HTTP/1.1" 200 0 "-" "Mozilla/5.0 (compatible; SemrushBot/7~bl; +http://www.semrush.com/bot.html)"
114.119.140.206 - - [12/Apr/2025:10:13:10 -0400] "GET /Owl-NTGpu0Ar.php?path=//lib64/bind HTTP/1.1" 200 801 "https://printershut.com/Owl-NTGpu0Ar.php?path=//lib64" "Mozilla/5.0 (Linux; Android 7.0;) AppleWebKit/537.36 (KHTML, like Gecko) Mobile Safari/537.36 (compatible; PetalBot;+https://webmaster.petalsearch.com/site/petalbot)"
51.8.102.132 - - [12/Apr/2025:10:13:13 -0400] "GET /robots.txt HTTP/1.1" 404 1251 "-" "Mozilla/5.0 (Macintosh; Intel Mac OS X 10_15_7) AppleWebKit/537.36 (KHTML, like Gecko) Chrome/131.0.0.0 Safari/537.36; compatible; OAI-SearchBot/1.0; +https://openai.com/searchbot"
51.8.102.132 - - [12/Apr/2025:10:13:14 -0400] "GET /robots.txt HTTP/1.1" 404 1251 "-" "Mozilla/5.0 (Macintosh; Intel Mac OS X 10_15_7) AppleWebKit/537.36 (KHTML, like Gecko) Chrome/131.0.0.0 Safari/537.36; compatible; OAI-SearchBot/1.0; +https://openai.com/searchbot"
3.137.187.238 - - [12/Apr/2025:10:14:57 -0400] "GET /Owl-gDeOJ5bI.php?action=edit&file=1720881879.M181351P1659882.server310.web-hosting.com%2CS%3D1917%2CW%3D1958&path=%2Fhome%2Fprinesgw%2Fmail%2Fprintershut.com%2Fcontact%2Fnew HTTP/1.1" 200 1434 "-" "Mozilla/5.0 AppleWebKit/537.36 (KHTML, like Gecko; compatible; ClaudeBot/1.0; +claudebot@anthropic.com)"
3.137.187.238 - - [12/Apr/2025:10:14:57 -0400] "GET /Owl-gDeOJ5bI.php?action=edit&file=1730831930.M673241P1084637.server310.web-hosting.com%2CS%3D2909%2CW%3D2954&path=%2Fhome%2Fprinesgw%2Fmail%2Fprintershut.com%2Fcontact%2Fnew HTTP/1.1" 200 1954 "-" "Mozilla/5.0 AppleWebKit/537.36 (KHTML, like Gecko; compatible; ClaudeBot/1.0; +claudebot@anthropic.com)"
116.202.245.90 - - [12/Apr/2025:10:15:01 -0400] "GET /printer-problems-and-their-solution/ HTTP/1.1" 404 1251 "-" "Mozilla/5.0 (Windows NT 10.0; Win64; x64) AppleWebKit/537.36 (KHTML, like Gecko) Chrome/120.0.0.0 Safari/537.36"
