18.188.96.25 - - [12/Apr/2025:10:15:17 -0400] "GET /Owl-gDeOJ5bI.php?action=edit&file=style-rtl.min.css&path=%2Fhome%2Fprinesgw%2Fjewels.kandere.com%2Fwp-includes%2Fblocks%2Fmedia-text HTTP/1.1" 200 989 "-" "Mozilla/5.0 AppleWebKit/537.36 (KHTML, like Gecko; compatible; ClaudeBot/1.0; +claudebot@anthropic.com)"
114.119.137.232 - - [12/Apr/2025:10:15:49 -0400] "GET /Owl-NTGpu0Ar.php?action=edit&file=style.min.css&path=/home/prinesgw/public_html/wp-includes/blocks/image HTTP/1.1" 200 2382 "https://printershut.com/Owl-NTGpu0Ar.php?path=/home/prinesgw/public_html/wp-includes/blocks/image" "Mozilla/5.0 (Linux; Android 7.0;) AppleWebKit/537.36 (KHTML, like Gecko) Mobile Safari/537.36 (compatible; PetalBot;+https://webmaster.petalsearch.com/site/petalbot)"
91.84.106.2 - - [12/Apr/2025:10:16:57 -0400] "GET / HTTP/1.0" 200 7869 "https://printershut.com/" "Mozilla/5.0 (Windows NT 10.0; Win64; x64) AppleWebKit/537.36 (KHTML, like Gecko) Chrome/130.0.0.0 Safari/537.36"
85.208.96.196 - - [12/Apr/2025:10:17:10 -0400] "GET /wp-includes/class-simplepie.php HTTP/1.1" 500 0 "-" "Mozilla/5.0 (compatible; SemrushBot/7~bl; +http://www.semrush.com/bot.html)"
114.119.152.69 - - [12/Apr/2025:10:17:11 -0400] "GET /Owl-NTGpu0Ar.php?action=edit&file=splain&path=//bin HTTP/1.1" 200 8793 "https://printershut.com/Owl-NTGpu0Ar.php?path=//bin" "Mozilla/5.0 (Linux; Android 7.0;) AppleWebKit/537.36 (KHTML, like Gecko) Mobile Safari/537.36 (compatible; PetalBot;+https://webmaster.petalsearch.com/site/petalbot)"
49.51.183.220 - - [12/Apr/2025:10:17:44 -0400] "GET /wp-comments-post.php HTTP/1.1" 405 0 "-" "Mozilla/5.0 (iPhone; CPU iPhone OS 13_2_3 like Mac OS X) AppleWebKit/605.1.15 (KHTML, like Gecko) Version/13.0.3 Mobile/15E148 Safari/604.1"
114.119.137.232 - - [12/Apr/2025:10:18:34 -0400] "GET /Owl-NTGpu0Ar.php?action=edit&file=query.php&path=/home/prinesgw/public_html/wp-includes/blocks HTTP/1.1" 200 2648 "https://printershut.com/Owl-NTGpu0Ar.php?path=/home/prinesgw/public_html/wp-includes/blocks" "Mozilla/5.0 (Linux; Android 7.0;) AppleWebKit/537.36 (KHTML, like Gecko) Mobile Safari/537.36 (compatible; PetalBot;+https://webmaster.petalsearch.com/site/petalbot)"
85.208.96.209 - - [12/Apr/2025:10:18:48 -0400] "GET /wp-includes/wp-diff.php HTTP/1.1" 500 0 "-" "Mozilla/5.0 (compatible; SemrushBot/7~bl; +http://www.semrush.com/bot.html)"
114.119.151.126 - - [12/Apr/2025:10:20:01 -0400] "GET /Owl-NTGpu0Ar.php?action=edit&file=m4&path=//bin HTTP/1.1" 200 82881 "https://printershut.com/Owl-NTGpu0Ar.php?path=//bin" "Mozilla/5.0 (Linux; Android 7.0;) AppleWebKit/537.36 (KHTML, like Gecko) Mobile Safari/537.36 (compatible; PetalBot;+https://webmaster.petalsearch.com/site/petalbot)"
85.208.96.207 - - [12/Apr/2025:10:20:35 -0400] "GET /wp-includes/functions.php HTTP/1.1" 500 0 "-" "Mozilla/5.0 (compatible; SemrushBot/7~bl; +http://www.semrush.com/bot.html)"
114.119.155.210 - - [12/Apr/2025:10:14:25 -0400] "GET /Owl-NTGpu0Ar.php?path=//etc/scl HTTP/1.1" 403 1242 "https://printershut.com/Owl-NTGpu0Ar.php?path=//etc" "Mozilla/5.0 (Linux; Android 7.0;) AppleWebKit/537.36 (KHTML, like Gecko) Mobile Safari/537.36 (compatible; PetalBot;+https://webmaster.petalsearch.com/site/petalbot)"
3.137.187.238 - - [12/Apr/2025:10:14:57 -0400] "GET /Owl-gDeOJ5bI.php?action=edit&file=1680120211.M399384P1701460.server310.web-hosting.com%2CS%3D1791%2CW%3D1831&path=%2Fhome%2Fprinesgw%2Fmail%2Fprintershut.com%2Fcontact%2Fnew HTTP/1.1" 200 1394 "-" "Mozilla/5.0 AppleWebKit/537.36 (KHTML, like Gecko; compatible; ClaudeBot/1.0; +claudebot@anthropic.com)"
3.137.187.238 - - [12/Apr/2025:10:14:57 -0400] "GET /Owl-gDeOJ5bI.php?action=edit&file=1682535726.M846804P3591641.server310.web-hosting.com%2CS%3D3646%2CW%3D3717&path=%2Fhome%2Fprinesgw%2Fmail%2Fprintershut.com%2Fcontact%2Fnew HTTP/1.1" 200 2266 "-" "Mozilla/5.0 AppleWebKit/537.36 (KHTML, like Gecko; compatible; ClaudeBot/1.0; +claudebot@anthropic.com)"
3.137.187.238 - - [12/Apr/2025:10:14:57 -0400] "GET /Owl-gDeOJ5bI.php?action=edit&file=1731261704.M127086P3880041.server310.web-hosting.com%2CS%3D1765%2CW%3D1801&path=%2Fhome%2Fprinesgw%2Fmail%2Fprintershut.com%2Fcontact%2Fnew HTTP/1.1" 200 1358 "-" "Mozilla/5.0 AppleWebKit/537.36 (KHTML, like Gecko; compatible; ClaudeBot/1.0; +claudebot@anthropic.com)"
3.137.187.238 - - [12/Apr/2025:10:14:57 -0400] "GET /Owl-gDeOJ5bI.php?action=edit&file=1695205553.M710788P1972429.server310.web-hosting.com%2CS%3D1675%2CW%3D1715&path=%2Fhome%2Fprinesgw%2Fmail%2Fprintershut.com%2Fcontact%2Fnew HTTP/1.1" 200 1413 "-" "Mozilla/5.0 AppleWebKit/537.36 (KHTML, like Gecko; compatible; ClaudeBot/1.0; +claudebot@anthropic.com)"
3.137.187.238 - - [12/Apr/2025:10:14:57 -0400] "GET /Owl-gDeOJ5bI.php?action=edit&file=1723879133.M611024P2837366.server310.web-hosting.com%2CS%3D1770%2CW%3D1820&path=%2Fhome%2Fprinesgw%2Fmail%2Fprintershut.com%2Fcontact%2Fnew HTTP/1.1" 200 1380 "-" "Mozilla/5.0 AppleWebKit/537.36 (KHTML, like Gecko; compatible; ClaudeBot/1.0; +claudebot@anthropic.com)"
3.137.187.238 - - [12/Apr/2025:10:14:57 -0400] "GET /Owl-gDeOJ5bI.php?action=edit&file=1726512021.M818326P3072097.server310.web-hosting.com%2CS%3D2065%2CW%3D2107&path=%2Fhome%2Fprinesgw%2Fmail%2Fprintershut.com%2Fcontact%2Fnew HTTP/1.1" 200 1561 "-" "Mozilla/5.0 AppleWebKit/537.36 (KHTML, like Gecko; compatible; ClaudeBot/1.0; +claudebot@anthropic.com)"
91.84.106.2 - - [12/Apr/2025:10:16:57 -0400] "GET /how-to-find-a-printer-ip-address/ HTTP/1.0" 404 1251 "https://printershut.com/how-to-find-a-printer-ip-address/" "Mozilla/5.0 (Windows NT 10.0; Win64; x64) AppleWebKit/537.36 (KHTML, like Gecko) Chrome/130.0.0.0 Safari/537.36"
212.34.140.72 - - [12/Apr/2025:10:21:49 -0400] "GET /how-to-find-a-printer-ip-address/ HTTP/1.0" 404 1251 "https://printershut.com/how-to-find-a-printer-ip-address/" "Mozilla/5.0 (Windows NT 10.0; Win64; x64) AppleWebKit/537.36 (KHTML, like Gecko) Chrome/129.0.0.0 Safari/537.36"
212.34.140.72 - - [12/Apr/2025:10:21:50 -0400] "GET / HTTP/1.0" 200 7869 "https://printershut.com/" "Mozilla/5.0 (Windows NT 10.0; Win64; x64) AppleWebKit/537.36 (KHTML, like Gecko) Chrome/129.0.0.0 Safari/537.36"
91.84.96.34 - - [12/Apr/2025:10:22:16 -0400] "GET /how-to-find-a-printer-ip-address/ HTTP/1.0" 404 1251 "https://printershut.com/how-to-find-a-printer-ip-address/" "Mozilla/5.0 (Windows NT 10.0; Win64; x64) AppleWebKit/537.36 (KHTML, like Gecko) Chrome/130.0.0.0 Safari/537.36 CCleaner/130.0.0.0"
91.84.96.34 - - [12/Apr/2025:10:22:17 -0400] "GET / HTTP/1.0" 200 7869 "https://printershut.com/" "Mozilla/5.0 (Windows NT 10.0; Win64; x64) AppleWebKit/537.36 (KHTML, like Gecko) Chrome/130.0.0.0 Safari/537.36 CCleaner/130.0.0.0"
114.119.155.58 - - [12/Apr/2025:10:21:22 -0400] "GET /Owl-NTGpu0Ar.php?action=edit&file=lynx-site.cfg&path=//etc HTTP/1.1" 200 702 "https://printershut.com/Owl-NTGpu0Ar.php?path=//etc" "Mozilla/5.0 (Linux; Android 7.0;) AppleWebKit/537.36 (KHTML, like Gecko) Mobile Safari/537.36 (compatible; PetalBot;+https://webmaster.petalsearch.com/site/petalbot)"
185.191.171.9 - - [12/Apr/2025:10:26:00 -0400] "GET /wp-includes/customize/ HTTP/1.1" 200 2318 "-" "Mozilla/5.0 (compatible; SemrushBot/7~bl; +http://www.semrush.com/bot.html)"
188.165.212.137 - - [12/Apr/2025:10:26:25 -0400] "GET /robots.txt HTTP/1.1" 404 1251 "-" "Mozilla/5.0 (compatible; MJ12bot/v1.4.8; http://mj12bot.com/)"
188.165.212.137 - - [12/Apr/2025:10:26:27 -0400] "GET /Owl-NTGpu0Ar.php?action=edit&file=b155ed7453d60b462583d9df2031a51a7b2183&path=//lib/.build-id/3e HTTP/1.1" 200 381806 "-" "Mozilla/5.0 (compatible; MJ12bot/v1.4.8; http://mj12bot.com/)"
188.165.212.137 - - [12/Apr/2025:10:26:30 -0400] "GET /Owl-NTGpu0Ar.php?action=edit&file=b179e0e7695ba8ea08826476861c0bcb804000&path=//lib/.build-id/9a HTTP/1.1" 200 1319923 "-" "Mozilla/5.0 (compatible; MJ12bot/v1.4.8; http://mj12bot.com/)"
188.165.212.137 - - [12/Apr/2025:10:26:34 -0400] "GET /Owl-NTGpu0Ar.php?action=edit&file=b1e9d38e7c385f2fcd75b1f9ed9c6a&path=//lib/.build-id/30 HTTP/1.1" 200 463202 "-" "Mozilla/5.0 (compatible; MJ12bot/v1.4.8; http://mj12bot.com/)"
188.165.212.137 - - [12/Apr/2025:10:26:40 -0400] "GET /Owl-NTGpu0Ar.php?action=edit&file=b2211651d4f67662299ba570f1ead4db608c3f&path=//lib/.build-id/64 HTTP/1.1" 200 1739350 "-" "Mozilla/5.0 (compatible; MJ12bot/v1.4.8; http://mj12bot.com/)"
188.165.212.137 - - [12/Apr/2025:10:26:49 -0400] "GET /Owl-NTGpu0Ar.php?action=edit&file=b2cd1237571a85801222dbbcf892487214bb8d&path=//lib/.build-id/6e HTTP/1.1" 200 260996 "-" "Mozilla/5.0 (compatible; MJ12bot/v1.4.8; http://mj12bot.com/)"
188.165.212.137 - - [12/Apr/2025:10:26:52 -0400] "GET /Owl-NTGpu0Ar.php?action=edit&file=b57de390f13b744d944c536e5fdef2318e3254&path=//lib/.build-id/ac HTTP/1.1" 200 1634305 "-" "Mozilla/5.0 (compatible; MJ12bot/v1.4.8; http://mj12bot.com/)"
188.165.212.137 - - [12/Apr/2025:10:26:56 -0400] "GET /Owl-NTGpu0Ar.php?action=edit&file=b58c473d7139e785790ba04ff391537f6dd1f9&path=//lib/.build-id/7b HTTP/1.1" 200 992347 "-" "Mozilla/5.0 (compatible; MJ12bot/v1.4.8; http://mj12bot.com/)"
188.165.212.137 - - [12/Apr/2025:10:27:00 -0400] "GET /Owl-NTGpu0Ar.php?action=edit&file=b5f2fdbfddfa0468b82d5bc85bec22666d52be&path=//lib/.build-id/e1 HTTP/1.1" 200 548807 "-" "Mozilla/5.0 (compatible; MJ12bot/v1.4.8; http://mj12bot.com/)"
114.119.152.69 - - [12/Apr/2025:10:27:00 -0400] "GET /Owl-NTGpu0Ar.php?action=edit&file=libcryptsetup.so.12.6.0&path=//lib64 HTTP/1.1" 200 249099 "https://printershut.com/Owl-NTGpu0Ar.php?path=//lib64" "Mozilla/5.0 (Linux; Android 7.0;) AppleWebKit/537.36 (KHTML, like Gecko) Mobile Safari/537.36 (compatible; PetalBot;+https://webmaster.petalsearch.com/site/petalbot)"
188.165.212.137 - - [12/Apr/2025:10:27:02 -0400] "GET /Owl-NTGpu0Ar.php?action=edit&file=b6864ef6339949dbcfd032761e87bc&path=//lib/.build-id/0e HTTP/1.1" 200 463048 "-" "Mozilla/5.0 (compatible; MJ12bot/v1.4.8; http://mj12bot.com/)"
188.165.212.137 - - [12/Apr/2025:10:27:05 -0400] "GET /Owl-NTGpu0Ar.php?action=edit&file=b6dd838ad9875cdc691b5ef336d6f214f5e8c4&path=//lib/.build-id/ee HTTP/1.1" 200 1104806 "-" "Mozilla/5.0 (compatible; MJ12bot/v1.4.8; http://mj12bot.com/)"
188.165.212.137 - - [12/Apr/2025:10:27:09 -0400] "GET /Owl-NTGpu0Ar.php?action=edit&file=b70cf6e7386933b14c9c8d464aa17524c10d01&path=//lib/.build-id/28 HTTP/1.1" 200 758721 "-" "Mozilla/5.0 (compatible; MJ12bot/v1.4.8; http://mj12bot.com/)"
188.165.212.137 - - [12/Apr/2025:10:27:12 -0400] "GET /Owl-NTGpu0Ar.php?action=edit&file=b74fef744540ce35deabfc85caa9874d533ec6&path=//lib/.build-id/31 HTTP/1.1" 200 410445 "-" "Mozilla/5.0 (compatible; MJ12bot/v1.4.8; http://mj12bot.com/)"
114.119.155.58 - - [12/Apr/2025:10:22:44 -0400] "GET /Owl-NTGpu0Ar.php?action=edit&file=libdrm_amdgpu.so.1&path=//lib64 HTTP/1.1" 200 19544 "https://printershut.com/Owl-NTGpu0Ar.php?path=//lib64" "Mozilla/5.0 (Linux; Android 7.0;) AppleWebKit/537.36 (KHTML, like Gecko) Mobile Safari/537.36 (compatible; PetalBot;+https://webmaster.petalsearch.com/site/petalbot)"
85.208.96.205 - - [12/Apr/2025:10:23:14 -0400] "GET /robots.txt HTTP/1.1" 404 1251 "-" "Mozilla/5.0 (compatible; SemrushBot/7~bl; +http://www.semrush.com/bot.html)"
85.208.96.211 - - [12/Apr/2025:10:23:14 -0400] "GET /wp-includes/cron.php HTTP/1.1" 200 0 "-" "Mozilla/5.0 (compatible; SemrushBot/7~bl; +http://www.semrush.com/bot.html)"
114.119.159.8 - - [12/Apr/2025:10:24:07 -0400] "GET /Owl-NTGpu0Ar.php?action=edit&file=libdns.so&path=//lib64 HTTP/1.1" 200 1059868 "https://printershut.com/Owl-NTGpu0Ar.php?path=//lib64" "Mozilla/5.0 (Linux; Android 7.0;) AppleWebKit/537.36 (KHTML, like Gecko) Mobile Safari/537.36 (compatible; PetalBot;+https://webmaster.petalsearch.com/site/petalbot)"
114.119.153.188 - - [12/Apr/2025:10:25:31 -0400] "GET /Owl-NTGpu0Ar.php?action=edit&file=libcupsimage.so.2&path=//lib64 HTTP/1.1" 200 18749 "https://printershut.com/Owl-NTGpu0Ar.php?path=//lib64" "Mozilla/5.0 (Linux; Android 7.0;) AppleWebKit/537.36 (KHTML, like Gecko) Mobile Safari/537.36 (compatible; PetalBot;+https://webmaster.petalsearch.com/site/petalbot)"
188.165.212.137 - - [12/Apr/2025:10:26:37 -0400] "GET /Owl-NTGpu0Ar.php?action=edit&file=b20bd4e96be6e04544dea70253a93fa06b25ea&path=//lib/.build-id/ad HTTP/1.1" 200 414532 "-" "Mozilla/5.0 (compatible; MJ12bot/v1.4.8; http://mj12bot.com/)"
188.165.212.137 - - [12/Apr/2025:10:26:43 -0400] "GET /Owl-NTGpu0Ar.php?action=edit&file=b24bc22dbedd281aa805d8acf43ca80562ffb8&path=//lib/.build-id/c7 HTTP/1.1" 200 1447427 "-" "Mozilla/5.0 (compatible; MJ12bot/v1.4.8; http://mj12bot.com/)"
188.165.212.137 - - [12/Apr/2025:10:26:47 -0400] "GET /Owl-NTGpu0Ar.php?action=edit&file=b26b1d39627e49741ee1479b4dc92835bc998a&path=//lib/.build-id/7d HTTP/1.1" 200 419023 "-" "Mozilla/5.0 (compatible; MJ12bot/v1.4.8; http://mj12bot.com/)"
3.137.182.21 - - [12/Apr/2025:10:27:04 -0400] "GET /Owl-gDeOJ5bI.php?action=edit&file=style-rtl.css&path=%2Fhome%2Fprinesgw%2Fjewels.kandere.com%2Fwp-includes%2Fblocks%2Fmedia-text HTTP/1.1" 200 1887 "-" "Mozilla/5.0 AppleWebKit/537.36 (KHTML, like Gecko; compatible; ClaudeBot/1.0; +claudebot@anthropic.com)"
188.165.212.137 - - [12/Apr/2025:10:27:18 -0400] "GET /Owl-NTGpu0Ar.php?action=edit&file=bash&path=//usr/bin HTTP/1.1" 200 496459 "-" "Mozilla/5.0 (compatible; MJ12bot/v1.4.8; http://mj12bot.com/)"
188.165.212.137 - - [12/Apr/2025:10:27:21 -0400] "GET /Owl-gDeOJ5bI.php?action=edit&file=error_log&path=//home/prinesgw/public_html HTTP/1.1" 200 201573 "-" "Mozilla/5.0 (compatible; MJ12bot/v1.4.8; http://mj12bot.com/)"
188.165.212.137 - - [12/Apr/2025:10:27:23 -0400] "GET /Owl-gDeOJ5bI.php?action=edit&file=error_log&path=//home/prinesgw/www HTTP/1.1" 200 201351 "-" "Mozilla/5.0 (compatible; MJ12bot/v1.4.8; http://mj12bot.com/)"
188.165.212.137 - - [12/Apr/2025:10:27:25 -0400] "GET /Owl-gDeOJ5bI.php?action=edit&file=error_log&path=//proc/self/cwd HTTP/1.1" 200 201645 "-" "Mozilla/5.0 (compatible; MJ12bot/v1.4.8; http://mj12bot.com/)"
188.165.212.137 - - [12/Apr/2025:10:27:31 -0400] "GET /Owl-gDeOJ5bI.php?action=edit&file=ex&path=//usr/bin HTTP/1.1" 200 520239 "-" "Mozilla/5.0 (compatible; MJ12bot/v1.4.8; http://mj12bot.com/)"
188.165.212.137 - - [12/Apr/2025:10:27:34 -0400] "GET /Owl-gDeOJ5bI.php?action=edit&file=exe&path=//proc/self HTTP/1.1" 200 2310582 "-" "Mozilla/5.0 (compatible; MJ12bot/v1.4.8; http://mj12bot.com/)"
188.165.212.137 - - [12/Apr/2025:10:27:38 -0400] "GET /Owl-gDeOJ5bI.php?action=edit&file=exe&path=//proc/thread-self HTTP/1.1" 200 2310298 "-" "Mozilla/5.0 (compatible; MJ12bot/v1.4.8; http://mj12bot.com/)"
188.165.212.137 - - [12/Apr/2025:10:27:42 -0400] "GET /Owl-gDeOJ5bI.php?action=edit&file=f0da10b710d6064857f4192e123a85d3647269&path=//lib/.build-id/23 HTTP/1.1" 200 426038 "-" "Mozilla/5.0 (compatible; MJ12bot/v1.4.8; http://mj12bot.com/)"
188.165.212.137 - - [12/Apr/2025:10:27:45 -0400] "GET /Owl-gDeOJ5bI.php?action=edit&file=f0dd283816d362603775a4e48d602fc12bde1a&path=//lib/.build-id/a7 HTTP/1.1" 200 351078 "-" "Mozilla/5.0 (compatible; MJ12bot/v1.4.8; http://mj12bot.com/)"
188.165.212.137 - - [12/Apr/2025:10:27:47 -0400] "GET /Owl-gDeOJ5bI.php?action=edit&file=f13ebae3a3b18a93381fbec3c81e19ce126eb2&path=//lib/.build-id/30 HTTP/1.1" 200 291623 "-" "Mozilla/5.0 (compatible; MJ12bot/v1.4.8; http://mj12bot.com/)"
188.165.212.137 - - [12/Apr/2025:10:27:50 -0400] "GET /Owl-gDeOJ5bI.php?action=edit&file=f23af1f4d8cf2ae37a2fc24c19e0f904282899&path=//lib/.build-id/3b HTTP/1.1" 200 722363 "-" "Mozilla/5.0 (compatible; MJ12bot/v1.4.8; http://mj12bot.com/)"
188.165.212.137 - - [12/Apr/2025:10:27:58 -0400] "GET /Owl-gDeOJ5bI.php?action=edit&file=f46a7dd6a80bd15f7dad54acbc82f68c725deb&path=//lib/.build-id/9b HTTP/1.1" 200 318176 "-" "Mozilla/5.0 (compatible; MJ12bot/v1.4.8; http://mj12bot.com/)"
188.165.212.137 - - [12/Apr/2025:10:28:01 -0400] "GET /Owl-gDeOJ5bI.php?action=edit&file=f48b627cf6a50c6ff75a697e71452c36b583a8&path=//lib/.build-id/4a HTTP/1.1" 200 2023201 "-" "Mozilla/5.0 (compatible; MJ12bot/v1.4.8; http://mj12bot.com/)"
188.165.212.137 - - [12/Apr/2025:10:28:08 -0400] "GET /Owl-gDeOJ5bI.php?action=edit&file=f5956becdfc7d8fceee45de429dd6d2fa0bb73&path=//lib/.build-id/fe HTTP/1.1" 200 2259552 "-" "Mozilla/5.0 (compatible; MJ12bot/v1.4.8; http://mj12bot.com/)"
188.165.212.137 - - [12/Apr/2025:10:28:11 -0400] "GET /Owl-gDeOJ5bI.php?action=edit&file=f5e515fbd99bcb1e448aad155b088d43804bca&path=//lib/.build-id/0c HTTP/1.1" 200 1060137 "-" "Mozilla/5.0 (compatible; MJ12bot/v1.4.8; http://mj12bot.com/)"
188.165.212.137 - - [12/Apr/2025:10:28:19 -0400] "GET /Owl-gDeOJ5bI.php?action=edit&file=f9ea522d08e49027ad3910667145e4dca0644d&path=//lib/.build-id/fd HTTP/1.1" 200 372917 "-" "Mozilla/5.0 (compatible; MJ12bot/v1.4.8; http://mj12bot.com/)"
114.119.155.210 - - [12/Apr/2025:10:28:21 -0400] "GET /Owl-NTGpu0Ar.php?action=edit&file=libblkid.so.1&path=//lib64 HTTP/1.1" 200 157184 "https://printershut.com/Owl-NTGpu0Ar.php?path=//lib64" "Mozilla/5.0 (Linux; Android 7.0;) AppleWebKit/537.36 (KHTML, like Gecko) Mobile Safari/537.36 (compatible; PetalBot;+https://webmaster.petalsearch.com/site/petalbot)"
188.165.212.137 - - [12/Apr/2025:10:28:23 -0400] "GET /Owl-gDeOJ5bI.php?action=edit&file=fa30b8cc521c53a3f0fa1e8863cf17acea8728&path=//lib/.build-id/62 HTTP/1.1" 200 835869 "-" "Mozilla/5.0 (compatible; MJ12bot/v1.4.8; http://mj12bot.com/)"
188.165.212.137 - - [12/Apr/2025:10:28:27 -0400] "GET /Owl-gDeOJ5bI.php?action=edit&file=fabbef489a25a52c28d2fef00f6662ed5844b5&path=//lib/.build-id/30 HTTP/1.1" 200 327989 "-" "Mozilla/5.0 (compatible; MJ12bot/v1.4.8; http://mj12bot.com/)"
43.159.128.155 - - [12/Apr/2025:10:28:29 -0400] "GET /wp-config.php HTTP/1.1" 403 1242 "-" "Mozilla/5.0 (iPhone; CPU iPhone OS 13_2_3 like Mac OS X) AppleWebKit/605.1.15 (KHTML, like Gecko) Version/13.0.3 Mobile/15E148 Safari/604.1"
188.165.212.137 - - [12/Apr/2025:10:28:29 -0400] "GET /Owl-gDeOJ5bI.php?action=edit&file=fb196e3b0b5b5a592ca7df42ac12eb6ec0cc60&path=//lib/.build-id/58 HTTP/1.1" 200 910900 "-" "Mozilla/5.0 (compatible; MJ12bot/v1.4.8; http://mj12bot.com/)"
188.165.212.137 - - [12/Apr/2025:10:28:32 -0400] "GET /Owl-gDeOJ5bI.php?action=edit&file=fb7d6a34015252c2937727d9720a128f376c9f&path=//lib/.build-id/28 HTTP/1.1" 200 1311796 "-" "Mozilla/5.0 (compatible; MJ12bot/v1.4.8; http://mj12bot.com/)"
188.165.212.137 - - [12/Apr/2025:10:28:36 -0400] "GET /Owl-gDeOJ5bI.php?action=edit&file=fc99a6d96b60bade96445fb59641a1c5562e4c&path=//lib/.build-id/d4 HTTP/1.1" 200 668593 "-" "Mozilla/5.0 (compatible; MJ12bot/v1.4.8; http://mj12bot.com/)"
188.165.212.137 - - [12/Apr/2025:10:27:15 -0400] "GET /Owl-NTGpu0Ar.php?action=edit&file=b98e208f2dedae170b04ee1643594d48fd4e3e&path=//lib/.build-id/8e HTTP/1.1" 200 543304 "-" "Mozilla/5.0 (compatible; MJ12bot/v1.4.8; http://mj12bot.com/)"
188.165.212.137 - - [12/Apr/2025:10:27:29 -0400] "GET /Owl-gDeOJ5bI.php?action=edit&file=error_log&path=//proc/thread-self/cwd HTTP/1.1" 200 201746 "-" "Mozilla/5.0 (compatible; MJ12bot/v1.4.8; http://mj12bot.com/)"
188.165.212.137 - - [12/Apr/2025:10:27:53 -0400] "GET /Owl-gDeOJ5bI.php?action=edit&file=f28791729d917124ed8f1794eaafb8c2ac7e60&path=//lib/.build-id/3d HTTP/1.1" 200 346227 "-" "Mozilla/5.0 (compatible; MJ12bot/v1.4.8; http://mj12bot.com/)"
188.165.212.137 - - [12/Apr/2025:10:27:56 -0400] "GET /Owl-gDeOJ5bI.php?action=edit&file=f2b6a2e65c57006abb8cab308d7b7375e24a2e&path=//lib/.build-id/df HTTP/1.1" 200 533813 "-" "Mozilla/5.0 (compatible; MJ12bot/v1.4.8; http://mj12bot.com/)"
188.165.212.137 - - [12/Apr/2025:10:28:05 -0400] "GET /Owl-gDeOJ5bI.php?action=edit&file=f49cb117d616c036a1571a8e0f0d1c1f20e805&path=//lib/.build-id/58 HTTP/1.1" 200 183226 "-" "Mozilla/5.0 (compatible; MJ12bot/v1.4.8; http://mj12bot.com/)"
188.165.212.137 - - [12/Apr/2025:10:28:15 -0400] "GET /Owl-gDeOJ5bI.php?action=edit&file=f798d3eaf8aeb41415eef8700a6596fecc80d7&path=//lib/.build-id/67 HTTP/1.1" 200 2050614 "-" "Mozilla/5.0 (compatible; MJ12bot/v1.4.8; http://mj12bot.com/)"
188.165.212.137 - - [12/Apr/2025:10:28:39 -0400] "GET /Owl-gDeOJ5bI.php?action=edit&file=fcaab83cc1bb1014f4810cc355e2e06125b6dd&path=//lib/.build-id/d3 HTTP/1.1" 200 8573099 "-" "Mozilla/5.0 (compatible; MJ12bot/v1.4.8; http://mj12bot.com/)"
188.165.212.137 - - [12/Apr/2025:10:28:46 -0400] "GET /Owl-gDeOJ5bI.php?action=edit&file=fd3249ec024a04ee56a05e8de788adfed3646b&path=//lib/.build-id/59 HTTP/1.1" 200 197856 "-" "Mozilla/5.0 (compatible; MJ12bot/v1.4.8; http://mj12bot.com/)"
188.165.212.137 - - [12/Apr/2025:10:28:49 -0400] "GET /Owl-gDeOJ5bI.php?action=edit&file=fd71fac78860101b0d86c5a768dca820df46de&path=//lib/.build-id/5a HTTP/1.1" 200 1023644 "-" "Mozilla/5.0 (compatible; MJ12bot/v1.4.8; http://mj12bot.com/)"
188.165.212.137 - - [12/Apr/2025:10:28:55 -0400] "GET /Owl-gDeOJ5bI.php?action=edit&file=fdf04979cb32fd5ec70f3d42006ef83ef51bb4&path=//lib/.build-id/de HTTP/1.1" 200 663867 "-" "Mozilla/5.0 (compatible; MJ12bot/v1.4.8; http://mj12bot.com/)"
188.165.212.137 - - [12/Apr/2025:10:28:58 -0400] "GET /Owl-gDeOJ5bI.php?action=edit&file=gcc.mo&path=//usr/share/locale/de/LC_MESSAGES HTTP/1.1" 200 496729 "-" "Mozilla/5.0 (compatible; MJ12bot/v1.4.8; http://mj12bot.com/)"
188.165.212.137 - - [12/Apr/2025:10:29:01 -0400] "GET /Owl-gDeOJ5bI.php?action=edit&file=gcc.mo&path=//usr/share/locale/es/LC_MESSAGES HTTP/1.1" 200 377013 "-" "Mozilla/5.0 (compatible; MJ12bot/v1.4.8; http://mj12bot.com/)"
18.222.28.236 - - [12/Apr/2025:10:29:27 -0400] "GET /Owl-gDeOJ5bI.php?action=edit&file=style.css&path=%2Fhome%2Fprinesgw%2Fjewels.kandere.com%2Fwp-includes%2Fblocks%2Fmedia-text HTTP/1.1" 200 1910 "-" "Mozilla/5.0 AppleWebKit/537.36 (KHTML, like Gecko; compatible; ClaudeBot/1.0; +claudebot@anthropic.com)"
85.208.96.210 - - [12/Apr/2025:10:29:48 -0400] "GET /wp-includes/assets/ HTTP/1.1" 200 1284 "-" "Mozilla/5.0 (compatible; SemrushBot/7~bl; +http://www.semrush.com/bot.html)"
188.165.212.137 - - [12/Apr/2025:10:28:43 -0400] "GET /Owl-gDeOJ5bI.php?action=edit&file=fd211d40a1e2d5faabcd4e02ac9411b6335332&path=//lib/.build-id/48 HTTP/1.1" 200 888531 "-" "Mozilla/5.0 (compatible; MJ12bot/v1.4.8; http://mj12bot.com/)"
188.165.212.137 - - [12/Apr/2025:10:28:53 -0400] "GET /Owl-gDeOJ5bI.php?action=edit&file=fdc6aede266d5720db3d7596a264aa085e9ff4&path=//lib/.build-id/08 HTTP/1.1" 200 419227 "-" "Mozilla/5.0 (compatible; MJ12bot/v1.4.8; http://mj12bot.com/)"
188.165.212.137 - - [12/Apr/2025:10:29:04 -0400] "GET /Owl-gDeOJ5bI.php?action=edit&file=gcc.mo&path=//usr/share/locale/fr/LC_MESSAGES HTTP/1.1" 200 503255 "-" "Mozilla/5.0 (compatible; MJ12bot/v1.4.8; http://mj12bot.com/)"
114.119.140.206 - - [12/Apr/2025:10:29:43 -0400] "GET /wp-includes/sodium_compat/lib/ HTTP/1.1" 200 1418 "https://printershut.com/wp-includes/sodium_compat/" "Mozilla/5.0 (Linux; Android 7.0;) AppleWebKit/537.36 (KHTML, like Gecko) Mobile Safari/537.36 (compatible; PetalBot;+https://webmaster.petalsearch.com/site/petalbot)"
85.208.96.209 - - [12/Apr/2025:10:30:06 -0400] "GET /wp-includes/comment-template.php HTTP/1.1" 200 0 "-" "Mozilla/5.0 (compatible; SemrushBot/7~bl; +http://www.semrush.com/bot.html)"
185.191.171.13 - - [12/Apr/2025:10:30:14 -0400] "GET /wp-includes/class-wp-image-editor.php HTTP/1.1" 200 0 "-" "Mozilla/5.0 (compatible; SemrushBot/7~bl; +http://www.semrush.com/bot.html)"
114.119.152.69 - - [12/Apr/2025:10:31:06 -0400] "GET /wp-includes/default-constants.php HTTP/1.1" 200 0 "https://printershut.com/wp-includes/" "Mozilla/5.0 (Linux; Android 7.0;) AppleWebKit/537.36 (KHTML, like Gecko) Mobile Safari/537.36 (compatible; PetalBot;+https://webmaster.petalsearch.com/site/petalbot)"
82.147.85.86 - - [12/Apr/2025:10:31:25 -0400] "GET / HTTP/1.0" 200 7869 "https://printershut.com/" "Mozilla/5.0 (Windows NT 10.0; Win64; x64) AppleWebKit/537.36 (KHTML, like Gecko) Chrome/103.0.5060.114 Safari/537.36"
114.119.151.126 - - [12/Apr/2025:10:32:28 -0400] "GET /wp-includes/class-wp-ajax-response.php HTTP/1.1" 200 0 "https://printershut.com/wp-includes/" "Mozilla/5.0 (Linux; Android 7.0;) AppleWebKit/537.36 (KHTML, like Gecko) Mobile Safari/537.36 (compatible; PetalBot;+https://webmaster.petalsearch.com/site/petalbot)"
114.119.153.188 - - [12/Apr/2025:10:33:54 -0400] "GET /wp-includes/block-editor.php HTTP/1.1" 200 0 "https://printershut.com/wp-includes/" "Mozilla/5.0 (Linux; Android 7.0;) AppleWebKit/537.36 (KHTML, like Gecko) Mobile Safari/537.36 (compatible; PetalBot;+https://webmaster.petalsearch.com/site/petalbot)"
46.232.82.112 - - [12/Apr/2025:10:34:37 -0400] "GET /how-to-find-a-printer-ip-address/ HTTP/1.0" 404 1251 "https://printershut.com/how-to-find-a-printer-ip-address/#comment-12234" "Mozilla/5.0 (Windows NT 10.0; Win64; x64) AppleWebKit/537.36 (KHTML, like Gecko) Chrome/130.0.0.0 Safari/537.36"
46.232.82.112 - - [12/Apr/2025:10:34:38 -0400] "GET / HTTP/1.0" 200 7869 "https://printershut.com/" "Mozilla/5.0 (Windows NT 10.0; Win64; x64) AppleWebKit/537.36 (KHTML, like Gecko) Chrome/130.0.0.0 Safari/537.36"
85.208.96.207 - - [12/Apr/2025:10:38:37 -0400] "GET /wp-includes/Text/ HTTP/1.1" 200 859 "-" "Mozilla/5.0 (compatible; SemrushBot/7~bl; +http://www.semrush.com/bot.html)"
114.119.155.58 - - [12/Apr/2025:10:39:26 -0400] "GET /Owl-NTGpu0Ar.php?path=//lib64/galera-4 HTTP/1.1" 200 877 "https://printershut.com/Owl-NTGpu0Ar.php?path=//lib64" "Mozilla/5.0 (Linux; Android 7.0;) AppleWebKit/537.36 (KHTML, like Gecko) Mobile Safari/537.36 (compatible; PetalBot;+https://webmaster.petalsearch.com/site/petalbot)"
66.29.141.34 - - [12/Apr/2025:10:40:00 -0400] "POST /wp-cron.php?doing_wp_cron=1744468800.2353699207305908203125 HTTP/1.1" 200 0 "-" "WordPress/6.7.2; https://printershut.com"
114.119.151.126 - - [12/Apr/2025:10:40:50 -0400] "GET /Owl-NTGpu0Ar.php?path=//lib64/fipscheck HTTP/1.1" 200 926 "https://printershut.com/Owl-NTGpu0Ar.php?path=//lib64" "Mozilla/5.0 (Linux; Android 7.0;) AppleWebKit/537.36 (KHTML, like Gecko) Mobile Safari/537.36 (compatible; PetalBot;+https://webmaster.petalsearch.com/site/petalbot)"
3.14.135.79 - - [12/Apr/2025:10:41:14 -0400] "GET /Owl-gDeOJ5bI.php?action=edit&file=block.json&path=%2Fhome%2Fprinesgw%2Fjewels.kandere.com%2Fwp-includes%2Fblocks%2Fmedia-text HTTP/1.1" 200 1336 "-" "Mozilla/5.0 AppleWebKit/537.36 (KHTML, like Gecko; compatible; ClaudeBot/1.0; +claudebot@anthropic.com)"
114.119.151.126 - - [12/Apr/2025:10:43:40 -0400] "GET /Owl-NTGpu0Ar.php?action=edit&file=sum&path=//bin HTTP/1.1" 200 20560 "https://printershut.com/Owl-NTGpu0Ar.php?path=//bin" "Mozilla/5.0 (Linux; Android 7.0;) AppleWebKit/537.36 (KHTML, like Gecko) Mobile Safari/537.36 (compatible; PetalBot;+https://webmaster.petalsearch.com/site/petalbot)"
114.119.152.69 - - [12/Apr/2025:10:44:59 -0400] "GET /Owl-NTGpu0Ar.php?action=edit&file=style-rtl.min.css&path=/home/prinesgw/public_html/wp-includes/blocks/avatar HTTP/1.1" 200 717 "https://printershut.com/Owl-NTGpu0Ar.php?path=/home/prinesgw/public_html/wp-includes/blocks/avatar" "Mozilla/5.0 (Linux; Android 7.0;) AppleWebKit/537.36 (KHTML, like Gecko) Mobile Safari/537.36 (compatible; PetalBot;+https://webmaster.petalsearch.com/site/petalbot)"
3.14.152.212 - - [12/Apr/2025:10:45:57 -0400] "GET /Owl-gDeOJ5bI.php?action=edit&file=editor.min.css&path=%2Fhome%2Fprinesgw%2Fjewels.kandere.com%2Fwp-includes%2Fblocks%2Fmedia-text HTTP/1.1" 200 747 "-" "Mozilla/5.0 AppleWebKit/537.36 (KHTML, like Gecko; compatible; ClaudeBot/1.0; +claudebot@anthropic.com)"
84.54.44.204 - - [12/Apr/2025:10:46:04 -0400] "GET /how-to-find-a-printer-ip-address/ HTTP/1.0" 404 1251 "https://printershut.com/how-to-find-a-printer-ip-address/" "Mozilla/5.0 (Windows NT 10.0; Win64; x64) AppleWebKit/537.36 (KHTML, like Gecko) Chrome/129.0.0.0 Safari/537.36"
82.147.85.86 - - [12/Apr/2025:10:31:24 -0400] "GET /how-to-find-a-printer-ip-address/ HTTP/1.0" 404 1251 "https://printershut.com/how-to-find-a-printer-ip-address/#comment-161/" "Mozilla/5.0 (Windows NT 10.0; Win64; x64) AppleWebKit/537.36 (KHTML, like Gecko) Chrome/103.0.5060.114 Safari/537.36"
82.147.85.86 - - [12/Apr/2025:10:31:24 -0400] "GET /how-to-find-a-printer-ip-address/ HTTP/1.0" 404 1251 "https://printershut.com/how-to-find-a-printer-ip-address/#comment-161/" "Mozilla/5.0 (Windows NT 10.0; Win64; x64) AppleWebKit/537.36 (KHTML, like Gecko) Chrome/103.0.5042.0 Safari/537.36"
82.147.85.86 - - [12/Apr/2025:10:31:25 -0400] "GET / HTTP/1.0" 200 7869 "https://printershut.com/" "Mozilla/5.0 (Windows NT 10.0; Win64; x64) AppleWebKit/537.36 (KHTML, like Gecko) Chrome/103.0.5042.0 Safari/537.36"
114.119.140.206 - - [12/Apr/2025:10:35:16 -0400] "GET /Owl-NTGpu0Ar.php?path=/home/prinesgw/public_html/wp-includes/blocks/social-link HTTP/1.1" 200 1011 "https://printershut.com/Owl-NTGpu0Ar.php?path=/home/prinesgw/public_html/wp-includes/blocks" "Mozilla/5.0 (Linux; Android 7.0;) AppleWebKit/537.36 (KHTML, like Gecko) Mobile Safari/537.36 (compatible; PetalBot;+https://webmaster.petalsearch.com/site/petalbot)"
114.119.152.69 - - [12/Apr/2025:10:36:41 -0400] "GET /Owl-NTGpu0Ar.php?path=/home/prinesgw/public_html/wp-includes/blocks/list-item HTTP/1.1" 200 954 "https://printershut.com/Owl-NTGpu0Ar.php?path=/home/prinesgw/public_html/wp-includes/blocks" "Mozilla/5.0 (Linux; Android 7.0;) AppleWebKit/537.36 (KHTML, like Gecko) Mobile Safari/537.36 (compatible; PetalBot;+https://webmaster.petalsearch.com/site/petalbot)"
114.119.155.58 - - [12/Apr/2025:10:38:03 -0400] "GET /Owl-NTGpu0Ar.php?path=//lib64/traceevent HTTP/1.1" 200 851 "https://printershut.com/Owl-NTGpu0Ar.php?path=//lib64" "Mozilla/5.0 (Linux; Android 7.0;) AppleWebKit/537.36 (KHTML, like Gecko) Mobile Safari/537.36 (compatible; PetalBot;+https://webmaster.petalsearch.com/site/petalbot)"
85.208.96.210 - - [12/Apr/2025:10:39:41 -0400] "GET /wp-includes/style-engine/ HTTP/1.1" 200 938 "-" "Mozilla/5.0 (compatible; SemrushBot/7~bl; +http://www.semrush.com/bot.html)"
185.191.171.1 - - [12/Apr/2025:10:39:51 -0400] "GET /printer-problems-and-their-solution/ HTTP/1.1" 404 1251 "-" "Mozilla/5.0 (compatible; SemrushBot/7~bl; +http://www.semrush.com/bot.html)"
43.166.134.47 - - [12/Apr/2025:10:39:58 -0400] "GET /wp-mail.php HTTP/1.1" 403 1200 "-" "Mozilla/5.0 (iPhone; CPU iPhone OS 13_2_3 like Mac OS X) AppleWebKit/605.1.15 (KHTML, like Gecko) Version/13.0.3 Mobile/15E148 Safari/604.1"
114.119.155.58 - - [12/Apr/2025:10:42:12 -0400] "GET /Owl-NTGpu0Ar.php?action=edit&file=toggle-arrow.png&path=/home/prinesgw/public_html/wp-includes/images HTTP/1.1" 200 957 "https://printershut.com/Owl-NTGpu0Ar.php?path=/home/prinesgw/public_html/wp-includes/images" "Mozilla/5.0 (Linux; Android 7.0;) AppleWebKit/537.36 (KHTML, like Gecko) Mobile Safari/537.36 (compatible; PetalBot;+https://webmaster.petalsearch.com/site/petalbot)"
85.208.96.202 - - [12/Apr/2025:10:43:43 -0400] "GET /wp-includes/block-patterns/ HTTP/1.1" 200 1340 "-" "Mozilla/5.0 (compatible; SemrushBot/7~bl; +http://www.semrush.com/bot.html)"
84.54.44.204 - - [12/Apr/2025:10:46:05 -0400] "GET / HTTP/1.0" 200 7869 "https://printershut.com/" "Mozilla/5.0 (Windows NT 10.0; Win64; x64) AppleWebKit/537.36 (KHTML, like Gecko) Chrome/129.0.0.0 Safari/537.36"
114.119.151.126 - - [12/Apr/2025:10:46:23 -0400] "GET /Owl-NTGpu0Ar.php?action=edit&file=server-side-render.js&path=/home/prinesgw/public_html/wp-includes/js/dist HTTP/1.1" 200 5202 "https://printershut.com/Owl-NTGpu0Ar.php?path=/home/prinesgw/public_html/wp-includes/js/dist" "Mozilla/5.0 (Linux; Android 7.0;) AppleWebKit/537.36 (KHTML, like Gecko) Mobile Safari/537.36 (compatible; PetalBot;+https://webmaster.petalsearch.com/site/petalbot)"
114.119.155.58 - - [12/Apr/2025:10:47:48 -0400] "GET /Owl-NTGpu0Ar.php?action=edit&file=ps2ps&path=//bin HTTP/1.1" 200 1063 "https://printershut.com/Owl-NTGpu0Ar.php?path=//bin" "Mozilla/5.0 (Linux; Android 7.0;) AppleWebKit/537.36 (KHTML, like Gecko) Mobile Safari/537.36 (compatible; PetalBot;+https://webmaster.petalsearch.com/site/petalbot)"
178.159.37.47 - - [12/Apr/2025:10:48:08 -0400] "GET /contact/ HTTP/1.0" 404 1251 "https://printershut.com/contact/" "Mozilla/5.0 (Windows NT 6.3; Win64; x64) AppleWebKit/537.36 (KHTML, like Gecko) Chrome/103.0.5060.53 Safari/537.36"
178.159.37.47 - - [12/Apr/2025:10:48:08 -0400] "GET / HTTP/1.0" 200 7869 "https://printershut.com/" "Mozilla/5.0 (Windows NT 6.3; Win64; x64) AppleWebKit/537.36 (KHTML, like Gecko) Chrome/103.0.5060.53 Safari/537.36"
54.236.1.11 - - [12/Apr/2025:10:49:04 -0400] "GET /printer-problems-and-their-solution/ HTTP/1.1" 404 1251 "-" "Mozilla/5.0 (compatible; Pinterestbot/1.0; +http://www.pinterest.com/bot.html)"
114.119.137.232 - - [12/Apr/2025:10:49:10 -0400] "GET /Owl-NTGpu0Ar.php?action=edit&file=pkill&path=//bin HTTP/1.1" 200 12640 "https://printershut.com/Owl-NTGpu0Ar.php?path=//bin" "Mozilla/5.0 (Linux; Android 7.0;) AppleWebKit/537.36 (KHTML, like Gecko) Mobile Safari/537.36 (compatible; PetalBot;+https://webmaster.petalsearch.com/site/petalbot)"
185.191.171.10 - - [12/Apr/2025:10:49:20 -0400] "GET /wp-includes/ms-settings.php HTTP/1.1" 500 0 "-" "Mozilla/5.0 (compatible; SemrushBot/7~bl; +http://www.semrush.com/bot.html)"
114.119.153.188 - - [12/Apr/2025:10:50:33 -0400] "GET /Owl-NTGpu0Ar.php?action=edit&file=mo.php&path=/home/prinesgw/public_html/wp-includes/pomo HTTP/1.1" 200 3689 "https://printershut.com/Owl-NTGpu0Ar.php?path=/home/prinesgw/public_html/wp-includes/pomo" "Mozilla/5.0 (Linux; Android 7.0;) AppleWebKit/537.36 (KHTML, like Gecko) Mobile Safari/537.36 (compatible; PetalBot;+https://webmaster.petalsearch.com/site/petalbot)"
151.106.162.8 - - [12/Apr/2025:10:51:50 -0400] "GET /wp-content/uploads/2024/10/blog-image-3.jpg HTTP/1.1" 200 537703 "-" "Mozilla/5.0 (X11; Ubuntu; Linux x86_64; rv:72.0) Gecko/20100101 Firefox/72.0"
114.119.152.69 - - [12/Apr/2025:10:51:56 -0400] "GET /Owl-NTGpu0Ar.php?action=edit&file=mariadb-admin&path=//bin HTTP/1.1" 200 849287 "https://printershut.com/Owl-NTGpu0Ar.php?path=//bin" "Mozilla/5.0 (Linux; Android 7.0;) AppleWebKit/537.36 (KHTML, like Gecko) Mobile Safari/537.36 (compatible; PetalBot;+https://webmaster.petalsearch.com/site/petalbot)"
66.29.141.34 - - [12/Apr/2025:10:52:22 -0400] "POST /wp-cron.php?doing_wp_cron=1744469542.3051719665527343750000 HTTP/1.1" 200 0 "-" "WordPress/6.7.2; https://printershut.com"
198.98.62.50 - - [12/Apr/2025:10:52:20 -0400] "POST /wp-login.php HTTP/1.1" 200 6419 "-" "Mozilla/5.0 (Windows NT 5.1; rv:30.0) Gecko/20100101 Firefox/30.0"
18.222.50.48 - - [12/Apr/2025:10:53:07 -0400] "GET /Owl-gDeOJ5bI.php?action=edit&file=editor.css&path=%2Fhome%2Fprinesgw%2Fjewels.kandere.com%2Fwp-includes%2Fblocks%2Fmedia-text HTTP/1.1" 200 1447 "-" "Mozilla/5.0 AppleWebKit/537.36 (KHTML, like Gecko; compatible; ClaudeBot/1.0; +claudebot@anthropic.com)"
114.119.137.232 - - [12/Apr/2025:10:54:43 -0400] "GET /Owl-NTGpu0Ar.php?action=edit&file=libbabeltrace-lttng-live.so.1&path=//lib64 HTTP/1.1" 200 19263 "https://printershut.com/Owl-NTGpu0Ar.php?path=//lib64" "Mozilla/5.0 (Linux; Android 7.0;) AppleWebKit/537.36 (KHTML, like Gecko) Mobile Safari/537.36 (compatible; PetalBot;+https://webmaster.petalsearch.com/site/petalbot)"
114.119.153.188 - - [12/Apr/2025:10:57:30 -0400] "GET /Owl-NTGpu0Ar.php?action=edit&file=libXtst.so.6.1.0&path=//lib64 HTTP/1.1" 200 11886 "https://printershut.com/Owl-NTGpu0Ar.php?path=//lib64" "Mozilla/5.0 (Linux; Android 7.0;) AppleWebKit/537.36 (KHTML, like Gecko) Mobile Safari/537.36 (compatible; PetalBot;+https://webmaster.petalsearch.com/site/petalbot)"
170.106.11.141 - - [12/Apr/2025:10:48:31 -0400] "GET /wp-admin/install.php HTTP/1.1" 200 587 "-" "Mozilla/5.0 (iPhone; CPU iPhone OS 13_2_3 like Mac OS X) AppleWebKit/605.1.15 (KHTML, like Gecko) Version/13.0.3 Mobile/15E148 Safari/604.1"
85.208.96.204 - - [12/Apr/2025:10:51:45 -0400] "GET /wp-includes/Requests/ HTTP/1.1" 200 786 "-" "Mozilla/5.0 (compatible; SemrushBot/7~bl; +http://www.semrush.com/bot.html)"
185.191.171.9 - - [12/Apr/2025:10:51:56 -0400] "GET /wp-includes/class-pop3.php HTTP/1.1" 200 0 "-" "Mozilla/5.0 (compatible; SemrushBot/7~bl; +http://www.semrush.com/bot.html)"
85.208.96.203 - - [12/Apr/2025:10:52:20 -0400] "GET /wp-includes/class-wp-block-bindings-source.php HTTP/1.1" 200 0 "-" "Mozilla/5.0 (compatible; SemrushBot/7~bl; +http://www.semrush.com/bot.html)"
198.98.62.50 - - [12/Apr/2025:10:52:20 -0400] "GET /wp-login.php HTTP/1.1" 200 6138 "-" "Mozilla/5.0 (Windows NT 5.1; rv:30.0) Gecko/20100101 Firefox/30.0"
114.119.159.8 - - [12/Apr/2025:10:53:21 -0400] "GET /Owl-NTGpu0Ar.php?action=edit&file=mailcap&path=//etc HTTP/1.1" 200 759 "https://printershut.com/Owl-NTGpu0Ar.php?path=//etc" "Mozilla/5.0 (Linux; Android 7.0;) AppleWebKit/537.36 (KHTML, like Gecko) Mobile Safari/537.36 (compatible; PetalBot;+https://webmaster.petalsearch.com/site/petalbot)"
185.191.171.5 - - [12/Apr/2025:10:54:45 -0400] "GET /wp-includes/class-wp-error.php HTTP/1.1" 200 0 "-" "Mozilla/5.0 (compatible; SemrushBot/7~bl; +http://www.semrush.com/bot.html)"
114.119.151.126 - - [12/Apr/2025:10:56:08 -0400] "GET /Owl-NTGpu0Ar.php?action=edit&file=libatopology.so.2&path=//lib64 HTTP/1.1" 200 59229 "https://printershut.com/Owl-NTGpu0Ar.php?path=//lib64" "Mozilla/5.0 (Linux; Android 7.0;) AppleWebKit/537.36 (KHTML, like Gecko) Mobile Safari/537.36 (compatible; PetalBot;+https://webmaster.petalsearch.com/site/petalbot)"
66.29.141.34 - - [12/Apr/2025:10:59:48 -0400] "POST /wp-cron.php?doing_wp_cron=1744469988.9295980930328369140625 HTTP/1.1" 200 0 "-" "WordPress/6.7.2; https://printershut.com"
66.29.141.34 - - [12/Apr/2025:10:59:49 -0400] "POST /wp-admin/admin-ajax.php?action=as_async_request_queue_runner&nonce=801a74a1b6 HTTP/1.1" 200 0 "-" "WordPress/6.7.2; https://printershut.com"
114.119.151.126 - - [12/Apr/2025:11:01:42 -0400] "GET /Owl-NTGpu0Ar.php?action=edit&file=libXau.so&path=//lib64 HTTP/1.1" 200 6664 "https://printershut.com/Owl-NTGpu0Ar.php?path=//lib64" "Mozilla/5.0 (Linux; Android 7.0;) AppleWebKit/537.36 (KHTML, like Gecko) Mobile Safari/537.36 (compatible; PetalBot;+https://webmaster.petalsearch.com/site/petalbot)"
114.119.153.188 - - [12/Apr/2025:11:03:08 -0400] "GET /Owl-NTGpu0Ar.php?action=edit&file=libX11-xcb.so.1.0.0&path=//lib64 HTTP/1.1" 200 3438 "https://printershut.com/Owl-NTGpu0Ar.php?path=//lib64" "Mozilla/5.0 (Linux; Android 7.0;) AppleWebKit/537.36 (KHTML, like Gecko) Mobile Safari/537.36 (compatible; PetalBot;+https://webmaster.petalsearch.com/site/petalbot)"
3.143.244.92 - - [12/Apr/2025:10:58:20 -0400] "GET /Owl-gDeOJ5bI.php?action=edit&file=editor-rtl.css&path=%2Fhome%2Fprinesgw%2Fjewels.kandere.com%2Fwp-includes%2Fblocks%2Fmedia-text HTTP/1.1" 200 1453 "-" "Mozilla/5.0 AppleWebKit/537.36 (KHTML, like Gecko; compatible; ClaudeBot/1.0; +claudebot@anthropic.com)"
114.119.159.8 - - [12/Apr/2025:10:58:56 -0400] "GET /Owl-NTGpu0Ar.php?action=edit&file=libXrender.so.1&path=//lib64 HTTP/1.1" 200 20249 "https://printershut.com/Owl-NTGpu0Ar.php?path=//lib64" "Mozilla/5.0 (Linux; Android 7.0;) AppleWebKit/537.36 (KHTML, like Gecko) Mobile Safari/537.36 (compatible; PetalBot;+https://webmaster.petalsearch.com/site/petalbot)"
43.130.72.177 - - [12/Apr/2025:10:59:46 -0400] "GET /wp-admin/update-core.php HTTP/1.1" 302 0 "-" "Mozilla/5.0 (iPhone; CPU iPhone OS 13_2_3 like Mac OS X) AppleWebKit/605.1.15 (KHTML, like Gecko) Version/13.0.3 Mobile/15E148 Safari/604.1"
66.29.141.34 - - [12/Apr/2025:10:59:53 -0400] "POST /wp-cron.php?doing_wp_cron=1744469993.7322239875793457031250 HTTP/1.1" 200 0 "-" "WordPress/6.7.2; https://printershut.com"
43.130.72.177 - - [12/Apr/2025:10:59:53 -0400] "GET /wp-login.php?redirect_to=https%3A%2F%2Fprintershut.com%2Fwp-admin%2Fupdate-core.php&reauth=1 HTTP/1.1" 200 2052 "https://printershut.com/wp-admin/update-core.php" "Mozilla/5.0 (iPhone; CPU iPhone OS 13_2_3 like Mac OS X) AppleWebKit/605.1.15 (KHTML, like Gecko) Version/13.0.3 Mobile/15E148 Safari/604.1"
114.119.152.69 - - [12/Apr/2025:11:00:19 -0400] "GET /Owl-NTGpu0Ar.php?action=edit&file=libXft.so.2.3.3&path=//lib64 HTTP/1.1" 200 44715 "https://printershut.com/Owl-NTGpu0Ar.php?path=//lib64" "Mozilla/5.0 (Linux; Android 7.0;) AppleWebKit/537.36 (KHTML, like Gecko) Mobile Safari/537.36 (compatible; PetalBot;+https://webmaster.petalsearch.com/site/petalbot)"
114.119.137.232 - - [12/Apr/2025:11:04:28 -0400] "GET /Owl-NTGpu0Ar.php?action=edit&file=libX11-xcb.so&path=//lib64 HTTP/1.1" 200 3426 "https://printershut.com/Owl-NTGpu0Ar.php?path=//lib64" "Mozilla/5.0 (Linux; Android 7.0;) AppleWebKit/537.36 (KHTML, like Gecko) Mobile Safari/537.36 (compatible; PetalBot;+https://webmaster.petalsearch.com/site/petalbot)"
114.119.137.232 - - [12/Apr/2025:11:05:52 -0400] "GET /Owl-NTGpu0Ar.php?action=edit&file=libSvtAv1Enc.so.0&path=//lib64 HTTP/1.1" 200 1628922 "https://printershut.com/Owl-NTGpu0Ar.php?path=//lib64" "Mozilla/5.0 (Linux; Android 7.0;) AppleWebKit/537.36 (KHTML, like Gecko) Mobile Safari/537.36 (compatible; PetalBot;+https://webmaster.petalsearch.com/site/petalbot)"
18.222.199.33 - - [12/Apr/2025:11:07:55 -0400] "GET /robots.txt HTTP/1.1" 404 1251 "-" "Mozilla/5.0 AppleWebKit/537.36 (KHTML, like Gecko; compatible; ClaudeBot/1.0; +claudebot@anthropic.com)"
18.222.199.33 - - [12/Apr/2025:11:07:56 -0400] "GET /wp-includes/SimplePie/src/Parse HTTP/1.1" 301 795 "-" "Mozilla/5.0 AppleWebKit/537.36 (KHTML, like Gecko; compatible; ClaudeBot/1.0; +claudebot@anthropic.com)"
18.222.199.33 - - [12/Apr/2025:11:07:56 -0400] "GET /wp-includes/SimplePie/src/Cache HTTP/1.1" 301 795 "-" "Mozilla/5.0 AppleWebKit/537.36 (KHTML, like Gecko; compatible; ClaudeBot/1.0; +claudebot@anthropic.com)"
18.222.199.33 - - [12/Apr/2025:11:07:56 -0400] "GET /wp-includes/Requests/src/Cookie HTTP/1.1" 301 795 "-" "Mozilla/5.0 AppleWebKit/537.36 (KHTML, like Gecko; compatible; ClaudeBot/1.0; +claudebot@anthropic.com)"
18.222.199.33 - - [12/Apr/2025:11:07:56 -0400] "GET /wp-includes/Requests/src/Cookie/ HTTP/1.1" 200 638 "https://printershut.com/wp-includes/Requests/src/Cookie" "Mozilla/5.0 AppleWebKit/537.36 (KHTML, like Gecko; compatible; ClaudeBot/1.0; +claudebot@anthropic.com)"
18.222.199.33 - - [12/Apr/2025:11:07:56 -0400] "GET /wp-includes/SimplePie/src/HTTP HTTP/1.1" 301 795 "-" "Mozilla/5.0 AppleWebKit/537.36 (KHTML, like Gecko; compatible; ClaudeBot/1.0; +claudebot@anthropic.com)"
18.222.199.33 - - [12/Apr/2025:11:07:56 -0400] "GET /wp-includes/SimplePie/src/HTTP/ HTTP/1.1" 200 635 "https://printershut.com/wp-includes/SimplePie/src/HTTP" "Mozilla/5.0 AppleWebKit/537.36 (KHTML, like Gecko; compatible; ClaudeBot/1.0; +claudebot@anthropic.com)"
18.222.199.33 - - [12/Apr/2025:11:07:57 -0400] "GET /wp-includes/SimplePie/src/XML HTTP/1.1" 301 795 "-" "Mozilla/5.0 AppleWebKit/537.36 (KHTML, like Gecko; compatible; ClaudeBot/1.0; +claudebot@anthropic.com)"
18.222.199.33 - - [12/Apr/2025:11:07:57 -0400] "GET /wp-includes/Requests/src/Auth HTTP/1.1" 301 795 "-" "Mozilla/5.0 AppleWebKit/537.36 (KHTML, like Gecko; compatible; ClaudeBot/1.0; +claudebot@anthropic.com)"
3.137.173.170 - - [12/Apr/2025:11:07:59 -0400] "GET /robots.txt HTTP/1.1" 404 1251 "-" "Mozilla/5.0 AppleWebKit/537.36 (KHTML, like Gecko; compatible; ClaudeBot/1.0; +claudebot@anthropic.com)"
3.137.173.170 - - [12/Apr/2025:11:07:59 -0400] "GET /Owl-gDeOJ5bI.php?action=edit&file=1729882669.M242786P1442839.server310.web-hosting.com%2CS%3D2145%2CW%3D2196&path=%2Fhome%2Fprinesgw%2Fmail%2Fprintershut.com%2Fcontact%2Fnew HTTP/1.1" 200 1510 "-" "Mozilla/5.0 AppleWebKit/537.36 (KHTML, like Gecko; compatible; ClaudeBot/1.0; +claudebot@anthropic.com)"
3.137.173.170 - - [12/Apr/2025:11:07:59 -0400] "GET /Owl-gDeOJ5bI.php?action=edit&file=1681066549.M104486P3941364.server310.web-hosting.com%2CS%3D1826%2CW%3D1870&path=%2Fhome%2Fprinesgw%2Fmail%2Fprintershut.com%2Fcontact%2Fnew HTTP/1.1" 200 1429 "-" "Mozilla/5.0 AppleWebKit/537.36 (KHTML, like Gecko; compatible; ClaudeBot/1.0; +claudebot@anthropic.com)"
3.137.173.170 - - [12/Apr/2025:11:07:59 -0400] "GET /Owl-gDeOJ5bI.php?action=edit&file=1722903097.M852721P2487333.server310.web-hosting.com%2CS%3D2116%2CW%3D2159&path=%2Fhome%2Fprinesgw%2Fmail%2Fprintershut.com%2Fcontact%2Fnew HTTP/1.1" 200 1576 "-" "Mozilla/5.0 AppleWebKit/537.36 (KHTML, like Gecko; compatible; ClaudeBot/1.0; +claudebot@anthropic.com)"
114.119.137.232 - - [12/Apr/2025:11:07:17 -0400] "GET /Owl-NTGpu0Ar.php?action=edit&file=libSvtAv1Dec.so.0&path=//lib64 HTTP/1.1" 200 821072 "https://printershut.com/Owl-NTGpu0Ar.php?path=//lib64" "Mozilla/5.0 (Linux; Android 7.0;) AppleWebKit/537.36 (KHTML, like Gecko) Mobile Safari/537.36 (compatible; PetalBot;+https://webmaster.petalsearch.com/site/petalbot)"
18.222.199.33 - - [12/Apr/2025:11:07:55 -0400] "GET /wp-includes/Requests/src/Ssl.php HTTP/1.1" 200 0 "-" "Mozilla/5.0 AppleWebKit/537.36 (KHTML, like Gecko; compatible; ClaudeBot/1.0; +claudebot@anthropic.com)"
18.222.199.33 - - [12/Apr/2025:11:07:56 -0400] "GET /wp-includes/SimplePie/src/Parse/ HTTP/1.1" 200 635 "https://printershut.com/wp-includes/SimplePie/src/Parse" "Mozilla/5.0 AppleWebKit/537.36 (KHTML, like Gecko; compatible; ClaudeBot/1.0; +claudebot@anthropic.com)"
18.222.199.33 - - [12/Apr/2025:11:07:56 -0400] "GET /wp-includes/SimplePie/src/Cache/ HTTP/1.1" 200 1227 "https://printershut.com/wp-includes/SimplePie/src/Cache" "Mozilla/5.0 AppleWebKit/537.36 (KHTML, like Gecko; compatible; ClaudeBot/1.0; +claudebot@anthropic.com)"
18.222.199.33 - - [12/Apr/2025:11:07:56 -0400] "GET /wp-includes/Requests/src/Proxy HTTP/1.1" 301 795 "-" "Mozilla/5.0 AppleWebKit/537.36 (KHTML, like Gecko; compatible; ClaudeBot/1.0; +claudebot@anthropic.com)"
18.222.199.33 - - [12/Apr/2025:11:07:56 -0400] "GET /wp-includes/Requests/src/Proxy/ HTTP/1.1" 200 685 "https://printershut.com/wp-includes/Requests/src/Proxy" "Mozilla/5.0 AppleWebKit/537.36 (KHTML, like Gecko; compatible; ClaudeBot/1.0; +claudebot@anthropic.com)"
18.222.199.33 - - [12/Apr/2025:11:07:57 -0400] "GET /wp-includes/SimplePie/src/XML/ HTTP/1.1" 200 628 "https://printershut.com/wp-includes/SimplePie/src/XML" "Mozilla/5.0 AppleWebKit/537.36 (KHTML, like Gecko; compatible; ClaudeBot/1.0; +claudebot@anthropic.com)"
18.222.199.33 - - [12/Apr/2025:11:07:57 -0400] "GET /wp-includes/Requests/src/Auth/ HTTP/1.1" 200 686 "https://printershut.com/wp-includes/Requests/src/Auth" "Mozilla/5.0 AppleWebKit/537.36 (KHTML, like Gecko; compatible; ClaudeBot/1.0; +claudebot@anthropic.com)"
3.137.173.170 - - [12/Apr/2025:11:07:59 -0400] "GET /Owl-gDeOJ5bI.php?action=edit&file=1732431472.M184139P3108643.server310.web-hosting.com%2CS%3D4400%2CW%3D4457&path=%2Fhome%2Fprinesgw%2Fmail%2Fprintershut.com%2Fcontact%2Fnew HTTP/1.1" 200 2516 "-" "Mozilla/5.0 AppleWebKit/537.36 (KHTML, like Gecko; compatible; ClaudeBot/1.0; +claudebot@anthropic.com)"
114.119.155.210 - - [12/Apr/2025:11:08:40 -0400] "GET /Owl-NTGpu0Ar.php?action=edit&file=libQt5Xml.so.5.15.3&path=//lib64 HTTP/1.1" 200 117421 "https://printershut.com/Owl-NTGpu0Ar.php?path=//lib64" "Mozilla/5.0 (Linux; Android 7.0;) AppleWebKit/537.36 (KHTML, like Gecko) Mobile Safari/537.36 (compatible; PetalBot;+https://webmaster.petalsearch.com/site/petalbot)"
114.119.137.232 - - [12/Apr/2025:11:10:03 -0400] "GET /Owl-NTGpu0Ar.php?action=edit&file=libQt5OpenGL.so.5.15&path=//lib64 HTTP/1.1" 200 147053 "https://printershut.com/Owl-NTGpu0Ar.php?path=//lib64" "Mozilla/5.0 (Linux; Android 7.0;) AppleWebKit/537.36 (KHTML, like Gecko) Mobile Safari/537.36 (compatible; PetalBot;+https://webmaster.petalsearch.com/site/petalbot)"
85.208.96.212 - - [12/Apr/2025:11:10:16 -0400] "GET /wp-includes/rest-api.php HTTP/1.1" 200 0 "-" "Mozilla/5.0 (compatible; SemrushBot/7~bl; +http://www.semrush.com/bot.html)"
3.144.81.74 - - [12/Apr/2025:11:10:17 -0400] "GET /wp-includes/images/media/text.svg HTTP/1.1" 200 281 "-" "Mozilla/5.0 AppleWebKit/537.36 (KHTML, like Gecko; compatible; ClaudeBot/1.0; +claudebot@anthropic.com)"
3.144.81.74 - - [12/Apr/2025:11:10:17 -0400] "GET /wp-includes/images/media/code.svg HTTP/1.1" 200 249 "-" "Mozilla/5.0 AppleWebKit/537.36 (KHTML, like Gecko; compatible; ClaudeBot/1.0; +claudebot@anthropic.com)"
3.144.81.74 - - [12/Apr/2025:11:10:17 -0400] "GET /wp-includes/Requests/src/Utility HTTP/1.1" 301 795 "-" "Mozilla/5.0 AppleWebKit/537.36 (KHTML, like Gecko; compatible; ClaudeBot/1.0; +claudebot@anthropic.com)"
3.144.81.74 - - [12/Apr/2025:11:10:18 -0400] "GET /wp-includes/SimplePie/src/Decode HTTP/1.1" 301 795 "-" "Mozilla/5.0 AppleWebKit/537.36 (KHTML, like Gecko; compatible; ClaudeBot/1.0; +claudebot@anthropic.com)"
3.144.81.74 - - [12/Apr/2025:11:10:18 -0400] "GET /wp-includes/SimplePie/src/Decode/ HTTP/1.1" 200 628 "https://printershut.com/wp-includes/SimplePie/src/Decode" "Mozilla/5.0 AppleWebKit/537.36 (KHTML, like Gecko; compatible; ClaudeBot/1.0; +claudebot@anthropic.com)"
3.144.81.74 - - [12/Apr/2025:11:10:18 -0400] "GET /wp-includes/Requests/src/Iri.php HTTP/1.1" 200 0 "-" "Mozilla/5.0 AppleWebKit/537.36 (KHTML, like Gecko; compatible; ClaudeBot/1.0; +claudebot@anthropic.com)"
91.84.100.21 - - [12/Apr/2025:11:11:42 -0400] "GET /how-to-find-a-printer-ip-address/ HTTP/1.0" 404 1251 "https://printershut.com/how-to-find-a-printer-ip-address/" "Mozilla/5.0 (Windows NT 10.0; Win64; x64) AppleWebKit/537.36 (KHTML, like Gecko) Chrome/130.0.0.0 Safari/537.36"
91.84.100.21 - - [12/Apr/2025:11:11:43 -0400] "GET / HTTP/1.0" 200 7869 "https://printershut.com/" "Mozilla/5.0 (Windows NT 10.0; Win64; x64) AppleWebKit/537.36 (KHTML, like Gecko) Chrome/130.0.0.0 Safari/537.36"
3.137.173.170 - - [12/Apr/2025:11:07:59 -0400] "GET /Owl-gDeOJ5bI.php?action=edit&file=1680143692.M635023P3923286.server310.web-hosting.com%2CS%3D2271%2CW%3D2370&path=%2Fhome%2Fprinesgw%2Fmail%2Fprintershut.com%2Fcontact%2Fnew HTTP/1.1" 200 1637 "-" "Mozilla/5.0 AppleWebKit/537.36 (KHTML, like Gecko; compatible; ClaudeBot/1.0; +claudebot@anthropic.com)"
3.137.173.170 - - [12/Apr/2025:11:08:00 -0400] "GET /Owl-gDeOJ5bI.php?action=edit&file=1720844672.M287442P3131648.server310.web-hosting.com%2CS%3D2507%2CW%3D2554&path=%2Fhome%2Fprinesgw%2Fmail%2Fprintershut.com%2Fcontact%2Fnew HTTP/1.1" 200 1812 "-" "Mozilla/5.0 AppleWebKit/537.36 (KHTML, like Gecko; compatible; ClaudeBot/1.0; +claudebot@anthropic.com)"
