18.226.214.156 - - [12/Apr/2025:18:07:31 -0400] "GET /Owl-gDeOJ5bI.php?path=%2F%2Fproc%2Firq%2F5 HTTP/1.1" 200 830 "-" "Mozilla/5.0 AppleWebKit/537.36 (KHTML, like Gecko; compatible; ClaudeBot/1.0; +claudebot@anthropic.com)"
18.226.214.156 - - [12/Apr/2025:18:07:32 -0400] "GET /Owl-gDeOJ5bI.php?path=%2F%2Fproc%2Firq%2F7 HTTP/1.1" 200 830 "-" "Mozilla/5.0 AppleWebKit/537.36 (KHTML, like Gecko; compatible; ClaudeBot/1.0; +claudebot@anthropic.com)"
18.226.214.156 - - [12/Apr/2025:18:07:32 -0400] "GET /Owl-gDeOJ5bI.php?path=%2F%2Fproc%2Firq%2F3 HTTP/1.1" 200 829 "-" "Mozilla/5.0 AppleWebKit/537.36 (KHTML, like Gecko; compatible; ClaudeBot/1.0; +claudebot@anthropic.com)"
18.226.214.156 - - [12/Apr/2025:18:07:32 -0400] "GET /Owl-gDeOJ5bI.php?path=%2F%2Fproc%2Firq%2F6 HTTP/1.1" 200 830 "-" "Mozilla/5.0 AppleWebKit/537.36 (KHTML, like Gecko; compatible; ClaudeBot/1.0; +claudebot@anthropic.com)"
92.251.103.63 - - [12/Apr/2025:18:07:50 -0400] "GET /canon-printer-support/ HTTP/1.1" 404 1251 "https://printershut.com" "Mozilla/5.0 (Windows NT 10.0; Win64; x64) AppleWebKit/537.36 (KHTML, like Gecko) Chrome/62.0.3202.94 Safari/537.36"
18.191.44.70 - - [12/Apr/2025:18:10:25 -0400] "GET /Owl-gDeOJ5bI.php?path=%2F%2Fproc%2Firq%2F79 HTTP/1.1" 200 857 "-" "Mozilla/5.0 AppleWebKit/537.36 (KHTML, like Gecko; compatible; ClaudeBot/1.0; +claudebot@anthropic.com)"
18.191.44.70 - - [12/Apr/2025:18:10:25 -0400] "GET /Owl-gDeOJ5bI.php?path=%2F%2Fproc%2Firq%2F72 HTTP/1.1" 200 833 "-" "Mozilla/5.0 AppleWebKit/537.36 (KHTML, like Gecko; compatible; ClaudeBot/1.0; +claudebot@anthropic.com)"
18.191.44.70 - - [12/Apr/2025:18:10:25 -0400] "GET /Owl-gDeOJ5bI.php?path=%2F%2Fproc%2Firq%2F75 HTTP/1.1" 200 873 "-" "Mozilla/5.0 AppleWebKit/537.36 (KHTML, like Gecko; compatible; ClaudeBot/1.0; +claudebot@anthropic.com)"
18.191.44.70 - - [12/Apr/2025:18:10:25 -0400] "GET /Owl-gDeOJ5bI.php?path=%2F%2Fproc%2Firq%2F67 HTTP/1.1" 200 872 "-" "Mozilla/5.0 AppleWebKit/537.36 (KHTML, like Gecko; compatible; ClaudeBot/1.0; +claudebot@anthropic.com)"
18.191.44.70 - - [12/Apr/2025:18:10:26 -0400] "GET /Owl-gDeOJ5bI.php?path=%2F%2Fproc%2Firq%2F98 HTTP/1.1" 200 868 "-" "Mozilla/5.0 AppleWebKit/537.36 (KHTML, like Gecko; compatible; ClaudeBot/1.0; +claudebot@anthropic.com)"
18.191.44.70 - - [12/Apr/2025:18:10:26 -0400] "GET /Owl-gDeOJ5bI.php?path=%2F%2Fproc%2Firq%2F48 HTTP/1.1" 200 873 "-" "Mozilla/5.0 AppleWebKit/537.36 (KHTML, like Gecko; compatible; ClaudeBot/1.0; +claudebot@anthropic.com)"
195.2.67.22 - - [12/Apr/2025:18:11:06 -0400] "GET /how-to-find-a-printer-ip-address/ HTTP/1.0" 404 1251 "https://printershut.com/how-to-find-a-printer-ip-address/#comment-11689" "Mozilla/5.0 (Windows NT 10.0; Win64; x64) AppleWebKit/537.36 (KHTML, like Gecko) Chrome/131.0.0.0 Safari/537.36"
3.144.46.162 - - [12/Apr/2025:18:12:47 -0400] "GET /Owl-gDeOJ5bI.php?path=%2F%2Fproc%2Firq%2F95 HTTP/1.1" 200 867 "-" "Mozilla/5.0 AppleWebKit/537.36 (KHTML, like Gecko; compatible; ClaudeBot/1.0; +claudebot@anthropic.com)"
3.144.46.162 - - [12/Apr/2025:18:12:48 -0400] "GET /Owl-gDeOJ5bI.php?path=%2F%2Fproc%2Firq%2F90 HTTP/1.1" 200 857 "-" "Mozilla/5.0 AppleWebKit/537.36 (KHTML, like Gecko; compatible; ClaudeBot/1.0; +claudebot@anthropic.com)"
18.191.44.70 - - [12/Apr/2025:18:10:26 -0400] "GET /Owl-gDeOJ5bI.php?path=%2F%2Fproc%2Firq%2F64 HTTP/1.1" 200 872 "-" "Mozilla/5.0 AppleWebKit/537.36 (KHTML, like Gecko; compatible; ClaudeBot/1.0; +claudebot@anthropic.com)"
195.2.67.22 - - [12/Apr/2025:18:11:07 -0400] "GET / HTTP/1.0" 200 7869 "https://printershut.com/" "Mozilla/5.0 (Windows NT 10.0; Win64; x64) AppleWebKit/537.36 (KHTML, like Gecko) Chrome/131.0.0.0 Safari/537.36"
114.119.159.8 - - [12/Apr/2025:18:11:28 -0400] "GET /Owl-NTGpu0Ar.php?action=edit&file=gzip&path=//bin HTTP/1.1" 200 49161 "https://printershut.com/Owl-NTGpu0Ar.php?path=//bin" "Mozilla/5.0 (Linux; Android 7.0;) AppleWebKit/537.36 (KHTML, like Gecko) Mobile Safari/537.36 (compatible; PetalBot;+https://webmaster.petalsearch.com/site/petalbot)"
3.144.46.162 - - [12/Apr/2025:18:12:48 -0400] "GET /Owl-gDeOJ5bI.php?path=%2F%2Fproc%2Firq%2F70 HTTP/1.1" 200 871 "-" "Mozilla/5.0 AppleWebKit/537.36 (KHTML, like Gecko; compatible; ClaudeBot/1.0; +claudebot@anthropic.com)"
3.144.46.162 - - [12/Apr/2025:18:12:48 -0400] "GET /Owl-gDeOJ5bI.php?path=%2F%2Fproc%2Firq%2F69 HTTP/1.1" 200 873 "-" "Mozilla/5.0 AppleWebKit/537.36 (KHTML, like Gecko; compatible; ClaudeBot/1.0; +claudebot@anthropic.com)"
3.144.46.162 - - [12/Apr/2025:18:12:48 -0400] "GET /Owl-gDeOJ5bI.php?path=%2F%2Fproc%2Firq%2F12 HTTP/1.1" 200 832 "-" "Mozilla/5.0 AppleWebKit/537.36 (KHTML, like Gecko; compatible; ClaudeBot/1.0; +claudebot@anthropic.com)"
3.144.46.162 - - [12/Apr/2025:18:12:49 -0400] "GET /Owl-gDeOJ5bI.php?path=%2F%2Fproc%2Firq%2F94 HTTP/1.1" 200 867 "-" "Mozilla/5.0 AppleWebKit/537.36 (KHTML, like Gecko; compatible; ClaudeBot/1.0; +claudebot@anthropic.com)"
114.119.159.8 - - [12/Apr/2025:18:12:54 -0400] "GET /Owl-NTGpu0Ar.php?action=edit&file=gunzip&path=//bin HTTP/1.1" 200 1825 "https://printershut.com/Owl-NTGpu0Ar.php?path=//bin" "Mozilla/5.0 (Linux; Android 7.0;) AppleWebKit/537.36 (KHTML, like Gecko) Mobile Safari/537.36 (compatible; PetalBot;+https://webmaster.petalsearch.com/site/petalbot)"
3.133.132.218 - - [12/Apr/2025:18:15:17 -0400] "GET /Owl-gDeOJ5bI.php?path=%2F%2Fproc%2Firq%2F83 HTTP/1.1" 200 866 "-" "Mozilla/5.0 AppleWebKit/537.36 (KHTML, like Gecko; compatible; ClaudeBot/1.0; +claudebot@anthropic.com)"
3.133.132.218 - - [12/Apr/2025:18:15:17 -0400] "GET /Owl-gDeOJ5bI.php?path=%2F%2Fproc%2Firq%2F91 HTTP/1.1" 200 866 "-" "Mozilla/5.0 AppleWebKit/537.36 (KHTML, like Gecko; compatible; ClaudeBot/1.0; +claudebot@anthropic.com)"
3.133.132.218 - - [12/Apr/2025:18:15:18 -0400] "GET /Owl-gDeOJ5bI.php?path=%2F%2Fproc%2Ffs%2Fxfs HTTP/1.1" 200 775 "-" "Mozilla/5.0 AppleWebKit/537.36 (KHTML, like Gecko; compatible; ClaudeBot/1.0; +claudebot@anthropic.com)"
3.133.132.218 - - [12/Apr/2025:18:15:18 -0400] "GET /Owl-gDeOJ5bI.php?path=%2F%2Fproc%2Firq%2F39 HTTP/1.1" 200 869 "-" "Mozilla/5.0 AppleWebKit/537.36 (KHTML, like Gecko; compatible; ClaudeBot/1.0; +claudebot@anthropic.com)"
3.133.132.218 - - [12/Apr/2025:18:15:19 -0400] "GET /Owl-gDeOJ5bI.php?path=%2F%2Fproc%2Firq%2F40 HTTP/1.1" 200 869 "-" "Mozilla/5.0 AppleWebKit/537.36 (KHTML, like Gecko; compatible; ClaudeBot/1.0; +claudebot@anthropic.com)"
114.119.153.188 - - [12/Apr/2025:18:17:04 -0400] "GET /wp-includes/customize/ HTTP/1.1" 200 2360 "https://printershut.com/wp-includes/" "Mozilla/5.0 (Linux; Android 7.0;) AppleWebKit/537.36 (KHTML, like Gecko) Mobile Safari/537.36 (compatible; PetalBot;+https://webmaster.petalsearch.com/site/petalbot)"
3.22.68.71 - - [12/Apr/2025:18:17:38 -0400] "GET /Owl-gDeOJ5bI.php?path=%2F%2Fproc%2Firq%2F99 HTTP/1.1" 200 891 "-" "Mozilla/5.0 AppleWebKit/537.36 (KHTML, like Gecko; compatible; ClaudeBot/1.0; +claudebot@anthropic.com)"
3.22.68.71 - - [12/Apr/2025:18:17:38 -0400] "GET /Owl-gDeOJ5bI.php?path=%2F%2Fproc%2Firq%2F52 HTTP/1.1" 200 871 "-" "Mozilla/5.0 AppleWebKit/537.36 (KHTML, like Gecko; compatible; ClaudeBot/1.0; +claudebot@anthropic.com)"
3.144.46.162 - - [12/Apr/2025:18:12:48 -0400] "GET /Owl-gDeOJ5bI.php?path=%2F%2Fproc%2Firq%2F35 HTTP/1.1" 200 869 "-" "Mozilla/5.0 AppleWebKit/537.36 (KHTML, like Gecko; compatible; ClaudeBot/1.0; +claudebot@anthropic.com)"
3.144.46.162 - - [12/Apr/2025:18:12:49 -0400] "GET /Owl-gDeOJ5bI.php?path=%2F%2Fproc%2Firq%2F92 HTTP/1.1" 200 866 "-" "Mozilla/5.0 AppleWebKit/537.36 (KHTML, like Gecko; compatible; ClaudeBot/1.0; +claudebot@anthropic.com)"
3.144.46.162 - - [12/Apr/2025:18:12:49 -0400] "GET /Owl-gDeOJ5bI.php?path=%2F%2Fproc%2Firq%2F68 HTTP/1.1" 200 872 "-" "Mozilla/5.0 AppleWebKit/537.36 (KHTML, like Gecko; compatible; ClaudeBot/1.0; +claudebot@anthropic.com)"
185.191.171.10 - - [12/Apr/2025:18:12:53 -0400] "GET /wp-includes/class-wp-locale.php HTTP/1.1" 200 0 "-" "Mozilla/5.0 (compatible; SemrushBot/7~bl; +http://www.semrush.com/bot.html)"
114.119.155.210 - - [12/Apr/2025:18:14:16 -0400] "GET /Owl-NTGpu0Ar.php?action=edit&file=gtroff&path=//bin HTTP/1.1" 200 280266 "https://printershut.com/Owl-NTGpu0Ar.php?path=//bin" "Mozilla/5.0 (Linux; Android 7.0;) AppleWebKit/537.36 (KHTML, like Gecko) Mobile Safari/537.36 (compatible; PetalBot;+https://webmaster.petalsearch.com/site/petalbot)"
3.133.132.218 - - [12/Apr/2025:18:15:17 -0400] "GET /Owl-gDeOJ5bI.php?path=%2F%2Fproc%2Firq%2F15 HTTP/1.1" 200 833 "-" "Mozilla/5.0 AppleWebKit/537.36 (KHTML, like Gecko; compatible; ClaudeBot/1.0; +claudebot@anthropic.com)"
3.133.132.218 - - [12/Apr/2025:18:15:18 -0400] "GET /Owl-gDeOJ5bI.php?path=%2F%2Fproc%2Firq%2F56 HTTP/1.1" 200 872 "-" "Mozilla/5.0 AppleWebKit/537.36 (KHTML, like Gecko; compatible; ClaudeBot/1.0; +claudebot@anthropic.com)"
3.133.132.218 - - [12/Apr/2025:18:15:18 -0400] "GET /Owl-gDeOJ5bI.php?path=%2F%2Fproc%2Firq%2F73 HTTP/1.1" 200 834 "-" "Mozilla/5.0 AppleWebKit/537.36 (KHTML, like Gecko; compatible; ClaudeBot/1.0; +claudebot@anthropic.com)"
3.133.132.218 - - [12/Apr/2025:18:15:18 -0400] "GET /Owl-gDeOJ5bI.php?path=%2F%2Fproc%2Firq%2F11 HTTP/1.1" 200 832 "-" "Mozilla/5.0 AppleWebKit/537.36 (KHTML, like Gecko; compatible; ClaudeBot/1.0; +claudebot@anthropic.com)"
114.119.155.58 - - [12/Apr/2025:18:15:40 -0400] "GET /Owl-NTGpu0Ar.php?action=edit&file=gpgv&path=//bin HTTP/1.1" 200 235109 "https://printershut.com/Owl-NTGpu0Ar.php?path=//bin" "Mozilla/5.0 (Linux; Android 7.0;) AppleWebKit/537.36 (KHTML, like Gecko) Mobile Safari/537.36 (compatible; PetalBot;+https://webmaster.petalsearch.com/site/petalbot)"
3.22.68.71 - - [12/Apr/2025:18:17:38 -0400] "GET /Owl-gDeOJ5bI.php?path=%2F%2Fproc%2Firq%2F45 HTTP/1.1" 200 871 "-" "Mozilla/5.0 AppleWebKit/537.36 (KHTML, like Gecko; compatible; ClaudeBot/1.0; +claudebot@anthropic.com)"
3.22.68.71 - - [12/Apr/2025:18:17:39 -0400] "GET /Owl-gDeOJ5bI.php?path=%2F%2Fproc%2Firq%2F66 HTTP/1.1" 200 872 "-" "Mozilla/5.0 AppleWebKit/537.36 (KHTML, like Gecko; compatible; ClaudeBot/1.0; +claudebot@anthropic.com)"
3.22.68.71 - - [12/Apr/2025:18:17:39 -0400] "GET /Owl-gDeOJ5bI.php?path=%2F%2Fproc%2Firq%2F10 HTTP/1.1" 200 859 "-" "Mozilla/5.0 AppleWebKit/537.36 (KHTML, like Gecko; compatible; ClaudeBot/1.0; +claudebot@anthropic.com)"
18.222.169.35 - - [12/Apr/2025:18:19:26 -0400] "GET /Owl-gDeOJ5bI.php?action=edit&file=1735631275.M371350P2821690.server310.web-hosting.com%2CS%3D2137%2CW%3D2179&path=%2Fhome%2Fprinesgw%2Fmail%2Fprintershut.com%2Fcontact%2Fnew HTTP/1.1" 200 1570 "-" "Mozilla/5.0 AppleWebKit/537.36 (KHTML, like Gecko; compatible; ClaudeBot/1.0; +claudebot@anthropic.com)"
18.222.169.35 - - [12/Apr/2025:18:19:26 -0400] "GET /Owl-gDeOJ5bI.php?action=edit&file=1672877661.M959930P1793168.server310.web-hosting.com%2CS%3D2269%2CW%3D2338&path=%2Fhome%2Fprinesgw%2Fmail%2Fprintershut.com%2Fcontact%2Fnew HTTP/1.1" 200 1615 "-" "Mozilla/5.0 AppleWebKit/537.36 (KHTML, like Gecko; compatible; ClaudeBot/1.0; +claudebot@anthropic.com)"
51.222.253.15 - - [12/Apr/2025:18:19:48 -0400] "GET /wp-includes/admin-bar.php HTTP/1.1" 200 0 "-" "Mozilla/5.0 (compatible; AhrefsBot/7.0; +http://ahrefs.com/robot/)"
3.22.68.71 - - [12/Apr/2025:18:17:39 -0400] "GET /Owl-gDeOJ5bI.php?path=%2F%2Fproc%2Firq%2F36 HTTP/1.1" 200 869 "-" "Mozilla/5.0 AppleWebKit/537.36 (KHTML, like Gecko; compatible; ClaudeBot/1.0; +claudebot@anthropic.com)"
3.22.68.71 - - [12/Apr/2025:18:17:39 -0400] "GET /Owl-gDeOJ5bI.php?path=%2F%2Fproc%2Firq%2F82 HTTP/1.1" 200 865 "-" "Mozilla/5.0 AppleWebKit/537.36 (KHTML, like Gecko; compatible; ClaudeBot/1.0; +claudebot@anthropic.com)"
3.22.68.71 - - [12/Apr/2025:18:17:39 -0400] "GET /Owl-gDeOJ5bI.php?path=%2F%2Fproc%2Firq%2F14 HTTP/1.1" 200 833 "-" "Mozilla/5.0 AppleWebKit/537.36 (KHTML, like Gecko; compatible; ClaudeBot/1.0; +claudebot@anthropic.com)"
3.22.68.71 - - [12/Apr/2025:18:17:40 -0400] "GET /Owl-gDeOJ5bI.php?path=%2F%2Fproc%2Firq%2F46 HTTP/1.1" 200 873 "-" "Mozilla/5.0 AppleWebKit/537.36 (KHTML, like Gecko; compatible; ClaudeBot/1.0; +claudebot@anthropic.com)"
114.119.155.210 - - [12/Apr/2025:18:18:25 -0400] "GET /wp-includes/comment.php HTTP/1.1" 200 0 "https://printershut.com/wp-includes/" "Mozilla/5.0 (Linux; Android 7.0;) AppleWebKit/537.36 (KHTML, like Gecko) Mobile Safari/537.36 (compatible; PetalBot;+https://webmaster.petalsearch.com/site/petalbot)"
18.222.169.35 - - [12/Apr/2025:18:19:26 -0400] "GET /Owl-gDeOJ5bI.php?action=edit&file=1658348701.M441486P4107400.server310.web-hosting.com%2CS%3D2190%2CW%3D2250&path=%2Fhome%2Fprinesgw%2Fmail%2Fprintershut.com%2Fcontact%2Fnew HTTP/1.1" 200 1585 "-" "Mozilla/5.0 AppleWebKit/537.36 (KHTML, like Gecko; compatible; ClaudeBot/1.0; +claudebot@anthropic.com)"
18.222.169.35 - - [12/Apr/2025:18:19:26 -0400] "GET /Owl-gDeOJ5bI.php?action=edit&file=1742370853.M904915P1127235.server310.web-hosting.com%2CS%3D3308%2CW%3D3358&path=%2Fhome%2Fprinesgw%2Fmail%2Fprintershut.com%2Fcontact%2Fnew HTTP/1.1" 200 2174 "-" "Mozilla/5.0 AppleWebKit/537.36 (KHTML, like Gecko; compatible; ClaudeBot/1.0; +claudebot@anthropic.com)"
18.222.169.35 - - [12/Apr/2025:18:19:26 -0400] "GET /Owl-gDeOJ5bI.php?action=edit&file=1732802117.M821159P1735124.server310.web-hosting.com%2CS%3D5559%2CW%3D5626&path=%2Fhome%2Fprinesgw%2Fmail%2Fprintershut.com%2Fcontact%2Fnew HTTP/1.1" 200 3254 "-" "Mozilla/5.0 AppleWebKit/537.36 (KHTML, like Gecko; compatible; ClaudeBot/1.0; +claudebot@anthropic.com)"
18.222.169.35 - - [12/Apr/2025:18:19:26 -0400] "GET /Owl-gDeOJ5bI.php?action=edit&file=1731621379.M654359P1321910.server310.web-hosting.com%2CS%3D2165%2CW%3D2207&path=%2Fhome%2Fprinesgw%2Fmail%2Fprintershut.com%2Fcontact%2Fnew HTTP/1.1" 200 1644 "-" "Mozilla/5.0 AppleWebKit/537.36 (KHTML, like Gecko; compatible; ClaudeBot/1.0; +claudebot@anthropic.com)"
18.222.169.35 - - [12/Apr/2025:18:19:26 -0400] "GET /Owl-gDeOJ5bI.php?action=edit&file=1733530675.M945466P3686816.server310.web-hosting.com%2CS%3D2091%2CW%3D2133&path=%2Fhome%2Fprinesgw%2Fmail%2Fprintershut.com%2Fcontact%2Fnew HTTP/1.1" 200 1608 "-" "Mozilla/5.0 AppleWebKit/537.36 (KHTML, like Gecko; compatible; ClaudeBot/1.0; +claudebot@anthropic.com)"
18.222.169.35 - - [12/Apr/2025:18:19:26 -0400] "GET /Owl-gDeOJ5bI.php?action=edit&file=1663147093.M969697P2303328.server310.web-hosting.com%2CS%3D1641%2CW%3D1678&path=%2Fhome%2Fprinesgw%2Fmail%2Fprintershut.com%2Fcontact%2Fnew HTTP/1.1" 200 1313 "-" "Mozilla/5.0 AppleWebKit/537.36 (KHTML, like Gecko; compatible; ClaudeBot/1.0; +claudebot@anthropic.com)"
3.15.1.45 - - [12/Apr/2025:18:20:09 -0400] "GET /Owl-gDeOJ5bI.php?path=%2F%2Fproc%2Firq%2F85 HTTP/1.1" 200 868 "-" "Mozilla/5.0 AppleWebKit/537.36 (KHTML, like Gecko; compatible; ClaudeBot/1.0; +claudebot@anthropic.com)"
3.15.1.45 - - [12/Apr/2025:18:20:10 -0400] "GET /Owl-gDeOJ5bI.php?path=%2F%2Fproc%2Firq%2F81 HTTP/1.1" 200 866 "-" "Mozilla/5.0 AppleWebKit/537.36 (KHTML, like Gecko; compatible; ClaudeBot/1.0; +claudebot@anthropic.com)"
3.15.1.45 - - [12/Apr/2025:18:20:10 -0400] "GET /Owl-gDeOJ5bI.php?path=%2F%2Fproc%2Firq%2F29 HTTP/1.1" 200 878 "-" "Mozilla/5.0 AppleWebKit/537.36 (KHTML, like Gecko; compatible; ClaudeBot/1.0; +claudebot@anthropic.com)"
3.15.1.45 - - [12/Apr/2025:18:20:11 -0400] "GET /Owl-gDeOJ5bI.php?path=%2F%2Fproc%2Firq%2F60 HTTP/1.1" 200 871 "-" "Mozilla/5.0 AppleWebKit/537.36 (KHTML, like Gecko; compatible; ClaudeBot/1.0; +claudebot@anthropic.com)"
3.15.1.45 - - [12/Apr/2025:18:20:11 -0400] "GET /Owl-gDeOJ5bI.php?path=%2F%2Fproc%2Firq%2F87 HTTP/1.1" 200 868 "-" "Mozilla/5.0 AppleWebKit/537.36 (KHTML, like Gecko; compatible; ClaudeBot/1.0; +claudebot@anthropic.com)"
114.119.152.69 - - [12/Apr/2025:18:19:50 -0400] "GET /wp-includes/class-wp-list-util.php HTTP/1.1" 200 0 "https://printershut.com/wp-includes/" "Mozilla/5.0 (Linux; Android 7.0;) AppleWebKit/537.36 (KHTML, like Gecko) Mobile Safari/537.36 (compatible; PetalBot;+https://webmaster.petalsearch.com/site/petalbot)"
3.15.1.45 - - [12/Apr/2025:18:20:09 -0400] "GET /Owl-gDeOJ5bI.php?path=%2F%2Fproc%2Firq%2F37 HTTP/1.1" 200 869 "-" "Mozilla/5.0 AppleWebKit/537.36 (KHTML, like Gecko; compatible; ClaudeBot/1.0; +claudebot@anthropic.com)"
3.15.1.45 - - [12/Apr/2025:18:20:10 -0400] "GET /Owl-gDeOJ5bI.php?path=%2F%2Fproc%2Firq%2F44 HTTP/1.1" 200 870 "-" "Mozilla/5.0 AppleWebKit/537.36 (KHTML, like Gecko; compatible; ClaudeBot/1.0; +claudebot@anthropic.com)"
3.15.1.45 - - [12/Apr/2025:18:20:10 -0400] "GET /Owl-gDeOJ5bI.php?path=%2F%2Fproc%2Firq%2F80 HTTP/1.1" 200 866 "-" "Mozilla/5.0 AppleWebKit/537.36 (KHTML, like Gecko; compatible; ClaudeBot/1.0; +claudebot@anthropic.com)"
3.15.1.45 - - [12/Apr/2025:18:20:10 -0400] "GET /Owl-gDeOJ5bI.php?path=%2F%2Fproc%2Firq%2F77 HTTP/1.1" 200 871 "-" "Mozilla/5.0 AppleWebKit/537.36 (KHTML, like Gecko; compatible; ClaudeBot/1.0; +claudebot@anthropic.com)"
18.116.170.100 - - [12/Apr/2025:18:22:28 -0400] "GET /Owl-gDeOJ5bI.php?path=%2F%2Fproc%2Firq%2F53 HTTP/1.1" 200 871 "-" "Mozilla/5.0 AppleWebKit/537.36 (KHTML, like Gecko; compatible; ClaudeBot/1.0; +claudebot@anthropic.com)"
18.116.170.100 - - [12/Apr/2025:18:22:29 -0400] "GET /Owl-gDeOJ5bI.php?path=%2F%2Fproc%2Firq%2F58 HTTP/1.1" 200 872 "-" "Mozilla/5.0 AppleWebKit/537.36 (KHTML, like Gecko; compatible; ClaudeBot/1.0; +claudebot@anthropic.com)"
18.116.170.100 - - [12/Apr/2025:18:22:29 -0400] "GET /Owl-gDeOJ5bI.php?path=%2F%2Fproc%2Firq%2F50 HTTP/1.1" 200 870 "-" "Mozilla/5.0 AppleWebKit/537.36 (KHTML, like Gecko; compatible; ClaudeBot/1.0; +claudebot@anthropic.com)"
18.116.170.100 - - [12/Apr/2025:18:22:29 -0400] "GET /Owl-gDeOJ5bI.php?path=%2F%2Fproc%2Firq%2F54 HTTP/1.1" 200 872 "-" "Mozilla/5.0 AppleWebKit/537.36 (KHTML, like Gecko; compatible; ClaudeBot/1.0; +claudebot@anthropic.com)"
114.119.155.210 - - [12/Apr/2025:18:22:36 -0400] "GET /wp-includes/IXR/class-IXR-date.php HTTP/1.1" 200 0 "https://printershut.com/wp-includes/IXR/" "Mozilla/5.0 (Linux; Android 7.0;) AppleWebKit/537.36 (KHTML, like Gecko) Mobile Safari/537.36 (compatible; PetalBot;+https://webmaster.petalsearch.com/site/petalbot)"
114.119.151.126 - - [12/Apr/2025:18:24:03 -0400] "GET /Owl-NTGpu0Ar.php?path=/home/prinesgw/public_html/wp-includes/SimplePie/src/HTTP HTTP/1.1" 200 974 "https://printershut.com/Owl-NTGpu0Ar.php?path=/home/prinesgw/public_html/wp-includes/SimplePie/src" "Mozilla/5.0 (Linux; Android 7.0;) AppleWebKit/537.36 (KHTML, like Gecko) Mobile Safari/537.36 (compatible; PetalBot;+https://webmaster.petalsearch.com/site/petalbot)"
3.23.128.248 - - [12/Apr/2025:18:24:48 -0400] "GET /Owl-gDeOJ5bI.php?path=%2F%2Fproc%2Firq%2F61 HTTP/1.1" 200 872 "-" "Mozilla/5.0 AppleWebKit/537.36 (KHTML, like Gecko; compatible; ClaudeBot/1.0; +claudebot@anthropic.com)"
3.23.128.248 - - [12/Apr/2025:18:24:48 -0400] "GET /Owl-gDeOJ5bI.php?path=%2F%2Fproc%2Firq%2F38 HTTP/1.1" 200 869 "-" "Mozilla/5.0 AppleWebKit/537.36 (KHTML, like Gecko; compatible; ClaudeBot/1.0; +claudebot@anthropic.com)"
3.23.128.248 - - [12/Apr/2025:18:24:48 -0400] "GET /Owl-gDeOJ5bI.php?path=%2F%2Fproc%2Firq%2F63 HTTP/1.1" 200 871 "-" "Mozilla/5.0 AppleWebKit/537.36 (KHTML, like Gecko; compatible; ClaudeBot/1.0; +claudebot@anthropic.com)"
3.23.128.248 - - [12/Apr/2025:18:24:49 -0400] "GET /Owl-gDeOJ5bI.php?path=%2F%2Fproc%2Firq%2F96 HTTP/1.1" 200 868 "-" "Mozilla/5.0 AppleWebKit/537.36 (KHTML, like Gecko; compatible; ClaudeBot/1.0; +claudebot@anthropic.com)"
3.23.128.248 - - [12/Apr/2025:18:24:49 -0400] "GET /Owl-gDeOJ5bI.php?path=%2F%2Fproc%2Firq%2F28 HTTP/1.1" 200 879 "-" "Mozilla/5.0 AppleWebKit/537.36 (KHTML, like Gecko; compatible; ClaudeBot/1.0; +claudebot@anthropic.com)"
3.23.128.248 - - [12/Apr/2025:18:24:49 -0400] "GET /Owl-gDeOJ5bI.php?path=%2F%2Fproc%2Firq%2F55 HTTP/1.1" 200 870 "-" "Mozilla/5.0 AppleWebKit/537.36 (KHTML, like Gecko; compatible; ClaudeBot/1.0; +claudebot@anthropic.com)"
18.217.217.234 - - [12/Apr/2025:18:27:07 -0400] "GET /Owl-gDeOJ5bI.php?path=%2F%2Fproc%2Fsys%2Ffs HTTP/1.1" 200 1243 "-" "Mozilla/5.0 AppleWebKit/537.36 (KHTML, like Gecko; compatible; ClaudeBot/1.0; +claudebot@anthropic.com)"
18.217.217.234 - - [12/Apr/2025:18:27:08 -0400] "GET /Owl-gDeOJ5bI.php?path=%2F%2Fproc%2Firq%2F97 HTTP/1.1" 200 868 "-" "Mozilla/5.0 AppleWebKit/537.36 (KHTML, like Gecko; compatible; ClaudeBot/1.0; +claudebot@anthropic.com)"
18.217.217.234 - - [12/Apr/2025:18:27:08 -0400] "GET /Owl-gDeOJ5bI.php?path=%2F%2Fproc%2Firq%2F57 HTTP/1.1" 200 872 "-" "Mozilla/5.0 AppleWebKit/537.36 (KHTML, like Gecko; compatible; ClaudeBot/1.0; +claudebot@anthropic.com)"
18.217.217.234 - - [12/Apr/2025:18:27:08 -0400] "GET /Owl-gDeOJ5bI.php?path=%2F%2Fproc%2Firq%2F74 HTTP/1.1" 200 872 "-" "Mozilla/5.0 AppleWebKit/537.36 (KHTML, like Gecko; compatible; ClaudeBot/1.0; +claudebot@anthropic.com)"
114.119.152.69 - - [12/Apr/2025:18:21:13 -0400] "GET /wp-includes/assets/script-loader-react-refresh-entry.min.php HTTP/1.1" 200 0 "https://printershut.com/wp-includes/assets/" "Mozilla/5.0 (Linux; Android 7.0;) AppleWebKit/537.36 (KHTML, like Gecko) Mobile Safari/537.36 (compatible; PetalBot;+https://webmaster.petalsearch.com/site/petalbot)"
18.116.170.100 - - [12/Apr/2025:18:22:28 -0400] "GET /Owl-gDeOJ5bI.php?path=%2F%2Fproc%2Fsys%2Fvm HTTP/1.1" 200 1452 "-" "Mozilla/5.0 AppleWebKit/537.36 (KHTML, like Gecko; compatible; ClaudeBot/1.0; +claudebot@anthropic.com)"
18.116.170.100 - - [12/Apr/2025:18:22:29 -0400] "GET /Owl-gDeOJ5bI.php?path=%2F%2Fproc%2Firq%2F76 HTTP/1.1" 200 873 "-" "Mozilla/5.0 AppleWebKit/537.36 (KHTML, like Gecko; compatible; ClaudeBot/1.0; +claudebot@anthropic.com)"
18.116.170.100 - - [12/Apr/2025:18:22:29 -0400] "GET /Owl-gDeOJ5bI.php?path=%2F%2Fproc%2Firq%2F51 HTTP/1.1" 200 872 "-" "Mozilla/5.0 AppleWebKit/537.36 (KHTML, like Gecko; compatible; ClaudeBot/1.0; +claudebot@anthropic.com)"
18.116.170.100 - - [12/Apr/2025:18:22:30 -0400] "GET /Owl-gDeOJ5bI.php?path=%2F%2Fproc%2Firq%2F86 HTTP/1.1" 200 868 "-" "Mozilla/5.0 AppleWebKit/537.36 (KHTML, like Gecko; compatible; ClaudeBot/1.0; +claudebot@anthropic.com)"
18.116.170.100 - - [12/Apr/2025:18:22:30 -0400] "GET /Owl-gDeOJ5bI.php?path=%2F%2Fproc%2Firq%2F47 HTTP/1.1" 200 873 "-" "Mozilla/5.0 AppleWebKit/537.36 (KHTML, like Gecko; compatible; ClaudeBot/1.0; +claudebot@anthropic.com)"
3.23.128.248 - - [12/Apr/2025:18:24:48 -0400] "GET /Owl-gDeOJ5bI.php?path=%2F%2Fproc%2Firq%2F49 HTTP/1.1" 200 873 "-" "Mozilla/5.0 AppleWebKit/537.36 (KHTML, like Gecko; compatible; ClaudeBot/1.0; +claudebot@anthropic.com)"
3.23.128.248 - - [12/Apr/2025:18:24:48 -0400] "GET /Owl-gDeOJ5bI.php?path=%2F%2Fproc%2Firq%2F13 HTTP/1.1" 200 832 "-" "Mozilla/5.0 AppleWebKit/537.36 (KHTML, like Gecko; compatible; ClaudeBot/1.0; +claudebot@anthropic.com)"
3.23.128.248 - - [12/Apr/2025:18:24:49 -0400] "GET /Owl-gDeOJ5bI.php?path=%2F%2Fproc%2Firq%2F62 HTTP/1.1" 200 870 "-" "Mozilla/5.0 AppleWebKit/537.36 (KHTML, like Gecko; compatible; ClaudeBot/1.0; +claudebot@anthropic.com)"
114.119.151.126 - - [12/Apr/2025:18:25:24 -0400] "GET /Owl-NTGpu0Ar.php?path=//etc/skel HTTP/1.1" 403 1242 "https://printershut.com/Owl-NTGpu0Ar.php?path=//etc" "Mozilla/5.0 (Linux; Android 7.0;) AppleWebKit/537.36 (KHTML, like Gecko) Mobile Safari/537.36 (compatible; PetalBot;+https://webmaster.petalsearch.com/site/petalbot)"
185.191.171.17 - - [12/Apr/2025:18:25:53 -0400] "GET /wp-includes/class-wp-recovery-mode-link-service.php HTTP/1.1" 200 0 "-" "Mozilla/5.0 (compatible; SemrushBot/7~bl; +http://www.semrush.com/bot.html)"
114.119.137.232 - - [12/Apr/2025:18:26:48 -0400] "GET /Owl-NTGpu0Ar.php?path=//etc/ld.so.conf.d HTTP/1.1" 403 1242 "https://printershut.com/Owl-NTGpu0Ar.php?path=//etc" "Mozilla/5.0 (Linux; Android 7.0;) AppleWebKit/537.36 (KHTML, like Gecko) Mobile Safari/537.36 (compatible; PetalBot;+https://webmaster.petalsearch.com/site/petalbot)"
18.217.217.234 - - [12/Apr/2025:18:27:08 -0400] "GET /Owl-gDeOJ5bI.php?path=%2F%2Fproc%2Firq%2F41 HTTP/1.1" 200 870 "-" "Mozilla/5.0 AppleWebKit/537.36 (KHTML, like Gecko; compatible; ClaudeBot/1.0; +claudebot@anthropic.com)"
18.217.217.234 - - [12/Apr/2025:18:27:08 -0400] "GET /Owl-gDeOJ5bI.php?path=%2F%2Fproc%2Firq%2F43 HTTP/1.1" 200 869 "-" "Mozilla/5.0 AppleWebKit/537.36 (KHTML, like Gecko; compatible; ClaudeBot/1.0; +claudebot@anthropic.com)"
18.217.217.234 - - [12/Apr/2025:18:27:09 -0400] "GET /Owl-gDeOJ5bI.php?path=%2F%2Fproc%2Firq%2F18 HTTP/1.1" 200 876 "-" "Mozilla/5.0 AppleWebKit/537.36 (KHTML, like Gecko; compatible; ClaudeBot/1.0; +claudebot@anthropic.com)"
18.217.217.234 - - [12/Apr/2025:18:27:09 -0400] "GET /Owl-gDeOJ5bI.php?path=%2F%2Fproc%2Firq%2F59 HTTP/1.1" 200 873 "-" "Mozilla/5.0 AppleWebKit/537.36 (KHTML, like Gecko; compatible; ClaudeBot/1.0; +claudebot@anthropic.com)"
18.217.217.234 - - [12/Apr/2025:18:27:09 -0400] "GET /Owl-gDeOJ5bI.php?path=%2F%2Fproc%2Firq%2F26 HTTP/1.1" 200 879 "-" "Mozilla/5.0 AppleWebKit/537.36 (KHTML, like Gecko; compatible; ClaudeBot/1.0; +claudebot@anthropic.com)"
185.191.171.1 - - [12/Apr/2025:18:27:46 -0400] "GET /wp-includes/class-wp-oembed.php HTTP/1.1" 200 0 "-" "Mozilla/5.0 (compatible; SemrushBot/7~bl; +http://www.semrush.com/bot.html)"
185.191.171.4 - - [12/Apr/2025:18:28:03 -0400] "GET /wp-includes/class-wp-block-type-registry.php HTTP/1.1" 200 0 "-" "Mozilla/5.0 (compatible; SemrushBot/7~bl; +http://www.semrush.com/bot.html)"
114.119.137.232 - - [12/Apr/2025:18:28:10 -0400] "GET /Owl-NTGpu0Ar.php?action=edit&file=xsubpp&path=//bin HTTP/1.1" 200 3107 "https://printershut.com/Owl-NTGpu0Ar.php?path=//bin" "Mozilla/5.0 (Linux; Android 7.0;) AppleWebKit/537.36 (KHTML, like Gecko) Mobile Safari/537.36 (compatible; PetalBot;+https://webmaster.petalsearch.com/site/petalbot)"
3.137.168.234 - - [12/Apr/2025:18:29:47 -0400] "GET /Owl-gDeOJ5bI.php?path=%2F%2Fproc%2Firq%2F108 HTTP/1.1" 200 873 "-" "Mozilla/5.0 AppleWebKit/537.36 (KHTML, like Gecko; compatible; ClaudeBot/1.0; +claudebot@anthropic.com)"
3.137.168.234 - - [12/Apr/2025:18:29:47 -0400] "GET /Owl-gDeOJ5bI.php?path=%2F%2Fproc%2Fself%2Ffd HTTP/1.1" 200 809 "-" "Mozilla/5.0 AppleWebKit/537.36 (KHTML, like Gecko; compatible; ClaudeBot/1.0; +claudebot@anthropic.com)"
3.137.168.234 - - [12/Apr/2025:18:29:47 -0400] "GET /Owl-gDeOJ5bI.php?path=%2F%2Fproc%2Firq%2F121 HTTP/1.1" 200 865 "-" "Mozilla/5.0 AppleWebKit/537.36 (KHTML, like Gecko; compatible; ClaudeBot/1.0; +claudebot@anthropic.com)"
3.137.168.234 - - [12/Apr/2025:18:29:48 -0400] "GET /Owl-gDeOJ5bI.php?path=%2F%2Fproc%2Firq%2F25 HTTP/1.1" 200 879 "-" "Mozilla/5.0 AppleWebKit/537.36 (KHTML, like Gecko; compatible; ClaudeBot/1.0; +claudebot@anthropic.com)"
3.137.168.234 - - [12/Apr/2025:18:29:48 -0400] "GET /Owl-gDeOJ5bI.php?path=%2F%2Fproc%2Firq%2F65 HTTP/1.1" 200 872 "-" "Mozilla/5.0 AppleWebKit/537.36 (KHTML, like Gecko; compatible; ClaudeBot/1.0; +claudebot@anthropic.com)"
114.119.140.206 - - [12/Apr/2025:18:31:04 -0400] "GET /Owl-NTGpu0Ar.php?action=edit&file=ul&path=//bin HTTP/1.1" 200 9315 "https://printershut.com/Owl-NTGpu0Ar.php?path=//bin" "Mozilla/5.0 (Linux; Android 7.0;) AppleWebKit/537.36 (KHTML, like Gecko) Mobile Safari/537.36 (compatible; PetalBot;+https://webmaster.petalsearch.com/site/petalbot)"
18.118.186.141 - - [12/Apr/2025:18:32:28 -0400] "GET /Owl-gDeOJ5bI.php?path=%2F%2Fproc%2Ffs%2Fext4 HTTP/1.1" 200 781 "-" "Mozilla/5.0 AppleWebKit/537.36 (KHTML, like Gecko; compatible; ClaudeBot/1.0; +claudebot@anthropic.com)"
18.118.186.141 - - [12/Apr/2025:18:32:28 -0400] "GET /Owl-gDeOJ5bI.php?path=%2F%2Fproc%2Firq%2F131 HTTP/1.1" 200 865 "-" "Mozilla/5.0 AppleWebKit/537.36 (KHTML, like Gecko; compatible; ClaudeBot/1.0; +claudebot@anthropic.com)"
18.118.186.141 - - [12/Apr/2025:18:32:29 -0400] "GET /Owl-gDeOJ5bI.php?path=%2F%2Fproc%2Firq%2F112 HTTP/1.1" 200 872 "-" "Mozilla/5.0 AppleWebKit/537.36 (KHTML, like Gecko; compatible; ClaudeBot/1.0; +claudebot@anthropic.com)"
198.98.61.49 - - [12/Apr/2025:18:32:32 -0400] "GET /wp-login.php HTTP/1.1" 200 6138 "-" "Mozilla/5.0 (Macintosh; Intel Mac OS X 10_9_4) AppleWebKit/537.36 (KHTML, like Gecko) Chrome/35.0.1916.153 Safari/537.36"
198.98.61.49 - - [12/Apr/2025:18:32:33 -0400] "POST /wp-login.php HTTP/1.1" 200 6419 "-" "Mozilla/5.0 (Macintosh; Intel Mac OS X 10_9_4) AppleWebKit/537.36 (KHTML, like Gecko) Chrome/35.0.1916.153 Safari/537.36"
114.119.140.206 - - [12/Apr/2025:18:33:44 -0400] "GET /Owl-NTGpu0Ar.php?action=edit&file=style.min.css&path=/home/prinesgw/public_html/wp-includes/blocks/avatar HTTP/1.1" 200 715 "https://printershut.com/Owl-NTGpu0Ar.php?path=/home/prinesgw/public_html/wp-includes/blocks/avatar" "Mozilla/5.0 (Linux; Android 7.0;) AppleWebKit/537.36 (KHTML, like Gecko) Mobile Safari/537.36 (compatible; PetalBot;+https://webmaster.petalsearch.com/site/petalbot)"
114.119.137.232 - - [12/Apr/2025:18:29:34 -0400] "GET /Owl-NTGpu0Ar.php?action=edit&file=upgrade.php&path=/home/prinesgw/public_html/wp-admin HTTP/1.1" 200 2785 "https://printershut.com/Owl-NTGpu0Ar.php?path=/home/prinesgw/public_html/wp-admin" "Mozilla/5.0 (Linux; Android 7.0;) AppleWebKit/537.36 (KHTML, like Gecko) Mobile Safari/537.36 (compatible; PetalBot;+https://webmaster.petalsearch.com/site/petalbot)"
3.137.168.234 - - [12/Apr/2025:18:29:47 -0400] "GET /Owl-gDeOJ5bI.php?path=%2F%2Fproc%2Firq%2F124 HTTP/1.1" 200 866 "-" "Mozilla/5.0 AppleWebKit/537.36 (KHTML, like Gecko; compatible; ClaudeBot/1.0; +claudebot@anthropic.com)"
3.137.168.234 - - [12/Apr/2025:18:29:47 -0400] "GET /Owl-gDeOJ5bI.php?path=%2F%2Fproc%2Firq%2F138 HTTP/1.1" 200 866 "-" "Mozilla/5.0 AppleWebKit/537.36 (KHTML, like Gecko; compatible; ClaudeBot/1.0; +claudebot@anthropic.com)"
3.137.168.234 - - [12/Apr/2025:18:29:48 -0400] "GET /Owl-gDeOJ5bI.php?path=%2F%2Fproc%2Firq%2F27 HTTP/1.1" 200 879 "-" "Mozilla/5.0 AppleWebKit/537.36 (KHTML, like Gecko; compatible; ClaudeBot/1.0; +claudebot@anthropic.com)"
3.137.168.234 - - [12/Apr/2025:18:29:48 -0400] "GET /Owl-gDeOJ5bI.php?path=%2F%2Fproc%2Firq%2F30 HTTP/1.1" 200 878 "-" "Mozilla/5.0 AppleWebKit/537.36 (KHTML, like Gecko; compatible; ClaudeBot/1.0; +claudebot@anthropic.com)"
85.208.96.211 - - [12/Apr/2025:18:30:44 -0400] "GET /wp-includes/class-wp-theme-json.php HTTP/1.1" 200 0 "-" "Mozilla/5.0 (compatible; SemrushBot/7~bl; +http://www.semrush.com/bot.html)"
114.119.152.69 - - [12/Apr/2025:18:32:21 -0400] "GET /Owl-NTGpu0Ar.php?action=edit&file=theme.css&path=/home/prinesgw/public_html/wp-includes/blocks/code HTTP/1.1" 200 721 "https://printershut.com/Owl-NTGpu0Ar.php?path=/home/prinesgw/public_html/wp-includes/blocks/code" "Mozilla/5.0 (Linux; Android 7.0;) AppleWebKit/537.36 (KHTML, like Gecko) Mobile Safari/537.36 (compatible; PetalBot;+https://webmaster.petalsearch.com/site/petalbot)"
18.118.186.141 - - [12/Apr/2025:18:32:28 -0400] "GET /Owl-gDeOJ5bI.php?path=%2F%2Fproc%2Firq%2F115 HTTP/1.1" 200 873 "-" "Mozilla/5.0 AppleWebKit/537.36 (KHTML, like Gecko; compatible; ClaudeBot/1.0; +claudebot@anthropic.com)"
18.118.186.141 - - [12/Apr/2025:18:32:28 -0400] "GET /Owl-gDeOJ5bI.php?path=%2F%2Fproc%2Firq%2F103 HTTP/1.1" 200 872 "-" "Mozilla/5.0 AppleWebKit/537.36 (KHTML, like Gecko; compatible; ClaudeBot/1.0; +claudebot@anthropic.com)"
18.118.186.141 - - [12/Apr/2025:18:32:28 -0400] "GET /Owl-gDeOJ5bI.php?path=%2F%2Fproc%2Firq%2F101 HTTP/1.1" 200 864 "-" "Mozilla/5.0 AppleWebKit/537.36 (KHTML, like Gecko; compatible; ClaudeBot/1.0; +claudebot@anthropic.com)"
18.118.186.141 - - [12/Apr/2025:18:32:29 -0400] "GET /Owl-gDeOJ5bI.php?path=%2F%2Fproc%2Firq%2F127 HTTP/1.1" 200 866 "-" "Mozilla/5.0 AppleWebKit/537.36 (KHTML, like Gecko; compatible; ClaudeBot/1.0; +claudebot@anthropic.com)"
18.118.186.141 - - [12/Apr/2025:18:32:29 -0400] "GET /Owl-gDeOJ5bI.php?path=%2F%2Fproc%2Firq%2F116 HTTP/1.1" 200 873 "-" "Mozilla/5.0 AppleWebKit/537.36 (KHTML, like Gecko; compatible; ClaudeBot/1.0; +claudebot@anthropic.com)"
18.118.186.141 - - [12/Apr/2025:18:32:29 -0400] "GET /Owl-gDeOJ5bI.php?path=%2F%2Fproc%2Firq%2F128 HTTP/1.1" 200 866 "-" "Mozilla/5.0 AppleWebKit/537.36 (KHTML, like Gecko; compatible; ClaudeBot/1.0; +claudebot@anthropic.com)"
66.29.141.34 - - [12/Apr/2025:18:32:35 -0400] "POST /wp-cron.php?doing_wp_cron=1744497155.0767099857330322265625 HTTP/1.1" 200 0 "-" "WordPress/6.7.2; https://printershut.com"
185.245.106.236 - - [12/Apr/2025:18:34:44 -0400] "GET /how-to-find-a-printer-ip-address/ HTTP/1.0" 404 1251 "https://printershut.com/how-to-find-a-printer-ip-address/" "Mozilla/5.0 (Windows NT 6.1; WOW64) AppleWebKit/537.36 (KHTML, like Gecko) Chrome/103.0.0.0 Safari/537.36"
185.245.106.236 - - [12/Apr/2025:18:34:45 -0400] "GET / HTTP/1.0" 200 7869 "https://printershut.com/" "Mozilla/5.0 (Windows NT 6.1; WOW64) AppleWebKit/537.36 (KHTML, like Gecko) Chrome/103.0.0.0 Safari/537.36"
3.143.221.185 - - [12/Apr/2025:18:35:26 -0400] "GET /Owl-gDeOJ5bI.php?path=%2F%2Fproc%2Firq%2F114 HTTP/1.1" 200 873 "-" "Mozilla/5.0 AppleWebKit/537.36 (KHTML, like Gecko; compatible; ClaudeBot/1.0; +claudebot@anthropic.com)"
3.143.221.185 - - [12/Apr/2025:18:35:27 -0400] "GET /Owl-gDeOJ5bI.php?path=%2F%2Fproc%2Fsys%2Fnet HTTP/1.1" 200 854 "-" "Mozilla/5.0 AppleWebKit/537.36 (KHTML, like Gecko; compatible; ClaudeBot/1.0; +claudebot@anthropic.com)"
3.143.221.185 - - [12/Apr/2025:18:35:27 -0400] "GET /Owl-gDeOJ5bI.php?path=%2F%2Fproc%2Fscsi%2Fsg HTTP/1.1" 200 833 "-" "Mozilla/5.0 AppleWebKit/537.36 (KHTML, like Gecko; compatible; ClaudeBot/1.0; +claudebot@anthropic.com)"
114.119.140.206 - - [12/Apr/2025:18:35:09 -0400] "GET /Owl-NTGpu0Ar.php?action=edit&file=style.css&path=/home/prinesgw/public_html/wp-includes/blocks/video HTTP/1.1" 200 806 "https://printershut.com/Owl-NTGpu0Ar.php?path=/home/prinesgw/public_html/wp-includes/blocks/video" "Mozilla/5.0 (Linux; Android 7.0;) AppleWebKit/537.36 (KHTML, like Gecko) Mobile Safari/537.36 (compatible; PetalBot;+https://webmaster.petalsearch.com/site/petalbot)"
3.143.221.185 - - [12/Apr/2025:18:35:26 -0400] "GET /Owl-gDeOJ5bI.php?path=%2F%2Fproc%2Fsys%2Fabi HTTP/1.1" 200 767 "-" "Mozilla/5.0 AppleWebKit/537.36 (KHTML, like Gecko; compatible; ClaudeBot/1.0; +claudebot@anthropic.com)"
3.143.221.185 - - [12/Apr/2025:18:35:27 -0400] "GET /Owl-gDeOJ5bI.php?path=%2F%2Fproc%2Firq%2F107 HTTP/1.1" 200 873 "-" "Mozilla/5.0 AppleWebKit/537.36 (KHTML, like Gecko; compatible; ClaudeBot/1.0; +claudebot@anthropic.com)"
3.143.221.185 - - [12/Apr/2025:18:35:27 -0400] "GET /Owl-gDeOJ5bI.php?path=%2F%2Fproc%2Fsys%2Fdev HTTP/1.1" 200 780 "-" "Mozilla/5.0 AppleWebKit/537.36 (KHTML, like Gecko; compatible; ClaudeBot/1.0; +claudebot@anthropic.com)"
3.143.221.185 - - [12/Apr/2025:18:35:27 -0400] "GET /Owl-gDeOJ5bI.php?path=%2F%2Fproc%2Firq%2F133 HTTP/1.1" 200 866 "-" "Mozilla/5.0 AppleWebKit/537.36 (KHTML, like Gecko; compatible; ClaudeBot/1.0; +claudebot@anthropic.com)"
3.143.221.185 - - [12/Apr/2025:18:35:28 -0400] "GET /Owl-gDeOJ5bI.php?path=%2F%2Fproc%2Firq%2F111 HTTP/1.1" 200 864 "-" "Mozilla/5.0 AppleWebKit/537.36 (KHTML, like Gecko; compatible; ClaudeBot/1.0; +claudebot@anthropic.com)"
3.143.221.185 - - [12/Apr/2025:18:35:28 -0400] "GET /Owl-gDeOJ5bI.php?path=%2F%2Fproc%2Firq%2F135 HTTP/1.1" 200 867 "-" "Mozilla/5.0 AppleWebKit/537.36 (KHTML, like Gecko; compatible; ClaudeBot/1.0; +claudebot@anthropic.com)"
114.119.137.232 - - [12/Apr/2025:18:36:31 -0400] "GET /Owl-NTGpu0Ar.php?action=edit&file=stream&path=//bin HTTP/1.1" 200 4288 "https://printershut.com/Owl-NTGpu0Ar.php?path=//bin" "Mozilla/5.0 (Linux; Android 7.0;) AppleWebKit/537.36 (KHTML, like Gecko) Mobile Safari/537.36 (compatible; PetalBot;+https://webmaster.petalsearch.com/site/petalbot)"
18.188.235.195 - - [12/Apr/2025:18:37:49 -0400] "GET /robots.txt HTTP/1.1" 404 1251 "-" "Mozilla/5.0 AppleWebKit/537.36 (KHTML, like Gecko; compatible; ClaudeBot/1.0; +claudebot@anthropic.com)"
18.188.235.195 - - [12/Apr/2025:18:37:50 -0400] "GET /Owl-gDeOJ5bI.php?path=%2F%2Fproc%2Fbus%2Fpci HTTP/1.1" 200 854 "-" "Mozilla/5.0 AppleWebKit/537.36 (KHTML, like Gecko; compatible; ClaudeBot/1.0; +claudebot@anthropic.com)"
18.188.235.195 - - [12/Apr/2025:18:37:50 -0400] "GET /Owl-gDeOJ5bI.php?path=%2F%2Fproc%2Firq%2F129 HTTP/1.1" 200 866 "-" "Mozilla/5.0 AppleWebKit/537.36 (KHTML, like Gecko; compatible; ClaudeBot/1.0; +claudebot@anthropic.com)"
18.188.235.195 - - [12/Apr/2025:18:37:50 -0400] "GET /Owl-gDeOJ5bI.php?path=%2F%2Fproc%2Firq%2F104 HTTP/1.1" 200 873 "-" "Mozilla/5.0 AppleWebKit/537.36 (KHTML, like Gecko; compatible; ClaudeBot/1.0; +claudebot@anthropic.com)"
3.128.153.31 - - [12/Apr/2025:18:40:20 -0400] "GET /Owl-gDeOJ5bI.php?path=%2F%2Fproc%2Firq%2F117 HTTP/1.1" 200 873 "-" "Mozilla/5.0 AppleWebKit/537.36 (KHTML, like Gecko; compatible; ClaudeBot/1.0; +claudebot@anthropic.com)"
3.128.153.31 - - [12/Apr/2025:18:40:20 -0400] "GET /Owl-gDeOJ5bI.php?path=%2F%2Fproc%2Firq%2F137 HTTP/1.1" 200 866 "-" "Mozilla/5.0 AppleWebKit/537.36 (KHTML, like Gecko; compatible; ClaudeBot/1.0; +claudebot@anthropic.com)"
3.128.153.31 - - [12/Apr/2025:18:40:21 -0400] "GET /Owl-gDeOJ5bI.php?path=%2F%2Fproc%2Fself%2Fns HTTP/1.1" 200 849 "-" "Mozilla/5.0 AppleWebKit/537.36 (KHTML, like Gecko; compatible; ClaudeBot/1.0; +claudebot@anthropic.com)"
3.128.153.31 - - [12/Apr/2025:18:40:21 -0400] "GET /Owl-gDeOJ5bI.php?path=%2F%2Fproc%2Firq%2F136 HTTP/1.1" 200 866 "-" "Mozilla/5.0 AppleWebKit/537.36 (KHTML, like Gecko; compatible; ClaudeBot/1.0; +claudebot@anthropic.com)"
114.119.140.206 - - [12/Apr/2025:18:40:41 -0400] "GET /Owl-NTGpu0Ar.php?action=edit&file=pwdx&path=//bin HTTP/1.1" 200 5912 "https://printershut.com/Owl-NTGpu0Ar.php?path=//bin" "Mozilla/5.0 (Linux; Android 7.0;) AppleWebKit/537.36 (KHTML, like Gecko) Mobile Safari/537.36 (compatible; PetalBot;+https://webmaster.petalsearch.com/site/petalbot)"
114.119.137.232 - - [12/Apr/2025:18:42:05 -0400] "GET /Owl-NTGpu0Ar.php?action=edit&file=preferences-persistence.min.js&path=/home/prinesgw/public_html/wp-includes/js/dist HTTP/1.1" 200 2920 "https://printershut.com/Owl-NTGpu0Ar.php?path=/home/prinesgw/public_html/wp-includes/js/dist" "Mozilla/5.0 (Linux; Android 7.0;) AppleWebKit/537.36 (KHTML, like Gecko) Mobile Safari/537.36 (compatible; PetalBot;+https://webmaster.petalsearch.com/site/petalbot)"
3.145.95.76 - - [12/Apr/2025:18:42:43 -0400] "GET /Owl-gDeOJ5bI.php?path=%2F%2Fproc%2Fself%2Fattr HTTP/1.1" 200 814 "-" "Mozilla/5.0 AppleWebKit/537.36 (KHTML, like Gecko; compatible; ClaudeBot/1.0; +claudebot@anthropic.com)"
3.145.95.76 - - [12/Apr/2025:18:42:43 -0400] "GET /Owl-gDeOJ5bI.php?path=%2F%2Fproc%2Ffs%2Fnfsfs HTTP/1.1" 200 772 "-" "Mozilla/5.0 AppleWebKit/537.36 (KHTML, like Gecko; compatible; ClaudeBot/1.0; +claudebot@anthropic.com)"
3.145.95.76 - - [12/Apr/2025:18:42:43 -0400] "GET /Owl-gDeOJ5bI.php?path=%2F%2Fproc%2Fself%2Fcwd HTTP/1.1" 200 1292 "-" "Mozilla/5.0 AppleWebKit/537.36 (KHTML, like Gecko; compatible; ClaudeBot/1.0; +claudebot@anthropic.com)"
3.145.95.76 - - [12/Apr/2025:18:42:43 -0400] "GET /Owl-gDeOJ5bI.php?path=%2F%2Fproc%2Ffs%2Flockd HTTP/1.1" 200 766 "-" "Mozilla/5.0 AppleWebKit/537.36 (KHTML, like Gecko; compatible; ClaudeBot/1.0; +claudebot@anthropic.com)"
3.145.95.76 - - [12/Apr/2025:18:42:43 -0400] "GET /Owl-gDeOJ5bI.php?path=%2F%2Fproc%2Fsys%2Fuser HTTP/1.1" 200 864 "-" "Mozilla/5.0 AppleWebKit/537.36 (KHTML, like Gecko; compatible; ClaudeBot/1.0; +claudebot@anthropic.com)"
3.145.95.76 - - [12/Apr/2025:18:42:43 -0400] "GET /Owl-gDeOJ5bI.php?path=%2F%2Fproc%2Fself%2Fnet HTTP/1.1" 200 1348 "-" "Mozilla/5.0 AppleWebKit/537.36 (KHTML, like Gecko; compatible; ClaudeBot/1.0; +claudebot@anthropic.com)"
18.188.235.195 - - [12/Apr/2025:18:37:49 -0400] "GET /Owl-gDeOJ5bI.php?path=%2F%2Fproc%2Ffs%2Fjbd2 HTTP/1.1" 200 778 "-" "Mozilla/5.0 AppleWebKit/537.36 (KHTML, like Gecko; compatible; ClaudeBot/1.0; +claudebot@anthropic.com)"
18.188.235.195 - - [12/Apr/2025:18:37:49 -0400] "GET /Owl-gDeOJ5bI.php?path=%2F%2Fproc%2Firq%2F130 HTTP/1.1" 200 866 "-" "Mozilla/5.0 AppleWebKit/537.36 (KHTML, like Gecko; compatible; ClaudeBot/1.0; +claudebot@anthropic.com)"
18.188.235.195 - - [12/Apr/2025:18:37:49 -0400] "GET /Owl-gDeOJ5bI.php?path=%2F%2Fproc%2Firq%2F120 HTTP/1.1" 200 866 "-" "Mozilla/5.0 AppleWebKit/537.36 (KHTML, like Gecko; compatible; ClaudeBot/1.0; +claudebot@anthropic.com)"
18.188.235.195 - - [12/Apr/2025:18:37:49 -0400] "GET /Owl-gDeOJ5bI.php?path=%2F%2Fproc%2Ffs%2Fnfsd HTTP/1.1" 200 696 "-" "Mozilla/5.0 AppleWebKit/537.36 (KHTML, like Gecko; compatible; ClaudeBot/1.0; +claudebot@anthropic.com)"
18.188.235.195 - - [12/Apr/2025:18:37:50 -0400] "GET /Owl-gDeOJ5bI.php?path=%2F%2Fproc%2Firq%2F134 HTTP/1.1" 200 866 "-" "Mozilla/5.0 AppleWebKit/537.36 (KHTML, like Gecko; compatible; ClaudeBot/1.0; +claudebot@anthropic.com)"
18.188.235.195 - - [12/Apr/2025:18:37:50 -0400] "GET /Owl-gDeOJ5bI.php?path=%2F%2Fproc%2Firq%2F118 HTTP/1.1" 200 873 "-" "Mozilla/5.0 AppleWebKit/537.36 (KHTML, like Gecko; compatible; ClaudeBot/1.0; +claudebot@anthropic.com)"
114.119.140.206 - - [12/Apr/2025:18:37:57 -0400] "GET /Owl-NTGpu0Ar.php?action=edit&file=scp&path=//bin HTTP/1.1" 200 50469 "https://printershut.com/Owl-NTGpu0Ar.php?path=//bin" "Mozilla/5.0 (Linux; Android 7.0;) AppleWebKit/537.36 (KHTML, like Gecko) Mobile Safari/537.36 (compatible; PetalBot;+https://webmaster.petalsearch.com/site/petalbot)"
114.119.140.206 - - [12/Apr/2025:18:39:19 -0400] "GET /Owl-NTGpu0Ar.php?action=edit&file=scl&path=//bin HTTP/1.1" 200 16818 "https://printershut.com/Owl-NTGpu0Ar.php?path=//bin" "Mozilla/5.0 (Linux; Android 7.0;) AppleWebKit/537.36 (KHTML, like Gecko) Mobile Safari/537.36 (compatible; PetalBot;+https://webmaster.petalsearch.com/site/petalbot)"
3.128.153.31 - - [12/Apr/2025:18:40:20 -0400] "GET /Owl-gDeOJ5bI.php?path=%2F%2Fproc%2Firq%2F122 HTTP/1.1" 200 865 "-" "Mozilla/5.0 AppleWebKit/537.36 (KHTML, like Gecko; compatible; ClaudeBot/1.0; +claudebot@anthropic.com)"
3.128.153.31 - - [12/Apr/2025:18:40:20 -0400] "GET /Owl-gDeOJ5bI.php?path=%2F%2Fproc%2Firq%2F132 HTTP/1.1" 200 866 "-" "Mozilla/5.0 AppleWebKit/537.36 (KHTML, like Gecko; compatible; ClaudeBot/1.0; +claudebot@anthropic.com)"
3.128.153.31 - - [12/Apr/2025:18:40:20 -0400] "GET /Owl-gDeOJ5bI.php?path=%2F%2Fproc%2Firq%2F125 HTTP/1.1" 200 867 "-" "Mozilla/5.0 AppleWebKit/537.36 (KHTML, like Gecko; compatible; ClaudeBot/1.0; +claudebot@anthropic.com)"
3.128.153.31 - - [12/Apr/2025:18:40:20 -0400] "GET /Owl-gDeOJ5bI.php?path=%2F%2Fproc%2Firq%2F113 HTTP/1.1" 200 872 "-" "Mozilla/5.0 AppleWebKit/537.36 (KHTML, like Gecko; compatible; ClaudeBot/1.0; +claudebot@anthropic.com)"
3.128.153.31 - - [12/Apr/2025:18:40:21 -0400] "GET /Owl-gDeOJ5bI.php?path=%2F%2Fproc%2Firq%2F123 HTTP/1.1" 200 866 "-" "Mozilla/5.0 AppleWebKit/537.36 (KHTML, like Gecko; compatible; ClaudeBot/1.0; +claudebot@anthropic.com)"
3.145.95.76 - - [12/Apr/2025:18:42:44 -0400] "GET /Owl-gDeOJ5bI.php?path=%2F%2Fproc%2Firq%2F126 HTTP/1.1" 200 866 "-" "Mozilla/5.0 AppleWebKit/537.36 (KHTML, like Gecko; compatible; ClaudeBot/1.0; +claudebot@anthropic.com)"
114.119.155.58 - - [12/Apr/2025:18:43:29 -0400] "GET /Owl-NTGpu0Ar.php?action=edit&file=openssl&path=//bin HTTP/1.1" 200 295398 "https://printershut.com/Owl-NTGpu0Ar.php?path=//bin" "Mozilla/5.0 (Linux; Android 7.0;) AppleWebKit/537.36 (KHTML, like Gecko) Mobile Safari/537.36 (compatible; PetalBot;+https://webmaster.petalsearch.com/site/petalbot)"
3.145.95.76 - - [12/Apr/2025:18:42:44 -0400] "GET /Owl-gDeOJ5bI.php?path=%2F%2Fproc%2Firq%2F105 HTTP/1.1" 200 873 "-" "Mozilla/5.0 AppleWebKit/537.36 (KHTML, like Gecko; compatible; ClaudeBot/1.0; +claudebot@anthropic.com)"
3.145.95.76 - - [12/Apr/2025:18:42:44 -0400] "GET /Owl-gDeOJ5bI.php?path=%2F%2Fproc%2Firq%2F106 HTTP/1.1" 200 873 "-" "Mozilla/5.0 AppleWebKit/537.36 (KHTML, like Gecko; compatible; ClaudeBot/1.0; +claudebot@anthropic.com)"
18.188.4.90 - - [12/Apr/2025:18:45:13 -0400] "GET /Owl-gDeOJ5bI.php?path=%2F%2Fproc%2Ftty%2Fdriver HTTP/1.1" 200 700 "-" "Mozilla/5.0 AppleWebKit/537.36 (KHTML, like Gecko; compatible; ClaudeBot/1.0; +claudebot@anthropic.com)"
18.188.4.90 - - [12/Apr/2025:18:45:13 -0400] "GET /Owl-gDeOJ5bI.php?path=%2F%2Fproc%2Fself%2Froot HTTP/1.1" 200 872 "-" "Mozilla/5.0 AppleWebKit/537.36 (KHTML, like Gecko; compatible; ClaudeBot/1.0; +claudebot@anthropic.com)"
18.188.4.90 - - [12/Apr/2025:18:45:14 -0400] "GET /Owl-gDeOJ5bI.php?path=%2F%2Fproc%2Fself%2Ftask HTTP/1.1" 200 751 "-" "Mozilla/5.0 AppleWebKit/537.36 (KHTML, like Gecko; compatible; ClaudeBot/1.0; +claudebot@anthropic.com)"
18.188.4.90 - - [12/Apr/2025:18:45:14 -0400] "GET /Owl-gDeOJ5bI.php?path=%2F%2Fproc%2Fsys%2Fdebug HTTP/1.1" 200 793 "-" "Mozilla/5.0 AppleWebKit/537.36 (KHTML, like Gecko; compatible; ClaudeBot/1.0; +claudebot@anthropic.com)"
114.119.137.232 - - [12/Apr/2025:18:46:16 -0400] "GET /Owl-NTGpu0Ar.php?action=edit&file=media-utils.min.js&path=/home/prinesgw/public_html/wp-includes/js/dist HTTP/1.1" 200 4083 "https://printershut.com/Owl-NTGpu0Ar.php?path=/home/prinesgw/public_html/wp-includes/js/dist" "Mozilla/5.0 (Linux; Android 7.0;) AppleWebKit/537.36 (KHTML, like Gecko) Mobile Safari/537.36 (compatible; PetalBot;+https://webmaster.petalsearch.com/site/petalbot)"
3.17.181.199 - - [12/Apr/2025:18:47:52 -0400] "GET /wp-includes/sodium_compat/namespaced/Core/Poly1305 HTTP/1.1" 301 795 "-" "Mozilla/5.0 AppleWebKit/537.36 (KHTML, like Gecko; compatible; ClaudeBot/1.0; +claudebot@anthropic.com)"
3.17.181.199 - - [12/Apr/2025:18:47:52 -0400] "GET /wp-includes/sodium_compat/namespaced/Core/Util.php HTTP/1.1" 500 0 "-" "Mozilla/5.0 AppleWebKit/537.36 (KHTML, like Gecko; compatible; ClaudeBot/1.0; +claudebot@anthropic.com)"
3.17.181.199 - - [12/Apr/2025:18:47:52 -0400] "GET /wp-includes/sodium_compat/namespaced/Core/Poly1305/ HTTP/1.1" 200 649 "https://printershut.com/wp-includes/sodium_compat/namespaced/Core/Poly1305" "Mozilla/5.0 AppleWebKit/537.36 (KHTML, like Gecko; compatible; ClaudeBot/1.0; +claudebot@anthropic.com)"
3.17.181.199 - - [12/Apr/2025:18:47:52 -0400] "GET /wp-includes/sodium_compat/namespaced/Core/ChaCha20 HTTP/1.1" 301 795 "-" "Mozilla/5.0 AppleWebKit/537.36 (KHTML, like Gecko; compatible; ClaudeBot/1.0; +claudebot@anthropic.com)"
3.17.181.199 - - [12/Apr/2025:18:47:52 -0400] "GET /wp-includes/sodium_compat/namespaced/Core/ChaCha20/ HTTP/1.1" 200 673 "https://printershut.com/wp-includes/sodium_compat/namespaced/Core/ChaCha20" "Mozilla/5.0 AppleWebKit/537.36 (KHTML, like Gecko; compatible; ClaudeBot/1.0; +claudebot@anthropic.com)"
3.17.181.199 - - [12/Apr/2025:18:47:53 -0400] "GET /Owl-gDeOJ5bI.php?path=%2F%2Fproc%2Flve%2Fresellers HTTP/1.1" 200 701 "-" "Mozilla/5.0 AppleWebKit/537.36 (KHTML, like Gecko; compatible; ClaudeBot/1.0; +claudebot@anthropic.com)"
3.17.181.199 - - [12/Apr/2025:18:47:53 -0400] "GET /Owl-gDeOJ5bI.php?path=%2F%2Fproc%2Flve%2Fper-lve HTTP/1.1" 200 700 "-" "Mozilla/5.0 AppleWebKit/537.36 (KHTML, like Gecko; compatible; ClaudeBot/1.0; +claudebot@anthropic.com)"
3.17.181.199 - - [12/Apr/2025:18:47:53 -0400] "GET /Owl-gDeOJ5bI.php?path=%2F%2Fproc%2Fsys%2Ffscache HTTP/1.1" 200 788 "-" "Mozilla/5.0 AppleWebKit/537.36 (KHTML, like Gecko; compatible; ClaudeBot/1.0; +claudebot@anthropic.com)"
3.17.181.199 - - [12/Apr/2025:18:47:53 -0400] "GET /Owl-gDeOJ5bI.php?path=%2F%2Fproc%2Fsys%2Fsunrpc HTTP/1.1" 200 886 "-" "Mozilla/5.0 AppleWebKit/537.36 (KHTML, like Gecko; compatible; ClaudeBot/1.0; +claudebot@anthropic.com)"
114.119.152.69 - - [12/Apr/2025:18:44:52 -0400] "GET /Owl-NTGpu0Ar.php?action=edit&file=mime.types&path=//etc HTTP/1.1" 200 18817 "https://printershut.com/Owl-NTGpu0Ar.php?path=//etc" "Mozilla/5.0 (Linux; Android 7.0;) AppleWebKit/537.36 (KHTML, like Gecko) Mobile Safari/537.36 (compatible; PetalBot;+https://webmaster.petalsearch.com/site/petalbot)"
185.191.171.19 - - [12/Apr/2025:18:45:09 -0400] "GET /wp-includes/class-wp-site.php HTTP/1.1" 200 0 "-" "Mozilla/5.0 (compatible; SemrushBot/7~bl; +http://www.semrush.com/bot.html)"
18.188.4.90 - - [12/Apr/2025:18:45:13 -0400] "GET /Owl-gDeOJ5bI.php?path=%2F%2Fproc%2Fsys%2Fcrypto HTTP/1.1" 200 793 "-" "Mozilla/5.0 AppleWebKit/537.36 (KHTML, like Gecko; compatible; ClaudeBot/1.0; +claudebot@anthropic.com)"
18.188.4.90 - - [12/Apr/2025:18:45:13 -0400] "GET /Owl-gDeOJ5bI.php?path=%2F%2Fproc%2Ffs%2Ffscache HTTP/1.1" 200 759 "-" "Mozilla/5.0 AppleWebKit/537.36 (KHTML, like Gecko; compatible; ClaudeBot/1.0; +claudebot@anthropic.com)"
18.188.4.90 - - [12/Apr/2025:18:45:13 -0400] "GET /Owl-gDeOJ5bI.php?path=%2F%2Fproc%2Fkcare%2Fopt HTTP/1.1" 200 838 "-" "Mozilla/5.0 AppleWebKit/537.36 (KHTML, like Gecko; compatible; ClaudeBot/1.0; +claudebot@anthropic.com)"
18.188.4.90 - - [12/Apr/2025:18:45:13 -0400] "GET /Owl-gDeOJ5bI.php?path=%2F%2Fproc%2Fbus%2Finput HTTP/1.1" 200 774 "-" "Mozilla/5.0 AppleWebKit/537.36 (KHTML, like Gecko; compatible; ClaudeBot/1.0; +claudebot@anthropic.com)"
18.188.4.90 - - [12/Apr/2025:18:45:14 -0400] "GET /Owl-gDeOJ5bI.php?path=%2F%2Fproc%2Ftty%2Fldisc HTTP/1.1" 200 699 "-" "Mozilla/5.0 AppleWebKit/537.36 (KHTML, like Gecko; compatible; ClaudeBot/1.0; +claudebot@anthropic.com)"
93.183.93.32 - - [12/Apr/2025:18:46:31 -0400] "GET /how-to-find-a-printer-ip-address/ HTTP/1.0" 404 1251 "https://printershut.com/how-to-find-a-printer-ip-address/" "Mozilla/5.0 (Windows NT 10.0; Win64; x64) AppleWebKit/537.36 (KHTML, like Gecko) Chrome/129.0.0.0 Safari/537.36"
93.183.93.32 - - [12/Apr/2025:18:46:32 -0400] "GET / HTTP/1.0" 200 7869 "https://printershut.com/" "Mozilla/5.0 (Windows NT 10.0; Win64; x64) AppleWebKit/537.36 (KHTML, like Gecko) Chrome/129.0.0.0 Safari/537.36"
185.191.171.11 - - [12/Apr/2025:18:46:44 -0400] "GET /wp-includes/user.php HTTP/1.1" 200 0 "-" "Mozilla/5.0 (compatible; SemrushBot/7~bl; +http://www.semrush.com/bot.html)"
114.119.153.188 - - [12/Apr/2025:18:47:40 -0400] "GET /Owl-NTGpu0Ar.php?action=edit&file=logger&path=//bin HTTP/1.1" 200 22236 "https://printershut.com/Owl-NTGpu0Ar.php?path=//bin" "Mozilla/5.0 (Linux; Android 7.0;) AppleWebKit/537.36 (KHTML, like Gecko) Mobile Safari/537.36 (compatible; PetalBot;+https://webmaster.petalsearch.com/site/petalbot)"
3.17.181.199 - - [12/Apr/2025:18:47:53 -0400] "GET /Owl-gDeOJ5bI.php?path=%2F%2Fproc%2Fself%2Ffdinfo HTTP/1.1" 200 799 "-" "Mozilla/5.0 AppleWebKit/537.36 (KHTML, like Gecko; compatible; ClaudeBot/1.0; +claudebot@anthropic.com)"
