3.137.173.170 - - [12/Apr/2025:11:08:00 -0400] "GET /Owl-gDeOJ5bI.php?action=edit&file=1735732306.M872187P3271907.server310.web-hosting.com%2CS%3D2626%2CW%3D2677&path=%2Fhome%2Fprinesgw%2Fmail%2Fprintershut.com%2Fcontact%2Fnew HTTP/1.1" 200 1879 "-" "Mozilla/5.0 AppleWebKit/537.36 (KHTML, like Gecko; compatible; ClaudeBot/1.0; +claudebot@anthropic.com)"
3.137.173.170 - - [12/Apr/2025:11:08:00 -0400] "GET /Owl-gDeOJ5bI.php?action=edit&file=1691516019.M642901P3580835.server310.web-hosting.com%2CS%3D2171%2CW%3D2212&path=%2Fhome%2Fprinesgw%2Fmail%2Fprintershut.com%2Fcontact%2Fnew HTTP/1.1" 200 1750 "-" "Mozilla/5.0 AppleWebKit/537.36 (KHTML, like Gecko; compatible; ClaudeBot/1.0; +claudebot@anthropic.com)"
85.208.96.204 - - [12/Apr/2025:11:08:23 -0400] "GET /wp-includes/class-wp-block-bindings-registry.php HTTP/1.1" 200 0 "-" "Mozilla/5.0 (compatible; SemrushBot/7~bl; +http://www.semrush.com/bot.html)"
3.144.81.74 - - [12/Apr/2025:11:10:17 -0400] "GET /wp-includes/images/media/text.png HTTP/1.1" 200 188 "-" "Mozilla/5.0 AppleWebKit/537.36 (KHTML, like Gecko; compatible; ClaudeBot/1.0; +claudebot@anthropic.com)"
3.144.81.74 - - [12/Apr/2025:11:10:17 -0400] "GET /wp-includes/images/media/code.png HTTP/1.1" 200 274 "-" "Mozilla/5.0 AppleWebKit/537.36 (KHTML, like Gecko; compatible; ClaudeBot/1.0; +claudebot@anthropic.com)"
3.144.81.74 - - [12/Apr/2025:11:10:17 -0400] "GET /wp-includes/Requests/src/Utility/ HTTP/1.1" 200 727 "https://printershut.com/wp-includes/Requests/src/Utility" "Mozilla/5.0 AppleWebKit/537.36 (KHTML, like Gecko; compatible; ClaudeBot/1.0; +claudebot@anthropic.com)"
3.144.81.74 - - [12/Apr/2025:11:10:18 -0400] "GET /wp-includes/js/plupload/moxie.js HTTP/1.1" 200 63985 "-" "Mozilla/5.0 AppleWebKit/537.36 (KHTML, like Gecko; compatible; ClaudeBot/1.0; +claudebot@anthropic.com)"
114.119.151.126 - - [12/Apr/2025:11:11:26 -0400] "GET /Owl-NTGpu0Ar.php?action=edit&file=libQt5MultimediaGstTools.so.5&path=//lib64 HTTP/1.1" 200 137258 "https://printershut.com/Owl-NTGpu0Ar.php?path=//lib64" "Mozilla/5.0 (Linux; Android 7.0;) AppleWebKit/537.36 (KHTML, like Gecko) Mobile Safari/537.36 (compatible; PetalBot;+https://webmaster.petalsearch.com/site/petalbot)"
18.116.82.179 - - [12/Apr/2025:11:12:25 -0400] "GET /wp-includes/images/media/audio.svg HTTP/1.1" 200 232 "-" "Mozilla/5.0 AppleWebKit/537.36 (KHTML, like Gecko; compatible; ClaudeBot/1.0; +claudebot@anthropic.com)"
18.116.82.179 - - [12/Apr/2025:11:12:25 -0400] "GET /wp-includes/Requests/src/Ipv6.php HTTP/1.1" 200 0 "-" "Mozilla/5.0 AppleWebKit/537.36 (KHTML, like Gecko; compatible; ClaudeBot/1.0; +claudebot@anthropic.com)"
18.116.82.179 - - [12/Apr/2025:11:12:25 -0400] "GET /wp-includes/Requests/src/Port.php HTTP/1.1" 200 0 "-" "Mozilla/5.0 AppleWebKit/537.36 (KHTML, like Gecko; compatible; ClaudeBot/1.0; +claudebot@anthropic.com)"
18.116.82.179 - - [12/Apr/2025:11:12:26 -0400] "GET /wp-includes/SimplePie/src/Content/ HTTP/1.1" 200 626 "https://printershut.com/wp-includes/SimplePie/src/Content" "Mozilla/5.0 AppleWebKit/537.36 (KHTML, like Gecko; compatible; ClaudeBot/1.0; +claudebot@anthropic.com)"
114.119.151.126 - - [12/Apr/2025:11:12:49 -0400] "GET /Owl-NTGpu0Ar.php?action=edit&file=libQt5Multimedia.so.5&path=//lib64 HTTP/1.1" 200 389311 "https://printershut.com/Owl-NTGpu0Ar.php?path=//lib64" "Mozilla/5.0 (Linux; Android 7.0;) AppleWebKit/537.36 (KHTML, like Gecko) Mobile Safari/537.36 (compatible; PetalBot;+https://webmaster.petalsearch.com/site/petalbot)"
114.119.159.8 - - [12/Apr/2025:11:14:21 -0400] "GET /wp-includes/rest-api.php HTTP/1.1" 200 0 "https://printershut.com/wp-includes/" "Mozilla/5.0 (Linux; Android 7.0;) AppleWebKit/537.36 (KHTML, like Gecko) Mobile Safari/537.36 (compatible; PetalBot;+https://webmaster.petalsearch.com/site/petalbot)"
3.144.255.33 - - [12/Apr/2025:11:14:48 -0400] "GET /wp-includes/Requests/src/Proxy.php HTTP/1.1" 200 0 "-" "Mozilla/5.0 AppleWebKit/537.36 (KHTML, like Gecko; compatible; ClaudeBot/1.0; +claudebot@anthropic.com)"
3.144.255.33 - - [12/Apr/2025:11:14:48 -0400] "GET /wp-includes/SimplePie/src/Core.php HTTP/1.1" 500 0 "-" "Mozilla/5.0 AppleWebKit/537.36 (KHTML, like Gecko; compatible; ClaudeBot/1.0; +claudebot@anthropic.com)"
3.144.255.33 - - [12/Apr/2025:11:14:49 -0400] "GET /wp-includes/Requests/src/Exception HTTP/1.1" 301 795 "-" "Mozilla/5.0 AppleWebKit/537.36 (KHTML, like Gecko; compatible; ClaudeBot/1.0; +claudebot@anthropic.com)"
3.144.255.33 - - [12/Apr/2025:11:14:49 -0400] "GET /wp-includes/Requests/src/Exception/ HTTP/1.1" 200 1118 "https://printershut.com/wp-includes/Requests/src/Exception" "Mozilla/5.0 AppleWebKit/537.36 (KHTML, like Gecko; compatible; ClaudeBot/1.0; +claudebot@anthropic.com)"
3.144.255.33 - - [12/Apr/2025:11:14:49 -0400] "GET /wp-includes/images/media/audio.png HTTP/1.1" 200 382 "-" "Mozilla/5.0 AppleWebKit/537.36 (KHTML, like Gecko; compatible; ClaudeBot/1.0; +claudebot@anthropic.com)"
114.119.152.69 - - [12/Apr/2025:11:15:36 -0400] "GET /wp-includes/post-template.php HTTP/1.1" 200 0 "https://printershut.com/wp-includes/" "Mozilla/5.0 (Linux; Android 7.0;) AppleWebKit/537.36 (KHTML, like Gecko) Mobile Safari/537.36 (compatible; PetalBot;+https://webmaster.petalsearch.com/site/petalbot)"
3.148.113.167 - - [12/Apr/2025:11:15:55 -0400] "GET /wp-includes/js/plupload/plupload.js HTTP/1.1" 200 16101 "-" "Mozilla/5.0 AppleWebKit/537.36 (KHTML, like Gecko; compatible; ClaudeBot/1.0; +claudebot@anthropic.com)"
3.148.113.167 - - [12/Apr/2025:11:15:55 -0400] "GET /wp-includes/SimplePie/src/error_log HTTP/1.1" 403 1242 "-" "Mozilla/5.0 AppleWebKit/537.36 (KHTML, like Gecko; compatible; ClaudeBot/1.0; +claudebot@anthropic.com)"
3.148.113.167 - - [12/Apr/2025:11:15:55 -0400] "GET /wp-includes/images/crystal/text.png HTTP/1.1" 200 670 "-" "Mozilla/5.0 AppleWebKit/537.36 (KHTML, like Gecko; compatible; ClaudeBot/1.0; +claudebot@anthropic.com)"
3.148.113.167 - - [12/Apr/2025:11:15:56 -0400] "GET /wp-includes/sodium_compat/src/Core HTTP/1.1" 301 795 "-" "Mozilla/5.0 AppleWebKit/537.36 (KHTML, like Gecko; compatible; ClaudeBot/1.0; +claudebot@anthropic.com)"
18.116.82.179 - - [12/Apr/2025:11:12:25 -0400] "GET /wp-includes/images/media/video.svg HTTP/1.1" 200 203 "-" "Mozilla/5.0 AppleWebKit/537.36 (KHTML, like Gecko; compatible; ClaudeBot/1.0; +claudebot@anthropic.com)"
18.116.82.179 - - [12/Apr/2025:11:12:25 -0400] "GET /wp-includes/Requests/src/Response HTTP/1.1" 301 795 "-" "Mozilla/5.0 AppleWebKit/537.36 (KHTML, like Gecko; compatible; ClaudeBot/1.0; +claudebot@anthropic.com)"
18.116.82.179 - - [12/Apr/2025:11:12:25 -0400] "GET /wp-includes/Requests/src/Response/ HTTP/1.1" 200 685 "https://printershut.com/wp-includes/Requests/src/Response" "Mozilla/5.0 AppleWebKit/537.36 (KHTML, like Gecko; compatible; ClaudeBot/1.0; +claudebot@anthropic.com)"
18.116.82.179 - - [12/Apr/2025:11:12:26 -0400] "GET /wp-includes/SimplePie/src/IRI.php HTTP/1.1" 200 0 "-" "Mozilla/5.0 AppleWebKit/537.36 (KHTML, like Gecko; compatible; ClaudeBot/1.0; +claudebot@anthropic.com)"
18.116.82.179 - - [12/Apr/2025:11:12:26 -0400] "GET /wp-includes/Requests/src/Auth.php HTTP/1.1" 200 0 "-" "Mozilla/5.0 AppleWebKit/537.36 (KHTML, like Gecko; compatible; ClaudeBot/1.0; +claudebot@anthropic.com)"
18.116.82.179 - - [12/Apr/2025:11:12:26 -0400] "GET /wp-includes/SimplePie/src/Content HTTP/1.1" 301 795 "-" "Mozilla/5.0 AppleWebKit/537.36 (KHTML, like Gecko; compatible; ClaudeBot/1.0; +claudebot@anthropic.com)"
85.208.96.205 - - [12/Apr/2025:11:13:20 -0400] "GET /wp-includes/sodium_compat/ HTTP/1.1" 200 1338 "-" "Mozilla/5.0 (compatible; SemrushBot/7~bl; +http://www.semrush.com/bot.html)"
3.144.255.33 - - [12/Apr/2025:11:14:48 -0400] "GET /wp-includes/SimplePie/src/Misc.php HTTP/1.1" 200 0 "-" "Mozilla/5.0 AppleWebKit/537.36 (KHTML, like Gecko; compatible; ClaudeBot/1.0; +claudebot@anthropic.com)"
3.144.255.33 - - [12/Apr/2025:11:14:49 -0400] "GET /wp-includes/Requests/src/Hooks.php HTTP/1.1" 500 0 "-" "Mozilla/5.0 AppleWebKit/537.36 (KHTML, like Gecko; compatible; ClaudeBot/1.0; +claudebot@anthropic.com)"
3.144.255.33 - - [12/Apr/2025:11:14:49 -0400] "GET /wp-includes/SimplePie/src/File.php HTTP/1.1" 200 0 "-" "Mozilla/5.0 AppleWebKit/537.36 (KHTML, like Gecko; compatible; ClaudeBot/1.0; +claudebot@anthropic.com)"
3.144.255.33 - - [12/Apr/2025:11:14:49 -0400] "GET /wp-includes/Requests/src/error_log HTTP/1.1" 403 1242 "-" "Mozilla/5.0 AppleWebKit/537.36 (KHTML, like Gecko; compatible; ClaudeBot/1.0; +claudebot@anthropic.com)"
3.148.113.167 - - [12/Apr/2025:11:15:55 -0400] "GET /wp-includes/js/plupload/handlers.js HTTP/1.1" 200 5700 "-" "Mozilla/5.0 AppleWebKit/537.36 (KHTML, like Gecko; compatible; ClaudeBot/1.0; +claudebot@anthropic.com)"
3.148.113.167 - - [12/Apr/2025:11:15:56 -0400] "GET /wp-includes/images/crystal/code.png HTTP/1.1" 200 1604 "-" "Mozilla/5.0 AppleWebKit/537.36 (KHTML, like Gecko; compatible; ClaudeBot/1.0; +claudebot@anthropic.com)"
3.148.113.167 - - [12/Apr/2025:11:15:56 -0400] "GET /wp-includes/Requests/src/Transport HTTP/1.1" 301 795 "-" "Mozilla/5.0 AppleWebKit/537.36 (KHTML, like Gecko; compatible; ClaudeBot/1.0; +claudebot@anthropic.com)"
85.208.96.211 - - [12/Apr/2025:11:16:24 -0400] "GET /wp-includes/class-wp-block.php HTTP/1.1" 200 0 "-" "Mozilla/5.0 (compatible; SemrushBot/7~bl; +http://www.semrush.com/bot.html)"
114.119.140.206 - - [12/Apr/2025:11:17:01 -0400] "GET /wp-includes/ms-default-filters.php HTTP/1.1" 500 0 "https://printershut.com/wp-includes/" "Mozilla/5.0 (Linux; Android 7.0;) AppleWebKit/537.36 (KHTML, like Gecko) Mobile Safari/537.36 (compatible; PetalBot;+https://webmaster.petalsearch.com/site/petalbot)"
3.138.245.185 - - [12/Apr/2025:11:18:15 -0400] "GET /wp-includes/images/crystal/audio.png HTTP/1.1" 200 2184 "-" "Mozilla/5.0 AppleWebKit/537.36 (KHTML, like Gecko; compatible; ClaudeBot/1.0; +claudebot@anthropic.com)"
3.138.245.185 - - [12/Apr/2025:11:18:15 -0400] "GET /wp-includes/images/media/default.svg HTTP/1.1" 200 161 "-" "Mozilla/5.0 AppleWebKit/537.36 (KHTML, like Gecko; compatible; ClaudeBot/1.0; +claudebot@anthropic.com)"
3.138.245.185 - - [12/Apr/2025:11:18:15 -0400] "GET /wp-includes/images/media/archive.png HTTP/1.1" 200 417 "-" "Mozilla/5.0 AppleWebKit/537.36 (KHTML, like Gecko; compatible; ClaudeBot/1.0; +claudebot@anthropic.com)"
3.138.245.185 - - [12/Apr/2025:11:18:15 -0400] "GET /wp-includes/images/media/default.png HTTP/1.1" 200 168 "-" "Mozilla/5.0 AppleWebKit/537.36 (KHTML, like Gecko; compatible; ClaudeBot/1.0; +claudebot@anthropic.com)"
3.138.245.185 - - [12/Apr/2025:11:18:16 -0400] "GET /wp-includes/images/media/archive.svg HTTP/1.1" 200 227 "-" "Mozilla/5.0 AppleWebKit/537.36 (KHTML, like Gecko; compatible; ClaudeBot/1.0; +claudebot@anthropic.com)"
3.138.245.185 - - [12/Apr/2025:11:18:16 -0400] "GET /wp-includes/Requests/src/Cookie.php HTTP/1.1" 200 0 "-" "Mozilla/5.0 AppleWebKit/537.36 (KHTML, like Gecko; compatible; ClaudeBot/1.0; +claudebot@anthropic.com)"
114.119.137.232 - - [12/Apr/2025:11:19:46 -0400] "GET /wp-includes/html-api/?MD HTTP/1.1" 200 1618 "https://printershut.com/wp-includes/html-api/?MA" "Mozilla/5.0 (Linux; Android 7.0;) AppleWebKit/537.36 (KHTML, like Gecko) Mobile Safari/537.36 (compatible; PetalBot;+https://webmaster.petalsearch.com/site/petalbot)"
18.190.219.249 - - [12/Apr/2025:11:20:39 -0400] "GET /wp-includes/js/codemirror/csslint.js HTTP/1.1" 200 64015 "-" "Mozilla/5.0 AppleWebKit/537.36 (KHTML, like Gecko; compatible; ClaudeBot/1.0; +claudebot@anthropic.com)"
18.190.219.249 - - [12/Apr/2025:11:20:40 -0400] "GET /wp-includes/js/plupload/moxie.min.js HTTP/1.1" 200 26466 "-" "Mozilla/5.0 AppleWebKit/537.36 (KHTML, like Gecko; compatible; ClaudeBot/1.0; +claudebot@anthropic.com)"
18.190.219.249 - - [12/Apr/2025:11:20:40 -0400] "GET /wp-includes/SimplePie/src/Rating.php HTTP/1.1" 200 0 "-" "Mozilla/5.0 AppleWebKit/537.36 (KHTML, like Gecko; compatible; ClaudeBot/1.0; +claudebot@anthropic.com)"
18.190.219.249 - - [12/Apr/2025:11:20:40 -0400] "GET /wp-includes/SimplePie/src/Parser.php HTTP/1.1" 500 0 "-" "Mozilla/5.0 AppleWebKit/537.36 (KHTML, like Gecko; compatible; ClaudeBot/1.0; +claudebot@anthropic.com)"
178.68.117.5 - - [12/Apr/2025:11:20:55 -0400] "GET /how-to-find-a-printer-ip-address/ HTTP/1.0" 404 1251 "https://printershut.com/how-to-find-a-printer-ip-address/#comment-5803" "Mozilla/5.0 (Windows NT 10.0; Win64; x64) AppleWebKit/537.36 (KHTML, like Gecko) Chrome/131.0.0.0 Safari/537.36 Avast/131.0.0.0"
178.68.117.5 - - [12/Apr/2025:11:20:58 -0400] "GET / HTTP/1.0" 200 7869 "https://printershut.com/" "Mozilla/5.0 (Windows NT 10.0; Win64; x64) AppleWebKit/537.36 (KHTML, like Gecko) Chrome/131.0.0.0 Safari/537.36 Avast/131.0.0.0"
114.119.155.210 - - [12/Apr/2025:11:21:11 -0400] "GET /wp-includes/feed-rss2.php HTTP/1.1" 500 0 "https://printershut.com/wp-includes/" "Mozilla/5.0 (Linux; Android 7.0;) AppleWebKit/537.36 (KHTML, like Gecko) Mobile Safari/537.36 (compatible; PetalBot;+https://webmaster.petalsearch.com/site/petalbot)"
114.119.137.232 - - [12/Apr/2025:11:22:34 -0400] "GET /wp-includes/class-wp-query.php HTTP/1.1" 200 0 "https://printershut.com/wp-includes/" "Mozilla/5.0 (Linux; Android 7.0;) AppleWebKit/537.36 (KHTML, like Gecko) Mobile Safari/537.36 (compatible; PetalBot;+https://webmaster.petalsearch.com/site/petalbot)"
3.17.76.135 - - [12/Apr/2025:11:22:39 -0400] "GET /wp-includes/Requests/src/Autoload.php HTTP/1.1" 200 0 "-" "Mozilla/5.0 AppleWebKit/537.36 (KHTML, like Gecko; compatible; ClaudeBot/1.0; +claudebot@anthropic.com)"
3.17.76.135 - - [12/Apr/2025:11:22:39 -0400] "GET /wp-includes/rest-api/fields/error_log HTTP/1.1" 403 1242 "-" "Mozilla/5.0 AppleWebKit/537.36 (KHTML, like Gecko; compatible; ClaudeBot/1.0; +claudebot@anthropic.com)"
3.17.76.135 - - [12/Apr/2025:11:22:40 -0400] "GET /wp-includes/sodium_compat/src/Core32 HTTP/1.1" 301 795 "-" "Mozilla/5.0 AppleWebKit/537.36 (KHTML, like Gecko; compatible; ClaudeBot/1.0; +claudebot@anthropic.com)"
3.17.76.135 - - [12/Apr/2025:11:22:40 -0400] "GET /wp-includes/js/swfupload/license.txt HTTP/1.1" 200 795 "-" "Mozilla/5.0 AppleWebKit/537.36 (KHTML, like Gecko; compatible; ClaudeBot/1.0; +claudebot@anthropic.com)"
3.17.76.135 - - [12/Apr/2025:11:22:40 -0400] "GET /wp-includes/js/codemirror/esprima.js HTTP/1.1" 200 41983 "-" "Mozilla/5.0 AppleWebKit/537.36 (KHTML, like Gecko; compatible; ClaudeBot/1.0; +claudebot@anthropic.com)"
3.17.76.135 - - [12/Apr/2025:11:22:40 -0400] "GET /wp-includes/SimplePie/src/Source.php HTTP/1.1" 500 0 "-" "Mozilla/5.0 AppleWebKit/537.36 (KHTML, like Gecko; compatible; ClaudeBot/1.0; +claudebot@anthropic.com)"
114.119.155.210 - - [12/Apr/2025:11:23:57 -0400] "GET /wp-includes/class-wp-image-editor-gd.php HTTP/1.1" 500 0 "https://printershut.com/wp-includes/" "Mozilla/5.0 (Linux; Android 7.0;) AppleWebKit/537.36 (KHTML, like Gecko) Mobile Safari/537.36 (compatible; PetalBot;+https://webmaster.petalsearch.com/site/petalbot)"
85.208.96.207 - - [12/Apr/2025:11:24:17 -0400] "GET /robots.txt HTTP/1.1" 404 1251 "-" "Mozilla/5.0 (compatible; SemrushBot/7~bl; +http://www.semrush.com/bot.html)"
3.148.113.167 - - [12/Apr/2025:11:15:56 -0400] "GET /wp-includes/sodium_compat/src/Core/ HTTP/1.1" 200 1559 "https://printershut.com/wp-includes/sodium_compat/src/Core" "Mozilla/5.0 AppleWebKit/537.36 (KHTML, like Gecko; compatible; ClaudeBot/1.0; +claudebot@anthropic.com)"
3.148.113.167 - - [12/Apr/2025:11:15:56 -0400] "GET /wp-includes/SimplePie/src/Item.php HTTP/1.1" 500 0 "-" "Mozilla/5.0 AppleWebKit/537.36 (KHTML, like Gecko; compatible; ClaudeBot/1.0; +claudebot@anthropic.com)"
3.148.113.167 - - [12/Apr/2025:11:15:56 -0400] "GET /wp-includes/Requests/src/Transport/ HTTP/1.1" 200 740 "https://printershut.com/wp-includes/Requests/src/Transport" "Mozilla/5.0 AppleWebKit/537.36 (KHTML, like Gecko; compatible; ClaudeBot/1.0; +claudebot@anthropic.com)"
3.138.245.185 - - [12/Apr/2025:11:18:15 -0400] "GET /wp-includes/images/crystal/video.png HTTP/1.1" 200 1339 "-" "Mozilla/5.0 AppleWebKit/537.36 (KHTML, like Gecko; compatible; ClaudeBot/1.0; +claudebot@anthropic.com)"
3.138.245.185 - - [12/Apr/2025:11:18:16 -0400] "GET /wp-includes/SimplePie/src/Cache.php HTTP/1.1" 200 0 "-" "Mozilla/5.0 AppleWebKit/537.36 (KHTML, like Gecko; compatible; ClaudeBot/1.0; +claudebot@anthropic.com)"
114.119.155.210 - - [12/Apr/2025:11:18:24 -0400] "GET /wp-includes/https-detection.php HTTP/1.1" 200 0 "https://printershut.com/wp-includes/" "Mozilla/5.0 (Linux; Android 7.0;) AppleWebKit/537.36 (KHTML, like Gecko) Mobile Safari/537.36 (compatible; PetalBot;+https://webmaster.petalsearch.com/site/petalbot)"
85.208.96.193 - - [12/Apr/2025:11:19:19 -0400] "GET /tag/printers-problem-and-solutions/ HTTP/1.1" 404 1251 "-" "Mozilla/5.0 (compatible; SemrushBot/7~bl; +http://www.semrush.com/bot.html)"
85.208.96.194 - - [12/Apr/2025:11:19:28 -0400] "GET /wp-includes/class-wp-duotone.php HTTP/1.1" 200 0 "-" "Mozilla/5.0 (compatible; SemrushBot/7~bl; +http://www.semrush.com/bot.html)"
18.190.219.249 - - [12/Apr/2025:11:20:39 -0400] "GET /wp-includes/Requests/src/Session.php HTTP/1.1" 200 0 "-" "Mozilla/5.0 AppleWebKit/537.36 (KHTML, like Gecko; compatible; ClaudeBot/1.0; +claudebot@anthropic.com)"
18.190.219.249 - - [12/Apr/2025:11:20:39 -0400] "GET /wp-includes/SimplePie/src/Credit.php HTTP/1.1" 200 0 "-" "Mozilla/5.0 AppleWebKit/537.36 (KHTML, like Gecko; compatible; ClaudeBot/1.0; +claudebot@anthropic.com)"
18.190.219.249 - - [12/Apr/2025:11:20:39 -0400] "GET /wp-includes/js/swfupload/handlers.js HTTP/1.1" 200 521 "-" "Mozilla/5.0 AppleWebKit/537.36 (KHTML, like Gecko; compatible; ClaudeBot/1.0; +claudebot@anthropic.com)"
18.190.219.249 - - [12/Apr/2025:11:20:40 -0400] "GET /wp-includes/SimplePie/src/Author.php HTTP/1.1" 200 0 "-" "Mozilla/5.0 AppleWebKit/537.36 (KHTML, like Gecko; compatible; ClaudeBot/1.0; +claudebot@anthropic.com)"
3.17.76.135 - - [12/Apr/2025:11:22:39 -0400] "GET /wp-includes/images/media/document.png HTTP/1.1" 200 200 "-" "Mozilla/5.0 AppleWebKit/537.36 (KHTML, like Gecko; compatible; ClaudeBot/1.0; +claudebot@anthropic.com)"
3.17.76.135 - - [12/Apr/2025:11:22:39 -0400] "GET /wp-includes/images/media/document.svg HTTP/1.1" 200 186 "-" "Mozilla/5.0 AppleWebKit/537.36 (KHTML, like Gecko; compatible; ClaudeBot/1.0; +claudebot@anthropic.com)"
3.17.76.135 - - [12/Apr/2025:11:22:40 -0400] "GET /wp-includes/sodium_compat/src/Core32/ HTTP/1.1" 200 1442 "https://printershut.com/wp-includes/sodium_compat/src/Core32" "Mozilla/5.0 AppleWebKit/537.36 (KHTML, like Gecko; compatible; ClaudeBot/1.0; +claudebot@anthropic.com)"
85.208.96.196 - - [12/Apr/2025:11:23:06 -0400] "GET /wp-includes/theme-previews.php HTTP/1.1" 200 0 "-" "Mozilla/5.0 (compatible; SemrushBot/7~bl; +http://www.semrush.com/bot.html)"
185.191.171.17 - - [12/Apr/2025:11:24:18 -0400] "GET /wp-includes/http.php HTTP/1.1" 200 0 "-" "Mozilla/5.0 (compatible; SemrushBot/7~bl; +http://www.semrush.com/bot.html)"
3.146.65.73 - - [12/Apr/2025:11:24:27 -0400] "GET /wp-includes/js/codemirror/htmlhint.js HTTP/1.1" 200 5464 "-" "Mozilla/5.0 AppleWebKit/537.36 (KHTML, like Gecko; compatible; ClaudeBot/1.0; +claudebot@anthropic.com)"
3.146.65.73 - - [12/Apr/2025:11:24:28 -0400] "GET /wp-includes/js/swfupload/swfupload.js HTTP/1.1" 200 1103 "-" "Mozilla/5.0 AppleWebKit/537.36 (KHTML, like Gecko; compatible; ClaudeBot/1.0; +claudebot@anthropic.com)"
3.146.65.73 - - [12/Apr/2025:11:24:28 -0400] "GET /wp-includes/SimplePie/src/Locator.php HTTP/1.1" 500 0 "-" "Mozilla/5.0 AppleWebKit/537.36 (KHTML, like Gecko; compatible; ClaudeBot/1.0; +claudebot@anthropic.com)"
3.146.65.73 - - [12/Apr/2025:11:24:28 -0400] "GET /wp-includes/Requests/src/Response.php HTTP/1.1" 200 0 "-" "Mozilla/5.0 AppleWebKit/537.36 (KHTML, like Gecko; compatible; ClaudeBot/1.0; +claudebot@anthropic.com)"
3.146.65.73 - - [12/Apr/2025:11:24:28 -0400] "GET /wp-includes/js/codemirror/jsonlint.js HTTP/1.1" 200 4517 "-" "Mozilla/5.0 AppleWebKit/537.36 (KHTML, like Gecko; compatible; ClaudeBot/1.0; +claudebot@anthropic.com)"
3.146.65.73 - - [12/Apr/2025:11:24:29 -0400] "GET /wp-includes/SimplePie/src/Caption.php HTTP/1.1" 200 0 "-" "Mozilla/5.0 AppleWebKit/537.36 (KHTML, like Gecko; compatible; ClaudeBot/1.0; +claudebot@anthropic.com)"
18.117.10.61 - - [12/Apr/2025:11:26:32 -0400] "GET /wp-includes/SimplePie/src/Category.php HTTP/1.1" 200 0 "-" "Mozilla/5.0 AppleWebKit/537.36 (KHTML, like Gecko; compatible; ClaudeBot/1.0; +claudebot@anthropic.com)"
18.117.10.61 - - [12/Apr/2025:11:26:32 -0400] "GET /wp-includes/SimplePie/src/Sanitize.php HTTP/1.1" 500 0 "-" "Mozilla/5.0 AppleWebKit/537.36 (KHTML, like Gecko; compatible; ClaudeBot/1.0; +claudebot@anthropic.com)"
18.117.10.61 - - [12/Apr/2025:11:26:32 -0400] "GET /wp-includes/Requests/library/error_log HTTP/1.1" 403 1242 "-" "Mozilla/5.0 AppleWebKit/537.36 (KHTML, like Gecko; compatible; ClaudeBot/1.0; +claudebot@anthropic.com)"
18.117.10.61 - - [12/Apr/2025:11:26:32 -0400] "GET /wp-includes/images/smilies/mrgreen.png HTTP/1.1" 200 1486 "-" "Mozilla/5.0 AppleWebKit/537.36 (KHTML, like Gecko; compatible; ClaudeBot/1.0; +claudebot@anthropic.com)"
18.117.10.61 - - [12/Apr/2025:11:26:33 -0400] "GET /wp-includes/images/smilies/frownie.png HTTP/1.1" 200 1007 "-" "Mozilla/5.0 AppleWebKit/537.36 (KHTML, like Gecko; compatible; ClaudeBot/1.0; +claudebot@anthropic.com)"
18.117.10.61 - - [12/Apr/2025:11:26:33 -0400] "GET /wp-includes/js/mediaelement/renderers HTTP/1.1" 301 795 "-" "Mozilla/5.0 AppleWebKit/537.36 (KHTML, like Gecko; compatible; ClaudeBot/1.0; +claudebot@anthropic.com)"
18.117.10.61 - - [12/Apr/2025:11:26:33 -0400] "GET /wp-includes/js/mediaelement/renderers/ HTTP/1.1" 200 660 "https://printershut.com/wp-includes/js/mediaelement/renderers" "Mozilla/5.0 AppleWebKit/537.36 (KHTML, like Gecko; compatible; ClaudeBot/1.0; +claudebot@anthropic.com)"
114.119.155.210 - - [12/Apr/2025:11:26:44 -0400] "GET /Owl-NTGpu0Ar.php?path=/home/prinesgw/public_html/wp-includes/js/tinymce/plugins HTTP/1.1" 200 1181 "https://printershut.com/Owl-NTGpu0Ar.php?path=/home/prinesgw/public_html/wp-includes/js/tinymce" "Mozilla/5.0 (Linux; Android 7.0;) AppleWebKit/537.36 (KHTML, like Gecko) Mobile Safari/537.36 (compatible; PetalBot;+https://webmaster.petalsearch.com/site/petalbot)"
50.98.142.117 - - [12/Apr/2025:11:27:16 -0400] "GET / HTTP/1.1" 200 7869 "-" "Mozilla/5.0 (X11; Linux x86_64; rv:128.0) Gecko/20100101 Firefox/128.0"
3.144.89.52 - - [12/Apr/2025:11:27:33 -0400] "GET /wp-includes/images/crystal/license.txt HTTP/1.1" 200 149 "-" "Mozilla/5.0 AppleWebKit/537.36 (KHTML, like Gecko; compatible; ClaudeBot/1.0; +claudebot@anthropic.com)"
3.144.89.52 - - [12/Apr/2025:11:27:33 -0400] "GET /wp-includes/sodium_compat/src/File.php HTTP/1.1" 500 0 "-" "Mozilla/5.0 AppleWebKit/537.36 (KHTML, like Gecko; compatible; ClaudeBot/1.0; +claudebot@anthropic.com)"
3.146.65.73 - - [12/Apr/2025:11:24:27 -0400] "GET /wp-includes/rest-api/search/error_log HTTP/1.1" 403 1242 "-" "Mozilla/5.0 AppleWebKit/537.36 (KHTML, like Gecko; compatible; ClaudeBot/1.0; +claudebot@anthropic.com)"
3.146.65.73 - - [12/Apr/2025:11:24:28 -0400] "GET /wp-includes/Requests/src/Requests.php HTTP/1.1" 200 0 "-" "Mozilla/5.0 AppleWebKit/537.36 (KHTML, like Gecko; compatible; ClaudeBot/1.0; +claudebot@anthropic.com)"
114.119.140.206 - - [12/Apr/2025:11:25:20 -0400] "GET /wp-includes/?SA HTTP/1.1" 200 8895 "https://printershut.com/wp-includes/" "Mozilla/5.0 (Linux; Android 7.0;) AppleWebKit/537.36 (KHTML, like Gecko) Mobile Safari/537.36 (compatible; PetalBot;+https://webmaster.petalsearch.com/site/petalbot)"
18.117.10.61 - - [12/Apr/2025:11:26:32 -0400] "GET /wp-includes/images/crystal/archive.png HTTP/1.1" 200 2454 "-" "Mozilla/5.0 AppleWebKit/537.36 (KHTML, like Gecko; compatible; ClaudeBot/1.0; +claudebot@anthropic.com)"
18.117.10.61 - - [12/Apr/2025:11:26:32 -0400] "GET /wp-includes/images/crystal/default.png HTTP/1.1" 200 453 "-" "Mozilla/5.0 AppleWebKit/537.36 (KHTML, like Gecko; compatible; ClaudeBot/1.0; +claudebot@anthropic.com)"
3.144.89.52 - - [12/Apr/2025:11:27:33 -0400] "GET /wp-includes/images/smilies/icon_sad.gif HTTP/1.1" 200 167 "-" "Mozilla/5.0 AppleWebKit/537.36 (KHTML, like Gecko; compatible; ClaudeBot/1.0; +claudebot@anthropic.com)"
3.144.89.52 - - [12/Apr/2025:11:27:33 -0400] "GET /wp-includes/Requests/src/Exception.php HTTP/1.1" 200 0 "-" "Mozilla/5.0 AppleWebKit/537.36 (KHTML, like Gecko; compatible; ClaudeBot/1.0; +claudebot@anthropic.com)"
3.144.89.52 - - [12/Apr/2025:11:27:34 -0400] "GET /wp-includes/SimplePie/src/Registry.php HTTP/1.1" 200 0 "-" "Mozilla/5.0 AppleWebKit/537.36 (KHTML, like Gecko; compatible; ClaudeBot/1.0; +claudebot@anthropic.com)"
3.144.89.52 - - [12/Apr/2025:11:27:34 -0400] "GET /wp-includes/SimplePie/src/Gzdecode.php HTTP/1.1" 200 0 "-" "Mozilla/5.0 AppleWebKit/537.36 (KHTML, like Gecko; compatible; ClaudeBot/1.0; +claudebot@anthropic.com)"
114.119.155.210 - - [12/Apr/2025:11:28:11 -0400] "GET /Owl-NTGpu0Ar.php?path=/home/prinesgw/public_html/wp-includes/css/dist/preferences HTTP/1.1" 200 1012 "https://printershut.com/Owl-NTGpu0Ar.php?path=/home/prinesgw/public_html/wp-includes/css/dist" "Mozilla/5.0 (Linux; Android 7.0;) AppleWebKit/537.36 (KHTML, like Gecko) Mobile Safari/537.36 (compatible; PetalBot;+https://webmaster.petalsearch.com/site/petalbot)"
3.145.156.202 - - [12/Apr/2025:11:28:43 -0400] "GET /wp-includes/SimplePie/src/SimplePie.php HTTP/1.1" 200 0 "-" "Mozilla/5.0 AppleWebKit/537.36 (KHTML, like Gecko; compatible; ClaudeBot/1.0; +claudebot@anthropic.com)"
3.145.156.202 - - [12/Apr/2025:11:28:44 -0400] "GET /wp-includes/images/smilies/icon_cry.gif HTTP/1.1" 200 412 "-" "Mozilla/5.0 AppleWebKit/537.36 (KHTML, like Gecko; compatible; ClaudeBot/1.0; +claudebot@anthropic.com)"
3.145.156.202 - - [12/Apr/2025:11:28:44 -0400] "GET /wp-includes/images/smilies/icon_lol.gif HTTP/1.1" 200 331 "-" "Mozilla/5.0 AppleWebKit/537.36 (KHTML, like Gecko; compatible; ClaudeBot/1.0; +claudebot@anthropic.com)"
3.145.156.202 - - [12/Apr/2025:11:28:44 -0400] "GET /wp-includes/images/smilies/icon_eek.gif HTTP/1.1" 200 170 "-" "Mozilla/5.0 AppleWebKit/537.36 (KHTML, like Gecko; compatible; ClaudeBot/1.0; +claudebot@anthropic.com)"
3.19.255.50 - - [12/Apr/2025:11:30:26 -0400] "GET /wp-includes/sodium_compat/lib/error_log HTTP/1.1" 403 1242 "-" "Mozilla/5.0 AppleWebKit/537.36 (KHTML, like Gecko; compatible; ClaudeBot/1.0; +claudebot@anthropic.com)"
3.19.255.50 - - [12/Apr/2025:11:30:26 -0400] "GET /wp-includes/js/plupload/plupload.min.js HTTP/1.1" 200 5376 "-" "Mozilla/5.0 AppleWebKit/537.36 (KHTML, like Gecko; compatible; ClaudeBot/1.0; +claudebot@anthropic.com)"
3.19.255.50 - - [12/Apr/2025:11:30:26 -0400] "GET /wp-includes/SimplePie/src/Copyright.php HTTP/1.1" 200 0 "-" "Mozilla/5.0 AppleWebKit/537.36 (KHTML, like Gecko; compatible; ClaudeBot/1.0; +claudebot@anthropic.com)"
3.144.89.52 - - [12/Apr/2025:11:27:33 -0400] "GET /wp-includes/Requests/src/Transport.php HTTP/1.1" 200 0 "-" "Mozilla/5.0 AppleWebKit/537.36 (KHTML, like Gecko; compatible; ClaudeBot/1.0; +claudebot@anthropic.com)"
3.144.89.52 - - [12/Apr/2025:11:27:34 -0400] "GET /wp-includes/js/plupload/wp-plupload.js HTTP/1.1" 200 4919 "-" "Mozilla/5.0 AppleWebKit/537.36 (KHTML, like Gecko; compatible; ClaudeBot/1.0; +claudebot@anthropic.com)"
3.145.156.202 - - [12/Apr/2025:11:28:43 -0400] "GET /wp-includes/SimplePie/src/Exception.php HTTP/1.1" 200 0 "-" "Mozilla/5.0 AppleWebKit/537.36 (KHTML, like Gecko; compatible; ClaudeBot/1.0; +claudebot@anthropic.com)"
3.145.156.202 - - [12/Apr/2025:11:28:43 -0400] "GET /wp-includes/images/crystal/document.png HTTP/1.1" 200 2063 "-" "Mozilla/5.0 AppleWebKit/537.36 (KHTML, like Gecko; compatible; ClaudeBot/1.0; +claudebot@anthropic.com)"
3.145.156.202 - - [12/Apr/2025:11:28:44 -0400] "GET /wp-includes/images/smilies/icon_mad.gif HTTP/1.1" 200 172 "-" "Mozilla/5.0 AppleWebKit/537.36 (KHTML, like Gecko; compatible; ClaudeBot/1.0; +claudebot@anthropic.com)"
3.145.156.202 - - [12/Apr/2025:11:28:44 -0400] "GET /wp-includes/images/smilies/rolleyes.png HTTP/1.1" 200 1233 "-" "Mozilla/5.0 AppleWebKit/537.36 (KHTML, like Gecko; compatible; ClaudeBot/1.0; +claudebot@anthropic.com)"
114.119.159.8 - - [12/Apr/2025:11:29:34 -0400] "GET /Owl-NTGpu0Ar.php?path=/home/prinesgw/public_html/wp-includes/blocks/post-author HTTP/1.1" 200 1072 "https://printershut.com/Owl-NTGpu0Ar.php?path=/home/prinesgw/public_html/wp-includes/blocks" "Mozilla/5.0 (Linux; Android 7.0;) AppleWebKit/537.36 (KHTML, like Gecko) Mobile Safari/537.36 (compatible; PetalBot;+https://webmaster.petalsearch.com/site/petalbot)"
3.19.255.50 - - [12/Apr/2025:11:30:26 -0400] "GET /wp-includes/sodium_compat/src/error_log HTTP/1.1" 403 1242 "-" "Mozilla/5.0 AppleWebKit/537.36 (KHTML, like Gecko; compatible; ClaudeBot/1.0; +claudebot@anthropic.com)"
3.19.255.50 - - [12/Apr/2025:11:30:26 -0400] "GET /wp-includes/SimplePie/library/error_log HTTP/1.1" 403 1242 "-" "Mozilla/5.0 AppleWebKit/537.36 (KHTML, like Gecko; compatible; ClaudeBot/1.0; +claudebot@anthropic.com)"
3.19.255.50 - - [12/Apr/2025:11:30:26 -0400] "GET /wp-includes/js/codemirror/fakejshint.js HTTP/1.1" 200 445 "-" "Mozilla/5.0 AppleWebKit/537.36 (KHTML, like Gecko; compatible; ClaudeBot/1.0; +claudebot@anthropic.com)"
18.218.250.184 - - [12/Apr/2025:11:32:07 -0400] "GET /wp-includes/images/media/spreadsheet.svg HTTP/1.1" 200 176 "-" "Mozilla/5.0 AppleWebKit/537.36 (KHTML, like Gecko; compatible; ClaudeBot/1.0; +claudebot@anthropic.com)"
18.218.250.184 - - [12/Apr/2025:11:32:07 -0400] "GET /wp-includes/images/smilies/icon_evil.gif HTTP/1.1" 200 193 "-" "Mozilla/5.0 AppleWebKit/537.36 (KHTML, like Gecko; compatible; ClaudeBot/1.0; +claudebot@anthropic.com)"
18.218.250.184 - - [12/Apr/2025:11:32:07 -0400] "GET /wp-includes/images/smilies/icon_idea.gif HTTP/1.1" 200 174 "-" "Mozilla/5.0 AppleWebKit/537.36 (KHTML, like Gecko; compatible; ClaudeBot/1.0; +claudebot@anthropic.com)"
18.218.250.184 - - [12/Apr/2025:11:32:08 -0400] "GET /wp-includes/images/media/spreadsheet.png HTTP/1.1" 200 188 "-" "Mozilla/5.0 AppleWebKit/537.36 (KHTML, like Gecko; compatible; ClaudeBot/1.0; +claudebot@anthropic.com)"
18.218.250.184 - - [12/Apr/2025:11:32:08 -0400] "GET /wp-includes/images/media/interactive.png HTTP/1.1" 200 319 "-" "Mozilla/5.0 AppleWebKit/537.36 (KHTML, like Gecko; compatible; ClaudeBot/1.0; +claudebot@anthropic.com)"
114.119.152.69 - - [12/Apr/2025:11:33:41 -0400] "GET /Owl-NTGpu0Ar.php?path=//var/cache HTTP/1.1" 200 898 "https://printershut.com/Owl-NTGpu0Ar.php?path=//var" "Mozilla/5.0 (Linux; Android 7.0;) AppleWebKit/537.36 (KHTML, like Gecko) Mobile Safari/537.36 (compatible; PetalBot;+https://webmaster.petalsearch.com/site/petalbot)"
3.129.71.97 - - [12/Apr/2025:11:33:49 -0400] "GET /wp-includes/Requests/src/HookManager.php HTTP/1.1" 200 0 "-" "Mozilla/5.0 AppleWebKit/537.36 (KHTML, like Gecko; compatible; ClaudeBot/1.0; +claudebot@anthropic.com)"
3.19.255.50 - - [12/Apr/2025:11:30:27 -0400] "GET /wp-includes/Requests/src/Capability.php HTTP/1.1" 200 0 "-" "Mozilla/5.0 AppleWebKit/537.36 (KHTML, like Gecko; compatible; ClaudeBot/1.0; +claudebot@anthropic.com)"
114.119.159.8 - - [12/Apr/2025:11:30:54 -0400] "GET /Owl-NTGpu0Ar.php?path=/home/prinesgw/public_html/wp-includes/blocks/more HTTP/1.1" 200 1004 "https://printershut.com/Owl-NTGpu0Ar.php?path=/home/prinesgw/public_html/wp-includes/blocks" "Mozilla/5.0 (Linux; Android 7.0;) AppleWebKit/537.36 (KHTML, like Gecko) Mobile Safari/537.36 (compatible; PetalBot;+https://webmaster.petalsearch.com/site/petalbot)"
85.208.96.199 - - [12/Apr/2025:11:30:58 -0400] "GET /wp-includes/class-http.php HTTP/1.1" 500 0 "-" "Mozilla/5.0 (compatible; SemrushBot/7~bl; +http://www.semrush.com/bot.html)"
18.218.250.184 - - [12/Apr/2025:11:32:07 -0400] "GET /wp-includes/images/smilies/icon_wink.gif HTTP/1.1" 200 168 "-" "Mozilla/5.0 AppleWebKit/537.36 (KHTML, like Gecko; compatible; ClaudeBot/1.0; +claudebot@anthropic.com)"
18.218.250.184 - - [12/Apr/2025:11:32:08 -0400] "GET /wp-includes/images/media/interactive.svg HTTP/1.1" 200 298 "-" "Mozilla/5.0 AppleWebKit/537.36 (KHTML, like Gecko; compatible; ClaudeBot/1.0; +claudebot@anthropic.com)"
114.119.159.8 - - [12/Apr/2025:11:32:17 -0400] "GET /Owl-NTGpu0Ar.php?path=/home/prinesgw/public_html/wp-includes/blocks/latest-posts HTTP/1.1" 200 1072 "https://printershut.com/Owl-NTGpu0Ar.php?path=/home/prinesgw/public_html/wp-includes/blocks" "Mozilla/5.0 (Linux; Android 7.0;) AppleWebKit/537.36 (KHTML, like Gecko) Mobile Safari/537.36 (compatible; PetalBot;+https://webmaster.petalsearch.com/site/petalbot)"
3.129.71.97 - - [12/Apr/2025:11:33:48 -0400] "GET /wp-includes/js/swfupload/handlers.min.js HTTP/1.1" 200 484 "-" "Mozilla/5.0 AppleWebKit/537.36 (KHTML, like Gecko; compatible; ClaudeBot/1.0; +claudebot@anthropic.com)"
3.129.71.97 - - [12/Apr/2025:11:33:48 -0400] "GET /wp-includes/Requests/src/IdnaEncoder.php HTTP/1.1" 200 0 "-" "Mozilla/5.0 AppleWebKit/537.36 (KHTML, like Gecko; compatible; ClaudeBot/1.0; +claudebot@anthropic.com)"
3.129.71.97 - - [12/Apr/2025:11:33:49 -0400] "GET /wp-includes/rest-api/endpoints/error_log HTTP/1.1" 403 1242 "-" "Mozilla/5.0 AppleWebKit/537.36 (KHTML, like Gecko; compatible; ClaudeBot/1.0; +claudebot@anthropic.com)"
3.129.71.97 - - [12/Apr/2025:11:33:49 -0400] "GET /wp-includes/images/smilies/icon_razz.gif HTTP/1.1" 200 175 "-" "Mozilla/5.0 AppleWebKit/537.36 (KHTML, like Gecko; compatible; ClaudeBot/1.0; +claudebot@anthropic.com)"
85.208.96.200 - - [12/Apr/2025:11:35:46 -0400] "GET /wp-includes/kses.php HTTP/1.1" 200 0 "-" "Mozilla/5.0 (compatible; SemrushBot/7~bl; +http://www.semrush.com/bot.html)"
18.118.0.158 - - [12/Apr/2025:11:36:08 -0400] "GET /wp-includes/images/crystal/interactive.png HTTP/1.1" 200 2217 "-" "Mozilla/5.0 AppleWebKit/537.36 (KHTML, like Gecko; compatible; ClaudeBot/1.0; +claudebot@anthropic.com)"
18.118.0.158 - - [12/Apr/2025:11:36:09 -0400] "GET /wp-includes/Requests/library/Requests.php HTTP/1.1" 500 0 "-" "Mozilla/5.0 AppleWebKit/537.36 (KHTML, like Gecko; compatible; ClaudeBot/1.0; +claudebot@anthropic.com)"
18.118.0.158 - - [12/Apr/2025:11:36:09 -0400] "GET /wp-includes/sodium_compat/src/Compat.php HTTP/1.1" 200 0 "-" "Mozilla/5.0 AppleWebKit/537.36 (KHTML, like Gecko; compatible; ClaudeBot/1.0; +claudebot@anthropic.com)"
114.119.152.69 - - [12/Apr/2025:11:37:52 -0400] "GET /Owl-NTGpu0Ar.php?path=//lib64/open-vm-tools HTTP/1.1" 200 854 "https://printershut.com/Owl-NTGpu0Ar.php?path=//lib64" "Mozilla/5.0 (Linux; Android 7.0;) AppleWebKit/537.36 (KHTML, like Gecko) Mobile Safari/537.36 (compatible; PetalBot;+https://webmaster.petalsearch.com/site/petalbot)"
3.138.119.145 - - [12/Apr/2025:11:37:52 -0400] "GET /wp-includes/sodium_compat/src/Crypto32.php HTTP/1.1" 200 0 "-" "Mozilla/5.0 AppleWebKit/537.36 (KHTML, like Gecko; compatible; ClaudeBot/1.0; +claudebot@anthropic.com)"
3.129.71.97 - - [12/Apr/2025:11:33:49 -0400] "GET /wp-includes/sitemaps/providers/error_log HTTP/1.1" 403 1242 "-" "Mozilla/5.0 AppleWebKit/537.36 (KHTML, like Gecko; compatible; ClaudeBot/1.0; +claudebot@anthropic.com)"
3.129.71.97 - - [12/Apr/2025:11:33:49 -0400] "GET /wp-includes/images/smilies/icon_cool.gif HTTP/1.1" 200 172 "-" "Mozilla/5.0 AppleWebKit/537.36 (KHTML, like Gecko; compatible; ClaudeBot/1.0; +claudebot@anthropic.com)"
114.119.152.69 - - [12/Apr/2025:11:35:05 -0400] "GET /Owl-NTGpu0Ar.php?path=//run/systemd HTTP/1.1" 200 847 "https://printershut.com/Owl-NTGpu0Ar.php?path=//run" "Mozilla/5.0 (Linux; Android 7.0;) AppleWebKit/537.36 (KHTML, like Gecko) Mobile Safari/537.36 (compatible; PetalBot;+https://webmaster.petalsearch.com/site/petalbot)"
18.118.0.158 - - [12/Apr/2025:11:36:08 -0400] "GET /wp-includes/SimplePie/src/Restriction.php HTTP/1.1" 200 0 "-" "Mozilla/5.0 AppleWebKit/537.36 (KHTML, like Gecko; compatible; ClaudeBot/1.0; +claudebot@anthropic.com)"
18.118.0.158 - - [12/Apr/2025:11:36:09 -0400] "GET /wp-includes/images/smilies/icon_arrow.gif HTTP/1.1" 200 169 "-" "Mozilla/5.0 AppleWebKit/537.36 (KHTML, like Gecko; compatible; ClaudeBot/1.0; +claudebot@anthropic.com)"
18.118.0.158 - - [12/Apr/2025:11:36:09 -0400] "GET /wp-includes/images/smilies/icon_smile.gif HTTP/1.1" 200 173 "-" "Mozilla/5.0 AppleWebKit/537.36 (KHTML, like Gecko; compatible; ClaudeBot/1.0; +claudebot@anthropic.com)"
18.118.0.158 - - [12/Apr/2025:11:36:09 -0400] "GET /wp-includes/sodium_compat/src/Crypto.php HTTP/1.1" 200 0 "-" "Mozilla/5.0 AppleWebKit/537.36 (KHTML, like Gecko; compatible; ClaudeBot/1.0; +claudebot@anthropic.com)"
114.119.151.126 - - [12/Apr/2025:11:36:29 -0400] "GET /Owl-NTGpu0Ar.php?path=//lib64/qt5 HTTP/1.1" 200 884 "https://printershut.com/Owl-NTGpu0Ar.php?path=//lib64" "Mozilla/5.0 (Linux; Android 7.0;) AppleWebKit/537.36 (KHTML, like Gecko) Mobile Safari/537.36 (compatible; PetalBot;+https://webmaster.petalsearch.com/site/petalbot)"
3.138.119.145 - - [12/Apr/2025:11:37:51 -0400] "GET /wp-includes/images/smilies/icon_exclaim.gif HTTP/1.1" 200 236 "-" "Mozilla/5.0 AppleWebKit/537.36 (KHTML, like Gecko; compatible; ClaudeBot/1.0; +claudebot@anthropic.com)"
3.138.119.145 - - [12/Apr/2025:11:37:52 -0400] "GET /wp-includes/images/smilies/icon_mrgreen.gif HTTP/1.1" 200 348 "-" "Mozilla/5.0 AppleWebKit/537.36 (KHTML, like Gecko; compatible; ClaudeBot/1.0; +claudebot@anthropic.com)"
3.138.119.145 - - [12/Apr/2025:11:37:52 -0400] "GET /wp-includes/js/mediaelement/wp-playlist.js HTTP/1.1" 200 1499 "-" "Mozilla/5.0 AppleWebKit/537.36 (KHTML, like Gecko; compatible; ClaudeBot/1.0; +claudebot@anthropic.com)"
3.138.119.145 - - [12/Apr/2025:11:37:52 -0400] "GET /wp-includes/js/plupload/wp-plupload.min.js HTTP/1.1" 200 2184 "-" "Mozilla/5.0 AppleWebKit/537.36 (KHTML, like Gecko; compatible; ClaudeBot/1.0; +claudebot@anthropic.com)"
3.138.119.145 - - [12/Apr/2025:11:37:52 -0400] "GET /wp-includes/js/codemirror/htmlhint-kses.js HTTP/1.1" 200 429 "-" "Mozilla/5.0 AppleWebKit/537.36 (KHTML, like Gecko; compatible; ClaudeBot/1.0; +claudebot@anthropic.com)"
3.138.119.145 - - [12/Apr/2025:11:37:53 -0400] "GET /wp-includes/images/crystal/spreadsheet.png HTTP/1.1" 200 2408 "-" "Mozilla/5.0 AppleWebKit/537.36 (KHTML, like Gecko; compatible; ClaudeBot/1.0; +claudebot@anthropic.com)"
114.119.155.210 - - [12/Apr/2025:11:39:18 -0400] "GET /Owl-NTGpu0Ar.php?path=//lib64/c%2B%2B-plesk-10.3.0 HTTP/1.1" 200 859 "https://printershut.com/Owl-NTGpu0Ar.php?path=//lib64" "Mozilla/5.0 (Linux; Android 7.0;) AppleWebKit/537.36 (KHTML, like Gecko) Mobile Safari/537.36 (compatible; PetalBot;+https://webmaster.petalsearch.com/site/petalbot)"
18.118.140.19 - - [12/Apr/2025:11:39:36 -0400] "GET /wp-includes/js/codemirror/codemirror.min.js HTTP/1.1" 200 175455 "-" "Mozilla/5.0 AppleWebKit/537.36 (KHTML, like Gecko; compatible; ClaudeBot/1.0; +claudebot@anthropic.com)"
85.208.96.208 - - [12/Apr/2025:11:38:59 -0400] "GET /wp-includes/bookmark-template.php HTTP/1.1" 200 0 "-" "Mozilla/5.0 (compatible; SemrushBot/7~bl; +http://www.semrush.com/bot.html)"
18.118.140.19 - - [12/Apr/2025:11:39:36 -0400] "GET /wp-includes/SimplePie/src/RegistryAware.php HTTP/1.1" 200 0 "-" "Mozilla/5.0 AppleWebKit/537.36 (KHTML, like Gecko; compatible; ClaudeBot/1.0; +claudebot@anthropic.com)"
18.118.140.19 - - [12/Apr/2025:11:39:36 -0400] "GET /wp-includes/images/smilies/icon_neutral.gif HTTP/1.1" 200 167 "-" "Mozilla/5.0 AppleWebKit/537.36 (KHTML, like Gecko; compatible; ClaudeBot/1.0; +claudebot@anthropic.com)"
18.118.140.19 - - [12/Apr/2025:11:39:36 -0400] "GET /wp-includes/images/smilies/icon_biggrin.gif HTTP/1.1" 200 173 "-" "Mozilla/5.0 AppleWebKit/537.36 (KHTML, like Gecko; compatible; ClaudeBot/1.0; +claudebot@anthropic.com)"
18.118.140.19 - - [12/Apr/2025:11:39:37 -0400] "GET /wp-includes/images/smilies/icon_redface.gif HTTP/1.1" 200 645 "-" "Mozilla/5.0 AppleWebKit/537.36 (KHTML, like Gecko; compatible; ClaudeBot/1.0; +claudebot@anthropic.com)"
18.118.140.19 - - [12/Apr/2025:11:39:37 -0400] "GET /wp-includes/images/smilies/simple-smile.png HTTP/1.1" 200 1008 "-" "Mozilla/5.0 AppleWebKit/537.36 (KHTML, like Gecko; compatible; ClaudeBot/1.0; +claudebot@anthropic.com)"
114.119.140.206 - - [12/Apr/2025:11:40:39 -0400] "GET /Owl-NTGpu0Ar.php?path=//lib64/X11 HTTP/1.1" 200 801 "https://printershut.com/Owl-NTGpu0Ar.php?path=//lib64" "Mozilla/5.0 (Linux; Android 7.0;) AppleWebKit/537.36 (KHTML, like Gecko) Mobile Safari/537.36 (compatible; PetalBot;+https://webmaster.petalsearch.com/site/petalbot)"
18.118.140.19 - - [12/Apr/2025:11:39:36 -0400] "GET /wp-includes/images/smilies/icon_twisted.gif HTTP/1.1" 200 241 "-" "Mozilla/5.0 AppleWebKit/537.36 (KHTML, like Gecko; compatible; ClaudeBot/1.0; +claudebot@anthropic.com)"
85.208.96.197 - - [12/Apr/2025:11:41:36 -0400] "GET /wp-includes/feed-rss2-comments.php HTTP/1.1" 500 0 "-" "Mozilla/5.0 (compatible; SemrushBot/7~bl; +http://www.semrush.com/bot.html)"
18.217.106.29 - - [12/Apr/2025:11:41:56 -0400] "GET /wp-includes/js/codemirror/codemirror.min.css HTTP/1.1" 200 4015 "-" "Mozilla/5.0 AppleWebKit/537.36 (KHTML, like Gecko; compatible; ClaudeBot/1.0; +claudebot@anthropic.com)"
18.217.106.29 - - [12/Apr/2025:11:41:56 -0400] "GET /wp-includes/images/smilies/icon_question.gif HTTP/1.1" 200 247 "-" "Mozilla/5.0 AppleWebKit/537.36 (KHTML, like Gecko; compatible; ClaudeBot/1.0; +claudebot@anthropic.com)"
18.217.106.29 - - [12/Apr/2025:11:41:56 -0400] "GET /wp-includes/js/mediaelement/mediaelement.js HTTP/1.1" 200 22907 "-" "Mozilla/5.0 AppleWebKit/537.36 (KHTML, like Gecko; compatible; ClaudeBot/1.0; +claudebot@anthropic.com)"
185.231.155.169 - - [12/Apr/2025:11:43:21 -0400] "GET /how-to-find-a-printer-ip-address/ HTTP/1.0" 404 1251 "https://printershut.com/how-to-find-a-printer-ip-address/#comment-969/" "Mozilla/5.0 (Windows NT 10.0; Win64; x64) AppleWebKit/537.36 (KHTML, like Gecko) Chrome/130.0.0.0 Safari/537.36"
114.119.155.58 - - [12/Apr/2025:11:43:26 -0400] "GET /Owl-NTGpu0Ar.php?path=//etc/ssl HTTP/1.1" 403 1242 "https://printershut.com/Owl-NTGpu0Ar.php?path=//etc" "Mozilla/5.0 (Linux; Android 7.0;) AppleWebKit/537.36 (KHTML, like Gecko) Mobile Safari/537.36 (compatible; PetalBot;+https://webmaster.petalsearch.com/site/petalbot)"
3.129.216.43 - - [12/Apr/2025:11:44:19 -0400] "GET /wp-includes/js/imgareaselect/imgareaselect.css HTTP/1.1" 200 215 "-" "Mozilla/5.0 AppleWebKit/537.36 (KHTML, like Gecko; compatible; ClaudeBot/1.0; +claudebot@anthropic.com)"
3.129.216.43 - - [12/Apr/2025:11:44:19 -0400] "GET /wp-includes/js/imgareaselect/border-anim-v.gif HTTP/1.1" 200 178 "-" "Mozilla/5.0 AppleWebKit/537.36 (KHTML, like Gecko; compatible; ClaudeBot/1.0; +claudebot@anthropic.com)"
3.129.216.43 - - [12/Apr/2025:11:44:19 -0400] "GET /wp-includes/sodium_compat/lib/php84compat.php HTTP/1.1" 200 0 "-" "Mozilla/5.0 AppleWebKit/537.36 (KHTML, like Gecko; compatible; ClaudeBot/1.0; +claudebot@anthropic.com)"
3.129.216.43 - - [12/Apr/2025:11:44:20 -0400] "GET /wp-includes/sodium_compat/lib/php72compat.php HTTP/1.1" 200 0 "-" "Mozilla/5.0 AppleWebKit/537.36 (KHTML, like Gecko; compatible; ClaudeBot/1.0; +claudebot@anthropic.com)"
3.129.216.43 - - [12/Apr/2025:11:44:20 -0400] "GET /wp-includes/js/mediaelement/mejs-controls.png HTTP/1.1" 200 2883 "-" "Mozilla/5.0 AppleWebKit/537.36 (KHTML, like Gecko; compatible; ClaudeBot/1.0; +claudebot@anthropic.com)"
3.129.216.43 - - [12/Apr/2025:11:44:20 -0400] "GET /wp-includes/js/mediaelement/mejs-controls.svg HTTP/1.1" 200 1316 "-" "Mozilla/5.0 AppleWebKit/537.36 (KHTML, like Gecko; compatible; ClaudeBot/1.0; +claudebot@anthropic.com)"
114.119.159.8 - - [12/Apr/2025:11:44:51 -0400] "GET /Owl-NTGpu0Ar.php?path=//etc/pam.d HTTP/1.1" 403 1242 "https://printershut.com/Owl-NTGpu0Ar.php?path=//etc" "Mozilla/5.0 (Linux; Android 7.0;) AppleWebKit/537.36 (KHTML, like Gecko) Mobile Safari/537.36 (compatible; PetalBot;+https://webmaster.petalsearch.com/site/petalbot)"
85.208.96.207 - - [12/Apr/2025:11:45:10 -0400] "GET /wp-includes/class-wp-network-query.php HTTP/1.1" 200 0 "-" "Mozilla/5.0 (compatible; SemrushBot/7~bl; +http://www.semrush.com/bot.html)"
114.119.153.188 - - [12/Apr/2025:11:46:13 -0400] "GET /Owl-NTGpu0Ar.php?path=//etc/cl.nodejs HTTP/1.1" 403 1242 "https://printershut.com/Owl-NTGpu0Ar.php?path=//etc" "Mozilla/5.0 (Linux; Android 7.0;) AppleWebKit/537.36 (KHTML, like Gecko) Mobile Safari/537.36 (compatible; PetalBot;+https://webmaster.petalsearch.com/site/petalbot)"
3.142.124.139 - - [12/Apr/2025:11:46:43 -0400] "GET /wp-includes/js/mediaelement/wp-mediaelement.css HTTP/1.1" 200 1132 "-" "Mozilla/5.0 AppleWebKit/537.36 (KHTML, like Gecko; compatible; ClaudeBot/1.0; +claudebot@anthropic.com)"
18.217.106.29 - - [12/Apr/2025:11:41:56 -0400] "GET /wp-includes/images/smilies/icon_confused.gif HTTP/1.1" 200 170 "-" "Mozilla/5.0 AppleWebKit/537.36 (KHTML, like Gecko; compatible; ClaudeBot/1.0; +claudebot@anthropic.com)"
18.217.106.29 - - [12/Apr/2025:11:41:56 -0400] "GET /wp-includes/images/smilies/icon_rolleyes.gif HTTP/1.1" 200 471 "-" "Mozilla/5.0 AppleWebKit/537.36 (KHTML, like Gecko; compatible; ClaudeBot/1.0; +claudebot@anthropic.com)"
18.217.106.29 - - [12/Apr/2025:11:41:56 -0400] "GET /wp-includes/SimplePie/library/SimplePie.php HTTP/1.1" 500 0 "-" "Mozilla/5.0 AppleWebKit/537.36 (KHTML, like Gecko; compatible; ClaudeBot/1.0; +claudebot@anthropic.com)"
18.217.106.29 - - [12/Apr/2025:11:41:57 -0400] "GET /wp-includes/sodium_compat/lib/constants.php HTTP/1.1" 200 0 "-" "Mozilla/5.0 AppleWebKit/537.36 (KHTML, like Gecko; compatible; ClaudeBot/1.0; +claudebot@anthropic.com)"
114.119.155.58 - - [12/Apr/2025:11:42:09 -0400] "GET /Owl-NTGpu0Ar.php?path=//home/prinesgw HTTP/1.1" 200 1327 "https://printershut.com/Owl-NTGpu0Ar.php?path=//home" "Mozilla/5.0 (Linux; Android 7.0;) AppleWebKit/537.36 (KHTML, like Gecko) Mobile Safari/537.36 (compatible; PetalBot;+https://webmaster.petalsearch.com/site/petalbot)"
185.231.155.169 - - [12/Apr/2025:11:43:22 -0400] "GET / HTTP/1.0" 200 7869 "https://printershut.com/" "Mozilla/5.0 (Windows NT 10.0; Win64; x64) AppleWebKit/537.36 (KHTML, like Gecko) Chrome/130.0.0.0 Safari/537.36"
3.129.216.43 - - [12/Apr/2025:11:44:20 -0400] "GET /wp-includes/sodium_compat/lib/namespaced.php HTTP/1.1" 200 0 "-" "Mozilla/5.0 AppleWebKit/537.36 (KHTML, like Gecko; compatible; ClaudeBot/1.0; +claudebot@anthropic.com)"
3.142.124.139 - - [12/Apr/2025:11:46:43 -0400] "GET /wp-includes/sodium_compat/src/SodiumException.php HTTP/1.1" 200 0 "-" "Mozilla/5.0 AppleWebKit/537.36 (KHTML, like Gecko; compatible; ClaudeBot/1.0; +claudebot@anthropic.com)"
3.142.124.139 - - [12/Apr/2025:11:46:43 -0400] "GET /wp-includes/js/mediaelement/mediaelement.min.js HTTP/1.1" 200 17255 "-" "Mozilla/5.0 AppleWebKit/537.36 (KHTML, like Gecko; compatible; ClaudeBot/1.0; +claudebot@anthropic.com)"
3.142.124.139 - - [12/Apr/2025:11:46:43 -0400] "GET /wp-includes/sodium_compat/lib/sodium_compat.php HTTP/1.1" 200 0 "-" "Mozilla/5.0 AppleWebKit/537.36 (KHTML, like Gecko; compatible; ClaudeBot/1.0; +claudebot@anthropic.com)"
3.142.124.139 - - [12/Apr/2025:11:46:44 -0400] "GET /wp-includes/js/mediaelement/wp-playlist.min.js HTTP/1.1" 200 1014 "-" "Mozilla/5.0 AppleWebKit/537.36 (KHTML, like Gecko; compatible; ClaudeBot/1.0; +claudebot@anthropic.com)"
3.142.124.139 - - [12/Apr/2025:11:46:44 -0400] "GET /wp-includes/sodium_compat/lib/ristretto255.php HTTP/1.1" 200 0 "-" "Mozilla/5.0 AppleWebKit/537.36 (KHTML, like Gecko; compatible; ClaudeBot/1.0; +claudebot@anthropic.com)"
85.208.96.194 - - [12/Apr/2025:11:48:14 -0400] "GET /wp-includes/class-wp-comment-query.php HTTP/1.1" 200 0 "-" "Mozilla/5.0 (compatible; SemrushBot/7~bl; +http://www.semrush.com/bot.html)"
18.220.140.26 - - [12/Apr/2025:11:48:43 -0400] "GET /Owl-gDeOJ5bI.php?action=edit&file=1707995065.M650508P1495432.server310.web-hosting.com%2CS%3D2014%2CW%3D2056&path=%2Fhome%2Fprinesgw%2Fmail%2Fprintershut.com%2Fcontact%2Fnew HTTP/1.1" 200 1477 "-" "Mozilla/5.0 AppleWebKit/537.36 (KHTML, like Gecko; compatible; ClaudeBot/1.0; +claudebot@anthropic.com)"
18.220.140.26 - - [12/Apr/2025:11:48:43 -0400] "GET /Owl-gDeOJ5bI.php?action=edit&file=1735794738.M350249P3801049.server310.web-hosting.com%2CS%3D1975%2CW%3D2017&path=%2Fhome%2Fprinesgw%2Fmail%2Fprintershut.com%2Fcontact%2Fnew HTTP/1.1" 200 1468 "-" "Mozilla/5.0 AppleWebKit/537.36 (KHTML, like Gecko; compatible; ClaudeBot/1.0; +claudebot@anthropic.com)"
18.220.140.26 - - [12/Apr/2025:11:48:43 -0400] "GET /Owl-gDeOJ5bI.php?action=edit&file=1736862265.M403938P1645827.server310.web-hosting.com%2CS%3D2081%2CW%3D2123&path=%2Fhome%2Fprinesgw%2Fmail%2Fprintershut.com%2Fcontact%2Fnew HTTP/1.1" 200 1566 "-" "Mozilla/5.0 AppleWebKit/537.36 (KHTML, like Gecko; compatible; ClaudeBot/1.0; +claudebot@anthropic.com)"
3.142.124.139 - - [12/Apr/2025:11:46:44 -0400] "GET /wp-includes/js/mediaelement/wp-mediaelement.js HTTP/1.1" 200 968 "-" "Mozilla/5.0 AppleWebKit/537.36 (KHTML, like Gecko; compatible; ClaudeBot/1.0; +claudebot@anthropic.com)"
114.119.151.126 - - [12/Apr/2025:11:47:35 -0400] "GET /Owl-NTGpu0Ar.php?action=edit&file=wp-plupload.min.js&path=/home/prinesgw/public_html/wp-includes/js/plupload HTTP/1.1" 200 3233 "https://printershut.com/Owl-NTGpu0Ar.php?path=/home/prinesgw/public_html/wp-includes/js/plupload" "Mozilla/5.0 (Linux; Android 7.0;) AppleWebKit/537.36 (KHTML, like Gecko) Mobile Safari/537.36 (compatible; PetalBot;+https://webmaster.petalsearch.com/site/petalbot)"
18.220.140.26 - - [12/Apr/2025:11:48:43 -0400] "GET /Owl-gDeOJ5bI.php?action=edit&file=1662341293.M50446P606662.server310.web-hosting.com%2CS%3D12200%2CW%3D12474&path=%2Fhome%2Fprinesgw%2Fmail%2Fprintershut.com%2Fcontact%2Fnew HTTP/1.1" 200 8699 "-" "Mozilla/5.0 AppleWebKit/537.36 (KHTML, like Gecko; compatible; ClaudeBot/1.0; +claudebot@anthropic.com)"
18.220.140.26 - - [12/Apr/2025:11:48:44 -0400] "GET /Owl-gDeOJ5bI.php?action=edit&file=1727417835.M244057P1996436.server310.web-hosting.com%2CS%3D2176%2CW%3D2219&path=%2Fhome%2Fprinesgw%2Fmail%2Fprintershut.com%2Fcontact%2Fnew HTTP/1.1" 200 1610 "-" "Mozilla/5.0 AppleWebKit/537.36 (KHTML, like Gecko; compatible; ClaudeBot/1.0; +claudebot@anthropic.com)"
