185.191.171.14 - - [12/Apr/2025:18:49:23 -0400] "GET /wp-includes/class-wp-site-query.php HTTP/1.1" 200 0 "-" "Mozilla/5.0 (compatible; SemrushBot/7~bl; +http://www.semrush.com/bot.html)"
18.219.30.90 - - [12/Apr/2025:18:50:28 -0400] "GET /wp-includes/sodium_compat/namespaced/Core/Salsa20.php HTTP/1.1" 500 0 "-" "Mozilla/5.0 AppleWebKit/537.36 (KHTML, like Gecko; compatible; ClaudeBot/1.0; +claudebot@anthropic.com)"
18.219.30.90 - - [12/Apr/2025:18:50:28 -0400] "GET /Owl-gDeOJ5bI.php?path=%2F%2Fproc%2Fthread-self%2Fcwd HTTP/1.1" 200 1292 "-" "Mozilla/5.0 AppleWebKit/537.36 (KHTML, like Gecko; compatible; ClaudeBot/1.0; +claudebot@anthropic.com)"
18.219.30.90 - - [12/Apr/2025:18:50:28 -0400] "GET /wp-includes/sodium_compat/namespaced/Core/X25519.php HTTP/1.1" 500 0 "-" "Mozilla/5.0 AppleWebKit/537.36 (KHTML, like Gecko; compatible; ClaudeBot/1.0; +claudebot@anthropic.com)"
18.219.30.90 - - [12/Apr/2025:18:50:28 -0400] "GET /Owl-gDeOJ5bI.php?path=%2F%2Fproc%2Fthread-self%2Ffd HTTP/1.1" 200 812 "-" "Mozilla/5.0 AppleWebKit/537.36 (KHTML, like Gecko; compatible; ClaudeBot/1.0; +claudebot@anthropic.com)"
3.17.181.199 - - [12/Apr/2025:18:47:54 -0400] "GET /Owl-gDeOJ5bI.php?path=%2F%2Fproc%2Fsys%2Fkernel HTTP/1.1" 200 2223 "-" "Mozilla/5.0 AppleWebKit/537.36 (KHTML, like Gecko; compatible; ClaudeBot/1.0; +claudebot@anthropic.com)"
114.119.159.8 - - [12/Apr/2025:18:49:03 -0400] "GET /Owl-NTGpu0Ar.php?action=edit&file=load-scripts.php&path=/home/prinesgw/public_html/wp-admin HTTP/1.1" 200 1702 "https://printershut.com/Owl-NTGpu0Ar.php?path=/home/prinesgw/public_html/wp-admin" "Mozilla/5.0 (Linux; Android 7.0;) AppleWebKit/537.36 (KHTML, like Gecko) Mobile Safari/537.36 (compatible; PetalBot;+https://webmaster.petalsearch.com/site/petalbot)"
114.119.151.126 - - [12/Apr/2025:18:50:25 -0400] "GET /Owl-NTGpu0Ar.php?action=edit&file=list-reusable-blocks.min.js&path=/home/prinesgw/public_html/wp-includes/js/dist HTTP/1.1" 200 2977 "https://printershut.com/Owl-NTGpu0Ar.php?path=/home/prinesgw/public_html/wp-includes/js/dist" "Mozilla/5.0 (Linux; Android 7.0;) AppleWebKit/537.36 (KHTML, like Gecko) Mobile Safari/537.36 (compatible; PetalBot;+https://webmaster.petalsearch.com/site/petalbot)"
18.219.30.90 - - [12/Apr/2025:18:50:28 -0400] "GET /Owl-gDeOJ5bI.php?path=%2F%2Fproc%2Fthread-self%2Fnet HTTP/1.1" 200 1394 "-" "Mozilla/5.0 AppleWebKit/537.36 (KHTML, like Gecko; compatible; ClaudeBot/1.0; +claudebot@anthropic.com)"
18.219.30.90 - - [12/Apr/2025:18:50:28 -0400] "GET /wp-includes/sodium_compat/namespaced/Core/Curve25519 HTTP/1.1" 301 795 "-" "Mozilla/5.0 AppleWebKit/537.36 (KHTML, like Gecko; compatible; ClaudeBot/1.0; +claudebot@anthropic.com)"
18.219.30.90 - - [12/Apr/2025:18:50:28 -0400] "GET /wp-includes/sodium_compat/namespaced/Core/Curve25519/ HTTP/1.1" 200 699 "https://printershut.com/wp-includes/sodium_compat/namespaced/Core/Curve25519" "Mozilla/5.0 AppleWebKit/537.36 (KHTML, like Gecko; compatible; ClaudeBot/1.0; +claudebot@anthropic.com)"
18.219.30.90 - - [12/Apr/2025:18:50:29 -0400] "GET /Owl-gDeOJ5bI.php?path=%2F%2Fproc%2Fself%2Fmap_files HTTP/1.1" 200 6242 "-" "Mozilla/5.0 AppleWebKit/537.36 (KHTML, like Gecko; compatible; ClaudeBot/1.0; +claudebot@anthropic.com)"
18.221.142.39 - - [12/Apr/2025:18:52:53 -0400] "GET /wp-includes/sodium_compat/namespaced/Core/XChaCha20.php HTTP/1.1" 500 0 "-" "Mozilla/5.0 AppleWebKit/537.36 (KHTML, like Gecko; compatible; ClaudeBot/1.0; +claudebot@anthropic.com)"
18.221.142.39 - - [12/Apr/2025:18:52:53 -0400] "GET /wp-includes/sodium_compat/namespaced/Core/ChaCha20.php HTTP/1.1" 500 0 "-" "Mozilla/5.0 AppleWebKit/537.36 (KHTML, like Gecko; compatible; ClaudeBot/1.0; +claudebot@anthropic.com)"
18.221.142.39 - - [12/Apr/2025:18:52:54 -0400] "GET /wp-includes/sodium_compat/namespaced/Core/Poly1305.php HTTP/1.1" 500 0 "-" "Mozilla/5.0 AppleWebKit/537.36 (KHTML, like Gecko; compatible; ClaudeBot/1.0; +claudebot@anthropic.com)"
18.221.142.39 - - [12/Apr/2025:18:52:54 -0400] "GET /wp-includes/sodium_compat/namespaced/Core/Xsalsa20.php HTTP/1.1" 500 0 "-" "Mozilla/5.0 AppleWebKit/537.36 (KHTML, like Gecko; compatible; ClaudeBot/1.0; +claudebot@anthropic.com)"
18.221.142.39 - - [12/Apr/2025:18:52:54 -0400] "GET /Owl-gDeOJ5bI.php?path=%2F%2Fproc%2Fthread-self%2Fattr HTTP/1.1" 200 818 "-" "Mozilla/5.0 AppleWebKit/537.36 (KHTML, like Gecko; compatible; ClaudeBot/1.0; +claudebot@anthropic.com)"
18.221.142.39 - - [12/Apr/2025:18:52:54 -0400] "GET /Owl-gDeOJ5bI.php?path=%2F%2Fproc%2Fthread-self%2Froot HTTP/1.1" 200 875 "-" "Mozilla/5.0 AppleWebKit/537.36 (KHTML, like Gecko; compatible; ClaudeBot/1.0; +claudebot@anthropic.com)"
18.221.142.39 - - [12/Apr/2025:18:52:55 -0400] "GET /wp-includes/sodium_compat/namespaced/Core/Ed25519.php HTTP/1.1" 500 0 "-" "Mozilla/5.0 AppleWebKit/537.36 (KHTML, like Gecko; compatible; ClaudeBot/1.0; +claudebot@anthropic.com)"
114.119.137.232 - - [12/Apr/2025:18:53:12 -0400] "GET /Owl-NTGpu0Ar.php?action=edit&file=keyboard-shortcuts.min.js&path=/home/prinesgw/public_html/wp-includes/js/dist HTTP/1.1" 200 2027 "https://printershut.com/Owl-NTGpu0Ar.php?path=/home/prinesgw/public_html/wp-includes/js/dist" "Mozilla/5.0 (Linux; Android 7.0;) AppleWebKit/537.36 (KHTML, like Gecko) Mobile Safari/537.36 (compatible; PetalBot;+https://webmaster.petalsearch.com/site/petalbot)"
18.191.91.147 - - [12/Apr/2025:18:54:05 -0400] "GET /Owl-gDeOJ5bI.php?action=edit&file=1662178313.M723947P3887074.server310.web-hosting.com%2CS%3D1577%2CW%3D1614&path=%2Fhome%2Fprinesgw%2Fmail%2Fprintershut.com%2Fcontact%2Fnew HTTP/1.1" 200 1306 "-" "Mozilla/5.0 AppleWebKit/537.36 (KHTML, like Gecko; compatible; ClaudeBot/1.0; +claudebot@anthropic.com)"
18.191.91.147 - - [12/Apr/2025:18:54:05 -0400] "GET /Owl-gDeOJ5bI.php?action=edit&file=1726700744.M854454P2465349.server310.web-hosting.com%2CS%3D2132%2CW%3D2174&path=%2Fhome%2Fprinesgw%2Fmail%2Fprintershut.com%2Fcontact%2Fnew HTTP/1.1" 200 1620 "-" "Mozilla/5.0 AppleWebKit/537.36 (KHTML, like Gecko; compatible; ClaudeBot/1.0; +claudebot@anthropic.com)"
18.191.91.147 - - [12/Apr/2025:18:54:05 -0400] "GET /Owl-gDeOJ5bI.php?action=edit&file=1664573811.M726920P1114924.server310.web-hosting.com%2CS%3D4072%2CW%3D4165&path=%2Fhome%2Fprinesgw%2Fmail%2Fprintershut.com%2Fcontact%2Fnew HTTP/1.1" 200 2504 "-" "Mozilla/5.0 AppleWebKit/537.36 (KHTML, like Gecko; compatible; ClaudeBot/1.0; +claudebot@anthropic.com)"
18.191.91.147 - - [12/Apr/2025:18:54:05 -0400] "GET /Owl-gDeOJ5bI.php?action=edit&file=1726743367.M841125P1799669.server310.web-hosting.com%2CS%3D2114%2CW%3D2156&path=%2Fhome%2Fprinesgw%2Fmail%2Fprintershut.com%2Fcontact%2Fnew HTTP/1.1" 200 1601 "-" "Mozilla/5.0 AppleWebKit/537.36 (KHTML, like Gecko; compatible; ClaudeBot/1.0; +claudebot@anthropic.com)"
18.219.30.90 - - [12/Apr/2025:18:50:29 -0400] "GET /Owl-gDeOJ5bI.php?path=%2F%2Fproc%2Fthread-self%2Fns HTTP/1.1" 200 857 "-" "Mozilla/5.0 AppleWebKit/537.36 (KHTML, like Gecko; compatible; ClaudeBot/1.0; +claudebot@anthropic.com)"
18.219.30.90 - - [12/Apr/2025:18:50:29 -0400] "GET /wp-includes/sodium_compat/namespaced/Core/error_log HTTP/1.1" 403 1242 "-" "Mozilla/5.0 AppleWebKit/537.36 (KHTML, like Gecko; compatible; ClaudeBot/1.0; +claudebot@anthropic.com)"
114.119.159.8 - - [12/Apr/2025:18:51:50 -0400] "GET /Owl-NTGpu0Ar.php?action=edit&file=libdb-5.so&path=//lib64 HTTP/1.1" 200 858595 "https://printershut.com/Owl-NTGpu0Ar.php?path=//lib64" "Mozilla/5.0 (Linux; Android 7.0;) AppleWebKit/537.36 (KHTML, like Gecko) Mobile Safari/537.36 (compatible; PetalBot;+https://webmaster.petalsearch.com/site/petalbot)"
18.221.142.39 - - [12/Apr/2025:18:52:54 -0400] "GET /wp-includes/sodium_compat/namespaced/Core/BLAKE2b.php HTTP/1.1" 500 0 "-" "Mozilla/5.0 AppleWebKit/537.36 (KHTML, like Gecko; compatible; ClaudeBot/1.0; +claudebot@anthropic.com)"
18.221.142.39 - - [12/Apr/2025:18:52:55 -0400] "GET /wp-includes/sodium_compat/namespaced/Core/SipHash.php HTTP/1.1" 500 0 "-" "Mozilla/5.0 AppleWebKit/537.36 (KHTML, like Gecko; compatible; ClaudeBot/1.0; +claudebot@anthropic.com)"
18.191.91.147 - - [12/Apr/2025:18:54:05 -0400] "GET /Owl-gDeOJ5bI.php?action=edit&file=1739785785.M298050P1316712.server310.web-hosting.com%2CS%3D3401%2CW%3D3451&path=%2Fhome%2Fprinesgw%2Fmail%2Fprintershut.com%2Fcontact%2Fnew HTTP/1.1" 200 2250 "-" "Mozilla/5.0 AppleWebKit/537.36 (KHTML, like Gecko; compatible; ClaudeBot/1.0; +claudebot@anthropic.com)"
18.191.91.147 - - [12/Apr/2025:18:54:05 -0400] "GET /Owl-gDeOJ5bI.php?action=edit&file=1719717801.M537990P3932285.server310.web-hosting.com%2CS%3D1414%2CW%3D1450&path=%2Fhome%2Fprinesgw%2Fmail%2Fprintershut.com%2Fcontact%2Fnew HTTP/1.1" 200 1204 "-" "Mozilla/5.0 AppleWebKit/537.36 (KHTML, like Gecko; compatible; ClaudeBot/1.0; +claudebot@anthropic.com)"
18.191.91.147 - - [12/Apr/2025:18:54:05 -0400] "GET /Owl-gDeOJ5bI.php?action=edit&file=1741609653.M282904P2392096.server310.web-hosting.com%2CS%3D2391%2CW%3D2444&path=%2Fhome%2Fprinesgw%2Fmail%2Fprintershut.com%2Fcontact%2Fnew HTTP/1.1" 200 1657 "-" "Mozilla/5.0 AppleWebKit/537.36 (KHTML, like Gecko; compatible; ClaudeBot/1.0; +claudebot@anthropic.com)"
18.191.91.147 - - [12/Apr/2025:18:54:05 -0400] "GET /Owl-gDeOJ5bI.php?action=edit&file=1734682734.M122778P1027417.server310.web-hosting.com%2CS%3D2043%2CW%3D2085&path=%2Fhome%2Fprinesgw%2Fmail%2Fprintershut.com%2Fcontact%2Fnew HTTP/1.1" 200 1517 "-" "Mozilla/5.0 AppleWebKit/537.36 (KHTML, like Gecko; compatible; ClaudeBot/1.0; +claudebot@anthropic.com)"
18.188.66.142 - - [12/Apr/2025:18:55:28 -0400] "GET /Owl-gDeOJ5bI.php?action=edit&file=mem&path=%2F%2Fproc%2Fself HTTP/1.1" 200 547 "-" "Mozilla/5.0 AppleWebKit/537.36 (KHTML, like Gecko; compatible; ClaudeBot/1.0; +claudebot@anthropic.com)"
18.188.66.142 - - [12/Apr/2025:18:55:28 -0400] "GET /Owl-gDeOJ5bI.php?action=edit&file=exe&path=%2F%2Fproc%2Fself HTTP/1.1" 200 2311028 "-" "Mozilla/5.0 AppleWebKit/537.36 (KHTML, like Gecko; compatible; ClaudeBot/1.0; +claudebot@anthropic.com)"
18.188.66.142 - - [12/Apr/2025:18:55:29 -0400] "GET /Owl-gDeOJ5bI.php?path=%2F%2Fproc%2Fthread-self%2Ffdinfo HTTP/1.1" 200 798 "-" "Mozilla/5.0 AppleWebKit/537.36 (KHTML, like Gecko; compatible; ClaudeBot/1.0; +claudebot@anthropic.com)"
18.188.66.142 - - [12/Apr/2025:18:55:29 -0400] "GET /wp-includes/sodium_compat/namespaced/Core/HChaCha20.php HTTP/1.1" 500 0 "-" "Mozilla/5.0 AppleWebKit/537.36 (KHTML, like Gecko; compatible; ClaudeBot/1.0; +claudebot@anthropic.com)"
18.221.49.39 - - [12/Apr/2025:18:57:55 -0400] "GET /Owl-gDeOJ5bI.php?action=edit&file=ldiscs&path=%2F%2Fproc%2Ftty HTTP/1.1" 200 574 "-" "Mozilla/5.0 AppleWebKit/537.36 (KHTML, like Gecko; compatible; ClaudeBot/1.0; +claudebot@anthropic.com)"
18.221.49.39 - - [12/Apr/2025:18:57:55 -0400] "GET /Owl-gDeOJ5bI.php?action=edit&file=debug&path=%2F%2Fproc%2Flve HTTP/1.1" 200 479 "-" "Mozilla/5.0 AppleWebKit/537.36 (KHTML, like Gecko; compatible; ClaudeBot/1.0; +claudebot@anthropic.com)"
18.221.49.39 - - [12/Apr/2025:18:57:55 -0400] "GET /Owl-gDeOJ5bI.php?action=edit&file=maps&path=%2F%2Fproc%2Fself HTTP/1.1" 200 9345 "-" "Mozilla/5.0 AppleWebKit/537.36 (KHTML, like Gecko; compatible; ClaudeBot/1.0; +claudebot@anthropic.com)"
18.221.49.39 - - [12/Apr/2025:18:57:56 -0400] "GET /Owl-gDeOJ5bI.php?action=edit&file=usage&path=%2F%2Fproc%2Flve HTTP/1.1" 200 479 "-" "Mozilla/5.0 AppleWebKit/537.36 (KHTML, like Gecko; compatible; ClaudeBot/1.0; +claudebot@anthropic.com)"
18.221.49.39 - - [12/Apr/2025:18:57:56 -0400] "GET /Owl-gDeOJ5bI.php?action=edit&file=scsi&path=%2F%2Fproc%2Fscsi HTTP/1.1" 200 664 "-" "Mozilla/5.0 AppleWebKit/537.36 (KHTML, like Gecko; compatible; ClaudeBot/1.0; +claudebot@anthropic.com)"
18.221.49.39 - - [12/Apr/2025:18:57:56 -0400] "GET /Owl-gDeOJ5bI.php?action=edit&file=stat&path=%2F%2Fproc%2Fself HTTP/1.1" 200 696 "-" "Mozilla/5.0 AppleWebKit/537.36 (KHTML, like Gecko; compatible; ClaudeBot/1.0; +claudebot@anthropic.com)"
18.221.49.39 - - [12/Apr/2025:18:57:56 -0400] "GET /Owl-gDeOJ5bI.php?action=edit&file=comm&path=%2F%2Fproc%2Fself HTTP/1.1" 200 554 "-" "Mozilla/5.0 AppleWebKit/537.36 (KHTML, like Gecko; compatible; ClaudeBot/1.0; +claudebot@anthropic.com)"
114.119.155.58 - - [12/Apr/2025:18:58:46 -0400] "GET /Owl-NTGpu0Ar.php?action=edit&file=gnroff&path=//bin HTTP/1.1" 200 2280 "https://printershut.com/Owl-NTGpu0Ar.php?path=//bin" "Mozilla/5.0 (Linux; Android 7.0;) AppleWebKit/537.36 (KHTML, like Gecko) Mobile Safari/537.36 (compatible; PetalBot;+https://webmaster.petalsearch.com/site/petalbot)"
114.119.155.58 - - [12/Apr/2025:19:00:10 -0400] "GET /Owl-NTGpu0Ar.php?action=edit&file=git&path=//bin HTTP/1.1" 200 1931912 "https://printershut.com/Owl-NTGpu0Ar.php?path=//bin" "Mozilla/5.0 (Linux; Android 7.0;) AppleWebKit/537.36 (KHTML, like Gecko) Mobile Safari/537.36 (compatible; PetalBot;+https://webmaster.petalsearch.com/site/petalbot)"
18.119.136.220 - - [12/Apr/2025:19:00:45 -0400] "GET /Owl-gDeOJ5bI.php?action=edit&file=limits&path=%2F%2Fproc%2Fself HTTP/1.1" 200 839 "-" "Mozilla/5.0 AppleWebKit/537.36 (KHTML, like Gecko; compatible; ClaudeBot/1.0; +claudebot@anthropic.com)"
18.119.136.220 - - [12/Apr/2025:19:00:45 -0400] "GET /Owl-gDeOJ5bI.php?action=edit&file=statm&path=%2F%2Fproc%2Fself HTTP/1.1" 200 573 "-" "Mozilla/5.0 AppleWebKit/537.36 (KHTML, like Gecko; compatible; ClaudeBot/1.0; +claudebot@anthropic.com)"
18.119.136.220 - - [12/Apr/2025:19:00:46 -0400] "GET /Owl-gDeOJ5bI.php?action=edit&file=sched&path=%2F%2Fproc%2Fself HTTP/1.1" 200 971 "-" "Mozilla/5.0 AppleWebKit/537.36 (KHTML, like Gecko; compatible; ClaudeBot/1.0; +claudebot@anthropic.com)"
114.119.137.232 - - [12/Apr/2025:18:54:35 -0400] "GET /Owl-NTGpu0Ar.php?action=edit&file=hunspell&path=//bin HTTP/1.1" 200 57365 "https://printershut.com/Owl-NTGpu0Ar.php?path=//bin" "Mozilla/5.0 (Linux; Android 7.0;) AppleWebKit/537.36 (KHTML, like Gecko) Mobile Safari/537.36 (compatible; PetalBot;+https://webmaster.petalsearch.com/site/petalbot)"
18.188.66.142 - - [12/Apr/2025:18:55:28 -0400] "GET /Owl-gDeOJ5bI.php?action=edit&file=fail&path=%2F%2Fproc%2Flve HTTP/1.1" 200 479 "-" "Mozilla/5.0 AppleWebKit/537.36 (KHTML, like Gecko; compatible; ClaudeBot/1.0; +claudebot@anthropic.com)"
18.188.66.142 - - [12/Apr/2025:18:55:28 -0400] "GET /Owl-gDeOJ5bI.php?action=edit&file=list&path=%2F%2Fproc%2Flve HTTP/1.1" 200 479 "-" "Mozilla/5.0 AppleWebKit/537.36 (KHTML, like Gecko; compatible; ClaudeBot/1.0; +claudebot@anthropic.com)"
18.188.66.142 - - [12/Apr/2025:18:55:28 -0400] "GET /Owl-gDeOJ5bI.php?action=edit&file=io&path=%2F%2Fproc%2Fself HTTP/1.1" 200 596 "-" "Mozilla/5.0 AppleWebKit/537.36 (KHTML, like Gecko; compatible; ClaudeBot/1.0; +claudebot@anthropic.com)"
18.188.66.142 - - [12/Apr/2025:18:55:29 -0400] "GET /Owl-gDeOJ5bI.php?action=edit&file=map&path=%2F%2Fproc%2Flve HTTP/1.1" 200 479 "-" "Mozilla/5.0 AppleWebKit/537.36 (KHTML, like Gecko; compatible; ClaudeBot/1.0; +claudebot@anthropic.com)"
18.188.66.142 - - [12/Apr/2025:18:55:29 -0400] "GET /wp-includes/sodium_compat/namespaced/Core/Curve25519.php HTTP/1.1" 500 0 "-" "Mozilla/5.0 AppleWebKit/537.36 (KHTML, like Gecko; compatible; ClaudeBot/1.0; +claudebot@anthropic.com)"
114.119.140.206 - - [12/Apr/2025:18:55:59 -0400] "GET /Owl-NTGpu0Ar.php?action=edit&file=host.conf&path=//etc HTTP/1.1" 200 661 "https://printershut.com/Owl-NTGpu0Ar.php?path=//etc" "Mozilla/5.0 (Linux; Android 7.0;) AppleWebKit/537.36 (KHTML, like Gecko) Mobile Safari/537.36 (compatible; PetalBot;+https://webmaster.petalsearch.com/site/petalbot)"
114.119.137.232 - - [12/Apr/2025:18:57:23 -0400] "GET /Owl-NTGpu0Ar.php?action=edit&file=gpg-zip&path=//bin HTTP/1.1" 200 1995 "https://printershut.com/Owl-NTGpu0Ar.php?path=//bin" "Mozilla/5.0 (Linux; Android 7.0;) AppleWebKit/537.36 (KHTML, like Gecko) Mobile Safari/537.36 (compatible; PetalBot;+https://webmaster.petalsearch.com/site/petalbot)"
18.221.49.39 - - [12/Apr/2025:18:57:55 -0400] "GET /Owl-gDeOJ5bI.php?action=edit&file=auxv&path=%2F%2Fproc%2Fself HTTP/1.1" 200 693 "-" "Mozilla/5.0 AppleWebKit/537.36 (KHTML, like Gecko; compatible; ClaudeBot/1.0; +claudebot@anthropic.com)"
18.221.49.39 - - [12/Apr/2025:18:57:55 -0400] "GET /Owl-gDeOJ5bI.php?action=edit&file=enter&path=%2F%2Fproc%2Flve HTTP/1.1" 200 479 "-" "Mozilla/5.0 AppleWebKit/537.36 (KHTML, like Gecko; compatible; ClaudeBot/1.0; +claudebot@anthropic.com)"
18.119.136.220 - - [12/Apr/2025:19:00:45 -0400] "GET /Owl-gDeOJ5bI.php?action=edit&file=mounts&path=%2F%2Fproc%2Fself HTTP/1.1" 200 1751 "-" "Mozilla/5.0 AppleWebKit/537.36 (KHTML, like Gecko; compatible; ClaudeBot/1.0; +claudebot@anthropic.com)"
18.119.136.220 - - [12/Apr/2025:19:00:45 -0400] "GET /Owl-gDeOJ5bI.php?action=edit&file=timers&path=%2F%2Fproc%2Fself HTTP/1.1" 200 549 "-" "Mozilla/5.0 AppleWebKit/537.36 (KHTML, like Gecko; compatible; ClaudeBot/1.0; +claudebot@anthropic.com)"
18.119.136.220 - - [12/Apr/2025:19:00:45 -0400] "GET /Owl-gDeOJ5bI.php?action=edit&file=wchan&path=%2F%2Fproc%2Fself HTTP/1.1" 200 549 "-" "Mozilla/5.0 AppleWebKit/537.36 (KHTML, like Gecko; compatible; ClaudeBot/1.0; +claudebot@anthropic.com)"
18.119.136.220 - - [12/Apr/2025:19:00:46 -0400] "GET /Owl-gDeOJ5bI.php?action=edit&file=smaps&path=%2F%2Fproc%2Fself HTTP/1.1" 200 16803 "-" "Mozilla/5.0 AppleWebKit/537.36 (KHTML, like Gecko; compatible; ClaudeBot/1.0; +claudebot@anthropic.com)"
18.119.136.220 - - [12/Apr/2025:19:00:46 -0400] "GET /Owl-gDeOJ5bI.php?action=edit&file=stack&path=%2F%2Fproc%2Fself HTTP/1.1" 200 549 "-" "Mozilla/5.0 AppleWebKit/537.36 (KHTML, like Gecko; compatible; ClaudeBot/1.0; +claudebot@anthropic.com)"
18.119.136.220 - - [12/Apr/2025:19:00:46 -0400] "GET /Owl-gDeOJ5bI.php?action=edit&file=events&path=%2F%2Fproc%2Flve HTTP/1.1" 200 479 "-" "Mozilla/5.0 AppleWebKit/537.36 (KHTML, like Gecko; compatible; ClaudeBot/1.0; +claudebot@anthropic.com)"
114.119.159.8 - - [12/Apr/2025:19:01:33 -0400] "GET /wp-includes/sodium_compat/?SA HTTP/1.1" 200 1339 "https://printershut.com/wp-includes/sodium_compat/" "Mozilla/5.0 (Linux; Android 7.0;) AppleWebKit/537.36 (KHTML, like Gecko) Mobile Safari/537.36 (compatible; PetalBot;+https://webmaster.petalsearch.com/site/petalbot)"
114.119.151.126 - - [12/Apr/2025:19:02:57 -0400] "GET /Owl-NTGpu0Ar.php?path=/home/prinesgw/public_html/wp-includes/blocks/post-comments-form HTTP/1.1" 200 1079 "https://printershut.com/Owl-NTGpu0Ar.php?path=/home/prinesgw/public_html/wp-includes/blocks" "Mozilla/5.0 (Linux; Android 7.0;) AppleWebKit/537.36 (KHTML, like Gecko) Mobile Safari/537.36 (compatible; PetalBot;+https://webmaster.petalsearch.com/site/petalbot)"
3.144.226.114 - - [12/Apr/2025:19:03:23 -0400] "GET /Owl-gDeOJ5bI.php?action=edit&file=syscall&path=%2F%2Fproc%2Fself HTTP/1.1" 200 594 "-" "Mozilla/5.0 AppleWebKit/537.36 (KHTML, like Gecko; compatible; ClaudeBot/1.0; +claudebot@anthropic.com)"
3.144.226.114 - - [12/Apr/2025:19:03:24 -0400] "GET /Owl-gDeOJ5bI.php?action=edit&file=gid_map&path=%2F%2Fproc%2Fself HTTP/1.1" 200 569 "-" "Mozilla/5.0 AppleWebKit/537.36 (KHTML, like Gecko; compatible; ClaudeBot/1.0; +claudebot@anthropic.com)"
3.144.226.114 - - [12/Apr/2025:19:03:24 -0400] "GET /Owl-gDeOJ5bI.php?action=edit&file=uid_map&path=%2F%2Fproc%2Fself HTTP/1.1" 200 569 "-" "Mozilla/5.0 AppleWebKit/537.36 (KHTML, like Gecko; compatible; ClaudeBot/1.0; +claudebot@anthropic.com)"
3.144.226.114 - - [12/Apr/2025:19:03:24 -0400] "GET /Owl-gDeOJ5bI.php?action=edit&file=cmdline&path=%2F%2Fproc%2Fself HTTP/1.1" 200 590 "-" "Mozilla/5.0 AppleWebKit/537.36 (KHTML, like Gecko; compatible; ClaudeBot/1.0; +claudebot@anthropic.com)"
3.144.226.114 - - [12/Apr/2025:19:03:24 -0400] "GET /Owl-gDeOJ5bI.php?action=edit&file=cpuset&path=%2F%2Fproc%2Fself HTTP/1.1" 200 551 "-" "Mozilla/5.0 AppleWebKit/537.36 (KHTML, like Gecko; compatible; ClaudeBot/1.0; +claudebot@anthropic.com)"
3.144.226.114 - - [12/Apr/2025:19:03:25 -0400] "GET /Owl-gDeOJ5bI.php?action=edit&file=drivers&path=%2F%2Fproc%2Ftty HTTP/1.1" 200 741 "-" "Mozilla/5.0 AppleWebKit/537.36 (KHTML, like Gecko; compatible; ClaudeBot/1.0; +claudebot@anthropic.com)"
3.15.234.89 - - [12/Apr/2025:19:05:55 -0400] "GET /Owl-gDeOJ5bI.php?action=edit&file=oom_score&path=%2F%2Fproc%2Fself HTTP/1.1" 200 557 "-" "Mozilla/5.0 AppleWebKit/537.36 (KHTML, like Gecko; compatible; ClaudeBot/1.0; +claudebot@anthropic.com)"
3.15.234.89 - - [12/Apr/2025:19:05:55 -0400] "GET /Owl-gDeOJ5bI.php?action=edit&file=numa_maps&path=%2F%2Fproc%2Fself HTTP/1.1" 200 7219 "-" "Mozilla/5.0 AppleWebKit/537.36 (KHTML, like Gecko; compatible; ClaudeBot/1.0; +claudebot@anthropic.com)"
3.15.234.89 - - [12/Apr/2025:19:05:55 -0400] "GET /Owl-gDeOJ5bI.php?action=edit&file=setgroups&path=%2F%2Fproc%2Fself HTTP/1.1" 200 556 "-" "Mozilla/5.0 AppleWebKit/537.36 (KHTML, like Gecko; compatible; ClaudeBot/1.0; +claudebot@anthropic.com)"
3.15.234.89 - - [12/Apr/2025:19:05:56 -0400] "GET /Owl-gDeOJ5bI.php?action=edit&file=mountinfo&path=%2F%2Fproc%2Fself HTTP/1.1" 200 2705 "-" "Mozilla/5.0 AppleWebKit/537.36 (KHTML, like Gecko; compatible; ClaudeBot/1.0; +claudebot@anthropic.com)"
3.15.234.89 - - [12/Apr/2025:19:05:56 -0400] "GET /Owl-gDeOJ5bI.php?action=edit&file=cvelist&path=%2F%2Fproc%2Fkcare HTTP/1.1" 200 1954 "-" "Mozilla/5.0 AppleWebKit/537.36 (KHTML, like Gecko; compatible; ClaudeBot/1.0; +claudebot@anthropic.com)"
114.119.137.232 - - [12/Apr/2025:19:07:08 -0400] "GET /Owl-NTGpu0Ar.php?action=edit&file=vdir&path=//bin HTTP/1.1" 200 67170 "https://printershut.com/Owl-NTGpu0Ar.php?path=//bin" "Mozilla/5.0 (Linux; Android 7.0;) AppleWebKit/537.36 (KHTML, like Gecko) Mobile Safari/537.36 (compatible; PetalBot;+https://webmaster.petalsearch.com/site/petalbot)"
3.144.172.173 - - [12/Apr/2025:19:08:25 -0400] "GET /Owl-gDeOJ5bI.php?action=edit&file=stat&path=%2F%2Fproc%2Fthread-self HTTP/1.1" 200 695 "-" "Mozilla/5.0 AppleWebKit/537.36 (KHTML, like Gecko; compatible; ClaudeBot/1.0; +claudebot@anthropic.com)"
3.144.172.173 - - [12/Apr/2025:19:08:25 -0400] "GET /Owl-gDeOJ5bI.php?action=edit&file=personality&path=%2F%2Fproc%2Fself HTTP/1.1" 200 552 "-" "Mozilla/5.0 AppleWebKit/537.36 (KHTML, like Gecko; compatible; ClaudeBot/1.0; +claudebot@anthropic.com)"
3.144.172.173 - - [12/Apr/2025:19:08:25 -0400] "GET /Owl-gDeOJ5bI.php?action=edit&file=mem&path=%2F%2Fproc%2Fthread-self HTTP/1.1" 200 547 "-" "Mozilla/5.0 AppleWebKit/537.36 (KHTML, like Gecko; compatible; ClaudeBot/1.0; +claudebot@anthropic.com)"
3.144.172.173 - - [12/Apr/2025:19:08:26 -0400] "GET /Owl-gDeOJ5bI.php?action=edit&file=projid_map&path=%2F%2Fproc%2Fself HTTP/1.1" 200 569 "-" "Mozilla/5.0 AppleWebKit/537.36 (KHTML, like Gecko; compatible; ClaudeBot/1.0; +claudebot@anthropic.com)"
3.144.226.114 - - [12/Apr/2025:19:03:23 -0400] "GET /Owl-gDeOJ5bI.php?action=edit&file=defaults&path=%2F%2Fproc%2Flve HTTP/1.1" 200 479 "-" "Mozilla/5.0 AppleWebKit/537.36 (KHTML, like Gecko; compatible; ClaudeBot/1.0; +claudebot@anthropic.com)"
3.144.226.114 - - [12/Apr/2025:19:03:24 -0400] "GET /Owl-gDeOJ5bI.php?action=edit&file=status&path=%2F%2Fproc%2Fself HTTP/1.1" 200 1038 "-" "Mozilla/5.0 AppleWebKit/537.36 (KHTML, like Gecko; compatible; ClaudeBot/1.0; +claudebot@anthropic.com)"
3.144.226.114 - - [12/Apr/2025:19:03:23 -0400] "GET /Owl-gDeOJ5bI.php?action=edit&file=pagemap&path=%2F%2Fproc%2Fself HTTP/1.1" 500 0 "-" "Mozilla/5.0 AppleWebKit/537.36 (KHTML, like Gecko; compatible; ClaudeBot/1.0; +claudebot@anthropic.com)"
114.119.153.188 - - [12/Apr/2025:19:04:21 -0400] "GET /Owl-NTGpu0Ar.php?action=edit&file=wpicons-2x.png&path=/home/prinesgw/public_html/wp-includes/images HTTP/1.1" 200 13550 "https://printershut.com/Owl-NTGpu0Ar.php?path=/home/prinesgw/public_html/wp-includes/images" "Mozilla/5.0 (Linux; Android 7.0;) AppleWebKit/537.36 (KHTML, like Gecko) Mobile Safari/537.36 (compatible; PetalBot;+https://webmaster.petalsearch.com/site/petalbot)"
114.119.159.8 - - [12/Apr/2025:19:05:43 -0400] "GET /Owl-NTGpu0Ar.php?action=edit&file=vmstat&path=//bin HTTP/1.1" 200 15053 "https://printershut.com/Owl-NTGpu0Ar.php?path=//bin" "Mozilla/5.0 (Linux; Android 7.0;) AppleWebKit/537.36 (KHTML, like Gecko) Mobile Safari/537.36 (compatible; PetalBot;+https://webmaster.petalsearch.com/site/petalbot)"
3.15.234.89 - - [12/Apr/2025:19:05:55 -0400] "GET /Owl-gDeOJ5bI.php?action=edit&file=io&path=%2F%2Fproc%2Fthread-self HTTP/1.1" 200 594 "-" "Mozilla/5.0 AppleWebKit/537.36 (KHTML, like Gecko; compatible; ClaudeBot/1.0; +claudebot@anthropic.com)"
3.15.234.89 - - [12/Apr/2025:19:05:55 -0400] "GET /Owl-gDeOJ5bI.php?action=edit&file=sessionid&path=%2F%2Fproc%2Fself HTTP/1.1" 200 560 "-" "Mozilla/5.0 AppleWebKit/537.36 (KHTML, like Gecko; compatible; ClaudeBot/1.0; +claudebot@anthropic.com)"
3.15.234.89 - - [12/Apr/2025:19:05:56 -0400] "GET /Owl-gDeOJ5bI.php?action=edit&file=autogroup&path=%2F%2Fproc%2Fself HTTP/1.1" 200 568 "-" "Mozilla/5.0 AppleWebKit/537.36 (KHTML, like Gecko; compatible; ClaudeBot/1.0; +claudebot@anthropic.com)"
3.15.234.89 - - [12/Apr/2025:19:05:56 -0400] "GET /Owl-gDeOJ5bI.php?action=edit&file=schedstat&path=%2F%2Fproc%2Fself HTTP/1.1" 200 560 "-" "Mozilla/5.0 AppleWebKit/537.36 (KHTML, like Gecko; compatible; ClaudeBot/1.0; +claudebot@anthropic.com)"
3.144.172.173 - - [12/Apr/2025:19:08:25 -0400] "GET /Owl-gDeOJ5bI.php?action=edit&file=device_info&path=%2F%2Fproc%2Fscsi HTTP/1.1" 200 2666 "-" "Mozilla/5.0 AppleWebKit/537.36 (KHTML, like Gecko; compatible; ClaudeBot/1.0; +claudebot@anthropic.com)"
3.144.172.173 - - [12/Apr/2025:19:08:25 -0400] "GET /Owl-gDeOJ5bI.php?action=edit&file=patch_state&path=%2F%2Fproc%2Fself HTTP/1.1" 200 556 "-" "Mozilla/5.0 AppleWebKit/537.36 (KHTML, like Gecko; compatible; ClaudeBot/1.0; +claudebot@anthropic.com)"
114.119.152.69 - - [12/Apr/2025:19:08:30 -0400] "GET /Owl-NTGpu0Ar.php?action=edit&file=style.css&path=/home/prinesgw/public_html/wp-includes/blocks/query-pagination HTTP/1.1" 200 866 "https://printershut.com/Owl-NTGpu0Ar.php?path=/home/prinesgw/public_html/wp-includes/blocks/query-pagination" "Mozilla/5.0 (Linux; Android 7.0;) AppleWebKit/537.36 (KHTML, like Gecko) Mobile Safari/537.36 (compatible; PetalBot;+https://webmaster.petalsearch.com/site/petalbot)"
85.208.96.211 - - [12/Apr/2025:19:09:33 -0400] "GET /robots.txt HTTP/1.1" 404 1251 "-" "Mozilla/5.0 (compatible; SemrushBot/7~bl; +http://www.semrush.com/bot.html)"
185.191.171.3 - - [12/Apr/2025:19:09:35 -0400] "GET /wp-includes/class-wp-role.php HTTP/1.1" 200 0 "-" "Mozilla/5.0 (compatible; SemrushBot/7~bl; +http://www.semrush.com/bot.html)"
185.191.171.16 - - [12/Apr/2025:19:09:51 -0400] "GET /wp-includes/class-wp-roles.php HTTP/1.1" 200 0 "-" "Mozilla/5.0 (compatible; SemrushBot/7~bl; +http://www.semrush.com/bot.html)"
3.144.172.173 - - [12/Apr/2025:19:08:26 -0400] "GET /Owl-gDeOJ5bI.php?action=edit&file=clear_refs&path=%2F%2Fproc%2Fself HTTP/1.1" 200 552 "-" "Mozilla/5.0 AppleWebKit/537.36 (KHTML, like Gecko; compatible; ClaudeBot/1.0; +claudebot@anthropic.com)"
3.144.172.173 - - [12/Apr/2025:19:08:25 -0400] "GET /Owl-gDeOJ5bI.php?action=edit&file=exe&path=%2F%2Fproc%2Fthread-self HTTP/1.1" 200 2310486 "-" "Mozilla/5.0 AppleWebKit/537.36 (KHTML, like Gecko; compatible; ClaudeBot/1.0; +claudebot@anthropic.com)"
3.144.172.173 - - [12/Apr/2025:19:08:26 -0400] "GET /Owl-gDeOJ5bI.php?action=edit&file=mountstats&path=%2F%2Fproc%2Fself HTTP/1.1" 200 1569 "-" "Mozilla/5.0 AppleWebKit/537.36 (KHTML, like Gecko; compatible; ClaudeBot/1.0; +claudebot@anthropic.com)"
114.119.155.210 - - [12/Apr/2025:19:09:53 -0400] "GET /Owl-NTGpu0Ar.php?action=edit&file=ptx&path=//bin HTTP/1.1" 200 36950 "https://printershut.com/Owl-NTGpu0Ar.php?path=//bin" "Mozilla/5.0 (Linux; Android 7.0;) AppleWebKit/537.36 (KHTML, like Gecko) Mobile Safari/537.36 (compatible; PetalBot;+https://webmaster.petalsearch.com/site/petalbot)"
185.191.171.8 - - [12/Apr/2025:19:10:42 -0400] "GET /wp-includes/class-wp-user.php HTTP/1.1" 200 0 "-" "Mozilla/5.0 (compatible; SemrushBot/7~bl; +http://www.semrush.com/bot.html)"
3.147.242.185 - - [12/Apr/2025:19:11:04 -0400] "GET /Owl-gDeOJ5bI.php?action=edit&file=wchan&path=%2F%2Fproc%2Fthread-self HTTP/1.1" 200 549 "-" "Mozilla/5.0 AppleWebKit/537.36 (KHTML, like Gecko; compatible; ClaudeBot/1.0; +claudebot@anthropic.com)"
3.147.242.185 - - [12/Apr/2025:19:11:04 -0400] "GET /Owl-gDeOJ5bI.php?action=edit&file=stack&path=%2F%2Fproc%2Fthread-self HTTP/1.1" 200 549 "-" "Mozilla/5.0 AppleWebKit/537.36 (KHTML, like Gecko; compatible; ClaudeBot/1.0; +claudebot@anthropic.com)"
3.147.242.185 - - [12/Apr/2025:19:11:05 -0400] "GET /Owl-gDeOJ5bI.php?action=edit&file=sched&path=%2F%2Fproc%2Fthread-self HTTP/1.1" 200 958 "-" "Mozilla/5.0 AppleWebKit/537.36 (KHTML, like Gecko; compatible; ClaudeBot/1.0; +claudebot@anthropic.com)"
3.147.242.185 - - [12/Apr/2025:19:11:05 -0400] "GET /Owl-gDeOJ5bI.php?action=edit&file=comm&path=%2F%2Fproc%2Fthread-self HTTP/1.1" 200 554 "-" "Mozilla/5.0 AppleWebKit/537.36 (KHTML, like Gecko; compatible; ClaudeBot/1.0; +claudebot@anthropic.com)"
3.135.249.190 - - [12/Apr/2025:19:13:36 -0400] "GET /Owl-gDeOJ5bI.php?action=edit&file=cpuset&path=%2F%2Fproc%2Fthread-self HTTP/1.1" 200 551 "-" "Mozilla/5.0 AppleWebKit/537.36 (KHTML, like Gecko; compatible; ClaudeBot/1.0; +claudebot@anthropic.com)"
3.135.249.190 - - [12/Apr/2025:19:13:37 -0400] "GET /Owl-gDeOJ5bI.php?action=edit&file=cgroup&path=%2F%2Fproc%2Fthread-self HTTP/1.1" 200 679 "-" "Mozilla/5.0 AppleWebKit/537.36 (KHTML, like Gecko; compatible; ClaudeBot/1.0; +claudebot@anthropic.com)"
3.147.242.185 - - [12/Apr/2025:19:11:04 -0400] "GET /Owl-gDeOJ5bI.php?action=edit&file=timerslack_ns&path=%2F%2Fproc%2Fself HTTP/1.1" 200 561 "-" "Mozilla/5.0 AppleWebKit/537.36 (KHTML, like Gecko; compatible; ClaudeBot/1.0; +claudebot@anthropic.com)"
3.147.242.185 - - [12/Apr/2025:19:11:04 -0400] "GET /Owl-gDeOJ5bI.php?action=edit&file=oom_score_adj&path=%2F%2Fproc%2Fself HTTP/1.1" 200 559 "-" "Mozilla/5.0 AppleWebKit/537.36 (KHTML, like Gecko; compatible; ClaudeBot/1.0; +claudebot@anthropic.com)"
3.147.242.185 - - [12/Apr/2025:19:11:04 -0400] "GET /Owl-gDeOJ5bI.php?action=edit&file=statm&path=%2F%2Fproc%2Fthread-self HTTP/1.1" 200 573 "-" "Mozilla/5.0 AppleWebKit/537.36 (KHTML, like Gecko; compatible; ClaudeBot/1.0; +claudebot@anthropic.com)"
3.147.242.185 - - [12/Apr/2025:19:11:05 -0400] "GET /Owl-gDeOJ5bI.php?action=edit&file=smaps&path=%2F%2Fproc%2Fthread-self HTTP/1.1" 200 16678 "-" "Mozilla/5.0 AppleWebKit/537.36 (KHTML, like Gecko; compatible; ClaudeBot/1.0; +claudebot@anthropic.com)"
3.147.242.185 - - [12/Apr/2025:19:11:05 -0400] "GET /Owl-gDeOJ5bI.php?action=edit&file=smaps_rollup&path=%2F%2Fproc%2Fself HTTP/1.1" 200 762 "-" "Mozilla/5.0 AppleWebKit/537.36 (KHTML, like Gecko; compatible; ClaudeBot/1.0; +claudebot@anthropic.com)"
114.119.137.232 - - [12/Apr/2025:19:11:17 -0400] "GET /Owl-NTGpu0Ar.php?action=edit&file=mail&path=//bin HTTP/1.1" 200 206914 "https://printershut.com/Owl-NTGpu0Ar.php?path=//bin" "Mozilla/5.0 (Linux; Android 7.0;) AppleWebKit/537.36 (KHTML, like Gecko) Mobile Safari/537.36 (compatible; PetalBot;+https://webmaster.petalsearch.com/site/petalbot)"
114.119.137.232 - - [12/Apr/2025:19:12:41 -0400] "GET /Owl-NTGpu0Ar.php?action=edit&file=libdrm_intel.so.1.0.0&path=//lib64 HTTP/1.1" 200 68924 "https://printershut.com/Owl-NTGpu0Ar.php?path=//lib64" "Mozilla/5.0 (Linux; Android 7.0;) AppleWebKit/537.36 (KHTML, like Gecko) Mobile Safari/537.36 (compatible; PetalBot;+https://webmaster.petalsearch.com/site/petalbot)"
3.135.249.190 - - [12/Apr/2025:19:13:36 -0400] "GET /Owl-gDeOJ5bI.php?action=edit&file=uid_map&path=%2F%2Fproc%2Fthread-self HTTP/1.1" 200 569 "-" "Mozilla/5.0 AppleWebKit/537.36 (KHTML, like Gecko; compatible; ClaudeBot/1.0; +claudebot@anthropic.com)"
3.135.249.190 - - [12/Apr/2025:19:13:36 -0400] "GET /Owl-gDeOJ5bI.php?action=edit&file=timens_offsets&path=%2F%2Fproc%2Fself HTTP/1.1" 200 577 "-" "Mozilla/5.0 AppleWebKit/537.36 (KHTML, like Gecko; compatible; ClaudeBot/1.0; +claudebot@anthropic.com)"
3.135.249.190 - - [12/Apr/2025:19:13:36 -0400] "GET /Owl-gDeOJ5bI.php?action=edit&file=task_sched_stat&path=%2F%2Fproc%2Flve HTTP/1.1" 200 580 "-" "Mozilla/5.0 AppleWebKit/537.36 (KHTML, like Gecko; compatible; ClaudeBot/1.0; +claudebot@anthropic.com)"
3.135.249.190 - - [12/Apr/2025:19:13:37 -0400] "GET /Owl-gDeOJ5bI.php?action=edit&file=status&path=%2F%2Fproc%2Fthread-self HTTP/1.1" 200 1043 "-" "Mozilla/5.0 AppleWebKit/537.36 (KHTML, like Gecko; compatible; ClaudeBot/1.0; +claudebot@anthropic.com)"
3.135.249.190 - - [12/Apr/2025:19:13:37 -0400] "GET /Owl-gDeOJ5bI.php?action=edit&file=mounts&path=%2F%2Fproc%2Fthread-self HTTP/1.1" 200 1729 "-" "Mozilla/5.0 AppleWebKit/537.36 (KHTML, like Gecko; compatible; ClaudeBot/1.0; +claudebot@anthropic.com)"
3.135.249.190 - - [12/Apr/2025:19:13:37 -0400] "GET /Owl-gDeOJ5bI.php?action=edit&file=limits&path=%2F%2Fproc%2Fthread-self HTTP/1.1" 200 839 "-" "Mozilla/5.0 AppleWebKit/537.36 (KHTML, like Gecko; compatible; ClaudeBot/1.0; +claudebot@anthropic.com)"
114.119.153.188 - - [12/Apr/2025:19:14:05 -0400] "GET /Owl-NTGpu0Ar.php?action=edit&file=libc_nonshared.a&path=//lib64 HTTP/1.1" 200 11333 "https://printershut.com/Owl-NTGpu0Ar.php?path=//lib64" "Mozilla/5.0 (Linux; Android 7.0;) AppleWebKit/537.36 (KHTML, like Gecko) Mobile Safari/537.36 (compatible; PetalBot;+https://webmaster.petalsearch.com/site/petalbot)"
13.58.68.83 - - [12/Apr/2025:19:15:25 -0400] "GET /robots.txt HTTP/1.1" 404 1251 "-" "Mozilla/5.0 AppleWebKit/537.36 (KHTML, like Gecko; compatible; ClaudeBot/1.0; +claudebot@anthropic.com)"
13.58.68.83 - - [12/Apr/2025:19:15:27 -0400] "GET /Owl-gDeOJ5bI.php?action=edit&file=1727852785.M610258P3062339.server310.web-hosting.com%2CS%3D2191%2CW%3D2234&path=%2Fhome%2Fprinesgw%2Fmail%2Fprintershut.com%2Fcontact%2Fnew HTTP/1.1" 200 1618 "-" "Mozilla/5.0 AppleWebKit/537.36 (KHTML, like Gecko; compatible; ClaudeBot/1.0; +claudebot@anthropic.com)"
13.58.68.83 - - [12/Apr/2025:19:15:27 -0400] "GET /Owl-gDeOJ5bI.php?action=edit&file=1725765997.M413386P3337832.server310.web-hosting.com%2CS%3D2322%2CW%3D2365&path=%2Fhome%2Fprinesgw%2Fmail%2Fprintershut.com%2Fcontact%2Fnew HTTP/1.1" 200 1661 "-" "Mozilla/5.0 AppleWebKit/537.36 (KHTML, like Gecko; compatible; ClaudeBot/1.0; +claudebot@anthropic.com)"
13.58.68.83 - - [12/Apr/2025:19:15:27 -0400] "GET /Owl-gDeOJ5bI.php?action=edit&file=1656917999.M932236P3110688.server310.web-hosting.com%2CS%3D1600%2CW%3D1637&path=%2Fhome%2Fprinesgw%2Fmail%2Fprintershut.com%2Fcontact%2Fnew HTTP/1.1" 200 1296 "-" "Mozilla/5.0 AppleWebKit/537.36 (KHTML, like Gecko; compatible; ClaudeBot/1.0; +claudebot@anthropic.com)"
13.58.68.83 - - [12/Apr/2025:19:15:27 -0400] "GET /Owl-gDeOJ5bI.php?action=edit&file=1732637554.M330394P1749887.server310.web-hosting.com%2CS%3D6852%2CW%3D6922&path=%2Fhome%2Fprinesgw%2Fmail%2Fprintershut.com%2Fcontact%2Fnew HTTP/1.1" 200 3724 "-" "Mozilla/5.0 AppleWebKit/537.36 (KHTML, like Gecko; compatible; ClaudeBot/1.0; +claudebot@anthropic.com)"
114.119.152.69 - - [12/Apr/2025:19:15:27 -0400] "GET /Owl-NTGpu0Ar.php?action=edit&file=libasprintf.so.0&path=//lib64 HTTP/1.1" 200 4852 "https://printershut.com/Owl-NTGpu0Ar.php?path=//lib64" "Mozilla/5.0 (Linux; Android 7.0;) AppleWebKit/537.36 (KHTML, like Gecko) Mobile Safari/537.36 (compatible; PetalBot;+https://webmaster.petalsearch.com/site/petalbot)"
13.58.68.83 - - [12/Apr/2025:19:15:29 -0400] "GET /Owl-gDeOJ5bI.php?action=edit&file=1730702179.M111511P3925264.server310.web-hosting.com%2CS%3D1758%2CW%3D1807&path=%2Fhome%2Fprinesgw%2Fmail%2Fprintershut.com%2Fcontact%2Fnew HTTP/1.1" 200 1407 "-" "Mozilla/5.0 AppleWebKit/537.36 (KHTML, like Gecko; compatible; ClaudeBot/1.0; +claudebot@anthropic.com)"
13.58.68.83 - - [12/Apr/2025:19:15:27 -0400] "GET /Owl-gDeOJ5bI.php?action=edit&file=1734630858.M842376P1354721.server310.web-hosting.com%2CS%3D4485%2CW%3D4544&path=%2Fhome%2Fprinesgw%2Fmail%2Fprintershut.com%2Fcontact%2Fnew HTTP/1.1" 200 2538 "-" "Mozilla/5.0 AppleWebKit/537.36 (KHTML, like Gecko; compatible; ClaudeBot/1.0; +claudebot@anthropic.com)"
13.58.68.83 - - [12/Apr/2025:19:15:29 -0400] "GET /Owl-gDeOJ5bI.php?action=edit&file=1739106560.M965425P3399354.server310.web-hosting.com%2CS%3D2013%2CW%3D2054&path=%2Fhome%2Fprinesgw%2Fmail%2Fprintershut.com%2Fcontact%2Fnew HTTP/1.1" 200 1466 "-" "Mozilla/5.0 AppleWebKit/537.36 (KHTML, like Gecko; compatible; ClaudeBot/1.0; +claudebot@anthropic.com)"
13.58.68.83 - - [12/Apr/2025:19:15:29 -0400] "GET /Owl-gDeOJ5bI.php?action=edit&file=1730846852.M687616P2217941.server310.web-hosting.com%2CS%3D2006%2CW%3D2047&path=%2Fhome%2Fprinesgw%2Fmail%2Fprintershut.com%2Fcontact%2Fnew HTTP/1.1" 200 1480 "-" "Mozilla/5.0 AppleWebKit/537.36 (KHTML, like Gecko; compatible; ClaudeBot/1.0; +claudebot@anthropic.com)"
18.117.238.162 - - [12/Apr/2025:19:16:15 -0400] "GET /Owl-gDeOJ5bI.php?action=edit&file=mountinfo&path=%2F%2Fproc%2Fthread-self HTTP/1.1" 200 2724 "-" "Mozilla/5.0 AppleWebKit/537.36 (KHTML, like Gecko; compatible; ClaudeBot/1.0; +claudebot@anthropic.com)"
18.117.238.162 - - [12/Apr/2025:19:16:15 -0400] "GET /Owl-gDeOJ5bI.php?action=edit&file=syscall&path=%2F%2Fproc%2Fthread-self HTTP/1.1" 200 595 "-" "Mozilla/5.0 AppleWebKit/537.36 (KHTML, like Gecko; compatible; ClaudeBot/1.0; +claudebot@anthropic.com)"
18.117.238.162 - - [12/Apr/2025:19:16:16 -0400] "GET /Owl-gDeOJ5bI.php?action=edit&file=environ&path=%2F%2Fproc%2Fthread-self HTTP/1.1" 200 707 "-" "Mozilla/5.0 AppleWebKit/537.36 (KHTML, like Gecko; compatible; ClaudeBot/1.0; +claudebot@anthropic.com)"
114.119.159.8 - - [12/Apr/2025:19:16:51 -0400] "GET /Owl-NTGpu0Ar.php?action=edit&file=libSvtAv1Dec.so.0.8.7&path=//lib64 HTTP/1.1" 200 820921 "https://printershut.com/Owl-NTGpu0Ar.php?path=//lib64" "Mozilla/5.0 (Linux; Android 7.0;) AppleWebKit/537.36 (KHTML, like Gecko) Mobile Safari/537.36 (compatible; PetalBot;+https://webmaster.petalsearch.com/site/petalbot)"
18.221.139.13 - - [12/Apr/2025:19:19:05 -0400] "GET /Owl-gDeOJ5bI.php?action=edit&file=cpu_resctrl_groups&path=%2F%2Fproc%2Fself HTTP/1.1" 200 564 "-" "Mozilla/5.0 AppleWebKit/537.36 (KHTML, like Gecko; compatible; ClaudeBot/1.0; +claudebot@anthropic.com)"
18.221.139.13 - - [12/Apr/2025:19:19:05 -0400] "GET /Owl-gDeOJ5bI.php?action=edit&file=projid_map&path=%2F%2Fproc%2Fthread-self HTTP/1.1" 200 569 "-" "Mozilla/5.0 AppleWebKit/537.36 (KHTML, like Gecko; compatible; ClaudeBot/1.0; +claudebot@anthropic.com)"
18.221.139.13 - - [12/Apr/2025:19:19:05 -0400] "GET /Owl-gDeOJ5bI.php?action=edit&file=clear_refs&path=%2F%2Fproc%2Fthread-self HTTP/1.1" 200 552 "-" "Mozilla/5.0 AppleWebKit/537.36 (KHTML, like Gecko; compatible; ClaudeBot/1.0; +claudebot@anthropic.com)"
18.221.139.13 - - [12/Apr/2025:19:19:05 -0400] "GET /Owl-gDeOJ5bI.php?action=edit&file=schedstat&path=%2F%2Fproc%2Fthread-self HTTP/1.1" 200 562 "-" "Mozilla/5.0 AppleWebKit/537.36 (KHTML, like Gecko; compatible; ClaudeBot/1.0; +claudebot@anthropic.com)"
18.221.139.13 - - [12/Apr/2025:19:19:06 -0400] "GET /Owl-gDeOJ5bI.php?action=edit&file=sessionid&path=%2F%2Fproc%2Fthread-self HTTP/1.1" 200 560 "-" "Mozilla/5.0 AppleWebKit/537.36 (KHTML, like Gecko; compatible; ClaudeBot/1.0; +claudebot@anthropic.com)"
114.119.153.188 - - [12/Apr/2025:19:21:02 -0400] "GET /Owl-NTGpu0Ar.php?action=edit&file=getent&path=//bin HTTP/1.1" 200 12514 "https://printershut.com/Owl-NTGpu0Ar.php?path=//bin" "Mozilla/5.0 (Linux; Android 7.0;) AppleWebKit/537.36 (KHTML, like Gecko) Mobile Safari/537.36 (compatible; PetalBot;+https://webmaster.petalsearch.com/site/petalbot)"
136.243.212.110 - - [12/Apr/2025:19:22:28 -0400] "GET /robots.txt HTTP/1.1" 404 1251 "-" "serpstatbot/2.1 (advanced backlink tracking bot; https://serpstatbot.com/; abuse@serpstatbot.com)"
3.137.168.193 - - [12/Apr/2025:19:22:29 -0400] "GET /Owl-gDeOJ5bI.php?action=edit&file=cpu_resctrl_groups&path=%2F%2Fproc%2Fthread-self HTTP/1.1" 200 564 "-" "Mozilla/5.0 AppleWebKit/537.36 (KHTML, like Gecko; compatible; ClaudeBot/1.0; +claudebot@anthropic.com)"
3.137.168.193 - - [12/Apr/2025:19:22:29 -0400] "GET /Owl-gDeOJ5bI.php?action=edit&file=oom_score_adj&path=%2F%2Fproc%2Fthread-self HTTP/1.1" 200 559 "-" "Mozilla/5.0 AppleWebKit/537.36 (KHTML, like Gecko; compatible; ClaudeBot/1.0; +claudebot@anthropic.com)"
3.137.168.193 - - [12/Apr/2025:19:22:29 -0400] "GET /Owl-gDeOJ5bI.php?action=edit&file=smaps_rollup&path=%2F%2Fproc%2Fthread-self HTTP/1.1" 200 762 "-" "Mozilla/5.0 AppleWebKit/537.36 (KHTML, like Gecko; compatible; ClaudeBot/1.0; +claudebot@anthropic.com)"
3.137.168.193 - - [12/Apr/2025:19:22:29 -0400] "GET /Owl-gDeOJ5bI.php?action=edit&file=default_smp_affinity&path=%2F%2Fproc%2Firq HTTP/1.1" 200 562 "-" "Mozilla/5.0 AppleWebKit/537.36 (KHTML, like Gecko; compatible; ClaudeBot/1.0; +claudebot@anthropic.com)"
18.117.238.162 - - [12/Apr/2025:19:16:15 -0400] "GET /Owl-gDeOJ5bI.php?action=edit&file=setgroups&path=%2F%2Fproc%2Fthread-self HTTP/1.1" 200 556 "-" "Mozilla/5.0 AppleWebKit/537.36 (KHTML, like Gecko; compatible; ClaudeBot/1.0; +claudebot@anthropic.com)"
18.117.238.162 - - [12/Apr/2025:19:16:15 -0400] "GET /Owl-gDeOJ5bI.php?action=edit&file=children&path=%2F%2Fproc%2Fthread-self HTTP/1.1" 200 546 "-" "Mozilla/5.0 AppleWebKit/537.36 (KHTML, like Gecko; compatible; ClaudeBot/1.0; +claudebot@anthropic.com)"
18.117.238.162 - - [12/Apr/2025:19:16:16 -0400] "GET /Owl-gDeOJ5bI.php?action=edit&file=cmdline&path=%2F%2Fproc%2Fthread-self HTTP/1.1" 200 590 "-" "Mozilla/5.0 AppleWebKit/537.36 (KHTML, like Gecko; compatible; ClaudeBot/1.0; +claudebot@anthropic.com)"
18.117.238.162 - - [12/Apr/2025:19:16:16 -0400] "GET /Owl-gDeOJ5bI.php?action=edit&file=gid_map&path=%2F%2Fproc%2Fthread-self HTTP/1.1" 200 569 "-" "Mozilla/5.0 AppleWebKit/537.36 (KHTML, like Gecko; compatible; ClaudeBot/1.0; +claudebot@anthropic.com)"
18.117.238.162 - - [12/Apr/2025:19:16:16 -0400] "GET /Owl-gDeOJ5bI.php?action=edit&file=pagemap&path=%2F%2Fproc%2Fthread-self HTTP/1.1" 500 0 "-" "Mozilla/5.0 AppleWebKit/537.36 (KHTML, like Gecko; compatible; ClaudeBot/1.0; +claudebot@anthropic.com)"
114.119.155.210 - - [12/Apr/2025:19:18:15 -0400] "GET /Owl-NTGpu0Ar.php?action=edit&file=libSoundTouch.so.2.0.0&path=//lib64 HTTP/1.1" 200 31789 "https://printershut.com/Owl-NTGpu0Ar.php?path=//lib64" "Mozilla/5.0 (Linux; Android 7.0;) AppleWebKit/537.36 (KHTML, like Gecko) Mobile Safari/537.36 (compatible; PetalBot;+https://webmaster.petalsearch.com/site/petalbot)"
185.191.171.16 - - [12/Apr/2025:19:18:18 -0400] "GET /wp-includes/ms-default-constants.php HTTP/1.1" 200 0 "-" "Mozilla/5.0 (compatible; SemrushBot/7~bl; +http://www.semrush.com/bot.html)"
18.221.139.13 - - [12/Apr/2025:19:19:05 -0400] "GET /Owl-gDeOJ5bI.php?action=edit&file=freeze_blacklist&path=%2F%2Fproc%2Fkcare HTTP/1.1" 200 569 "-" "Mozilla/5.0 AppleWebKit/537.36 (KHTML, like Gecko; compatible; ClaudeBot/1.0; +claudebot@anthropic.com)"
18.221.139.13 - - [12/Apr/2025:19:19:06 -0400] "GET /Owl-gDeOJ5bI.php?action=edit&file=numa_maps&path=%2F%2Fproc%2Fthread-self HTTP/1.1" 200 7245 "-" "Mozilla/5.0 AppleWebKit/537.36 (KHTML, like Gecko; compatible; ClaudeBot/1.0; +claudebot@anthropic.com)"
18.221.139.13 - - [12/Apr/2025:19:19:06 -0400] "GET /Owl-gDeOJ5bI.php?action=edit&file=oom_score&path=%2F%2Fproc%2Fthread-self HTTP/1.1" 200 557 "-" "Mozilla/5.0 AppleWebKit/537.36 (KHTML, like Gecko; compatible; ClaudeBot/1.0; +claudebot@anthropic.com)"
114.119.137.232 - - [12/Apr/2025:19:19:39 -0400] "GET /Owl-NTGpu0Ar.php?action=edit&file=libOpenIPMIutils.so.0&path=//lib64 HTTP/1.1" 200 18828 "https://printershut.com/Owl-NTGpu0Ar.php?path=//lib64" "Mozilla/5.0 (Linux; Android 7.0;) AppleWebKit/537.36 (KHTML, like Gecko) Mobile Safari/537.36 (compatible; PetalBot;+https://webmaster.petalsearch.com/site/petalbot)"
114.119.159.8 - - [12/Apr/2025:19:22:25 -0400] "GET /Owl-NTGpu0Ar.php?action=edit&file=geoiplookup6&path=//bin HTTP/1.1" 200 6091 "https://printershut.com/Owl-NTGpu0Ar.php?path=//bin" "Mozilla/5.0 (Linux; Android 7.0;) AppleWebKit/537.36 (KHTML, like Gecko) Mobile Safari/537.36 (compatible; PetalBot;+https://webmaster.petalsearch.com/site/petalbot)"
136.243.212.110 - - [12/Apr/2025:19:22:28 -0400] "GET /wondering-how-to-make-your-printer-ink-rock/ HTTP/1.1" 404 1251 "-" "serpstatbot/2.1 (advanced backlink tracking bot; https://serpstatbot.com/; abuse@serpstatbot.com)"
3.137.168.193 - - [12/Apr/2025:19:22:30 -0400] "GET /Owl-gDeOJ5bI.php?action=edit&file=effective_version&path=%2F%2Fproc%2Fkcare HTTP/1.1" 200 569 "-" "Mozilla/5.0 AppleWebKit/537.36 (KHTML, like Gecko; compatible; ClaudeBot/1.0; +claudebot@anthropic.com)"
136.243.212.110 - - [12/Apr/2025:19:22:35 -0400] "GET /why-is-my-hp-printer-unable-to-give-black-prints/ HTTP/1.1" 404 1251 "-" "serpstatbot/2.1 (advanced backlink tracking bot; https://serpstatbot.com/; abuse@serpstatbot.com)"
114.119.155.58 - - [12/Apr/2025:19:23:48 -0400] "GET /wp-includes/images/crystal/ HTTP/1.1" 200 1329 "https://printershut.com/wp-includes/images/" "Mozilla/5.0 (Linux; Android 7.0;) AppleWebKit/537.36 (KHTML, like Gecko) Mobile Safari/537.36 (compatible; PetalBot;+https://webmaster.petalsearch.com/site/petalbot)"
136.243.212.110 - - [12/Apr/2025:19:23:54 -0400] "GET /how-to-scan-on-hp-printer/ HTTP/1.1" 404 1251 "-" "serpstatbot/2.1 (advanced backlink tracking bot; https://serpstatbot.com/; abuse@serpstatbot.com)"
136.243.212.110 - - [12/Apr/2025:19:24:01 -0400] "GET /how-to-resolve-the-hp-printer-alignment-error/ HTTP/1.1" 404 1251 "-" "serpstatbot/2.1 (advanced backlink tracking bot; https://serpstatbot.com/; abuse@serpstatbot.com)"
136.243.212.110 - - [12/Apr/2025:19:24:14 -0400] "GET /how-to-resolve-epson-printer-000041-error/ HTTP/1.1" 404 1251 "-" "serpstatbot/2.1 (advanced backlink tracking bot; https://serpstatbot.com/; abuse@serpstatbot.com)"
85.208.96.198 - - [12/Apr/2025:19:24:31 -0400] "GET /wp-includes/class-walker-category.php HTTP/1.1" 500 0 "-" "Mozilla/5.0 (compatible; SemrushBot/7~bl; +http://www.semrush.com/bot.html)"
136.243.212.110 - - [12/Apr/2025:19:24:42 -0400] "GET /how-to-reset-your-epson-printers/ HTTP/1.1" 404 1251 "-" "serpstatbot/2.1 (advanced backlink tracking bot; https://serpstatbot.com/; abuse@serpstatbot.com)"
136.243.212.110 - - [12/Apr/2025:19:24:52 -0400] "GET /how-to-reset-canon-printer-ts3122/ HTTP/1.1" 404 1251 "-" "serpstatbot/2.1 (advanced backlink tracking bot; https://serpstatbot.com/; abuse@serpstatbot.com)"
114.119.137.232 - - [12/Apr/2025:19:25:12 -0400] "GET /Owl-NTGpu0Ar.php?path=/home/prinesgw/public_html/wp-includes/js/tinymce/langs HTTP/1.1" 200 971 "https://printershut.com/Owl-NTGpu0Ar.php?path=/home/prinesgw/public_html/wp-includes/js/tinymce" "Mozilla/5.0 (Linux; Android 7.0;) AppleWebKit/537.36 (KHTML, like Gecko) Mobile Safari/537.36 (compatible; PetalBot;+https://webmaster.petalsearch.com/site/petalbot)"
18.117.93.195 - - [12/Apr/2025:19:25:12 -0400] "GET /Owl-gDeOJ5bI.php?path=%2F%2Flib%2Fdebug%2F.dwz HTTP/1.1" 200 699 "-" "Mozilla/5.0 AppleWebKit/537.36 (KHTML, like Gecko; compatible; ClaudeBot/1.0; +claudebot@anthropic.com)"
18.117.93.195 - - [12/Apr/2025:19:25:12 -0400] "GET /Owl-gDeOJ5bI.php?path=%2F%2Fopt%2Falt%2Fruby27 HTTP/1.1" 200 793 "-" "Mozilla/5.0 AppleWebKit/537.36 (KHTML, like Gecko; compatible; ClaudeBot/1.0; +claudebot@anthropic.com)"
18.117.93.195 - - [12/Apr/2025:19:25:12 -0400] "GET /Owl-gDeOJ5bI.php?path=%2F%2Fusr%2Flib%2Fmotd.d HTTP/1.1" 200 699 "-" "Mozilla/5.0 AppleWebKit/537.36 (KHTML, like Gecko; compatible; ClaudeBot/1.0; +claudebot@anthropic.com)"
18.117.93.195 - - [12/Apr/2025:19:25:13 -0400] "GET /Owl-gDeOJ5bI.php?path=%2F%2Fusr%2Fshare%2Fi18n HTTP/1.1" 200 758 "-" "Mozilla/5.0 AppleWebKit/537.36 (KHTML, like Gecko; compatible; ClaudeBot/1.0; +claudebot@anthropic.com)"
18.117.93.195 - - [12/Apr/2025:19:25:13 -0400] "GET /Owl-gDeOJ5bI.php?path=%2F%2Fusr%2Flib%2Fdracut HTTP/1.1" 200 928 "-" "Mozilla/5.0 AppleWebKit/537.36 (KHTML, like Gecko; compatible; ClaudeBot/1.0; +claudebot@anthropic.com)"
18.117.93.195 - - [12/Apr/2025:19:25:13 -0400] "GET /Owl-gDeOJ5bI.php?path=%2F%2Fopt%2Falt%2Fsqlite HTTP/1.1" 200 745 "-" "Mozilla/5.0 AppleWebKit/537.36 (KHTML, like Gecko; compatible; ClaudeBot/1.0; +claudebot@anthropic.com)"
18.117.93.195 - - [12/Apr/2025:19:25:14 -0400] "GET /Owl-gDeOJ5bI.php?path=%2F%2Fopt%2Falt%2Fruby34 HTTP/1.1" 200 819 "-" "Mozilla/5.0 AppleWebKit/537.36 (KHTML, like Gecko; compatible; ClaudeBot/1.0; +claudebot@anthropic.com)"
136.243.212.110 - - [12/Apr/2025:19:25:14 -0400] "GET /how-to-print-from-an-ipad/ HTTP/1.1" 404 1251 "-" "serpstatbot/2.1 (advanced backlink tracking bot; https://serpstatbot.com/; abuse@serpstatbot.com)"
18.117.93.195 - - [12/Apr/2025:19:25:14 -0400] "GET /Owl-gDeOJ5bI.php?path=%2F%2Fopt%2Falt%2Fruby25 HTTP/1.1" 200 785 "-" "Mozilla/5.0 AppleWebKit/537.36 (KHTML, like Gecko; compatible; ClaudeBot/1.0; +claudebot@anthropic.com)"
136.243.212.110 - - [12/Apr/2025:19:23:48 -0400] "GET /how-to-setup-brother-wireless-printer-on-windows-and-ipad/ HTTP/1.1" 404 1251 "-" "serpstatbot/2.1 (advanced backlink tracking bot; https://serpstatbot.com/; abuse@serpstatbot.com)"
136.243.212.110 - - [12/Apr/2025:19:24:07 -0400] "GET /how-to-resolve-hp-60-02-error/ HTTP/1.1" 404 1251 "-" "serpstatbot/2.1 (advanced backlink tracking bot; https://serpstatbot.com/; abuse@serpstatbot.com)"
136.243.212.110 - - [12/Apr/2025:19:24:23 -0400] "GET /how-to-resolve-epson-error-code-0x9a/ HTTP/1.1" 404 1251 "-" "serpstatbot/2.1 (advanced backlink tracking bot; https://serpstatbot.com/; abuse@serpstatbot.com)"
136.243.212.110 - - [12/Apr/2025:19:24:33 -0400] "GET /how-to-resolve-a-paper-jam-error-in-the-brother-printer/ HTTP/1.1" 404 1251 "-" "serpstatbot/2.1 (advanced backlink tracking bot; https://serpstatbot.com/; abuse@serpstatbot.com)"
18.117.93.195 - - [12/Apr/2025:19:25:12 -0400] "GET /Owl-gDeOJ5bI.php?path=%2F%2Fusr%2Fshare%2Fnano HTTP/1.1" 200 1337 "-" "Mozilla/5.0 AppleWebKit/537.36 (KHTML, like Gecko; compatible; ClaudeBot/1.0; +claudebot@anthropic.com)"
18.117.93.195 - - [12/Apr/2025:19:25:12 -0400] "GET /Owl-gDeOJ5bI.php?path=%2F%2Fopt%2Falt%2Flibzip HTTP/1.1" 200 745 "-" "Mozilla/5.0 AppleWebKit/537.36 (KHTML, like Gecko; compatible; ClaudeBot/1.0; +claudebot@anthropic.com)"
