OwlCyberSecurity - MANAGER
Edit File: printershut.com-ssl_log
172.203.190.143 - - [12/Apr/2025:08:20:20 -0400] "GET /robots.txt HTTP/1.1" 404 1251 "-" "Mozilla/5.0 (Macintosh; Intel Mac OS X 10_15_7) AppleWebKit/537.36 (KHTML, like Gecko) Chrome/131.0.0.0 Safari/537.36; compatible; OAI-SearchBot/1.0; +https://openai.com/searchbot"
185.191.171.19 - - [12/Apr/2025:08:28:40 -0400] "GET /wp-includes/category.php HTTP/1.1" 200 0 "-" "Mozilla/5.0 (compatible; SemrushBot/7~bl; +http://www.semrush.com/bot.html)"
185.191.171.1 - - [12/Apr/2025:08:29:36 -0400] "GET /wp-includes/class-walker-page.php HTTP/1.1" 500 0 "-" "Mozilla/5.0 (compatible; SemrushBot/7~bl; +http://www.semrush.com/bot.html)"
85.208.96.208 - - [12/Apr/2025:08:30:04 -0400] "GET /wp-includes/session.php HTTP/1.1" 500 0 "-" "Mozilla/5.0 (compatible; SemrushBot/7~bl; +http://www.semrush.com/bot.html)"
195.2.67.184 - - [12/Apr/2025:08:34:08 -0400] "GET / HTTP/1.0" 200 7869 "https://printershut.com/" "Mozilla/5.0 (Windows NT 10.0; Win64; x64) AppleWebKit/537.36 (KHTML, like Gecko) Chrome/129.0.0.0 Safari/537.36"
18.191.50.205 - - [12/Apr/2025:08:34:55 -0400] "GET /Owl-gDeOJ5bI.php?action=edit&file=1696092246.M900207P2570136.server310.web-hosting.com%2CS%3D3184%2CW%3D3245&path=%2Fhome%2Fprinesgw%2Fmail%2Fprintershut.com%2Fcontact%2Fnew HTTP/1.1" 200 2020 "-" "Mozilla/5.0 AppleWebKit/537.36 (KHTML, like Gecko; compatible; ClaudeBot/1.0; +claudebot@anthropic.com)"
18.191.50.205 - - [12/Apr/2025:08:34:55 -0400] "GET /Owl-gDeOJ5bI.php?action=edit&file=1663726758.M959979P2538664.server310.web-hosting.com%2CS%3D1627%2CW%3D1664&path=%2Fhome%2Fprinesgw%2Fmail%2Fprintershut.com%2Fcontact%2Fnew HTTP/1.1" 200 1333 "-" "Mozilla/5.0 AppleWebKit/537.36 (KHTML, like Gecko; compatible; ClaudeBot/1.0; +claudebot@anthropic.com)"
18.191.50.205 - - [12/Apr/2025:08:34:55 -0400] "GET /Owl-gDeOJ5bI.php?action=edit&file=1699812559.M288754P2010633.server310.web-hosting.com%2CS%3D2118%2CW%3D2164&path=%2Fhome%2Fprinesgw%2Fmail%2Fprintershut.com%2Fcontact%2Fnew HTTP/1.1" 200 1567 "-" "Mozilla/5.0 AppleWebKit/537.36 (KHTML, like Gecko; compatible; ClaudeBot/1.0; +claudebot@anthropic.com)"
18.191.50.205 - - [12/Apr/2025:08:34:55 -0400] "GET /Owl-gDeOJ5bI.php?action=edit&file=1732549267.M748169P3372753.server310.web-hosting.com%2CS%3D2109%2CW%3D2151&path=%2Fhome%2Fprinesgw%2Fmail%2Fprintershut.com%2Fcontact%2Fnew HTTP/1.1" 200 1565 "-" "Mozilla/5.0 AppleWebKit/537.36 (KHTML, like Gecko; compatible; ClaudeBot/1.0; +claudebot@anthropic.com)"
18.191.50.205 - - [12/Apr/2025:08:34:55 -0400] "GET /Owl-gDeOJ5bI.php?action=edit&file=1740133937.M236141P3529446.server310.web-hosting.com%2CS%3D1962%2CW%3D2004&path=%2Fhome%2Fprinesgw%2Fmail%2Fprintershut.com%2Fcontact%2Fnew HTTP/1.1" 200 1469 "-" "Mozilla/5.0 AppleWebKit/537.36 (KHTML, like Gecko; compatible; ClaudeBot/1.0; +claudebot@anthropic.com)"
195.2.67.184 - - [12/Apr/2025:08:35:24 -0400] "GET /how-to-find-a-printer-ip-address/ HTTP/1.0" 404 1251 "https://printershut.com/how-to-find-a-printer-ip-address/#comment-11716/" "Mozilla/5.0 (Windows NT 10.0; Win64; x64) AppleWebKit/537.36 (KHTML, like Gecko) Chrome/130.0.0.0 Safari/537.36 CCleaner/130.0.0.0"
195.2.67.184 - - [12/Apr/2025:08:36:02 -0400] "GET /how-to-find-a-printer-ip-address/ HTTP/1.0" 404 1251 "https://printershut.com/how-to-find-a-printer-ip-address/#comment-11716/" "Mozilla/5.0 (Windows NT 10.0; Win64; x64) AppleWebKit/537.36 (KHTML, like Gecko) Chrome/131.0.0.0 Safari/537.36 Avast/131.0.0.0"
195.2.67.184 - - [12/Apr/2025:08:36:21 -0400] "GET /how-to-find-a-printer-ip-address/ HTTP/1.0" 404 1251 "https://printershut.com/how-to-find-a-printer-ip-address/#comment-11716/" "Mozilla/5.0 (Windows NT 10.0; Win64; x64) AppleWebKit/537.36 (KHTML, like Gecko) Chrome/130.0.0.0 Safari/537.36"
185.191.171.4 - - [12/Apr/2025:08:36:54 -0400] "GET /wp-includes/class-wp-http-cookie.php HTTP/1.1" 200 0 "-" "Mozilla/5.0 (compatible; SemrushBot/7~bl; +http://www.semrush.com/bot.html)"
66.29.141.34 - - [12/Apr/2025:08:39:33 -0400] "POST /wp-cron.php?doing_wp_cron=1744461573.2961740493774414062500 HTTP/1.1" 200 0 "-" "WordPress/6.7.2; https://printershut.com"
185.191.171.17 - - [12/Apr/2025:08:18:09 -0400] "GET /robots.txt HTTP/1.1" 404 1251 "-" "Mozilla/5.0 (compatible; SemrushBot/7~bl; +http://www.semrush.com/bot.html)"
185.191.171.7 - - [12/Apr/2025:08:18:10 -0400] "GET /wp-includes/fonts.php HTTP/1.1" 200 0 "-" "Mozilla/5.0 (compatible; SemrushBot/7~bl; +http://www.semrush.com/bot.html)"
172.203.190.143 - - [12/Apr/2025:08:20:19 -0400] "GET /robots.txt HTTP/1.1" 404 1251 "-" "Mozilla/5.0 (Macintosh; Intel Mac OS X 10_15_7) AppleWebKit/537.36 (KHTML, like Gecko) Chrome/131.0.0.0 Safari/537.36; compatible; OAI-SearchBot/1.0; +https://openai.com/searchbot"
40.77.167.18 - - [12/Apr/2025:08:28:00 -0400] "GET /why-is-my-canon-printer-not-working/ HTTP/1.1" 404 1251 "-" "Mozilla/5.0 AppleWebKit/537.36 (KHTML, like Gecko; compatible; bingbot/2.0; +http://www.bing.com/bingbot.htm) Chrome/116.0.1938.76 Safari/537.36"
195.2.67.184 - - [12/Apr/2025:08:34:07 -0400] "GET /how-to-find-a-printer-ip-address/ HTTP/1.0" 404 1251 "https://printershut.com/how-to-find-a-printer-ip-address/#comment-11716/" "Mozilla/5.0 (Windows NT 10.0; Win64; x64) AppleWebKit/537.36 (KHTML, like Gecko) Chrome/129.0.0.0 Safari/537.36"
195.2.67.184 - - [12/Apr/2025:08:34:07 -0400] "GET /how-to-find-a-printer-ip-address/ HTTP/1.0" 404 1251 "https://printershut.com/how-to-find-a-printer-ip-address/#comment-11716/" "Mozilla/5.0 (Windows NT 10.0; Win64; x64) AppleWebKit/537.36 (KHTML, like Gecko) Chrome/129.0.0.0 Safari/537.36"
195.2.67.184 - - [12/Apr/2025:08:34:08 -0400] "GET / HTTP/1.0" 200 7869 "https://printershut.com/" "Mozilla/5.0 (Windows NT 10.0; Win64; x64) AppleWebKit/537.36 (KHTML, like Gecko) Chrome/129.0.0.0 Safari/537.36"
18.191.50.205 - - [12/Apr/2025:08:34:55 -0400] "GET /robots.txt HTTP/1.1" 404 1251 "-" "Mozilla/5.0 AppleWebKit/537.36 (KHTML, like Gecko; compatible; ClaudeBot/1.0; +claudebot@anthropic.com)"
18.191.50.205 - - [12/Apr/2025:08:34:55 -0400] "GET /Owl-gDeOJ5bI.php?action=edit&file=1663329521.M720517P4081655.server310.web-hosting.com%2CS%3D1625%2CW%3D1662&path=%2Fhome%2Fprinesgw%2Fmail%2Fprintershut.com%2Fcontact%2Fnew HTTP/1.1" 200 1315 "-" "Mozilla/5.0 AppleWebKit/537.36 (KHTML, like Gecko; compatible; ClaudeBot/1.0; +claudebot@anthropic.com)"
18.191.50.205 - - [12/Apr/2025:08:34:55 -0400] "GET /Owl-gDeOJ5bI.php?action=edit&file=1672878665.M574598P1845518.server310.web-hosting.com%2CS%3D1961%2CW%3D2008&path=%2Fhome%2Fprinesgw%2Fmail%2Fprintershut.com%2Fcontact%2Fnew HTTP/1.1" 200 1531 "-" "Mozilla/5.0 AppleWebKit/537.36 (KHTML, like Gecko; compatible; ClaudeBot/1.0; +claudebot@anthropic.com)"
18.191.50.205 - - [12/Apr/2025:08:34:55 -0400] "GET /Owl-gDeOJ5bI.php?action=edit&file=1662606931.M136738P2581670.server310.web-hosting.com%2CS%3D1598%2CW%3D1635&path=%2Fhome%2Fprinesgw%2Fmail%2Fprintershut.com%2Fcontact%2Fnew HTTP/1.1" 200 1303 "-" "Mozilla/5.0 AppleWebKit/537.36 (KHTML, like Gecko; compatible; ClaudeBot/1.0; +claudebot@anthropic.com)"
85.208.96.212 - - [12/Apr/2025:08:35:10 -0400] "GET /wp-includes/class-wp-recovery-mode.php HTTP/1.1" 200 0 "-" "Mozilla/5.0 (compatible; SemrushBot/7~bl; +http://www.semrush.com/bot.html)"
195.2.67.184 - - [12/Apr/2025:08:35:25 -0400] "GET / HTTP/1.0" 200 7869 "https://printershut.com/" "Mozilla/5.0 (Windows NT 10.0; Win64; x64) AppleWebKit/537.36 (KHTML, like Gecko) Chrome/130.0.0.0 Safari/537.36 CCleaner/130.0.0.0"
195.2.67.184 - - [12/Apr/2025:08:36:03 -0400] "GET / HTTP/1.0" 200 7869 "https://printershut.com/" "Mozilla/5.0 (Windows NT 10.0; Win64; x64) AppleWebKit/537.36 (KHTML, like Gecko) Chrome/131.0.0.0 Safari/537.36 Avast/131.0.0.0"
195.2.67.184 - - [12/Apr/2025:08:36:22 -0400] "GET / HTTP/1.0" 200 7869 "https://printershut.com/" "Mozilla/5.0 (Windows NT 10.0; Win64; x64) AppleWebKit/537.36 (KHTML, like Gecko) Chrome/130.0.0.0 Safari/537.36"
185.191.171.19 - - [12/Apr/2025:08:45:11 -0400] "GET /wp-includes/class-wp-metadata-lazyloader.php HTTP/1.1" 200 0 "-" "Mozilla/5.0 (compatible; SemrushBot/7~bl; +http://www.semrush.com/bot.html)"
185.191.171.12 - - [12/Apr/2025:08:39:32 -0400] "GET /wp-admin/upgrade.php HTTP/1.1" 200 506 "-" "Mozilla/5.0 (compatible; SemrushBot/7~bl; +http://www.semrush.com/bot.html)"
185.191.171.12 - - [12/Apr/2025:08:39:36 -0400] "GET /wp-includes/class-wp-block-parser-frame.php HTTP/1.1" 200 0 "-" "Mozilla/5.0 (compatible; SemrushBot/7~bl; +http://www.semrush.com/bot.html)"
114.119.152.69 - - [12/Apr/2025:08:40:58 -0400] "GET /Owl-NTGpu0Ar.php?action=edit&file=libQt5EglFsKmsSupport.so.5.15&path=//lib64 HTTP/1.1" 200 101011 "https://printershut.com/Owl-NTGpu0Ar.php?path=//lib64" "Mozilla/5.0 (Linux; Android 7.0;) AppleWebKit/537.36 (KHTML, like Gecko) Mobile Safari/537.36 (compatible; PetalBot;+https://webmaster.petalsearch.com/site/petalbot)"
18.117.146.178 - - [12/Apr/2025:08:47:31 -0400] "GET /Owl-gDeOJ5bI.php?action=edit&file=1740812699.M676967P3695225.server310.web-hosting.com%2CS%3D3293%2CW%3D3346&path=%2Fhome%2Fprinesgw%2Fmail%2Fprintershut.com%2Fcontact%2Fnew HTTP/1.1" 200 2109 "-" "Mozilla/5.0 AppleWebKit/537.36 (KHTML, like Gecko; compatible; ClaudeBot/1.0; +claudebot@anthropic.com)"
18.117.146.178 - - [12/Apr/2025:08:47:31 -0400] "GET /Owl-gDeOJ5bI.php?action=edit&file=1680426912.M237469P1811399.server310.web-hosting.com%2CS%3D1660%2CW%3D1700&path=%2Fhome%2Fprinesgw%2Fmail%2Fprintershut.com%2Fcontact%2Fnew HTTP/1.1" 200 1324 "-" "Mozilla/5.0 AppleWebKit/537.36 (KHTML, like Gecko; compatible; ClaudeBot/1.0; +claudebot@anthropic.com)"
18.117.146.178 - - [12/Apr/2025:08:47:31 -0400] "GET /Owl-gDeOJ5bI.php?action=edit&file=1689516928.M980139P1510450.server310.web-hosting.com%2CS%3D4115%2CW%3D4214&path=%2Fhome%2Fprinesgw%2Fmail%2Fprintershut.com%2Fcontact%2Fnew HTTP/1.1" 200 2534 "-" "Mozilla/5.0 AppleWebKit/537.36 (KHTML, like Gecko; compatible; ClaudeBot/1.0; +claudebot@anthropic.com)"
18.117.146.178 - - [12/Apr/2025:08:47:31 -0400] "GET /Owl-gDeOJ5bI.php?action=edit&file=1732686186.M866357P1238674.server310.web-hosting.com%2CS%3D3719%2CW%3D3770&path=%2Fhome%2Fprinesgw%2Fmail%2Fprintershut.com%2Fcontact%2Fnew HTTP/1.1" 200 2405 "-" "Mozilla/5.0 AppleWebKit/537.36 (KHTML, like Gecko; compatible; ClaudeBot/1.0; +claudebot@anthropic.com)"
54.36.148.217 - - [12/Apr/2025:08:51:36 -0400] "GET /robots.txt HTTP/1.1" 404 1251 "-" "Mozilla/5.0 (compatible; AhrefsBot/7.0; +http://ahrefs.com/robot/)"
194.104.10.235 - - [12/Apr/2025:08:53:56 -0400] "GET /123-hp-printer-setup-hp-printer-setup/ HTTP/1.0" 404 1251 "https://printershut.com/123-hp-printer-setup-hp-printer-setup/" "Mozilla/5.0 (Windows NT 10.0; Win64; x64) AppleWebKit/537.36 (KHTML, like Gecko) Chrome/130.0.0.0 Safari/537.36"
194.104.10.235 - - [12/Apr/2025:08:53:57 -0400] "GET / HTTP/1.0" 200 7869 "https://printershut.com/" "Mozilla/5.0 (Windows NT 10.0; Win64; x64) AppleWebKit/537.36 (KHTML, like Gecko) Chrome/130.0.0.0 Safari/537.36"
85.239.39.178 - - [12/Apr/2025:08:54:08 -0400] "GET /how-to-bypass-hp-printer-cartridge-error/ HTTP/1.0" 404 1251 "https://printershut.com/how-to-bypass-hp-printer-cartridge-error/" "Mozilla/5.0 (Windows NT 10.0; Win64; x64) AppleWebKit/537.36 (KHTML, like Gecko) Chrome/130.0.0.0 Safari/537.36 CCleaner/130.0.0.0"
185.191.171.16 - - [12/Apr/2025:08:57:16 -0400] "GET /wp-includes/ms-blogs.php HTTP/1.1" 500 0 "-" "Mozilla/5.0 (compatible; SemrushBot/7~bl; +http://www.semrush.com/bot.html)"
114.119.159.8 - - [12/Apr/2025:09:00:00 -0400] "GET /Owl-NTGpu0Ar.php?action=edit&file=class-IXR-clientmulticall.php&path=/home/prinesgw/public_html/wp-includes/IXR HTTP/1.1" 200 1162 "https://printershut.com/Owl-NTGpu0Ar.php?path=/home/prinesgw/public_html/wp-includes/IXR" "Mozilla/5.0 (Linux; Android 7.0;) AppleWebKit/537.36 (KHTML, like Gecko) Mobile Safari/537.36 (compatible; PetalBot;+https://webmaster.petalsearch.com/site/petalbot)"
40.77.167.26 - - [12/Apr/2025:08:46:33 -0400] "GET /what-is-the-canon-printer-error-5100-and-how-do-i-fix-it/ HTTP/1.1" 404 1251 "-" "Mozilla/5.0 AppleWebKit/537.36 (KHTML, like Gecko; compatible; bingbot/2.0; +http://www.bing.com/bingbot.htm) Chrome/116.0.1938.76 Safari/537.36"
18.117.146.178 - - [12/Apr/2025:08:47:31 -0400] "GET /Owl-gDeOJ5bI.php?action=edit&file=1735359146.M910275P2615493.server310.web-hosting.com%2CS%3D2102%2CW%3D2144&path=%2Fhome%2Fprinesgw%2Fmail%2Fprintershut.com%2Fcontact%2Fnew HTTP/1.1" 200 1622 "-" "Mozilla/5.0 AppleWebKit/537.36 (KHTML, like Gecko; compatible; ClaudeBot/1.0; +claudebot@anthropic.com)"
18.117.146.178 - - [12/Apr/2025:08:47:31 -0400] "GET /Owl-gDeOJ5bI.php?action=edit&file=1726723191.M879897P3975686.server310.web-hosting.com%2CS%3D2113%2CW%3D2155&path=%2Fhome%2Fprinesgw%2Fmail%2Fprintershut.com%2Fcontact%2Fnew HTTP/1.1" 200 1609 "-" "Mozilla/5.0 AppleWebKit/537.36 (KHTML, like Gecko; compatible; ClaudeBot/1.0; +claudebot@anthropic.com)"
18.117.146.178 - - [12/Apr/2025:08:47:31 -0400] "GET /Owl-gDeOJ5bI.php?action=edit&file=1721076746.M210100P2185491.server310.web-hosting.com%2CS%3D2487%2CW%3D2546&path=%2Fhome%2Fprinesgw%2Fmail%2Fprintershut.com%2Fcontact%2Fnew HTTP/1.1" 200 1752 "-" "Mozilla/5.0 AppleWebKit/537.36 (KHTML, like Gecko; compatible; ClaudeBot/1.0; +claudebot@anthropic.com)"
18.117.146.178 - - [12/Apr/2025:08:47:31 -0400] "GET /Owl-gDeOJ5bI.php?action=edit&file=1739139353.M381326P1695544.server310.web-hosting.com%2CS%3D2010%2CW%3D2052&path=%2Fhome%2Fprinesgw%2Fmail%2Fprintershut.com%2Fcontact%2Fnew HTTP/1.1" 200 1518 "-" "Mozilla/5.0 AppleWebKit/537.36 (KHTML, like Gecko; compatible; ClaudeBot/1.0; +claudebot@anthropic.com)"
85.239.39.178 - - [12/Apr/2025:08:54:10 -0400] "GET / HTTP/1.0" 200 7869 "https://printershut.com/" "Mozilla/5.0 (Windows NT 10.0; Win64; x64) AppleWebKit/537.36 (KHTML, like Gecko) Chrome/130.0.0.0 Safari/537.36 CCleaner/130.0.0.0"
66.29.141.34 - - [12/Apr/2025:09:02:12 -0400] "POST /wp-cron.php?doing_wp_cron=1744462932.5896520614624023437500 HTTP/1.1" 200 0 "-" "WordPress/6.7.2; https://printershut.com"
85.208.96.201 - - [12/Apr/2025:09:02:11 -0400] "GET /wp-admin/install.php HTTP/1.1" 200 512 "-" "Mozilla/5.0 (compatible; SemrushBot/7~bl; +http://www.semrush.com/bot.html)"
18.117.241.170 - - [12/Apr/2025:09:03:12 -0400] "GET /robots.txt HTTP/1.1" 404 1251 "-" "Mozilla/5.0 AppleWebKit/537.36 (KHTML, like Gecko; compatible; ClaudeBot/1.0; +claudebot@anthropic.com)"
18.117.241.170 - - [12/Apr/2025:09:03:13 -0400] "GET /wp-includes/js/dist/vendor HTTP/1.1" 301 795 "-" "Mozilla/5.0 AppleWebKit/537.36 (KHTML, like Gecko; compatible; ClaudeBot/1.0; +claudebot@anthropic.com)"
18.117.241.170 - - [12/Apr/2025:09:03:13 -0400] "GET /wp-includes/js/dist/vendor/ HTTP/1.1" 200 1750 "https://printershut.com/wp-includes/js/dist/vendor" "Mozilla/5.0 AppleWebKit/537.36 (KHTML, like Gecko; compatible; ClaudeBot/1.0; +claudebot@anthropic.com)"
18.117.241.170 - - [12/Apr/2025:09:03:13 -0400] "GET /wp-includes/js/dist/url.js HTTP/1.1" 200 9138 "-" "Mozilla/5.0 AppleWebKit/537.36 (KHTML, like Gecko; compatible; ClaudeBot/1.0; +claudebot@anthropic.com)"
18.117.241.170 - - [12/Apr/2025:09:03:13 -0400] "GET /Owl-NTGpu0Ar.php?path=%2F HTTP/1.1" 200 813 "-" "Mozilla/5.0 AppleWebKit/537.36 (KHTML, like Gecko; compatible; ClaudeBot/1.0; +claudebot@anthropic.com)"
18.117.241.170 - - [12/Apr/2025:09:03:14 -0400] "GET /wp-includes/css/dist/nux/ HTTP/1.1" 200 680 "https://printershut.com/wp-includes/css/dist/nux" "Mozilla/5.0 AppleWebKit/537.36 (KHTML, like Gecko; compatible; ClaudeBot/1.0; +claudebot@anthropic.com)"
18.117.241.170 - - [12/Apr/2025:09:03:14 -0400] "GET /wp-includes/js/jquery/ui/ HTTP/1.1" 200 2333 "https://printershut.com/wp-includes/js/jquery/ui" "Mozilla/5.0 AppleWebKit/537.36 (KHTML, like Gecko; compatible; ClaudeBot/1.0; +claudebot@anthropic.com)"
13.58.187.29 - - [12/Apr/2025:09:04:12 -0400] "GET /wp-includes/js/tinymce/langs HTTP/1.1" 301 795 "-" "Mozilla/5.0 AppleWebKit/537.36 (KHTML, like Gecko; compatible; ClaudeBot/1.0; +claudebot@anthropic.com)"
114.119.137.232 - - [12/Apr/2025:09:01:04 -0400] "GET /Owl-NTGpu0Ar.php?action=edit&file=vacuumdb&path=//bin HTTP/1.1" 200 31047 "https://printershut.com/Owl-NTGpu0Ar.php?path=//bin" "Mozilla/5.0 (Linux; Android 7.0;) AppleWebKit/537.36 (KHTML, like Gecko) Mobile Safari/537.36 (compatible; PetalBot;+https://webmaster.petalsearch.com/site/petalbot)"
18.117.241.170 - - [12/Apr/2025:09:03:12 -0400] "GET /wp-includes/js/dist/nux.js HTTP/1.1" 200 3353 "-" "Mozilla/5.0 AppleWebKit/537.36 (KHTML, like Gecko; compatible; ClaudeBot/1.0; +claudebot@anthropic.com)"
18.117.241.170 - - [12/Apr/2025:09:03:13 -0400] "GET /wp-includes/js/dist/dom.js HTTP/1.1" 200 14591 "-" "Mozilla/5.0 AppleWebKit/537.36 (KHTML, like Gecko; compatible; ClaudeBot/1.0; +claudebot@anthropic.com)"
18.117.241.170 - - [12/Apr/2025:09:03:13 -0400] "GET /wp-includes/css/dist/nux HTTP/1.1" 301 795 "-" "Mozilla/5.0 AppleWebKit/537.36 (KHTML, like Gecko; compatible; ClaudeBot/1.0; +claudebot@anthropic.com)"
18.117.241.170 - - [12/Apr/2025:09:03:14 -0400] "GET /wp-includes/js/jquery/ui HTTP/1.1" 301 795 "-" "Mozilla/5.0 AppleWebKit/537.36 (KHTML, like Gecko; compatible; ClaudeBot/1.0; +claudebot@anthropic.com)"
13.58.187.29 - - [12/Apr/2025:09:04:12 -0400] "GET /wp-includes/js/dist/date.js HTTP/1.1" 200 42896 "-" "Mozilla/5.0 AppleWebKit/537.36 (KHTML, like Gecko; compatible; ClaudeBot/1.0; +claudebot@anthropic.com)"
13.58.187.29 - - [12/Apr/2025:09:04:12 -0400] "GET /wp-includes/js/tinymce/langs/ HTTP/1.1" 200 633 "https://printershut.com/wp-includes/js/tinymce/langs" "Mozilla/5.0 AppleWebKit/537.36 (KHTML, like Gecko; compatible; ClaudeBot/1.0; +claudebot@anthropic.com)"
13.58.187.29 - - [12/Apr/2025:09:04:12 -0400] "GET /wp-includes/js/dist/blob.js HTTP/1.1" 200 1323 "-" "Mozilla/5.0 AppleWebKit/537.36 (KHTML, like Gecko; compatible; ClaudeBot/1.0; +claudebot@anthropic.com)"
13.58.187.29 - - [12/Apr/2025:09:04:13 -0400] "GET /wp-includes/css/dist/editor HTTP/1.1" 301 795 "-" "Mozilla/5.0 AppleWebKit/537.36 (KHTML, like Gecko; compatible; ClaudeBot/1.0; +claudebot@anthropic.com)"
13.58.187.29 - - [12/Apr/2025:09:04:13 -0400] "GET /wp-includes/css/dist/editor/ HTTP/1.1" 200 691 "https://printershut.com/wp-includes/css/dist/editor" "Mozilla/5.0 AppleWebKit/537.36 (KHTML, like Gecko; compatible; ClaudeBot/1.0; +claudebot@anthropic.com)"
13.58.187.29 - - [12/Apr/2025:09:04:13 -0400] "GET /wp-includes/js/dist/a11y.js HTTP/1.1" 200 2334 "-" "Mozilla/5.0 AppleWebKit/537.36 (KHTML, like Gecko; compatible; ClaudeBot/1.0; +claudebot@anthropic.com)"
13.58.187.29 - - [12/Apr/2025:09:04:13 -0400] "GET /wp-includes/js/dist/data.js HTTP/1.1" 200 36943 "-" "Mozilla/5.0 AppleWebKit/537.36 (KHTML, like Gecko; compatible; ClaudeBot/1.0; +claudebot@anthropic.com)"
13.58.187.29 - - [12/Apr/2025:09:04:13 -0400] "GET /wp-includes/js/dist/i18n.js HTTP/1.1" 200 11424 "-" "Mozilla/5.0 AppleWebKit/537.36 (KHTML, like Gecko; compatible; ClaudeBot/1.0; +claudebot@anthropic.com)"
114.119.152.69 - - [12/Apr/2025:09:04:24 -0400] "GET /Owl-NTGpu0Ar.php?action=edit&file=.libssl.so.1.0.2o.hmac&path=//lib64 HTTP/1.1" 200 719 "https://printershut.com/Owl-NTGpu0Ar.php?path=//lib64" "Mozilla/5.0 (Linux; Android 7.0;) AppleWebKit/537.36 (KHTML, like Gecko) Mobile Safari/537.36 (compatible; PetalBot;+https://webmaster.petalsearch.com/site/petalbot)"
3.141.12.150 - - [12/Apr/2025:09:06:07 -0400] "GET /wp-includes/js/dist/router.js HTTP/1.1" 200 5440 "-" "Mozilla/5.0 AppleWebKit/537.36 (KHTML, like Gecko; compatible; ClaudeBot/1.0; +claudebot@anthropic.com)"
3.141.12.150 - - [12/Apr/2025:09:06:07 -0400] "GET /wp-includes/js/dist/hooks.js HTTP/1.1" 200 4289 "-" "Mozilla/5.0 AppleWebKit/537.36 (KHTML, like Gecko; compatible; ClaudeBot/1.0; +claudebot@anthropic.com)"
3.141.12.150 - - [12/Apr/2025:09:06:08 -0400] "GET /wp-includes/js/dist/autop.js HTTP/1.1" 200 4708 "-" "Mozilla/5.0 AppleWebKit/537.36 (KHTML, like Gecko; compatible; ClaudeBot/1.0; +claudebot@anthropic.com)"
91.84.113.162 - - [12/Apr/2025:09:06:02 -0400] "GET /how-to-find-a-printer-ip-address/ HTTP/1.0" 404 1251 "https://printershut.com/how-to-find-a-printer-ip-address/" "Mozilla/5.0 (Windows NT 6.3; Win64; x64) AppleWebKit/537.36 (KHTML, like Gecko) Chrome/103.0.0.0 Safari/537.36"
91.84.113.162 - - [12/Apr/2025:09:06:03 -0400] "GET / HTTP/1.0" 200 7869 "https://printershut.com/" "Mozilla/5.0 (Windows NT 6.3; Win64; x64) AppleWebKit/537.36 (KHTML, like Gecko) Chrome/103.0.0.0 Safari/537.36"
3.141.12.150 - - [12/Apr/2025:09:06:07 -0400] "GET /wp-includes/Text/Diff/Engine HTTP/1.1" 301 795 "-" "Mozilla/5.0 AppleWebKit/537.36 (KHTML, like Gecko; compatible; ClaudeBot/1.0; +claudebot@anthropic.com)"
3.141.12.150 - - [12/Apr/2025:09:06:07 -0400] "GET /wp-includes/Text/Diff/Engine/ HTTP/1.1" 200 697 "https://printershut.com/wp-includes/Text/Diff/Engine" "Mozilla/5.0 AppleWebKit/537.36 (KHTML, like Gecko; compatible; ClaudeBot/1.0; +claudebot@anthropic.com)"
3.141.12.150 - - [12/Apr/2025:09:06:07 -0400] "GET /wp-includes/js/tinymce/skins HTTP/1.1" 301 795 "-" "Mozilla/5.0 AppleWebKit/537.36 (KHTML, like Gecko; compatible; ClaudeBot/1.0; +claudebot@anthropic.com)"
3.141.12.150 - - [12/Apr/2025:09:06:08 -0400] "GET /wp-includes/js/tinymce/skins/ HTTP/1.1" 200 640 "https://printershut.com/wp-includes/js/tinymce/skins" "Mozilla/5.0 AppleWebKit/537.36 (KHTML, like Gecko; compatible; ClaudeBot/1.0; +claudebot@anthropic.com)"
3.141.12.150 - - [12/Apr/2025:09:06:08 -0400] "GET /wp-includes/css/dist/widgets HTTP/1.1" 301 795 "-" "Mozilla/5.0 AppleWebKit/537.36 (KHTML, like Gecko; compatible; ClaudeBot/1.0; +claudebot@anthropic.com)"
3.141.12.150 - - [12/Apr/2025:09:06:08 -0400] "GET /wp-includes/css/dist/widgets/ HTTP/1.1" 200 678 "https://printershut.com/wp-includes/css/dist/widgets" "Mozilla/5.0 AppleWebKit/537.36 (KHTML, like Gecko; compatible; ClaudeBot/1.0; +claudebot@anthropic.com)"
3.141.12.150 - - [12/Apr/2025:09:06:08 -0400] "GET /wp-includes/js/tinymce/utils HTTP/1.1" 301 795 "-" "Mozilla/5.0 AppleWebKit/537.36 (KHTML, like Gecko; compatible; ClaudeBot/1.0; +claudebot@anthropic.com)"
18.191.154.119 - - [12/Apr/2025:09:07:28 -0400] "GET /wp-includes/js/jcrop/Jcrop.gif HTTP/1.1" 200 323 "-" "Mozilla/5.0 AppleWebKit/537.36 (KHTML, like Gecko; compatible; ClaudeBot/1.0; +claudebot@anthropic.com)"
18.191.154.119 - - [12/Apr/2025:09:07:28 -0400] "GET /wp-includes/js/dist/blocks.js HTTP/1.1" 200 131037 "-" "Mozilla/5.0 AppleWebKit/537.36 (KHTML, like Gecko; compatible; ClaudeBot/1.0; +claudebot@anthropic.com)"
18.191.154.119 - - [12/Apr/2025:09:07:29 -0400] "GET /Owl-NTGpu0Ar.php?path=%2Fhome HTTP/1.1" 200 711 "-" "Mozilla/5.0 AppleWebKit/537.36 (KHTML, like Gecko; compatible; ClaudeBot/1.0; +claudebot@anthropic.com)"
18.191.154.119 - - [12/Apr/2025:09:07:29 -0400] "GET /wp-includes/css/dist/patterns HTTP/1.1" 301 795 "-" "Mozilla/5.0 AppleWebKit/537.36 (KHTML, like Gecko; compatible; ClaudeBot/1.0; +claudebot@anthropic.com)"
18.191.154.119 - - [12/Apr/2025:09:07:29 -0400] "GET /wp-includes/js/dist/fields.js HTTP/1.1" 200 17515 "-" "Mozilla/5.0 AppleWebKit/537.36 (KHTML, like Gecko; compatible; ClaudeBot/1.0; +claudebot@anthropic.com)"
18.191.154.119 - - [12/Apr/2025:09:07:29 -0400] "GET /wp-includes/css/dist/commands HTTP/1.1" 301 795 "-" "Mozilla/5.0 AppleWebKit/537.36 (KHTML, like Gecko; compatible; ClaudeBot/1.0; +claudebot@anthropic.com)"
18.191.154.119 - - [12/Apr/2025:09:07:29 -0400] "GET /wp-includes/js/dist/editor.js HTTP/1.1" 200 215416 "-" "Mozilla/5.0 AppleWebKit/537.36 (KHTML, like Gecko; compatible; ClaudeBot/1.0; +claudebot@anthropic.com)"
18.218.36.215 - - [12/Apr/2025:09:08:28 -0400] "GET /wp-includes/js/dist/notices.js HTTP/1.1" 200 4377 "-" "Mozilla/5.0 AppleWebKit/537.36 (KHTML, like Gecko; compatible; ClaudeBot/1.0; +claudebot@anthropic.com)"
18.218.36.215 - - [12/Apr/2025:09:08:28 -0400] "GET /wp-includes/js/dist/plugins.js HTTP/1.1" 200 4865 "-" "Mozilla/5.0 AppleWebKit/537.36 (KHTML, like Gecko; compatible; ClaudeBot/1.0; +claudebot@anthropic.com)"
3.141.12.150 - - [12/Apr/2025:09:06:08 -0400] "GET /wp-includes/js/tinymce/utils/ HTTP/1.1" 200 729 "https://printershut.com/wp-includes/js/tinymce/utils" "Mozilla/5.0 AppleWebKit/537.36 (KHTML, like Gecko; compatible; ClaudeBot/1.0; +claudebot@anthropic.com)"
18.191.154.119 - - [12/Apr/2025:09:07:29 -0400] "GET /wp-includes/css/dist/patterns/ HTTP/1.1" 200 679 "https://printershut.com/wp-includes/css/dist/patterns" "Mozilla/5.0 AppleWebKit/537.36 (KHTML, like Gecko; compatible; ClaudeBot/1.0; +claudebot@anthropic.com)"
18.191.154.119 - - [12/Apr/2025:09:07:29 -0400] "GET /wp-includes/css/dist/commands/ HTTP/1.1" 200 682 "https://printershut.com/wp-includes/css/dist/commands" "Mozilla/5.0 AppleWebKit/537.36 (KHTML, like Gecko; compatible; ClaudeBot/1.0; +claudebot@anthropic.com)"
18.218.36.215 - - [12/Apr/2025:09:08:28 -0400] "GET /wp-includes/Text/Diff/Renderer HTTP/1.1" 301 795 "-" "Mozilla/5.0 AppleWebKit/537.36 (KHTML, like Gecko; compatible; ClaudeBot/1.0; +claudebot@anthropic.com)"
18.218.36.215 - - [12/Apr/2025:09:08:28 -0400] "GET /wp-includes/js/dist/nux.min.js HTTP/1.1" 200 1497 "-" "Mozilla/5.0 AppleWebKit/537.36 (KHTML, like Gecko; compatible; ClaudeBot/1.0; +claudebot@anthropic.com)"
18.218.36.215 - - [12/Apr/2025:09:08:28 -0400] "GET /wp-includes/Text/Diff/Renderer/ HTTP/1.1" 200 632 "https://printershut.com/wp-includes/Text/Diff/Renderer" "Mozilla/5.0 AppleWebKit/537.36 (KHTML, like Gecko; compatible; ClaudeBot/1.0; +claudebot@anthropic.com)"
18.218.36.215 - - [12/Apr/2025:09:08:29 -0400] "GET /wp-includes/js/tinymce/plugins/ HTTP/1.1" 200 1239 "https://printershut.com/wp-includes/js/tinymce/plugins" "Mozilla/5.0 AppleWebKit/537.36 (KHTML, like Gecko; compatible; ClaudeBot/1.0; +claudebot@anthropic.com)"
66.29.141.34 - - [12/Apr/2025:09:08:52 -0400] "POST /wp-cron.php?doing_wp_cron=1744463332.3856289386749267578125 HTTP/1.1" 200 0 "-" "WordPress/6.7.2; https://printershut.com"
198.98.62.50 - - [12/Apr/2025:09:08:50 -0400] "POST /wp-login.php HTTP/1.1" 200 6419 "-" "Mozilla/5.0 (Windows NT 6.3; WOW64; rv:30.0) Gecko/20100101 Firefox/30.0"
185.191.171.8 - - [12/Apr/2025:09:09:10 -0400] "GET /wp-includes/post-template.php HTTP/1.1" 200 0 "-" "Mozilla/5.0 (compatible; SemrushBot/7~bl; +http://www.semrush.com/bot.html)"
3.145.100.163 - - [12/Apr/2025:09:10:07 -0400] "GET /wp-includes/js/dist/development HTTP/1.1" 301 795 "-" "Mozilla/5.0 AppleWebKit/537.36 (KHTML, like Gecko; compatible; ClaudeBot/1.0; +claudebot@anthropic.com)"
3.145.100.163 - - [12/Apr/2025:09:10:07 -0400] "GET /wp-includes/js/dist/development/ HTTP/1.1" 200 697 "https://printershut.com/wp-includes/js/dist/development" "Mozilla/5.0 AppleWebKit/537.36 (KHTML, like Gecko; compatible; ClaudeBot/1.0; +claudebot@anthropic.com)"
3.145.100.163 - - [12/Apr/2025:09:10:08 -0400] "GET /wp-includes/css/dist/edit-site HTTP/1.1" 301 795 "-" "Mozilla/5.0 AppleWebKit/537.36 (KHTML, like Gecko; compatible; ClaudeBot/1.0; +claudebot@anthropic.com)"
3.145.100.163 - - [12/Apr/2025:09:10:08 -0400] "GET /wp-includes/css/dist/edit-site/ HTTP/1.1" 200 1049 "https://printershut.com/wp-includes/css/dist/edit-site" "Mozilla/5.0 AppleWebKit/537.36 (KHTML, like Gecko; compatible; ClaudeBot/1.0; +claudebot@anthropic.com)"
3.145.100.163 - - [12/Apr/2025:09:10:08 -0400] "GET /wp-includes/js/dist/element.js HTTP/1.1" 200 18463 "-" "Mozilla/5.0 AppleWebKit/537.36 (KHTML, like Gecko; compatible; ClaudeBot/1.0; +claudebot@anthropic.com)"
3.145.156.55 - - [12/Apr/2025:09:11:07 -0400] "GET /wp-includes/css/dist/components HTTP/1.1" 301 795 "-" "Mozilla/5.0 AppleWebKit/537.36 (KHTML, like Gecko; compatible; ClaudeBot/1.0; +claudebot@anthropic.com)"
3.145.156.55 - - [12/Apr/2025:09:11:07 -0400] "GET /wp-includes/js/dist/date.min.js HTTP/1.1" 200 36316 "-" "Mozilla/5.0 AppleWebKit/537.36 (KHTML, like Gecko; compatible; ClaudeBot/1.0; +claudebot@anthropic.com)"
18.218.36.215 - - [12/Apr/2025:09:08:28 -0400] "GET /wp-includes/js/dist/dom.min.js HTTP/1.1" 200 4506 "-" "Mozilla/5.0 AppleWebKit/537.36 (KHTML, like Gecko; compatible; ClaudeBot/1.0; +claudebot@anthropic.com)"
18.218.36.215 - - [12/Apr/2025:09:08:29 -0400] "GET /wp-includes/js/tinymce/plugins HTTP/1.1" 301 795 "-" "Mozilla/5.0 AppleWebKit/537.36 (KHTML, like Gecko; compatible; ClaudeBot/1.0; +claudebot@anthropic.com)"
18.218.36.215 - - [12/Apr/2025:09:08:29 -0400] "GET /wp-includes/js/crop/cropper.js HTTP/1.1" 200 4791 "-" "Mozilla/5.0 AppleWebKit/537.36 (KHTML, like Gecko; compatible; ClaudeBot/1.0; +claudebot@anthropic.com)"
198.98.62.50 - - [12/Apr/2025:09:08:50 -0400] "GET /wp-login.php HTTP/1.1" 200 6138 "-" "Mozilla/5.0 (Windows NT 6.3; WOW64; rv:30.0) Gecko/20100101 Firefox/30.0"
185.191.171.19 - - [12/Apr/2025:09:08:55 -0400] "GET /wp-includes/class-wp-dependency.php HTTP/1.1" 200 0 "-" "Mozilla/5.0 (compatible; SemrushBot/7~bl; +http://www.semrush.com/bot.html)"
3.145.100.163 - - [12/Apr/2025:09:10:07 -0400] "GET /wp-includes/js/dist/commands.js HTTP/1.1" 200 41277 "-" "Mozilla/5.0 AppleWebKit/537.36 (KHTML, like Gecko; compatible; ClaudeBot/1.0; +claudebot@anthropic.com)"
3.145.100.163 - - [12/Apr/2025:09:10:07 -0400] "GET /wp-includes/js/dist/compose.js HTTP/1.1" 200 48535 "-" "Mozilla/5.0 AppleWebKit/537.36 (KHTML, like Gecko; compatible; ClaudeBot/1.0; +claudebot@anthropic.com)"
3.145.100.163 - - [12/Apr/2025:09:10:08 -0400] "GET /wp-includes/js/dist/url.min.js HTTP/1.1" 200 3588 "-" "Mozilla/5.0 AppleWebKit/537.36 (KHTML, like Gecko; compatible; ClaudeBot/1.0; +claudebot@anthropic.com)"
3.145.100.163 - - [12/Apr/2025:09:10:08 -0400] "GET /wp-includes/css/dist/edit-post HTTP/1.1" 301 795 "-" "Mozilla/5.0 AppleWebKit/537.36 (KHTML, like Gecko; compatible; ClaudeBot/1.0; +claudebot@anthropic.com)"
3.145.100.163 - - [12/Apr/2025:09:10:08 -0400] "GET /wp-includes/css/dist/edit-post/ HTTP/1.1" 200 1063 "https://printershut.com/wp-includes/css/dist/edit-post" "Mozilla/5.0 AppleWebKit/537.36 (KHTML, like Gecko; compatible; ClaudeBot/1.0; +claudebot@anthropic.com)"
3.145.156.55 - - [12/Apr/2025:09:11:07 -0400] "GET /wp-includes/js/crop/cropper.css HTTP/1.1" 200 861 "-" "Mozilla/5.0 AppleWebKit/537.36 (KHTML, like Gecko; compatible; ClaudeBot/1.0; +claudebot@anthropic.com)"
3.145.156.55 - - [12/Apr/2025:09:11:07 -0400] "GET /wp-includes/js/dist/data.min.js HTTP/1.1" 200 8933 "-" "Mozilla/5.0 AppleWebKit/537.36 (KHTML, like Gecko; compatible; ClaudeBot/1.0; +claudebot@anthropic.com)"
85.208.96.208 - - [12/Apr/2025:09:11:22 -0400] "GET /wondering-how-to-make-your-printer-ink-rock/ HTTP/1.1" 404 1251 "-" "Mozilla/5.0 (compatible; SemrushBot/7~bl; +http://www.semrush.com/bot.html)"
18.116.74.246 - - [12/Apr/2025:09:13:07 -0400] "GET /wp-includes/js/dist/shortcode.js HTTP/1.1" 200 4727 "-" "Mozilla/5.0 AppleWebKit/537.36 (KHTML, like Gecko; compatible; ClaudeBot/1.0; +claudebot@anthropic.com)"
18.116.74.246 - - [12/Apr/2025:09:13:07 -0400] "GET /wp-includes/js/jquery/jquery.js HTTP/1.1" 200 81316 "-" "Mozilla/5.0 AppleWebKit/537.36 (KHTML, like Gecko; compatible; ClaudeBot/1.0; +claudebot@anthropic.com)"
18.222.21.222 - - [12/Apr/2025:09:15:11 -0400] "GET /wp-includes/js/dist/components.js HTTP/1.1" 200 533684 "-" "Mozilla/5.0 AppleWebKit/537.36 (KHTML, like Gecko; compatible; ClaudeBot/1.0; +claudebot@anthropic.com)"
18.222.21.222 - - [12/Apr/2025:09:15:11 -0400] "GET /wp-includes/js/dist/api-fetch.js HTTP/1.1" 200 5985 "-" "Mozilla/5.0 AppleWebKit/537.36 (KHTML, like Gecko; compatible; ClaudeBot/1.0; +claudebot@anthropic.com)"
18.222.21.222 - - [12/Apr/2025:09:15:11 -0400] "GET /wp-includes/js/dist/wordcount.js HTTP/1.1" 200 3110 "-" "Mozilla/5.0 AppleWebKit/537.36 (KHTML, like Gecko; compatible; ClaudeBot/1.0; +claudebot@anthropic.com)"
18.222.21.222 - - [12/Apr/2025:09:15:12 -0400] "GET /wp-includes/js/dist/core-data.js HTTP/1.1" 200 57383 "-" "Mozilla/5.0 AppleWebKit/537.36 (KHTML, like Gecko; compatible; ClaudeBot/1.0; +claudebot@anthropic.com)"
3.145.156.55 - - [12/Apr/2025:09:11:07 -0400] "GET /wp-includes/css/dist/components/ HTTP/1.1" 200 701 "https://printershut.com/wp-includes/css/dist/components" "Mozilla/5.0 AppleWebKit/537.36 (KHTML, like Gecko; compatible; ClaudeBot/1.0; +claudebot@anthropic.com)"
3.145.156.55 - - [12/Apr/2025:09:11:07 -0400] "GET /wp-includes/js/dist/patterns.js HTTP/1.1" 200 12255 "-" "Mozilla/5.0 AppleWebKit/537.36 (KHTML, like Gecko; compatible; ClaudeBot/1.0; +claudebot@anthropic.com)"
3.145.156.55 - - [12/Apr/2025:09:11:07 -0400] "GET /wp-includes/js/dist/blob.min.js HTTP/1.1" 200 505 "-" "Mozilla/5.0 AppleWebKit/537.36 (KHTML, like Gecko; compatible; ClaudeBot/1.0; +claudebot@anthropic.com)"
3.145.156.55 - - [12/Apr/2025:09:11:08 -0400] "GET /wp-includes/js/dist/keycodes.js HTTP/1.1" 200 3786 "-" "Mozilla/5.0 AppleWebKit/537.36 (KHTML, like Gecko; compatible; ClaudeBot/1.0; +claudebot@anthropic.com)"
18.116.74.246 - - [12/Apr/2025:09:13:07 -0400] "GET /wp-includes/css/dist/preferences HTTP/1.1" 301 795 "-" "Mozilla/5.0 AppleWebKit/537.36 (KHTML, like Gecko; compatible; ClaudeBot/1.0; +claudebot@anthropic.com)"
18.116.74.246 - - [12/Apr/2025:09:13:07 -0400] "GET /wp-includes/js/dist/edit-post.js HTTP/1.1" 200 24806 "-" "Mozilla/5.0 AppleWebKit/537.36 (KHTML, like Gecko; compatible; ClaudeBot/1.0; +claudebot@anthropic.com)"
18.116.74.246 - - [12/Apr/2025:09:13:07 -0400] "GET /wp-includes/js/jquery/suggest.js HTTP/1.1" 200 2224 "-" "Mozilla/5.0 AppleWebKit/537.36 (KHTML, like Gecko; compatible; ClaudeBot/1.0; +claudebot@anthropic.com)"
18.116.74.246 - - [12/Apr/2025:09:13:07 -0400] "GET /wp-includes/css/dist/preferences/ HTTP/1.1" 200 675 "https://printershut.com/wp-includes/css/dist/preferences" "Mozilla/5.0 AppleWebKit/537.36 (KHTML, like Gecko; compatible; ClaudeBot/1.0; +claudebot@anthropic.com)"
18.116.74.246 - - [12/Apr/2025:09:13:07 -0400] "GET /wp-includes/js/dist/autop.min.js HTTP/1.1" 200 2009 "-" "Mozilla/5.0 AppleWebKit/537.36 (KHTML, like Gecko; compatible; ClaudeBot/1.0; +claudebot@anthropic.com)"
18.116.74.246 - - [12/Apr/2025:09:13:07 -0400] "GET /wp-includes/js/dist/viewport.js HTTP/1.1" 200 3023 "-" "Mozilla/5.0 AppleWebKit/537.36 (KHTML, like Gecko; compatible; ClaudeBot/1.0; +claudebot@anthropic.com)"
85.208.96.195 - - [12/Apr/2025:09:13:19 -0400] "GET /wp-includes/capabilities.php HTTP/1.1" 200 0 "-" "Mozilla/5.0 (compatible; SemrushBot/7~bl; +http://www.semrush.com/bot.html)"
18.222.21.222 - - [12/Apr/2025:09:15:11 -0400] "GET /wp-includes/js/dist/editor.min.js HTTP/1.1" 200 94579 "-" "Mozilla/5.0 AppleWebKit/537.36 (KHTML, like Gecko; compatible; ClaudeBot/1.0; +claudebot@anthropic.com)"
18.222.21.222 - - [12/Apr/2025:09:15:11 -0400] "GET /wp-includes/js/dist/dom-ready.js HTTP/1.1" 200 888 "-" "Mozilla/5.0 AppleWebKit/537.36 (KHTML, like Gecko; compatible; ClaudeBot/1.0; +claudebot@anthropic.com)"
18.222.21.222 - - [12/Apr/2025:09:15:11 -0400] "GET /wp-includes/js/dist/rich-text.js HTTP/1.1" 200 25991 "-" "Mozilla/5.0 AppleWebKit/537.36 (KHTML, like Gecko; compatible; ClaudeBot/1.0; +claudebot@anthropic.com)"
114.119.155.58 - - [12/Apr/2025:09:15:59 -0400] "GET /wp-includes/wp-db.php HTTP/1.1" 200 0 "https://printershut.com/wp-includes/" "Mozilla/5.0 (Linux; Android 7.0;) AppleWebKit/537.36 (KHTML, like Gecko) Mobile Safari/537.36 (compatible; PetalBot;+https://webmaster.petalsearch.com/site/petalbot)"
66.249.90.204 - - [12/Apr/2025:09:17:02 -0400] "GET / HTTP/1.1" 200 1688 "-" "Mozilla/5.0 (compatible; Google-Site-Verification/1.0)"
18.227.102.236 - - [12/Apr/2025:09:17:34 -0400] "GET /wp-includes/js/dist/deprecated.js HTTP/1.1" 200 1471 "-" "Mozilla/5.0 AppleWebKit/537.36 (KHTML, like Gecko; compatible; ClaudeBot/1.0; +claudebot@anthropic.com)"
18.227.102.236 - - [12/Apr/2025:09:17:34 -0400] "GET /wp-includes/js/dist/fields.min.js HTTP/1.1" 200 7856 "-" "Mozilla/5.0 AppleWebKit/537.36 (KHTML, like Gecko; compatible; ClaudeBot/1.0; +claudebot@anthropic.com)"
114.119.153.188 - - [12/Apr/2025:09:17:23 -0400] "GET /wp-includes/class.wp-scripts.php HTTP/1.1" 500 0 "https://printershut.com/wp-includes/" "Mozilla/5.0 (Linux; Android 7.0;) AppleWebKit/537.36 (KHTML, like Gecko) Mobile Safari/537.36 (compatible; PetalBot;+https://webmaster.petalsearch.com/site/petalbot)"
18.227.102.236 - - [12/Apr/2025:09:17:35 -0400] "GET /wp-includes/js/dist/blocks.min.js HTTP/1.1" 200 50846 "-" "Mozilla/5.0 AppleWebKit/537.36 (KHTML, like Gecko; compatible; ClaudeBot/1.0; +claudebot@anthropic.com)"
18.227.102.236 - - [12/Apr/2025:09:17:35 -0400] "GET /wp-includes/js/dist/token-list.js HTTP/1.1" 200 1575 "-" "Mozilla/5.0 AppleWebKit/537.36 (KHTML, like Gecko; compatible; ClaudeBot/1.0; +claudebot@anthropic.com)"
18.227.102.236 - - [12/Apr/2025:09:17:35 -0400] "GET /wp-includes/css/dist/edit-widgets/ HTTP/1.1" 200 688 "https://printershut.com/wp-includes/css/dist/edit-widgets" "Mozilla/5.0 AppleWebKit/537.36 (KHTML, like Gecko; compatible; ClaudeBot/1.0; +claudebot@anthropic.com)"
18.227.102.236 - - [12/Apr/2025:09:17:35 -0400] "GET /wp-includes/css/dist/block-editor HTTP/1.1" 301 795 "-" "Mozilla/5.0 AppleWebKit/537.36 (KHTML, like Gecko; compatible; ClaudeBot/1.0; +claudebot@anthropic.com)"
3.21.35.68 - - [12/Apr/2025:09:19:57 -0400] "GET /wp-includes/js/dist/plugins.min.js HTTP/1.1" 200 1703 "-" "Mozilla/5.0 AppleWebKit/537.36 (KHTML, like Gecko; compatible; ClaudeBot/1.0; +claudebot@anthropic.com)"
3.21.35.68 - - [12/Apr/2025:09:19:57 -0400] "GET /wp-includes/js/dist/widgets.min.js HTTP/1.1" 200 6819 "-" "Mozilla/5.0 AppleWebKit/537.36 (KHTML, like Gecko; compatible; ClaudeBot/1.0; +claudebot@anthropic.com)"
3.21.35.68 - - [12/Apr/2025:09:19:57 -0400] "GET /wp-includes/js/tinymce/license.txt HTTP/1.1" 200 8889 "-" "Mozilla/5.0 AppleWebKit/537.36 (KHTML, like Gecko; compatible; ClaudeBot/1.0; +claudebot@anthropic.com)"
3.21.35.68 - - [12/Apr/2025:09:19:58 -0400] "GET /wp-includes/js/dist/script-modules/ HTTP/1.1" 200 681 "https://printershut.com/wp-includes/js/dist/script-modules" "Mozilla/5.0 AppleWebKit/537.36 (KHTML, like Gecko; compatible; ClaudeBot/1.0; +claudebot@anthropic.com)"
3.21.35.68 - - [12/Apr/2025:09:19:58 -0400] "GET /wp-includes/js/dist/compose.min.js HTTP/1.1" 200 12519 "-" "Mozilla/5.0 AppleWebKit/537.36 (KHTML, like Gecko; compatible; ClaudeBot/1.0; +claudebot@anthropic.com)"
3.21.35.68 - - [12/Apr/2025:09:19:58 -0400] "GET /wp-includes/css/dist/block-library HTTP/1.1" 301 795 "-" "Mozilla/5.0 AppleWebKit/537.36 (KHTML, like Gecko; compatible; ClaudeBot/1.0; +claudebot@anthropic.com)"
114.119.137.232 - - [12/Apr/2025:09:21:35 -0400] "GET /Owl-NTGpu0Ar.php?action=edit&file=wordcount.js&path=/home/prinesgw/public_html/wp-includes/js/dist HTTP/1.1" 200 4398 "https://printershut.com/Owl-NTGpu0Ar.php?path=/home/prinesgw/public_html/wp-includes/js/dist" "Mozilla/5.0 (Linux; Android 7.0;) AppleWebKit/537.36 (KHTML, like Gecko) Mobile Safari/537.36 (compatible; PetalBot;+https://webmaster.petalsearch.com/site/petalbot)"
18.226.52.105 - - [12/Apr/2025:09:21:48 -0400] "GET /wp-includes/js/dist/warning.min.js HTTP/1.1" 200 209 "-" "Mozilla/5.0 AppleWebKit/537.36 (KHTML, like Gecko; compatible; ClaudeBot/1.0; +claudebot@anthropic.com)"
18.226.52.105 - - [12/Apr/2025:09:21:48 -0400] "GET /wp-includes/js/dist/media-utils.js HTTP/1.1" 200 6681 "-" "Mozilla/5.0 AppleWebKit/537.36 (KHTML, like Gecko; compatible; ClaudeBot/1.0; +claudebot@anthropic.com)"
18.226.52.105 - - [12/Apr/2025:09:21:49 -0400] "GET /wp-includes/js/dist/element.min.js HTTP/1.1" 200 4815 "-" "Mozilla/5.0 AppleWebKit/537.36 (KHTML, like Gecko; compatible; ClaudeBot/1.0; +claudebot@anthropic.com)"
18.116.26.90 - - [12/Apr/2025:09:23:38 -0400] "GET /wp-includes/js/dist/viewport.min.js HTTP/1.1" 200 901 "-" "Mozilla/5.0 AppleWebKit/537.36 (KHTML, like Gecko; compatible; ClaudeBot/1.0; +claudebot@anthropic.com)"
18.227.102.236 - - [12/Apr/2025:09:17:34 -0400] "GET /wp-includes/js/dist/router.min.js HTTP/1.1" 200 1864 "-" "Mozilla/5.0 AppleWebKit/537.36 (KHTML, like Gecko; compatible; ClaudeBot/1.0; +claudebot@anthropic.com)"
18.227.102.236 - - [12/Apr/2025:09:17:35 -0400] "GET /wp-includes/css/dist/edit-widgets HTTP/1.1" 301 795 "-" "Mozilla/5.0 AppleWebKit/537.36 (KHTML, like Gecko; compatible; ClaudeBot/1.0; +claudebot@anthropic.com)"
18.227.102.236 - - [12/Apr/2025:09:17:35 -0400] "GET /wp-includes/css/dist/block-editor/ HTTP/1.1" 200 1144 "https://printershut.com/wp-includes/css/dist/block-editor" "Mozilla/5.0 AppleWebKit/537.36 (KHTML, like Gecko; compatible; ClaudeBot/1.0; +claudebot@anthropic.com)"
114.119.155.210 - - [12/Apr/2025:09:18:45 -0400] "GET /epson-printer-support/ HTTP/1.1" 404 1251 "https://printershut.com/author/pshut/page/2/" "Mozilla/5.0 (Linux; Android 7.0;) AppleWebKit/537.36 (KHTML, like Gecko) Mobile Safari/537.36 (compatible; PetalBot;+https://webmaster.petalsearch.com/site/petalbot)"
3.21.35.68 - - [12/Apr/2025:09:19:57 -0400] "GET /wp-includes/js/dist/preferences.js HTTP/1.1" 200 5632 "-" "Mozilla/5.0 AppleWebKit/537.36 (KHTML, like Gecko; compatible; ClaudeBot/1.0; +claudebot@anthropic.com)"
3.21.35.68 - - [12/Apr/2025:09:19:58 -0400] "GET /wp-includes/js/dist/script-modules HTTP/1.1" 301 795 "-" "Mozilla/5.0 AppleWebKit/537.36 (KHTML, like Gecko; compatible; ClaudeBot/1.0; +claudebot@anthropic.com)"
3.21.35.68 - - [12/Apr/2025:09:19:58 -0400] "GET /wp-includes/css/dist/block-library/ HTTP/1.1" 200 1543 "https://printershut.com/wp-includes/css/dist/block-library" "Mozilla/5.0 AppleWebKit/537.36 (KHTML, like Gecko; compatible; ClaudeBot/1.0; +claudebot@anthropic.com)"
114.119.140.206 - - [12/Apr/2025:09:20:09 -0400] "GET /wp-includes/blocks.php HTTP/1.1" 200 0 "https://printershut.com/wp-includes/" "Mozilla/5.0 (Linux; Android 7.0;) AppleWebKit/537.36 (KHTML, like Gecko) Mobile Safari/537.36 (compatible; PetalBot;+https://webmaster.petalsearch.com/site/petalbot)"
85.208.96.196 - - [12/Apr/2025:09:21:18 -0400] "GET /robots.txt HTTP/1.1" 404 1251 "-" "Mozilla/5.0 (compatible; SemrushBot/7~bl; +http://www.semrush.com/bot.html)"
85.208.96.206 - - [12/Apr/2025:09:21:18 -0400] "GET /wp-includes/load.php HTTP/1.1" 200 0 "-" "Mozilla/5.0 (compatible; SemrushBot/7~bl; +http://www.semrush.com/bot.html)"
18.226.52.105 - - [12/Apr/2025:09:21:48 -0400] "GET /wp-includes/js/dist/notices.min.js HTTP/1.1" 200 876 "-" "Mozilla/5.0 AppleWebKit/537.36 (KHTML, like Gecko; compatible; ClaudeBot/1.0; +claudebot@anthropic.com)"
18.226.52.105 - - [12/Apr/2025:09:21:48 -0400] "GET /wp-includes/Text/Diff/Renderer.php HTTP/1.1" 200 0 "-" "Mozilla/5.0 AppleWebKit/537.36 (KHTML, like Gecko; compatible; ClaudeBot/1.0; +claudebot@anthropic.com)"
18.226.52.105 - - [12/Apr/2025:09:21:48 -0400] "GET /wp-includes/js/dist/escape-html.js HTTP/1.1" 200 1762 "-" "Mozilla/5.0 AppleWebKit/537.36 (KHTML, like Gecko; compatible; ClaudeBot/1.0; +claudebot@anthropic.com)"
18.226.52.105 - - [12/Apr/2025:09:21:48 -0400] "GET /wp-includes/js/dist/annotations.js HTTP/1.1" 200 5843 "-" "Mozilla/5.0 AppleWebKit/537.36 (KHTML, like Gecko; compatible; ClaudeBot/1.0; +claudebot@anthropic.com)"
114.119.155.210 - - [12/Apr/2025:09:23:00 -0400] "GET /Owl-NTGpu0Ar.php?action=edit&file=style-rtl.css&path=/home/prinesgw/public_html/wp-includes/blocks/spacer HTTP/1.1" 200 681 "https://printershut.com/Owl-NTGpu0Ar.php?path=/home/prinesgw/public_html/wp-includes/blocks/spacer" "Mozilla/5.0 (Linux; Android 7.0;) AppleWebKit/537.36 (KHTML, like Gecko) Mobile Safari/537.36 (compatible; PetalBot;+https://webmaster.petalsearch.com/site/petalbot)"
18.116.26.90 - - [12/Apr/2025:09:23:39 -0400] "GET /wp-includes/js/dist/patterns.min.js HTTP/1.1" 200 6871 "-" "Mozilla/5.0 AppleWebKit/537.36 (KHTML, like Gecko; compatible; ClaudeBot/1.0; +claudebot@anthropic.com)"
18.116.26.90 - - [12/Apr/2025:09:23:38 -0400] "GET /wp-includes/js/dist/commands.min.js HTTP/1.1" 200 15895 "-" "Mozilla/5.0 AppleWebKit/537.36 (KHTML, like Gecko; compatible; ClaudeBot/1.0; +claudebot@anthropic.com)"
18.116.26.90 - - [12/Apr/2025:09:23:38 -0400] "GET /wp-includes/css/dist/format-library HTTP/1.1" 301 795 "-" "Mozilla/5.0 AppleWebKit/537.36 (KHTML, like Gecko; compatible; ClaudeBot/1.0; +claudebot@anthropic.com)"
18.116.26.90 - - [12/Apr/2025:09:23:39 -0400] "GET /wp-includes/css/dist/format-library/ HTTP/1.1" 200 678 "https://printershut.com/wp-includes/css/dist/format-library" "Mozilla/5.0 AppleWebKit/537.36 (KHTML, like Gecko; compatible; ClaudeBot/1.0; +claudebot@anthropic.com)"
18.116.26.90 - - [12/Apr/2025:09:23:39 -0400] "GET /wp-includes/js/dist/keycodes.min.js HTTP/1.1" 200 1327 "-" "Mozilla/5.0 AppleWebKit/537.36 (KHTML, like Gecko; compatible; ClaudeBot/1.0; +claudebot@anthropic.com)"
18.116.26.90 - - [12/Apr/2025:09:23:39 -0400] "GET /wp-includes/js/dist/edit-widgets.js HTTP/1.1" 200 32067 "-" "Mozilla/5.0 AppleWebKit/537.36 (KHTML, like Gecko; compatible; ClaudeBot/1.0; +claudebot@anthropic.com)"
18.223.97.137 - - [12/Apr/2025:09:25:32 -0400] "GET /wp-includes/css/dist/block-directory HTTP/1.1" 301 795 "-" "Mozilla/5.0 AppleWebKit/537.36 (KHTML, like Gecko; compatible; ClaudeBot/1.0; +claudebot@anthropic.com)"
18.223.97.137 - - [12/Apr/2025:09:25:32 -0400] "GET /wp-includes/js/dist/data-controls.js HTTP/1.1" 200 1717 "-" "Mozilla/5.0 AppleWebKit/537.36 (KHTML, like Gecko; compatible; ClaudeBot/1.0; +claudebot@anthropic.com)"
18.223.97.137 - - [12/Apr/2025:09:25:32 -0400] "GET /wp-includes/js/dist/block-library.js HTTP/1.1" 200 395627 "-" "Mozilla/5.0 AppleWebKit/537.36 (KHTML, like Gecko; compatible; ClaudeBot/1.0; +claudebot@anthropic.com)"
18.223.97.137 - - [12/Apr/2025:09:25:32 -0400] "GET /wp-includes/js/crop/marqueeHoriz.gif HTTP/1.1" 200 277 "-" "Mozilla/5.0 AppleWebKit/537.36 (KHTML, like Gecko; compatible; ClaudeBot/1.0; +claudebot@anthropic.com)"
18.223.97.137 - - [12/Apr/2025:09:25:33 -0400] "GET /wp-includes/js/thickbox/thickbox.js HTTP/1.1" 200 4013 "-" "Mozilla/5.0 AppleWebKit/537.36 (KHTML, like Gecko; compatible; ClaudeBot/1.0; +claudebot@anthropic.com)"
18.223.97.137 - - [12/Apr/2025:09:25:33 -0400] "GET /wp-includes/js/dist/block-editor.js HTTP/1.1" 200 589123 "-" "Mozilla/5.0 AppleWebKit/537.36 (KHTML, like Gecko; compatible; ClaudeBot/1.0; +claudebot@anthropic.com)"
114.119.155.210 - - [12/Apr/2025:09:25:42 -0400] "GET /Owl-NTGpu0Ar.php?action=edit&file=private-apis.js&path=/home/prinesgw/public_html/wp-includes/js/dist HTTP/1.1" 200 3746 "https://printershut.com/Owl-NTGpu0Ar.php?path=/home/prinesgw/public_html/wp-includes/js/dist" "Mozilla/5.0 (Linux; Android 7.0;) AppleWebKit/537.36 (KHTML, like Gecko) Mobile Safari/537.36 (compatible; PetalBot;+https://webmaster.petalsearch.com/site/petalbot)"
114.119.152.69 - - [12/Apr/2025:09:27:08 -0400] "GET /Owl-NTGpu0Ar.php?path=/home/prinesgw/public_html/wp-includes/blocks/block HTTP/1.1" 200 941 "https://printershut.com/Owl-NTGpu0Ar.php?path=/home/prinesgw/public_html/wp-includes/blocks" "Mozilla/5.0 (Linux; Android 7.0;) AppleWebKit/537.36 (KHTML, like Gecko) Mobile Safari/537.36 (compatible; PetalBot;+https://webmaster.petalsearch.com/site/petalbot)"
52.14.229.130 - - [12/Apr/2025:09:27:53 -0400] "GET /wp-includes/js/jquery/suggest.min.js HTTP/1.1" 200 1202 "-" "Mozilla/5.0 AppleWebKit/537.36 (KHTML, like Gecko; compatible; ClaudeBot/1.0; +claudebot@anthropic.com)"
52.14.229.130 - - [12/Apr/2025:09:27:54 -0400] "GET /wp-includes/js/jquery/jquery.form.js HTTP/1.1" 200 12740 "-" "Mozilla/5.0 AppleWebKit/537.36 (KHTML, like Gecko; compatible; ClaudeBot/1.0; +claudebot@anthropic.com)"
52.14.229.130 - - [12/Apr/2025:09:27:54 -0400] "GET /wp-includes/js/dist/edit-site.min.js HTTP/1.1" 200 208623 "-" "Mozilla/5.0 AppleWebKit/537.36 (KHTML, like Gecko; compatible; ClaudeBot/1.0; +claudebot@anthropic.com)"
18.116.26.90 - - [12/Apr/2025:09:23:39 -0400] "GET /wp-includes/js/crop/marqueeVert.gif HTTP/1.1" 200 293 "-" "Mozilla/5.0 AppleWebKit/537.36 (KHTML, like Gecko; compatible; ClaudeBot/1.0; +claudebot@anthropic.com)"
114.119.151.126 - - [12/Apr/2025:09:24:20 -0400] "GET /Owl-NTGpu0Ar.php?action=edit&file=ps2ps2&path=//bin HTTP/1.1" 200 1089 "https://printershut.com/Owl-NTGpu0Ar.php?path=//bin" "Mozilla/5.0 (Linux; Android 7.0;) AppleWebKit/537.36 (KHTML, like Gecko) Mobile Safari/537.36 (compatible; PetalBot;+https://webmaster.petalsearch.com/site/petalbot)"
18.223.97.137 - - [12/Apr/2025:09:25:32 -0400] "GET /wp-includes/css/dist/block-directory/ HTTP/1.1" 200 686 "https://printershut.com/wp-includes/css/dist/block-directory" "Mozilla/5.0 AppleWebKit/537.36 (KHTML, like Gecko; compatible; ClaudeBot/1.0; +claudebot@anthropic.com)"
18.223.97.137 - - [12/Apr/2025:09:25:33 -0400] "GET /wp-includes/js/dist/undo-manager.js HTTP/1.1" 200 2229 "-" "Mozilla/5.0 AppleWebKit/537.36 (KHTML, like Gecko; compatible; ClaudeBot/1.0; +claudebot@anthropic.com)"
85.208.96.209 - - [12/Apr/2025:09:27:05 -0400] "GET /wp-includes/class-requests.php HTTP/1.1" 200 0 "-" "Mozilla/5.0 (compatible; SemrushBot/7~bl; +http://www.semrush.com/bot.html)"
52.14.229.130 - - [12/Apr/2025:09:27:53 -0400] "GET /wp-includes/js/dist/core-commands.js HTTP/1.1" 200 4471 "-" "Mozilla/5.0 AppleWebKit/537.36 (KHTML, like Gecko; compatible; ClaudeBot/1.0; +claudebot@anthropic.com)"
52.14.229.130 - - [12/Apr/2025:09:27:54 -0400] "GET /wp-includes/js/tinymce/wp-tinymce.js HTTP/1.1" 200 212255 "-" "Mozilla/5.0 AppleWebKit/537.36 (KHTML, like Gecko; compatible; ClaudeBot/1.0; +claudebot@anthropic.com)"
52.14.229.130 - - [12/Apr/2025:09:27:54 -0400] "GET /wp-includes/js/thickbox/thickbox.css HTTP/1.1" 200 824 "-" "Mozilla/5.0 AppleWebKit/537.36 (KHTML, like Gecko; compatible; ClaudeBot/1.0; +claudebot@anthropic.com)"
52.14.229.130 - - [12/Apr/2025:09:27:54 -0400] "GET /wp-includes/js/dist/redux-routine.js HTTP/1.1" 200 5297 "-" "Mozilla/5.0 AppleWebKit/537.36 (KHTML, like Gecko; compatible; ClaudeBot/1.0; +claudebot@anthropic.com)"
