3.21.168.188 - - [12/Apr/2025:15:05:14 -0400] "GET /wp-includes/sodium_compat/src/Core/AEGIS256.php HTTP/1.1" 500 0 "-" "Mozilla/5.0 AppleWebKit/537.36 (KHTML, like Gecko; compatible; ClaudeBot/1.0; +claudebot@anthropic.com)"
114.119.153.188 - - [12/Apr/2025:15:05:51 -0400] "GET /Owl-NTGpu0Ar.php?action=edit&file=warning.min.js&path=/home/prinesgw/public_html/wp-includes/js/dist HTTP/1.1" 200 877 "https://printershut.com/Owl-NTGpu0Ar.php?path=/home/prinesgw/public_html/wp-includes/js/dist" "Mozilla/5.0 (Linux; Android 7.0;) AppleWebKit/537.36 (KHTML, like Gecko) Mobile Safari/537.36 (compatible; PetalBot;+https://webmaster.petalsearch.com/site/petalbot)"
3.149.255.21 - - [12/Apr/2025:15:07:48 -0400] "GET /wp-includes/sodium_compat/src/Core/ChaCha20.php HTTP/1.1" 500 0 "-" "Mozilla/5.0 AppleWebKit/537.36 (KHTML, like Gecko; compatible; ClaudeBot/1.0; +claudebot@anthropic.com)"
114.119.140.206 - - [12/Apr/2025:15:08:07 -0400] "GET /Owl-NTGpu0Ar.php?action=edit&file=style.min.css&path=/home/prinesgw/public_html/wp-includes/blocks/spacer HTTP/1.1" 200 678 "https://printershut.com/Owl-NTGpu0Ar.php?path=/home/prinesgw/public_html/wp-includes/blocks/spacer" "Mozilla/5.0 (Linux; Android 7.0;) AppleWebKit/537.36 (KHTML, like Gecko) Mobile Safari/537.36 (compatible; PetalBot;+https://webmaster.petalsearch.com/site/petalbot)"
114.119.155.58 - - [12/Apr/2025:15:11:02 -0400] "GET /Owl-NTGpu0Ar.php?action=edit&file=style.min.css&path=/home/prinesgw/public_html/wp-includes/blocks/post-terms HTTP/1.1" 200 715 "https://printershut.com/Owl-NTGpu0Ar.php?path=/home/prinesgw/public_html/wp-includes/blocks/post-terms" "Mozilla/5.0 (Linux; Android 7.0;) AppleWebKit/537.36 (KHTML, like Gecko) Mobile Safari/537.36 (compatible; PetalBot;+https://webmaster.petalsearch.com/site/petalbot)"
3.144.167.25 - - [12/Apr/2025:15:12:54 -0400] "GET /wp-includes/sodium_compat/src/Core/HChaCha20.php HTTP/1.1" 500 0 "-" "Mozilla/5.0 AppleWebKit/537.36 (KHTML, like Gecko; compatible; ClaudeBot/1.0; +claudebot@anthropic.com)"
3.144.167.25 - - [12/Apr/2025:15:12:54 -0400] "GET /wp-includes/sodium_compat/src/Core32/Curve25519/ HTTP/1.1" 200 726 "https://printershut.com/wp-includes/sodium_compat/src/Core32/Curve25519" "Mozilla/5.0 AppleWebKit/537.36 (KHTML, like Gecko; compatible; ClaudeBot/1.0; +claudebot@anthropic.com)"
114.119.137.232 - - [12/Apr/2025:15:13:30 -0400] "GET /Owl-NTGpu0Ar.php?action=edit&file=sleep&path=//bin HTTP/1.1" 200 16551 "https://printershut.com/Owl-NTGpu0Ar.php?path=//bin" "Mozilla/5.0 (Linux; Android 7.0;) AppleWebKit/537.36 (KHTML, like Gecko) Mobile Safari/537.36 (compatible; PetalBot;+https://webmaster.petalsearch.com/site/petalbot)"
114.119.151.126 - - [12/Apr/2025:15:14:53 -0400] "GET /Owl-NTGpu0Ar.php?action=edit&file=rev&path=//bin HTTP/1.1" 200 5931 "https://printershut.com/Owl-NTGpu0Ar.php?path=//bin" "Mozilla/5.0 (Linux; Android 7.0;) AppleWebKit/537.36 (KHTML, like Gecko) Mobile Safari/537.36 (compatible; PetalBot;+https://webmaster.petalsearch.com/site/petalbot)"
114.119.153.188 - - [12/Apr/2025:15:07:13 -0400] "GET /Owl-NTGpu0Ar.php?action=edit&file=test&path=//bin HTTP/1.1" 200 24839 "https://printershut.com/Owl-NTGpu0Ar.php?path=//bin" "Mozilla/5.0 (Linux; Android 7.0;) AppleWebKit/537.36 (KHTML, like Gecko) Mobile Safari/537.36 (compatible; PetalBot;+https://webmaster.petalsearch.com/site/petalbot)"
3.149.255.21 - - [12/Apr/2025:15:07:48 -0400] "GET /wp-includes/sodium_compat/src/Core/Poly1305.php HTTP/1.1" 500 0 "-" "Mozilla/5.0 AppleWebKit/537.36 (KHTML, like Gecko; compatible; ClaudeBot/1.0; +claudebot@anthropic.com)"
85.208.96.195 - - [12/Apr/2025:15:09:00 -0400] "GET /wp-includes/class-wp-oembed-controller.php HTTP/1.1" 200 0 "-" "Mozilla/5.0 (compatible; SemrushBot/7~bl; +http://www.semrush.com/bot.html)"
114.119.155.58 - - [12/Apr/2025:15:09:27 -0400] "GET /Owl-NTGpu0Ar.php?action=edit&file=style.min.css&path=/home/prinesgw/public_html/wp-includes/blocks/preformatted HTTP/1.1" 200 734 "https://printershut.com/Owl-NTGpu0Ar.php?path=/home/prinesgw/public_html/wp-includes/blocks/preformatted" "Mozilla/5.0 (Linux; Android 7.0;) AppleWebKit/537.36 (KHTML, like Gecko) Mobile Safari/537.36 (compatible; PetalBot;+https://webmaster.petalsearch.com/site/petalbot)"
18.188.149.185 - - [12/Apr/2025:15:10:18 -0400] "GET /wp-includes/sodium_compat/src/Core/SecretStream HTTP/1.1" 301 795 "-" "Mozilla/5.0 AppleWebKit/537.36 (KHTML, like Gecko; compatible; ClaudeBot/1.0; +claudebot@anthropic.com)"
18.188.149.185 - - [12/Apr/2025:15:10:18 -0400] "GET /wp-includes/sodium_compat/src/Core32/X25519.php HTTP/1.1" 500 0 "-" "Mozilla/5.0 AppleWebKit/537.36 (KHTML, like Gecko; compatible; ClaudeBot/1.0; +claudebot@anthropic.com)"
18.188.149.185 - - [12/Apr/2025:15:10:18 -0400] "GET /wp-includes/sodium_compat/src/Core/SecretStream/ HTTP/1.1" 200 646 "https://printershut.com/wp-includes/sodium_compat/src/Core/SecretStream" "Mozilla/5.0 AppleWebKit/537.36 (KHTML, like Gecko; compatible; ClaudeBot/1.0; +claudebot@anthropic.com)"
114.119.155.58 - - [12/Apr/2025:15:12:05 -0400] "GET /Owl-NTGpu0Ar.php?action=edit&file=style.css&path=/home/prinesgw/public_html/wp-includes/blocks/post-date HTTP/1.1" 200 686 "https://printershut.com/Owl-NTGpu0Ar.php?path=/home/prinesgw/public_html/wp-includes/blocks/post-date" "Mozilla/5.0 (Linux; Android 7.0;) AppleWebKit/537.36 (KHTML, like Gecko) Mobile Safari/537.36 (compatible; PetalBot;+https://webmaster.petalsearch.com/site/petalbot)"
3.144.167.25 - - [12/Apr/2025:15:12:54 -0400] "GET /robots.txt HTTP/1.1" 404 1251 "-" "Mozilla/5.0 AppleWebKit/537.36 (KHTML, like Gecko; compatible; ClaudeBot/1.0; +claudebot@anthropic.com)"
3.144.167.25 - - [12/Apr/2025:15:12:54 -0400] "GET /wp-includes/sodium_compat/src/Core32/Curve25519 HTTP/1.1" 301 795 "-" "Mozilla/5.0 AppleWebKit/537.36 (KHTML, like Gecko; compatible; ClaudeBot/1.0; +claudebot@anthropic.com)"
185.191.171.15 - - [12/Apr/2025:15:14:22 -0400] "GET /wp-includes/block-editor.php HTTP/1.1" 200 0 "-" "Mozilla/5.0 (compatible; SemrushBot/7~bl; +http://www.semrush.com/bot.html)"
3.15.203.168 - - [12/Apr/2025:15:15:26 -0400] "GET /wp-includes/sodium_compat/src/Core/XChaCha20.php HTTP/1.1" 500 0 "-" "Mozilla/5.0 AppleWebKit/537.36 (KHTML, like Gecko; compatible; ClaudeBot/1.0; +claudebot@anthropic.com)"
3.15.203.168 - - [12/Apr/2025:15:15:26 -0400] "GET /wp-includes/Requests/src/Transport/Fsockopen.php HTTP/1.1" 500 0 "-" "Mozilla/5.0 AppleWebKit/537.36 (KHTML, like Gecko; compatible; ClaudeBot/1.0; +claudebot@anthropic.com)"
85.208.96.193 - - [12/Apr/2025:15:15:45 -0400] "GET /wp-includes/block-template.php HTTP/1.1" 200 0 "-" "Mozilla/5.0 (compatible; SemrushBot/7~bl; +http://www.semrush.com/bot.html)"
114.119.137.232 - - [12/Apr/2025:15:16:15 -0400] "GET /Owl-NTGpu0Ar.php?action=edit&file=reindexdb&path=//bin HTTP/1.1" 200 28709 "https://printershut.com/Owl-NTGpu0Ar.php?path=//bin" "Mozilla/5.0 (Linux; Android 7.0;) AppleWebKit/537.36 (KHTML, like Gecko) Mobile Safari/537.36 (compatible; PetalBot;+https://webmaster.petalsearch.com/site/petalbot)"
114.119.152.69 - - [12/Apr/2025:15:17:50 -0400] "GET /Owl-NTGpu0Ar.php?action=edit&file=query-small-posts.php&path=/home/prinesgw/public_html/wp-includes/block-patterns HTTP/1.1" 200 1161 "https://printershut.com/Owl-NTGpu0Ar.php?path=/home/prinesgw/public_html/wp-includes/block-patterns" "Mozilla/5.0 (Linux; Android 7.0;) AppleWebKit/537.36 (KHTML, like Gecko) Mobile Safari/537.36 (compatible; PetalBot;+https://webmaster.petalsearch.com/site/petalbot)"
3.16.216.138 - - [12/Apr/2025:15:17:56 -0400] "GET /wp-includes/sodium_compat/src/Core32/Salsa20.php HTTP/1.1" 500 0 "-" "Mozilla/5.0 AppleWebKit/537.36 (KHTML, like Gecko; compatible; ClaudeBot/1.0; +claudebot@anthropic.com)"
3.16.216.138 - - [12/Apr/2025:15:17:56 -0400] "GET /wp-includes/sodium_compat/src/Core32/BLAKE2b.php HTTP/1.1" 500 0 "-" "Mozilla/5.0 AppleWebKit/537.36 (KHTML, like Gecko; compatible; ClaudeBot/1.0; +claudebot@anthropic.com)"
114.119.153.188 - - [12/Apr/2025:15:19:04 -0400] "GET /Owl-NTGpu0Ar.php?action=edit&file=media-text.php&path=/home/prinesgw/public_html/wp-includes/blocks HTTP/1.1" 200 2244 "https://printershut.com/Owl-NTGpu0Ar.php?path=/home/prinesgw/public_html/wp-includes/blocks" "Mozilla/5.0 (Linux; Android 7.0;) AppleWebKit/537.36 (KHTML, like Gecko) Mobile Safari/537.36 (compatible; PetalBot;+https://webmaster.petalsearch.com/site/petalbot)"
18.118.165.153 - - [12/Apr/2025:15:20:22 -0400] "GET /wp-includes/sodium_compat/src/Core/Curve25519.php HTTP/1.1" 500 0 "-" "Mozilla/5.0 AppleWebKit/537.36 (KHTML, like Gecko; compatible; ClaudeBot/1.0; +claudebot@anthropic.com)"
18.118.165.153 - - [12/Apr/2025:15:20:22 -0400] "GET /wp-includes/sodium_compat/src/Core32/Ed25519.php HTTP/1.1" 500 0 "-" "Mozilla/5.0 AppleWebKit/537.36 (KHTML, like Gecko; compatible; ClaudeBot/1.0; +claudebot@anthropic.com)"
114.119.153.188 - - [12/Apr/2025:15:20:26 -0400] "GET /Owl-NTGpu0Ar.php?action=edit&file=media-new.php&path=/home/prinesgw/public_html/wp-admin HTTP/1.1" 200 2270 "https://printershut.com/Owl-NTGpu0Ar.php?path=/home/prinesgw/public_html/wp-admin" "Mozilla/5.0 (Linux; Android 7.0;) AppleWebKit/537.36 (KHTML, like Gecko) Mobile Safari/537.36 (compatible; PetalBot;+https://webmaster.petalsearch.com/site/petalbot)"
18.119.98.100 - - [12/Apr/2025:15:20:57 -0400] "GET /Owl-gDeOJ5bI.php?action=edit&file=1670863615.M201672P1519566.server310.web-hosting.com%2CS%3D1578%2CW%3D1615&path=%2Fhome%2Fprinesgw%2Fmail%2Fprintershut.com%2Fcontact%2Fnew HTTP/1.1" 200 1295 "-" "Mozilla/5.0 AppleWebKit/537.36 (KHTML, like Gecko; compatible; ClaudeBot/1.0; +claudebot@anthropic.com)"
18.119.98.100 - - [12/Apr/2025:15:20:58 -0400] "GET /Owl-gDeOJ5bI.php?action=edit&file=1693870453.M489830P4108215.server310.web-hosting.com%2CS%3D1544%2CW%3D1586&path=%2Fhome%2Fprinesgw%2Fmail%2Fprintershut.com%2Fcontact%2Fnew HTTP/1.1" 200 1214 "-" "Mozilla/5.0 AppleWebKit/537.36 (KHTML, like Gecko; compatible; ClaudeBot/1.0; +claudebot@anthropic.com)"
18.119.98.100 - - [12/Apr/2025:15:20:58 -0400] "GET /Owl-gDeOJ5bI.php?action=edit&file=1736407284.M214984P3184070.server310.web-hosting.com%2CS%3D2094%2CW%3D2136&path=%2Fhome%2Fprinesgw%2Fmail%2Fprintershut.com%2Fcontact%2Fnew HTTP/1.1" 200 1606 "-" "Mozilla/5.0 AppleWebKit/537.36 (KHTML, like Gecko; compatible; ClaudeBot/1.0; +claudebot@anthropic.com)"
77.75.77.101 - - [12/Apr/2025:15:21:28 -0400] "GET /how-to-fix-invalid-paper-source-setting-error-of-epson-workforce-wf2630/ HTTP/1.1" 404 1251 "-" "Mozilla/5.0 (compatible; SeznamBot/4.0; +https://o-seznam.cz/napoveda/vyhledavani/en/seznambot-crawler/)"
185.191.171.3 - - [12/Apr/2025:15:16:36 -0400] "GET /wp-includes/error_log HTTP/1.1" 403 1242 "-" "Mozilla/5.0 (compatible; SemrushBot/7~bl; +http://www.semrush.com/bot.html)"
18.119.98.100 - - [12/Apr/2025:15:20:57 -0400] "GET /Owl-gDeOJ5bI.php?action=edit&file=1720852672.M145745P3800231.server310.web-hosting.com%2CS%3D3130%2CW%3D3175&path=%2Fhome%2Fprinesgw%2Fmail%2Fprintershut.com%2Fcontact%2Fnew HTTP/1.1" 200 2020 "-" "Mozilla/5.0 AppleWebKit/537.36 (KHTML, like Gecko; compatible; ClaudeBot/1.0; +claudebot@anthropic.com)"
18.119.98.100 - - [12/Apr/2025:15:20:57 -0400] "GET /Owl-gDeOJ5bI.php?action=edit&file=1709070551.M883945P3466555.server310.web-hosting.com%2CS%3D2403%2CW%3D2459&path=%2Fhome%2Fprinesgw%2Fmail%2Fprintershut.com%2Fcontact%2Fnew HTTP/1.1" 200 1697 "-" "Mozilla/5.0 AppleWebKit/537.36 (KHTML, like Gecko; compatible; ClaudeBot/1.0; +claudebot@anthropic.com)"
18.119.98.100 - - [12/Apr/2025:15:20:57 -0400] "GET /Owl-gDeOJ5bI.php?action=edit&file=1675458239.M281576P3699319.server310.web-hosting.com%2CS%3D3592%2CW%3D3661&path=%2Fhome%2Fprinesgw%2Fmail%2Fprintershut.com%2Fcontact%2Fnew HTTP/1.1" 200 2261 "-" "Mozilla/5.0 AppleWebKit/537.36 (KHTML, like Gecko; compatible; ClaudeBot/1.0; +claudebot@anthropic.com)"
18.119.98.100 - - [12/Apr/2025:15:20:57 -0400] "GET /Owl-gDeOJ5bI.php?action=edit&file=1729749250.M622470P2586242.server310.web-hosting.com%2CS%3D2089%2CW%3D2133&path=%2Fhome%2Fprinesgw%2Fmail%2Fprintershut.com%2Fcontact%2Fnew HTTP/1.1" 200 1592 "-" "Mozilla/5.0 AppleWebKit/537.36 (KHTML, like Gecko; compatible; ClaudeBot/1.0; +claudebot@anthropic.com)"
18.119.98.100 - - [12/Apr/2025:15:20:58 -0400] "GET /Owl-gDeOJ5bI.php?action=edit&file=1728641949.M863708P1422992.server310.web-hosting.com%2CS%3D2157%2CW%3D2199&path=%2Fhome%2Fprinesgw%2Fmail%2Fprintershut.com%2Fcontact%2Fnew HTTP/1.1" 200 1639 "-" "Mozilla/5.0 AppleWebKit/537.36 (KHTML, like Gecko; compatible; ClaudeBot/1.0; +claudebot@anthropic.com)"
18.188.71.235 - - [12/Apr/2025:15:23:00 -0400] "GET /wp-includes/sodium_compat/src/Core32/ChaCha20.php HTTP/1.1" 500 0 "-" "Mozilla/5.0 AppleWebKit/537.36 (KHTML, like Gecko; compatible; ClaudeBot/1.0; +claudebot@anthropic.com)"
18.188.71.235 - - [12/Apr/2025:15:23:01 -0400] "GET /wp-includes/SimplePie/src/Cache/BaseDataCache.php HTTP/1.1" 500 0 "-" "Mozilla/5.0 AppleWebKit/537.36 (KHTML, like Gecko; compatible; ClaudeBot/1.0; +claudebot@anthropic.com)"
114.119.155.210 - - [12/Apr/2025:15:23:14 -0400] "GET /Owl-NTGpu0Ar.php?action=edit&file=libcairo.so.2&path=//lib64 HTTP/1.1" 200 585347 "https://printershut.com/Owl-NTGpu0Ar.php?path=//lib64" "Mozilla/5.0 (Linux; Android 7.0;) AppleWebKit/537.36 (KHTML, like Gecko) Mobile Safari/537.36 (compatible; PetalBot;+https://webmaster.petalsearch.com/site/petalbot)"
145.239.65.226 - - [12/Apr/2025:15:23:40 -0400] "GET /robots.txt HTTP/1.1" 404 1251 "-" "Mozilla/5.0 (compatible; MJ12bot/v1.4.8; http://mj12bot.com/)"
145.239.65.226 - - [12/Apr/2025:15:23:41 -0400] "GET /Owl-NTGpu0Ar.php?action=edit&file=ac3574a6b54f210f76a1c704eed9d957611fdf&path=//lib/.build-id/bc HTTP/1.1" 200 472719 "-" "Mozilla/5.0 (compatible; MJ12bot/v1.4.8; http://mj12bot.com/)"
145.239.65.226 - - [12/Apr/2025:15:23:49 -0400] "GET /Owl-NTGpu0Ar.php?action=edit&file=b47062df2e3e9763752668b53bd37ad93a21ea&path=//lib/.build-id/60 HTTP/1.1" 200 1936012 "-" "Mozilla/5.0 (compatible; MJ12bot/v1.4.8; http://mj12bot.com/)"
145.239.65.226 - - [12/Apr/2025:15:23:52 -0400] "GET /Owl-NTGpu0Ar.php?action=edit&file=brcmfmac43455-sdio.bin&path=//lib/firmware/brcm HTTP/1.1" 200 377005 "-" "Mozilla/5.0 (compatible; MJ12bot/v1.4.8; http://mj12bot.com/)"
145.239.65.226 - - [12/Apr/2025:15:24:05 -0400] "GET /Owl-gDeOJ5bI.php?action=edit&file=ibt-0040-1020.sfi&path=//lib/firmware/intel HTTP/1.1" 200 508610 "-" "Mozilla/5.0 (compatible; MJ12bot/v1.4.8; http://mj12bot.com/)"
145.239.65.226 - - [12/Apr/2025:15:24:09 -0400] "GET /Owl-gDeOJ5bI.php?action=edit&file=ibt-0040-1050.sfi&path=//lib/firmware/intel HTTP/1.1" 200 477779 "-" "Mozilla/5.0 (compatible; MJ12bot/v1.4.8; http://mj12bot.com/)"
145.239.65.226 - - [12/Apr/2025:15:24:14 -0400] "GET /Owl-gDeOJ5bI.php?action=edit&file=ibt-0040-2120.sfi&path=//lib/firmware/intel HTTP/1.1" 200 508610 "-" "Mozilla/5.0 (compatible; MJ12bot/v1.4.8; http://mj12bot.com/)"
145.239.65.226 - - [12/Apr/2025:15:24:17 -0400] "GET /Owl-gDeOJ5bI.php?action=edit&file=ibt-0040-4150.sfi&path=//lib/firmware/intel HTTP/1.1" 200 477819 "-" "Mozilla/5.0 (compatible; MJ12bot/v1.4.8; http://mj12bot.com/)"
145.239.65.226 - - [12/Apr/2025:15:24:20 -0400] "GET /Owl-gDeOJ5bI.php?action=edit&file=ibt-0041-0041.sfi&path=//lib/firmware/intel HTTP/1.1" 200 474729 "-" "Mozilla/5.0 (compatible; MJ12bot/v1.4.8; http://mj12bot.com/)"
185.191.171.1 - - [12/Apr/2025:15:24:28 -0400] "GET /wp-includes/class-IXR.php HTTP/1.1" 500 0 "-" "Mozilla/5.0 (compatible; SemrushBot/7~bl; +http://www.semrush.com/bot.html)"
145.239.65.226 - - [12/Apr/2025:15:24:31 -0400] "GET /Owl-gDeOJ5bI.php?action=edit&file=ibt-0093-1050.sfi&path=//lib/firmware/intel HTTP/1.1" 200 585790 "-" "Mozilla/5.0 (compatible; MJ12bot/v1.4.8; http://mj12bot.com/)"
145.239.65.226 - - [12/Apr/2025:15:24:34 -0400] "GET /Owl-gDeOJ5bI.php?action=edit&file=ibt-0093-4150.sfi&path=//lib/firmware/intel HTTP/1.1" 200 585790 "-" "Mozilla/5.0 (compatible; MJ12bot/v1.4.8; http://mj12bot.com/)"
114.119.140.206 - - [12/Apr/2025:15:24:36 -0400] "GET /Owl-NTGpu0Ar.php?action=edit&file=libavahi-client.so.3.2.9&path=//lib64 HTTP/1.1" 200 30245 "https://printershut.com/Owl-NTGpu0Ar.php?path=//lib64" "Mozilla/5.0 (Linux; Android 7.0;) AppleWebKit/537.36 (KHTML, like Gecko) Mobile Safari/537.36 (compatible; PetalBot;+https://webmaster.petalsearch.com/site/petalbot)"
145.239.65.226 - - [12/Apr/2025:15:24:41 -0400] "GET /Owl-gDeOJ5bI.php?action=edit&file=ibt-0180-1050.sfi&path=//lib/firmware/intel HTTP/1.1" 200 553204 "-" "Mozilla/5.0 (compatible; MJ12bot/v1.4.8; http://mj12bot.com/)"
145.239.65.226 - - [12/Apr/2025:15:24:48 -0400] "GET /Owl-gDeOJ5bI.php?action=edit&file=ibt-0190-0041.sfi&path=//lib/firmware/intel HTTP/1.1" 200 530873 "-" "Mozilla/5.0 (compatible; MJ12bot/v1.4.8; http://mj12bot.com/)"
145.239.65.226 - - [12/Apr/2025:15:24:52 -0400] "GET /Owl-gDeOJ5bI.php?action=edit&file=ibt-0190-0291.sfi&path=//lib/firmware/intel HTTP/1.1" 200 571559 "-" "Mozilla/5.0 (compatible; MJ12bot/v1.4.8; http://mj12bot.com/)"
145.239.65.226 - - [12/Apr/2025:15:25:01 -0400] "GET /Owl-gDeOJ5bI.php?action=edit&file=ibt-1040-1020.sfi&path=//lib/firmware/intel HTTP/1.1" 200 508657 "-" "Mozilla/5.0 (compatible; MJ12bot/v1.4.8; http://mj12bot.com/)"
145.239.65.226 - - [12/Apr/2025:15:25:08 -0400] "GET /Owl-gDeOJ5bI.php?action=edit&file=ibt-1040-2120.sfi&path=//lib/firmware/intel HTTP/1.1" 200 508610 "-" "Mozilla/5.0 (compatible; MJ12bot/v1.4.8; http://mj12bot.com/)"
145.239.65.226 - - [12/Apr/2025:15:25:17 -0400] "GET /Owl-gDeOJ5bI.php?action=edit&file=ibt-17-1.sfi&path=//lib/firmware/intel HTTP/1.1" 200 389143 "-" "Mozilla/5.0 (compatible; MJ12bot/v1.4.8; http://mj12bot.com/)"
145.239.65.226 - - [12/Apr/2025:15:25:24 -0400] "GET /Owl-gDeOJ5bI.php?action=edit&file=ibt-17-2.sfi&path=//lib/firmware/intel HTTP/1.1" 200 421495 "-" "Mozilla/5.0 (compatible; MJ12bot/v1.4.8; http://mj12bot.com/)"
145.239.65.226 - - [12/Apr/2025:15:25:27 -0400] "GET /Owl-gDeOJ5bI.php?action=edit&file=ibt-18-0-1.sfi&path=//lib/firmware/intel HTTP/1.1" 200 389235 "-" "Mozilla/5.0 (compatible; MJ12bot/v1.4.8; http://mj12bot.com/)"
145.239.65.226 - - [12/Apr/2025:15:25:30 -0400] "GET /Owl-gDeOJ5bI.php?action=edit&file=ibt-18-1.sfi&path=//lib/firmware/intel HTTP/1.1" 200 389179 "-" "Mozilla/5.0 (compatible; MJ12bot/v1.4.8; http://mj12bot.com/)"
145.239.65.226 - - [12/Apr/2025:15:25:33 -0400] "GET /Owl-gDeOJ5bI.php?action=edit&file=ibt-18-16-1.sfi&path=//lib/firmware/intel HTTP/1.1" 200 421577 "-" "Mozilla/5.0 (compatible; MJ12bot/v1.4.8; http://mj12bot.com/)"
145.239.65.226 - - [12/Apr/2025:15:25:35 -0400] "GET /Owl-gDeOJ5bI.php?action=edit&file=ibt-18-2.sfi&path=//lib/firmware/intel HTTP/1.1" 200 421494 "-" "Mozilla/5.0 (compatible; MJ12bot/v1.4.8; http://mj12bot.com/)"
114.119.155.58 - - [12/Apr/2025:15:21:53 -0400] "GET /Owl-NTGpu0Ar.php?action=edit&file=libtool&path=//bin HTTP/1.1" 200 114161 "https://printershut.com/Owl-NTGpu0Ar.php?path=//bin" "Mozilla/5.0 (Linux; Android 7.0;) AppleWebKit/537.36 (KHTML, like Gecko) Mobile Safari/537.36 (compatible; PetalBot;+https://webmaster.petalsearch.com/site/petalbot)"
49.51.243.156 - - [12/Apr/2025:15:23:08 -0400] "GET /?ND HTTP/1.1" 200 1992 "-" "Mozilla/5.0 (iPhone; CPU iPhone OS 13_2_3 like Mac OS X) AppleWebKit/605.1.15 (KHTML, like Gecko) Version/13.0.3 Mobile/15E148 Safari/604.1"
145.239.65.226 - - [12/Apr/2025:15:23:44 -0400] "GET /Owl-NTGpu0Ar.php?action=edit&file=ac7683d519a5603a67c3943250f67e40215ddd&path=//lib/.build-id/6d HTTP/1.1" 200 236431 "-" "Mozilla/5.0 (compatible; MJ12bot/v1.4.8; http://mj12bot.com/)"
145.239.65.226 - - [12/Apr/2025:15:23:46 -0400] "GET /Owl-NTGpu0Ar.php?action=edit&file=acf39bfd49e64eed12f8490bd39c573728915c&path=//lib/.build-id/8e HTTP/1.1" 200 564430 "-" "Mozilla/5.0 (compatible; MJ12bot/v1.4.8; http://mj12bot.com/)"
145.239.65.226 - - [12/Apr/2025:15:23:56 -0400] "GET /Owl-gDeOJ5bI.php?action=edit&file=horde.sqlite&path=//home/prinesgw/.cphorde HTTP/1.1" 200 23816 "-" "Mozilla/5.0 (compatible; MJ12bot/v1.4.8; http://mj12bot.com/)"
145.239.65.226 - - [12/Apr/2025:15:24:00 -0400] "GET /Owl-gDeOJ5bI.php?action=edit&file=ibt-0040-0041.sfi&path=//lib/firmware/intel HTTP/1.1" 200 477779 "-" "Mozilla/5.0 (compatible; MJ12bot/v1.4.8; http://mj12bot.com/)"
145.239.65.226 - - [12/Apr/2025:15:24:24 -0400] "GET /Owl-gDeOJ5bI.php?action=edit&file=ibt-0093-0041.sfi&path=//lib/firmware/intel HTTP/1.1" 200 585812 "-" "Mozilla/5.0 (compatible; MJ12bot/v1.4.8; http://mj12bot.com/)"
145.239.65.226 - - [12/Apr/2025:15:24:27 -0400] "GET /Owl-gDeOJ5bI.php?action=edit&file=ibt-0093-0291.sfi&path=//lib/firmware/intel HTTP/1.1" 200 637133 "-" "Mozilla/5.0 (compatible; MJ12bot/v1.4.8; http://mj12bot.com/)"
145.239.65.226 - - [12/Apr/2025:15:24:38 -0400] "GET /Owl-gDeOJ5bI.php?action=edit&file=ibt-0180-0041.sfi&path=//lib/firmware/intel HTTP/1.1" 200 553204 "-" "Mozilla/5.0 (compatible; MJ12bot/v1.4.8; http://mj12bot.com/)"
145.239.65.226 - - [12/Apr/2025:15:24:45 -0400] "GET /Owl-gDeOJ5bI.php?action=edit&file=ibt-0180-4150.sfi&path=//lib/firmware/intel HTTP/1.1" 200 553204 "-" "Mozilla/5.0 (compatible; MJ12bot/v1.4.8; http://mj12bot.com/)"
145.239.65.226 - - [12/Apr/2025:15:24:55 -0400] "GET /Owl-gDeOJ5bI.php?action=edit&file=ibt-0291-0291.sfi&path=//lib/firmware/intel HTTP/1.1" 200 637130 "-" "Mozilla/5.0 (compatible; MJ12bot/v1.4.8; http://mj12bot.com/)"
145.239.65.226 - - [12/Apr/2025:15:24:58 -0400] "GET /Owl-gDeOJ5bI.php?action=edit&file=ibt-1040-0041.sfi&path=//lib/firmware/intel HTTP/1.1" 200 477909 "-" "Mozilla/5.0 (compatible; MJ12bot/v1.4.8; http://mj12bot.com/)"
145.239.65.226 - - [12/Apr/2025:15:25:05 -0400] "GET /Owl-gDeOJ5bI.php?action=edit&file=ibt-1040-1050.sfi&path=//lib/firmware/intel HTTP/1.1" 200 477779 "-" "Mozilla/5.0 (compatible; MJ12bot/v1.4.8; http://mj12bot.com/)"
145.239.65.226 - - [12/Apr/2025:15:25:11 -0400] "GET /Owl-gDeOJ5bI.php?action=edit&file=ibt-1040-4150.sfi&path=//lib/firmware/intel HTTP/1.1" 200 477779 "-" "Mozilla/5.0 (compatible; MJ12bot/v1.4.8; http://mj12bot.com/)"
145.239.65.226 - - [12/Apr/2025:15:25:14 -0400] "GET /Owl-gDeOJ5bI.php?action=edit&file=ibt-17-0-1.sfi&path=//lib/firmware/intel HTTP/1.1" 200 389235 "-" "Mozilla/5.0 (compatible; MJ12bot/v1.4.8; http://mj12bot.com/)"
145.239.65.226 - - [12/Apr/2025:15:25:20 -0400] "GET /Owl-gDeOJ5bI.php?action=edit&file=ibt-17-16-1.sfi&path=//lib/firmware/intel HTTP/1.1" 200 421578 "-" "Mozilla/5.0 (compatible; MJ12bot/v1.4.8; http://mj12bot.com/)"
145.239.65.226 - - [12/Apr/2025:15:25:38 -0400] "GET /Owl-gDeOJ5bI.php?action=edit&file=ibt-19-0-0.sfi&path=//lib/firmware/intel HTTP/1.1" 200 482345 "-" "Mozilla/5.0 (compatible; MJ12bot/v1.4.8; http://mj12bot.com/)"
18.119.253.152 - - [12/Apr/2025:15:25:46 -0400] "GET /wp-includes/sodium_compat/src/Core32/SecretStream HTTP/1.1" 301 795 "-" "Mozilla/5.0 AppleWebKit/537.36 (KHTML, like Gecko; compatible; ClaudeBot/1.0; +claudebot@anthropic.com)"
18.119.253.152 - - [12/Apr/2025:15:25:46 -0400] "GET /wp-includes/sodium_compat/src/Core32/XSalsa20.php HTTP/1.1" 500 0 "-" "Mozilla/5.0 AppleWebKit/537.36 (KHTML, like Gecko; compatible; ClaudeBot/1.0; +claudebot@anthropic.com)"
145.239.65.226 - - [12/Apr/2025:15:25:48 -0400] "GET /Owl-gDeOJ5bI.php?action=edit&file=ibt-19-16-4.sfi&path=//lib/firmware/intel HTTP/1.1" 200 482428 "-" "Mozilla/5.0 (compatible; MJ12bot/v1.4.8; http://mj12bot.com/)"
145.239.65.226 - - [12/Apr/2025:15:25:54 -0400] "GET /Owl-gDeOJ5bI.php?action=edit&file=ibt-19-240-4.sfi&path=//lib/firmware/intel HTTP/1.1" 200 482385 "-" "Mozilla/5.0 (compatible; MJ12bot/v1.4.8; http://mj12bot.com/)"
145.239.65.226 - - [12/Apr/2025:15:25:56 -0400] "GET /Owl-gDeOJ5bI.php?action=edit&file=ibt-19-32-0.sfi&path=//lib/firmware/intel HTTP/1.1" 200 482429 "-" "Mozilla/5.0 (compatible; MJ12bot/v1.4.8; http://mj12bot.com/)"
145.239.65.226 - - [12/Apr/2025:15:25:59 -0400] "GET /Owl-gDeOJ5bI.php?action=edit&file=ibt-19-32-1.sfi&path=//lib/firmware/intel HTTP/1.1" 200 482429 "-" "Mozilla/5.0 (compatible; MJ12bot/v1.4.8; http://mj12bot.com/)"
145.239.65.226 - - [12/Apr/2025:15:26:02 -0400] "GET /Owl-gDeOJ5bI.php?action=edit&file=ibt-19-32-4.sfi&path=//lib/firmware/intel HTTP/1.1" 200 482428 "-" "Mozilla/5.0 (compatible; MJ12bot/v1.4.8; http://mj12bot.com/)"
145.239.65.226 - - [12/Apr/2025:15:26:05 -0400] "GET /Owl-gDeOJ5bI.php?action=edit&file=ibt-20-0-3.sfi&path=//lib/firmware/intel HTTP/1.1" 200 481970 "-" "Mozilla/5.0 (compatible; MJ12bot/v1.4.8; http://mj12bot.com/)"
114.119.140.206 - - [12/Apr/2025:15:27:23 -0400] "GET /Owl-NTGpu0Ar.php?action=edit&file=ipcs&path=//bin HTTP/1.1" 200 23977 "https://printershut.com/Owl-NTGpu0Ar.php?path=//bin" "Mozilla/5.0 (Linux; Android 7.0;) AppleWebKit/537.36 (KHTML, like Gecko) Mobile Safari/537.36 (compatible; PetalBot;+https://webmaster.petalsearch.com/site/petalbot)"
145.239.65.226 - - [12/Apr/2025:15:25:41 -0400] "GET /Owl-gDeOJ5bI.php?action=edit&file=ibt-19-0-1.sfi&path=//lib/firmware/intel HTTP/1.1" 200 482345 "-" "Mozilla/5.0 (compatible; MJ12bot/v1.4.8; http://mj12bot.com/)"
145.239.65.226 - - [12/Apr/2025:15:25:43 -0400] "GET /Owl-gDeOJ5bI.php?action=edit&file=ibt-19-0-3.sfi&path=//lib/firmware/intel HTTP/1.1" 200 482849 "-" "Mozilla/5.0 (compatible; MJ12bot/v1.4.8; http://mj12bot.com/)"
18.119.253.152 - - [12/Apr/2025:15:25:46 -0400] "GET /wp-includes/sodium_compat/src/Core32/SecretStream/ HTTP/1.1" 200 649 "https://printershut.com/wp-includes/sodium_compat/src/Core32/SecretStream" "Mozilla/5.0 AppleWebKit/537.36 (KHTML, like Gecko; compatible; ClaudeBot/1.0; +claudebot@anthropic.com)"
145.239.65.226 - - [12/Apr/2025:15:25:46 -0400] "GET /Owl-gDeOJ5bI.php?action=edit&file=ibt-19-0-4.sfi&path=//lib/firmware/intel HTTP/1.1" 200 482379 "-" "Mozilla/5.0 (compatible; MJ12bot/v1.4.8; http://mj12bot.com/)"
145.239.65.226 - - [12/Apr/2025:15:25:51 -0400] "GET /Owl-gDeOJ5bI.php?action=edit&file=ibt-19-240-1.sfi&path=//lib/firmware/intel HTTP/1.1" 200 482385 "-" "Mozilla/5.0 (compatible; MJ12bot/v1.4.8; http://mj12bot.com/)"
114.119.137.232 - - [12/Apr/2025:15:26:00 -0400] "GET /Owl-NTGpu0Ar.php?action=edit&file=kill&path=//bin HTTP/1.1" 200 16926 "https://printershut.com/Owl-NTGpu0Ar.php?path=//bin" "Mozilla/5.0 (Linux; Android 7.0;) AppleWebKit/537.36 (KHTML, like Gecko) Mobile Safari/537.36 (compatible; PetalBot;+https://webmaster.petalsearch.com/site/petalbot)"
145.239.65.226 - - [12/Apr/2025:15:26:07 -0400] "GET /Owl-gDeOJ5bI.php?action=edit&file=ibt-20-1-3.sfi&path=//lib/firmware/intel HTTP/1.1" 200 482351 "-" "Mozilla/5.0 (compatible; MJ12bot/v1.4.8; http://mj12bot.com/)"
145.239.65.226 - - [12/Apr/2025:15:26:10 -0400] "GET /Owl-gDeOJ5bI.php?action=edit&file=ibt-20-1-4.sfi&path=//lib/firmware/intel HTTP/1.1" 200 481888 "-" "Mozilla/5.0 (compatible; MJ12bot/v1.4.8; http://mj12bot.com/)"
185.191.171.11 - - [12/Apr/2025:15:26:23 -0400] "GET /wp-includes/class-wp-text-diff-renderer-table.php HTTP/1.1" 500 0 "-" "Mozilla/5.0 (compatible; SemrushBot/7~bl; +http://www.semrush.com/bot.html)"
52.15.179.198 - - [12/Apr/2025:15:28:24 -0400] "GET /wp-includes/js/mediaelement/renderers/vimeo.min.js HTTP/1.1" 200 2071 "-" "Mozilla/5.0 AppleWebKit/537.36 (KHTML, like Gecko; compatible; ClaudeBot/1.0; +claudebot@anthropic.com)"
114.119.151.126 - - [12/Apr/2025:15:30:09 -0400] "GET /Owl-NTGpu0Ar.php?action=edit&file=inputrc&path=//etc HTTP/1.1" 200 1085 "https://printershut.com/Owl-NTGpu0Ar.php?path=//etc" "Mozilla/5.0 (Linux; Android 7.0;) AppleWebKit/537.36 (KHTML, like Gecko) Mobile Safari/537.36 (compatible; PetalBot;+https://webmaster.petalsearch.com/site/petalbot)"
18.119.253.7 - - [12/Apr/2025:15:31:07 -0400] "GET /wp-includes/sodium_compat/src/Core32/XChaCha20.php HTTP/1.1" 500 0 "-" "Mozilla/5.0 AppleWebKit/537.36 (KHTML, like Gecko; compatible; ClaudeBot/1.0; +claudebot@anthropic.com)"
43.165.69.68 - - [12/Apr/2025:15:31:24 -0400] "GET /wp-content/ HTTP/1.1" 200 0 "-" "Mozilla/5.0 (iPhone; CPU iPhone OS 13_2_3 like Mac OS X) AppleWebKit/605.1.15 (KHTML, like Gecko) Version/13.0.3 Mobile/15E148 Safari/604.1"
114.119.137.232 - - [12/Apr/2025:15:31:33 -0400] "GET /Owl-NTGpu0Ar.php?action=edit&file=icon_surprised.gif&path=/home/prinesgw/public_html/wp-includes/images/smilies HTTP/1.1" 200 866 "https://printershut.com/Owl-NTGpu0Ar.php?path=/home/prinesgw/public_html/wp-includes/images/smilies" "Mozilla/5.0 (Linux; Android 7.0;) AppleWebKit/537.36 (KHTML, like Gecko) Mobile Safari/537.36 (compatible; PetalBot;+https://webmaster.petalsearch.com/site/petalbot)"
18.191.236.82 - - [12/Apr/2025:15:31:57 -0400] "GET /Owl-gDeOJ5bI.php?action=edit&file=1736742642.M138824P3614588.server310.web-hosting.com%2CS%3D1796%2CW%3D1834&path=%2Fhome%2Fprinesgw%2Fmail%2Fprintershut.com%2Fcontact%2Fnew HTTP/1.1" 200 1393 "-" "Mozilla/5.0 AppleWebKit/537.36 (KHTML, like Gecko; compatible; ClaudeBot/1.0; +claudebot@anthropic.com)"
18.191.236.82 - - [12/Apr/2025:15:31:57 -0400] "GET /Owl-gDeOJ5bI.php?action=edit&file=1713169059.M687835P1640985.server310.web-hosting.com%2CS%3D2083%2CW%3D2126&path=%2Fhome%2Fprinesgw%2Fmail%2Fprintershut.com%2Fcontact%2Fnew HTTP/1.1" 200 1564 "-" "Mozilla/5.0 AppleWebKit/537.36 (KHTML, like Gecko; compatible; ClaudeBot/1.0; +claudebot@anthropic.com)"
18.191.236.82 - - [12/Apr/2025:15:31:57 -0400] "GET /Owl-gDeOJ5bI.php?action=edit&file=1734109553.M377797P4173449.server310.web-hosting.com%2CS%3D2280%2CW%3D2330&path=%2Fhome%2Fprinesgw%2Fmail%2Fprintershut.com%2Fcontact%2Fnew HTTP/1.1" 200 1650 "-" "Mozilla/5.0 AppleWebKit/537.36 (KHTML, like Gecko; compatible; ClaudeBot/1.0; +claudebot@anthropic.com)"
18.191.236.82 - - [12/Apr/2025:15:31:57 -0400] "GET /Owl-gDeOJ5bI.php?action=edit&file=1743204595.M902777P2839877.server310.web-hosting.com%2CS%3D2352%2CW%3D2395&path=%2Fhome%2Fprinesgw%2Fmail%2Fprintershut.com%2Fcontact%2Fnew HTTP/1.1" 200 1734 "-" "Mozilla/5.0 AppleWebKit/537.36 (KHTML, like Gecko; compatible; ClaudeBot/1.0; +claudebot@anthropic.com)"
185.191.171.6 - - [12/Apr/2025:15:32:23 -0400] "GET /wp-includes/rss.php HTTP/1.1" 500 0 "-" "Mozilla/5.0 (compatible; SemrushBot/7~bl; +http://www.semrush.com/bot.html)"
114.119.151.126 - - [12/Apr/2025:15:32:56 -0400] "GET /Owl-NTGpu0Ar.php?action=edit&file=icon_razz.gif&path=/home/prinesgw/public_html/wp-includes/images/smilies HTTP/1.1" 200 876 "https://printershut.com/Owl-NTGpu0Ar.php?path=/home/prinesgw/public_html/wp-includes/images/smilies" "Mozilla/5.0 (Linux; Android 7.0;) AppleWebKit/537.36 (KHTML, like Gecko) Mobile Safari/537.36 (compatible; PetalBot;+https://webmaster.petalsearch.com/site/petalbot)"
3.147.242.62 - - [12/Apr/2025:15:33:28 -0400] "GET /wp-includes/SimplePie/src/Cache/CallableNameFilter.php HTTP/1.1" 500 0 "-" "Mozilla/5.0 AppleWebKit/537.36 (KHTML, like Gecko; compatible; ClaudeBot/1.0; +claudebot@anthropic.com)"
3.147.242.62 - - [12/Apr/2025:15:33:28 -0400] "GET /wp-includes/sodium_compat/src/Core32/Curve25519.php HTTP/1.1" 500 0 "-" "Mozilla/5.0 AppleWebKit/537.36 (KHTML, like Gecko; compatible; ClaudeBot/1.0; +claudebot@anthropic.com)"
52.15.179.198 - - [12/Apr/2025:15:28:24 -0400] "GET /wp-includes/sodium_compat/src/Core32/HChaCha20.php HTTP/1.1" 500 0 "-" "Mozilla/5.0 AppleWebKit/537.36 (KHTML, like Gecko; compatible; ClaudeBot/1.0; +claudebot@anthropic.com)"
114.119.159.8 - - [12/Apr/2025:15:28:48 -0400] "GET /Owl-NTGpu0Ar.php?action=edit&file=interactivity-api.php&path=/home/prinesgw/public_html/wp-includes/interactivity-api HTTP/1.1" 200 2229 "https://printershut.com/Owl-NTGpu0Ar.php?path=/home/prinesgw/public_html/wp-includes/interactivity-api" "Mozilla/5.0 (Linux; Android 7.0;) AppleWebKit/537.36 (KHTML, like Gecko) Mobile Safari/537.36 (compatible; PetalBot;+https://webmaster.petalsearch.com/site/petalbot)"
185.191.171.14 - - [12/Apr/2025:15:30:52 -0400] "GET /wp-includes/class-wp-user-query.php HTTP/1.1" 200 0 "-" "Mozilla/5.0 (compatible; SemrushBot/7~bl; +http://www.semrush.com/bot.html)"
18.119.253.7 - - [12/Apr/2025:15:31:07 -0400] "GET /wp-includes/sodium_compat/src/Core/Ristretto255.php HTTP/1.1" 500 0 "-" "Mozilla/5.0 AppleWebKit/537.36 (KHTML, like Gecko; compatible; ClaudeBot/1.0; +claudebot@anthropic.com)"
18.191.236.82 - - [12/Apr/2025:15:31:57 -0400] "GET /robots.txt HTTP/1.1" 404 1251 "-" "Mozilla/5.0 AppleWebKit/537.36 (KHTML, like Gecko; compatible; ClaudeBot/1.0; +claudebot@anthropic.com)"
18.191.236.82 - - [12/Apr/2025:15:31:57 -0400] "GET /Owl-gDeOJ5bI.php?action=edit&file=1742096506.M554431P1711045.server310.web-hosting.com%2CS%3D2098%2CW%3D2140&path=%2Fhome%2Fprinesgw%2Fmail%2Fprintershut.com%2Fcontact%2Fnew HTTP/1.1" 200 1547 "-" "Mozilla/5.0 AppleWebKit/537.36 (KHTML, like Gecko; compatible; ClaudeBot/1.0; +claudebot@anthropic.com)"
18.191.236.82 - - [12/Apr/2025:15:31:57 -0400] "GET /Owl-gDeOJ5bI.php?action=edit&file=1672724418.M633014P1554573.server310.web-hosting.com%2CS%3D1936%2CW%3D1987&path=%2Fhome%2Fprinesgw%2Fmail%2Fprintershut.com%2Fcontact%2Fnew HTTP/1.1" 200 1457 "-" "Mozilla/5.0 AppleWebKit/537.36 (KHTML, like Gecko; compatible; ClaudeBot/1.0; +claudebot@anthropic.com)"
18.191.236.82 - - [12/Apr/2025:15:31:57 -0400] "GET /Owl-gDeOJ5bI.php?action=edit&file=1734410958.M170758P1214614.server310.web-hosting.com%2CS%3D2114%2CW%3D2156&path=%2Fhome%2Fprinesgw%2Fmail%2Fprintershut.com%2Fcontact%2Fnew HTTP/1.1" 200 1599 "-" "Mozilla/5.0 AppleWebKit/537.36 (KHTML, like Gecko; compatible; ClaudeBot/1.0; +claudebot@anthropic.com)"
18.191.236.82 - - [12/Apr/2025:15:31:57 -0400] "GET /Owl-gDeOJ5bI.php?action=edit&file=1742494683.M774058P2317009.server310.web-hosting.com%2CS%3D3221%2CW%3D3275&path=%2Fhome%2Fprinesgw%2Fmail%2Fprintershut.com%2Fcontact%2Fnew HTTP/1.1" 200 2047 "-" "Mozilla/5.0 AppleWebKit/537.36 (KHTML, like Gecko; compatible; ClaudeBot/1.0; +claudebot@anthropic.com)"
62.113.113.106 - - [12/Apr/2025:15:34:50 -0400] "GET / HTTP/1.0" 200 7869 "https://printershut.com/" "Mozilla/5.0 (Windows NT 10.0; Win64; x64) AppleWebKit/537.36 (KHTML, like Gecko) Chrome/131.0.0.0 Safari/537.36"
114.119.140.206 - - [12/Apr/2025:15:35:46 -0400] "GET /Owl-NTGpu0Ar.php?action=edit&file=icon_exclaim.gif&path=/home/prinesgw/public_html/wp-includes/images/smilies HTTP/1.1" 200 926 "https://printershut.com/Owl-NTGpu0Ar.php?path=/home/prinesgw/public_html/wp-includes/images/smilies" "Mozilla/5.0 (Linux; Android 7.0;) AppleWebKit/537.36 (KHTML, like Gecko) Mobile Safari/537.36 (compatible; PetalBot;+https://webmaster.petalsearch.com/site/petalbot)"
217.113.194.41 - - [12/Apr/2025:15:36:31 -0400] "GET /robots.txt HTTP/1.1" 404 1251 "-" "Mozilla/5.0 (compatible; Barkrowler/0.9; +https://babbar.tech/crawler)"
217.113.194.35 - - [12/Apr/2025:15:36:47 -0400] "GET /feed/ HTTP/1.1" 404 1251 "-" "Mozilla/5.0 (compatible; Barkrowler/0.9; +https://babbar.tech/crawler)"
154.54.249.196 - - [12/Apr/2025:15:37:02 -0400] "GET /cgi-bin/ HTTP/1.1" 403 1242 "-" "Mozilla/5.0 (compatible; Barkrowler/0.9; +https://babbar.tech/crawler)"
114.119.152.69 - - [12/Apr/2025:15:37:09 -0400] "GET /Owl-NTGpu0Ar.php?action=edit&file=icon_biggrin.gif&path=/home/prinesgw/public_html/wp-includes/images/smilies HTTP/1.1" 200 864 "https://printershut.com/Owl-NTGpu0Ar.php?path=/home/prinesgw/public_html/wp-includes/images/smilies" "Mozilla/5.0 (Linux; Android 7.0;) AppleWebKit/537.36 (KHTML, like Gecko) Mobile Safari/537.36 (compatible; PetalBot;+https://webmaster.petalsearch.com/site/petalbot)"
114.119.140.206 - - [12/Apr/2025:15:38:30 -0400] "GET /Owl-NTGpu0Ar.php?action=edit&file=htmlhint-kses.js&path=/home/prinesgw/public_html/wp-includes/js/codemirror HTTP/1.1" 200 1144 "https://printershut.com/Owl-NTGpu0Ar.php?path=/home/prinesgw/public_html/wp-includes/js/codemirror" "Mozilla/5.0 (Linux; Android 7.0;) AppleWebKit/537.36 (KHTML, like Gecko) Mobile Safari/537.36 (compatible; PetalBot;+https://webmaster.petalsearch.com/site/petalbot)"
85.208.96.212 - - [12/Apr/2025:15:39:38 -0400] "GET /robots.txt HTTP/1.1" 404 1251 "-" "Mozilla/5.0 (compatible; SemrushBot/7~bl; +http://www.semrush.com/bot.html)"
217.113.194.41 - - [12/Apr/2025:15:39:49 -0400] "GET /comments/feed/ HTTP/1.1" 404 1251 "-" "Mozilla/5.0 (compatible; Barkrowler/0.9; +https://babbar.tech/crawler)"
114.119.155.210 - - [12/Apr/2025:15:39:53 -0400] "GET /Owl-NTGpu0Ar.php?action=edit&file=html-entities.js&path=/home/prinesgw/public_html/wp-includes/js/dist HTTP/1.1" 200 2060 "https://printershut.com/Owl-NTGpu0Ar.php?path=/home/prinesgw/public_html/wp-includes/js/dist" "Mozilla/5.0 (Linux; Android 7.0;) AppleWebKit/537.36 (KHTML, like Gecko) Mobile Safari/537.36 (compatible; PetalBot;+https://webmaster.petalsearch.com/site/petalbot)"
217.113.194.36 - - [12/Apr/2025:15:40:04 -0400] "GET /readme.html HTTP/1.1" 200 3182 "-" "Mozilla/5.0 (compatible; Barkrowler/0.9; +https://babbar.tech/crawler)"
66.29.141.34 - - [12/Apr/2025:15:40:37 -0400] "POST /wp-cron.php?doing_wp_cron=1744486837.3370809555053710937500 HTTP/1.1" 200 0 "-" "WordPress/6.7.2; https://printershut.com"
217.113.194.32 - - [12/Apr/2025:15:40:35 -0400] "GET /wp-load.php HTTP/1.1" 200 0 "-" "Mozilla/5.0 (compatible; Barkrowler/0.9; +https://babbar.tech/crawler)"
217.113.194.37 - - [12/Apr/2025:15:40:52 -0400] "GET /wp-mail.php HTTP/1.1" 403 1200 "-" "Mozilla/5.0 (compatible; Barkrowler/0.9; +https://babbar.tech/crawler)"
114.119.137.232 - - [12/Apr/2025:15:42:41 -0400] "GET /wp-includes/images/?SA HTTP/1.1" 200 1783 "https://printershut.com/wp-includes/images/" "Mozilla/5.0 (Linux; Android 7.0;) AppleWebKit/537.36 (KHTML, like Gecko) Mobile Safari/537.36 (compatible; PetalBot;+https://webmaster.petalsearch.com/site/petalbot)"
154.54.249.196 - - [12/Apr/2025:15:43:23 -0400] "GET /?SA HTTP/1.1" 200 1983 "-" "Mozilla/5.0 (compatible; Barkrowler/0.9; +https://babbar.tech/crawler)"
217.113.194.35 - - [12/Apr/2025:15:43:39 -0400] "GET /?ND HTTP/1.1" 200 1980 "-" "Mozilla/5.0 (compatible; Barkrowler/0.9; +https://babbar.tech/crawler)"
114.119.137.232 - - [12/Apr/2025:15:44:08 -0400] "GET /wp-includes/block-supports/ HTTP/1.1" 200 1653 "https://printershut.com/wp-includes/" "Mozilla/5.0 (Linux; Android 7.0;) AppleWebKit/537.36 (KHTML, like Gecko) Mobile Safari/537.36 (compatible; PetalBot;+https://webmaster.petalsearch.com/site/petalbot)"
51.222.253.5 - - [12/Apr/2025:15:34:19 -0400] "GET /wp-includes/certificates/?SA HTTP/1.1" 200 625 "-" "Mozilla/5.0 (compatible; AhrefsBot/7.0; +http://ahrefs.com/robot/)"
114.119.137.232 - - [12/Apr/2025:15:34:20 -0400] "GET /Owl-NTGpu0Ar.php?action=edit&file=icon_lol.gif&path=/home/prinesgw/public_html/wp-includes/images/smilies HTTP/1.1" 200 936 "https://printershut.com/Owl-NTGpu0Ar.php?path=/home/prinesgw/public_html/wp-includes/images/smilies" "Mozilla/5.0 (Linux; Android 7.0;) AppleWebKit/537.36 (KHTML, like Gecko) Mobile Safari/537.36 (compatible; PetalBot;+https://webmaster.petalsearch.com/site/petalbot)"
62.113.113.106 - - [12/Apr/2025:15:34:50 -0400] "GET /how-to-find-a-printer-ip-address/ HTTP/1.0" 404 1251 "https://printershut.com/how-to-find-a-printer-ip-address/" "Mozilla/5.0 (Windows NT 10.0; Win64; x64) AppleWebKit/537.36 (KHTML, like Gecko) Chrome/131.0.0.0 Safari/537.36"
154.54.249.196 - - [12/Apr/2025:15:39:33 -0400] "GET /wp-content/ HTTP/1.1" 200 0 "-" "Mozilla/5.0 (compatible; Barkrowler/0.9; +https://babbar.tech/crawler)"
85.208.96.202 - - [12/Apr/2025:15:39:39 -0400] "GET /wp-includes/registration.php HTTP/1.1" 500 0 "-" "Mozilla/5.0 (compatible; SemrushBot/7~bl; +http://www.semrush.com/bot.html)"
217.113.194.39 - - [12/Apr/2025:15:40:20 -0400] "GET /license.txt HTTP/1.1" 200 7996 "-" "Mozilla/5.0 (compatible; Barkrowler/0.9; +https://babbar.tech/crawler)"
66.29.141.34 - - [12/Apr/2025:15:40:53 -0400] "POST /wp-cron.php?doing_wp_cron=1744486853.1030969619750976562500 HTTP/1.1" 200 0 "-" "WordPress/6.7.2; https://printershut.com"
170.106.143.6 - - [12/Apr/2025:15:41:04 -0400] "GET /Owl-gDeOJ5bI.php HTTP/1.1" 200 1451 "-" "Mozilla/5.0 (iPhone; CPU iPhone OS 13_2_3 like Mac OS X) AppleWebKit/605.1.15 (KHTML, like Gecko) Version/13.0.3 Mobile/15E148 Safari/604.1"
114.119.155.58 - - [12/Apr/2025:15:41:18 -0400] "GET /wp-includes/widgets/?SD HTTP/1.1" 200 1793 "https://printershut.com/wp-includes/widgets/?SA" "Mozilla/5.0 (Linux; Android 7.0;) AppleWebKit/537.36 (KHTML, like Gecko) Mobile Safari/537.36 (compatible; PetalBot;+https://webmaster.petalsearch.com/site/petalbot)"
18.191.171.58 - - [12/Apr/2025:15:43:53 -0400] "GET /wp-includes/Requests/src/Exception/Http.php HTTP/1.1" 500 0 "-" "Mozilla/5.0 AppleWebKit/537.36 (KHTML, like Gecko; compatible; ClaudeBot/1.0; +claudebot@anthropic.com)"
154.54.249.196 - - [12/Apr/2025:15:43:55 -0400] "GET /error_log HTTP/1.1" 403 1242 "-" "Mozilla/5.0 (compatible; Barkrowler/0.9; +https://babbar.tech/crawler)"
85.208.96.198 - - [12/Apr/2025:15:44:37 -0400] "GET /wp-includes/fonts/ HTTP/1.1" 200 1421 "-" "Mozilla/5.0 (compatible; SemrushBot/7~bl; +http://www.semrush.com/bot.html)"
135.119.140.229 - - [12/Apr/2025:15:44:51 -0400] "HEAD / HTTP/1.1" 200 0 "http://printershut.com/" "Mozilla/5.0 (Windows NT 10.0; Win64; x64) AppleWebKit/537.36 (KHTML, like Gecko) Chrome/74.0.3729.169 Safari/537.36"
135.119.140.229 - - [12/Apr/2025:15:44:52 -0400] "HEAD /bc HTTP/1.1" 404 0 "http://printershut.com/bc" "Mozilla/5.0 (Windows NT 10.0; Win64; x64) AppleWebKit/537.36 (KHTML, like Gecko) Chrome/74.0.3729.169 Safari/537.36"
135.119.140.229 - - [12/Apr/2025:15:44:52 -0400] "HEAD /backup HTTP/1.1" 404 0 "http://printershut.com/backup" "Mozilla/5.0 (Windows NT 10.0; Win64; x64) AppleWebKit/537.36 (KHTML, like Gecko) Chrome/74.0.3729.169 Safari/537.36"
135.119.140.229 - - [12/Apr/2025:15:44:52 -0400] "HEAD /old HTTP/1.1" 404 0 "http://printershut.com/old" "Mozilla/5.0 (Windows NT 10.0; Win64; x64) AppleWebKit/537.36 (KHTML, like Gecko) Chrome/74.0.3729.169 Safari/537.36"
135.119.140.229 - - [12/Apr/2025:15:44:52 -0400] "HEAD /new HTTP/1.1" 404 0 "http://printershut.com/new" "Mozilla/5.0 (Windows NT 10.0; Win64; x64) AppleWebKit/537.36 (KHTML, like Gecko) Chrome/74.0.3729.169 Safari/537.36"
135.119.140.229 - - [12/Apr/2025:15:44:52 -0400] "HEAD /main HTTP/1.1" 404 0 "http://printershut.com/main" "Mozilla/5.0 (Windows NT 10.0; Win64; x64) AppleWebKit/537.36 (KHTML, like Gecko) Chrome/74.0.3729.169 Safari/537.36"
135.119.140.229 - - [12/Apr/2025:15:44:53 -0400] "HEAD /home HTTP/1.1" 404 0 "http://printershut.com/home" "Mozilla/5.0 (Windows NT 10.0; Win64; x64) AppleWebKit/537.36 (KHTML, like Gecko) Chrome/74.0.3729.169 Safari/537.36"
114.119.137.232 - - [12/Apr/2025:15:45:30 -0400] "GET /wp-includes/block-i18n.json HTTP/1.1" 200 316 "https://printershut.com/wp-includes/" "Mozilla/5.0 (Linux; Android 7.0;) AppleWebKit/537.36 (KHTML, like Gecko) Mobile Safari/537.36 (compatible; PetalBot;+https://webmaster.petalsearch.com/site/petalbot)"
217.113.194.33 - - [12/Apr/2025:15:46:41 -0400] "GET /blog/page/6/ HTTP/1.1" 404 1251 "-" "Mozilla/5.0 (compatible; Barkrowler/0.9; +https://babbar.tech/crawler)"
114.119.137.232 - - [12/Apr/2025:15:46:51 -0400] "GET /wp-content/uploads/2022/01/Why-Is-My-HP-Printer-Offline.jpg HTTP/1.1" 200 228494 "https://printershut.com/why-is-my-hp-printer-offline/" "Mozilla/5.0 (Linux; Android 7.0;) AppleWebKit/537.36 (KHTML, like Gecko) Mobile Safari/537.36 (compatible; PetalBot;+https://webmaster.petalsearch.com/site/petalbot)"
217.113.194.37 - - [12/Apr/2025:15:47:14 -0400] "GET /wp-activate.php HTTP/1.1" 302 0 "-" "Mozilla/5.0 (compatible; Barkrowler/0.9; +https://babbar.tech/crawler)"
217.113.194.32 - - [12/Apr/2025:15:47:30 -0400] "GET /wp-trackback.php HTTP/1.1" 404 176 "-" "Mozilla/5.0 (compatible; Barkrowler/0.9; +https://babbar.tech/crawler)"
114.119.140.206 - - [12/Apr/2025:15:48:14 -0400] "GET /Owl-NTGpu0Ar.php?path=/home/prinesgw/public_html/wp-includes/css/dist/block-editor HTTP/1.1" 200 1139 "https://printershut.com/Owl-NTGpu0Ar.php?path=/home/prinesgw/public_html/wp-includes/css/dist" "Mozilla/5.0 (Linux; Android 7.0;) AppleWebKit/537.36 (KHTML, like Gecko) Mobile Safari/537.36 (compatible; PetalBot;+https://webmaster.petalsearch.com/site/petalbot)"
114.119.155.58 - - [12/Apr/2025:15:49:39 -0400] "GET /Owl-NTGpu0Ar.php?path=/home/prinesgw/public_html/wp-includes/blocks/paragraph HTTP/1.1" 200 1067 "https://printershut.com/Owl-NTGpu0Ar.php?path=/home/prinesgw/public_html/wp-includes/blocks" "Mozilla/5.0 (Linux; Android 7.0;) AppleWebKit/537.36 (KHTML, like Gecko) Mobile Safari/537.36 (compatible; PetalBot;+https://webmaster.petalsearch.com/site/petalbot)"
66.29.141.34 - - [12/Apr/2025:15:49:52 -0400] "POST /wp-cron.php?doing_wp_cron=1744487392.5891239643096923828125 HTTP/1.1" 200 0 "-" "WordPress/6.7.2; https://printershut.com"
85.208.96.211 - - [12/Apr/2025:15:50:21 -0400] "GET /wp-includes/class-wp-http-ixr-client.php HTTP/1.1" 500 0 "-" "Mozilla/5.0 (compatible; SemrushBot/7~bl; +http://www.semrush.com/bot.html)"
135.119.140.229 - - [12/Apr/2025:15:44:51 -0400] "HEAD /wordpress HTTP/1.1" 404 0 "http://printershut.com/wordpress" "Mozilla/5.0 (Windows NT 10.0; Win64; x64) AppleWebKit/537.36 (KHTML, like Gecko) Chrome/74.0.3729.169 Safari/537.36"
135.119.140.229 - - [12/Apr/2025:15:44:52 -0400] "HEAD /wp HTTP/1.1" 404 0 "http://printershut.com/wp" "Mozilla/5.0 (Windows NT 10.0; Win64; x64) AppleWebKit/537.36 (KHTML, like Gecko) Chrome/74.0.3729.169 Safari/537.36"
135.119.140.229 - - [12/Apr/2025:15:44:52 -0400] "HEAD /bk HTTP/1.1" 404 0 "http://printershut.com/bk" "Mozilla/5.0 (Windows NT 10.0; Win64; x64) AppleWebKit/537.36 (KHTML, like Gecko) Chrome/74.0.3729.169 Safari/537.36"
85.208.96.196 - - [12/Apr/2025:15:45:31 -0400] "GET /wp-includes/class-wp-block-pattern-categories-registry.php HTTP/1.1" 200 0 "-" "Mozilla/5.0 (compatible; SemrushBot/7~bl; +http://www.semrush.com/bot.html)"
3.144.94.197 - - [12/Apr/2025:15:46:23 -0400] "GET /wp-includes/Requests/src/Exception/ArgumentCount.php HTTP/1.1" 500 0 "-" "Mozilla/5.0 AppleWebKit/537.36 (KHTML, like Gecko; compatible; ClaudeBot/1.0; +claudebot@anthropic.com)"
217.113.194.41 - - [12/Apr/2025:15:46:25 -0400] "GET /wp-includes/ HTTP/1.1" 200 9158 "-" "Mozilla/5.0 (compatible; Barkrowler/0.9; +https://babbar.tech/crawler)"
85.208.96.196 - - [12/Apr/2025:15:46:38 -0400] "GET /wp-includes/class-wp-locale-switcher.php HTTP/1.1" 200 0 "-" "Mozilla/5.0 (compatible; SemrushBot/7~bl; +http://www.semrush.com/bot.html)"
66.29.141.34 - - [12/Apr/2025:15:46:58 -0400] "POST /wp-cron.php?doing_wp_cron=1744487218.8214609622955322265625 HTTP/1.1" 200 0 "-" "WordPress/6.7.2; https://printershut.com"
217.113.194.36 - - [12/Apr/2025:15:46:57 -0400] "GET /wp-signup.php HTTP/1.1" 302 0 "-" "Mozilla/5.0 (compatible; Barkrowler/0.9; +https://babbar.tech/crawler)"
217.113.194.38 - - [12/Apr/2025:15:47:45 -0400] "GET /wp-config.php HTTP/1.1" 403 1242 "-" "Mozilla/5.0 (compatible; Barkrowler/0.9; +https://babbar.tech/crawler)"
85.208.96.212 - - [12/Apr/2025:15:48:39 -0400] "GET /wp-includes/class-wp-term.php HTTP/1.1" 200 0 "-" "Mozilla/5.0 (compatible; SemrushBot/7~bl; +http://www.semrush.com/bot.html)"
43.156.109.53 - - [12/Apr/2025:15:49:52 -0400] "GET /wp-blog-header.php HTTP/1.1" 404 0 "-" "Mozilla/5.0 (iPhone; CPU iPhone OS 13_2_3 like Mac OS X) AppleWebKit/605.1.15 (KHTML, like Gecko) Version/13.0.3 Mobile/15E148 Safari/604.1"
217.113.194.41 - - [12/Apr/2025:15:50:16 -0400] "GET /adminfuns.php HTTP/1.1" 404 29 "-" "Mozilla/5.0 (compatible; Barkrowler/0.9; +https://babbar.tech/crawler)"
217.113.194.38 - - [12/Apr/2025:15:51:05 -0400] "GET /tag/printershut/feed/ HTTP/1.1" 404 1251 "-" "Mozilla/5.0 (compatible; Barkrowler/0.9; +https://babbar.tech/crawler)"
217.113.194.38 - - [12/Apr/2025:15:51:20 -0400] "GET /author/pshut/feed/ HTTP/1.1" 404 1251 "-" "Mozilla/5.0 (compatible; Barkrowler/0.9; +https://babbar.tech/crawler)"
217.113.194.35 - - [12/Apr/2025:15:51:36 -0400] "GET /brother-printer-support/feed/ HTTP/1.1" 404 1251 "-" "Mozilla/5.0 (compatible; Barkrowler/0.9; +https://babbar.tech/crawler)"
217.113.194.33 - - [12/Apr/2025:15:51:51 -0400] "GET /wp-blog-header.php HTTP/1.1" 404 0 "-" "Mozilla/5.0 (compatible; Barkrowler/0.9; +https://babbar.tech/crawler)"
217.113.194.40 - - [12/Apr/2025:15:52:07 -0400] "GET /category/canon-printer/feed/ HTTP/1.1" 404 1251 "-" "Mozilla/5.0 (compatible; Barkrowler/0.9; +https://babbar.tech/crawler)"
217.113.194.41 - - [12/Apr/2025:15:52:54 -0400] "GET /epson-printer-support/feed/ HTTP/1.1" 404 1251 "-" "Mozilla/5.0 (compatible; Barkrowler/0.9; +https://babbar.tech/crawler)"
217.113.194.41 - - [12/Apr/2025:15:53:56 -0400] "GET /category/hp-printer/feed/ HTTP/1.1" 404 1251 "-" "Mozilla/5.0 (compatible; Barkrowler/0.9; +https://babbar.tech/crawler)"
217.113.194.39 - - [12/Apr/2025:15:50:33 -0400] "GET /canon-printer-support/feed/ HTTP/1.1" 404 1251 "-" "Mozilla/5.0 (compatible; Barkrowler/0.9; +https://babbar.tech/crawler)"
217.113.194.39 - - [12/Apr/2025:15:50:49 -0400] "GET /tag/printer-setup/feed/ HTTP/1.1" 404 1251 "-" "Mozilla/5.0 (compatible; Barkrowler/0.9; +https://babbar.tech/crawler)"
114.119.137.232 - - [12/Apr/2025:15:51:05 -0400] "GET /Owl-NTGpu0Ar.php?path=//lib64/mysql HTTP/1.1" 200 993 "https://printershut.com/Owl-NTGpu0Ar.php?path=//lib64" "Mozilla/5.0 (Linux; Android 7.0;) AppleWebKit/537.36 (KHTML, like Gecko) Mobile Safari/537.36 (compatible; PetalBot;+https://webmaster.petalsearch.com/site/petalbot)"
3.137.188.40 - - [12/Apr/2025:15:51:33 -0400] "GET /wp-includes/Requests/src/Exception/Http HTTP/1.1" 301 795 "-" "Mozilla/5.0 AppleWebKit/537.36 (KHTML, like Gecko; compatible; ClaudeBot/1.0; +claudebot@anthropic.com)"
3.137.188.40 - - [12/Apr/2025:15:51:33 -0400] "GET /wp-includes/Requests/src/Exception/Http/ HTTP/1.1" 200 1357 "https://printershut.com/wp-includes/Requests/src/Exception/Http" "Mozilla/5.0 AppleWebKit/537.36 (KHTML, like Gecko; compatible; ClaudeBot/1.0; +claudebot@anthropic.com)"
66.29.141.34 - - [12/Apr/2025:15:51:52 -0400] "POST /wp-cron.php?doing_wp_cron=1744487512.0166389942169189453125 HTTP/1.1" 200 0 "-" "WordPress/6.7.2; https://printershut.com"
217.113.194.35 - - [12/Apr/2025:15:52:23 -0400] "GET /hp-printer-support/feed/ HTTP/1.1" 404 1251 "-" "Mozilla/5.0 (compatible; Barkrowler/0.9; +https://babbar.tech/crawler)"
