3.133.100.106 - - [12/Apr/2025:14:18:01 -0400] "GET /Owl-gDeOJ5bI.php?action=edit&file=libgstinsertbin-1.0.so.0.1601.0&path=%2F%2Flib64 HTTP/1.1" 200 9703 "-" "Mozilla/5.0 AppleWebKit/537.36 (KHTML, like Gecko; compatible; ClaudeBot/1.0; +claudebot@anthropic.com)"
3.133.100.106 - - [12/Apr/2025:14:18:02 -0400] "GET /Owl-gDeOJ5bI.php?action=edit&file=libQt5MultimediaWidgets.so.5.15&path=%2F%2Flib64 HTTP/1.1" 200 39469 "-" "Mozilla/5.0 AppleWebKit/537.36 (KHTML, like Gecko; compatible; ClaudeBot/1.0; +claudebot@anthropic.com)"
3.133.100.106 - - [12/Apr/2025:14:18:02 -0400] "GET /Owl-gDeOJ5bI.php?action=edit&file=libnetfilter_conntrack.so.3.6.0&path=%2F%2Flib64 HTTP/1.1" 200 48281 "-" "Mozilla/5.0 AppleWebKit/537.36 (KHTML, like Gecko; compatible; ClaudeBot/1.0; +claudebot@anthropic.com)"
3.133.100.106 - - [12/Apr/2025:14:18:02 -0400] "GET /Owl-gDeOJ5bI.php?action=edit&file=libGraphicsMagick-Q16.so.3.24.0&path=%2F%2Flib64 HTTP/1.1" 200 660634 "-" "Mozilla/5.0 AppleWebKit/537.36 (KHTML, like Gecko; compatible; ClaudeBot/1.0; +claudebot@anthropic.com)"
3.133.100.106 - - [12/Apr/2025:14:18:03 -0400] "GET /Owl-gDeOJ5bI.php?action=edit&file=libxmlrpc_server_abyss.so.3.51&path=%2F%2Flib64 HTTP/1.1" 200 11754 "-" "Mozilla/5.0 AppleWebKit/537.36 (KHTML, like Gecko; compatible; ClaudeBot/1.0; +claudebot@anthropic.com)"
3.133.100.106 - - [12/Apr/2025:14:18:02 -0400] "GET /Owl-gDeOJ5bI.php?action=edit&file=libwebrtc_audio_processing.so.1&path=%2F%2Flib64 HTTP/1.1" 200 286981 "-" "Mozilla/5.0 AppleWebKit/537.36 (KHTML, like Gecko; compatible; ClaudeBot/1.0; +claudebot@anthropic.com)"
3.133.100.106 - - [12/Apr/2025:14:18:02 -0400] "GET /Owl-gDeOJ5bI.php?action=edit&file=libQt5MultimediaQuick.so.5.15.3&path=%2F%2Flib64 HTTP/1.1" 200 43801 "-" "Mozilla/5.0 AppleWebKit/537.36 (KHTML, like Gecko; compatible; ClaudeBot/1.0; +claudebot@anthropic.com)"
3.133.100.106 - - [12/Apr/2025:14:18:02 -0400] "GET /Owl-gDeOJ5bI.php?action=edit&file=libQt5QmlWorkerScript.so.5.15.3&path=%2F%2Flib64 HTTP/1.1" 200 23725 "-" "Mozilla/5.0 AppleWebKit/537.36 (KHTML, like Gecko; compatible; ClaudeBot/1.0; +claudebot@anthropic.com)"
3.133.100.106 - - [12/Apr/2025:14:18:02 -0400] "GET /Owl-gDeOJ5bI.php?action=edit&file=libQt5EglFsKmsSupport.so.5.15.3&path=%2F%2Flib64 HTTP/1.1" 200 87446 "-" "Mozilla/5.0 AppleWebKit/537.36 (KHTML, like Gecko; compatible; ClaudeBot/1.0; +claudebot@anthropic.com)"
3.133.100.106 - - [12/Apr/2025:14:18:03 -0400] "GET /Owl-gDeOJ5bI.php?action=edit&file=libQt5QuickParticles.so.5.15.3&path=%2F%2Flib64 HTTP/1.1" 200 219879 "-" "Mozilla/5.0 AppleWebKit/537.36 (KHTML, like Gecko; compatible; ClaudeBot/1.0; +claudebot@anthropic.com)"
3.133.100.106 - - [12/Apr/2025:14:18:03 -0400] "GET /Owl-gDeOJ5bI.php?action=edit&file=libGraphicsMagickWand-Q16.so.2&path=%2F%2Flib64 HTTP/1.1" 200 60266 "-" "Mozilla/5.0 AppleWebKit/537.36 (KHTML, like Gecko; compatible; ClaudeBot/1.0; +claudebot@anthropic.com)"
3.133.100.106 - - [12/Apr/2025:14:18:03 -0400] "GET /Owl-gDeOJ5bI.php?action=edit&file=libpangocairo-1.0.so.0.4200.3&path=%2F%2Flib64 HTTP/1.1" 200 20919 "-" "Mozilla/5.0 AppleWebKit/537.36 (KHTML, like Gecko; compatible; ClaudeBot/1.0; +claudebot@anthropic.com)"
3.133.100.106 - - [12/Apr/2025:14:18:03 -0400] "GET /Owl-gDeOJ5bI.php?action=edit&file=libmemcachedprotocol.so.0.0.0&path=%2F%2Flib64 HTTP/1.1" 200 14432 "-" "Mozilla/5.0 AppleWebKit/537.36 (KHTML, like Gecko; compatible; ClaudeBot/1.0; +claudebot@anthropic.com)"
3.133.100.106 - - [12/Apr/2025:14:18:04 -0400] "GET /Owl-gDeOJ5bI.php?action=edit&file=libQt5QmlWorkerScript.so.5.15&path=%2F%2Flib64 HTTP/1.1" 200 23758 "-" "Mozilla/5.0 AppleWebKit/537.36 (KHTML, like Gecko; compatible; ClaudeBot/1.0; +claudebot@anthropic.com)"
3.133.100.106 - - [12/Apr/2025:14:18:04 -0400] "GET /Owl-gDeOJ5bI.php?action=edit&file=libQt5EglFsKmsSupport.so.5.15&path=%2F%2Flib64 HTTP/1.1" 200 87464 "-" "Mozilla/5.0 AppleWebKit/537.36 (KHTML, like Gecko; compatible; ClaudeBot/1.0; +claudebot@anthropic.com)"
3.133.100.106 - - [12/Apr/2025:14:18:04 -0400] "GET /Owl-gDeOJ5bI.php?action=edit&file=libgstpbutils-1.0.so.0.1601.0&path=%2F%2Flib64 HTTP/1.1" 200 83543 "-" "Mozilla/5.0 AppleWebKit/537.36 (KHTML, like Gecko; compatible; ClaudeBot/1.0; +claudebot@anthropic.com)"
3.133.100.106 - - [12/Apr/2025:14:18:04 -0400] "GET /Owl-gDeOJ5bI.php?action=edit&file=libbabeltrace-lttng-live.so.1&path=%2F%2Flib64 HTTP/1.1" 200 16902 "-" "Mozilla/5.0 AppleWebKit/537.36 (KHTML, like Gecko; compatible; ClaudeBot/1.0; +claudebot@anthropic.com)"
3.133.100.106 - - [12/Apr/2025:14:18:04 -0400] "GET /Owl-gDeOJ5bI.php?action=edit&file=libguestStoreClient.so.0.0.0&path=%2F%2Flib64 HTTP/1.1" 200 88741 "-" "Mozilla/5.0 AppleWebKit/537.36 (KHTML, like Gecko; compatible; ClaudeBot/1.0; +claudebot@anthropic.com)"
3.133.100.106 - - [12/Apr/2025:14:18:04 -0400] "GET /Owl-gDeOJ5bI.php?action=edit&file=libgirepository-1.0.so.1.0.0&path=%2F%2Flib64 HTTP/1.1" 200 90612 "-" "Mozilla/5.0 AppleWebKit/537.36 (KHTML, like Gecko; compatible; ClaudeBot/1.0; +claudebot@anthropic.com)"
3.133.100.106 - - [12/Apr/2025:14:18:04 -0400] "GET /Owl-gDeOJ5bI.php?action=edit&file=libQt5QuickWidgets.so.5.15.3&path=%2F%2Flib64 HTTP/1.1" 200 27174 "-" "Mozilla/5.0 AppleWebKit/537.36 (KHTML, like Gecko; compatible; ClaudeBot/1.0; +claudebot@anthropic.com)"
3.133.100.106 - - [12/Apr/2025:14:18:03 -0400] "GET /Owl-gDeOJ5bI.php?action=edit&file=libevent_pthreads-2.1.so.6.0.2&path=%2F%2Flib64 HTTP/1.1" 200 4328 "-" "Mozilla/5.0 AppleWebKit/537.36 (KHTML, like Gecko; compatible; ClaudeBot/1.0; +claudebot@anthropic.com)"
3.133.100.106 - - [12/Apr/2025:14:18:03 -0400] "GET /Owl-gDeOJ5bI.php?action=edit&file=libgstbadaudio-1.0.so.0.1601.0&path=%2F%2Flib64 HTTP/1.1" 200 24654 "-" "Mozilla/5.0 AppleWebKit/537.36 (KHTML, like Gecko; compatible; ClaudeBot/1.0; +claudebot@anthropic.com)"
3.133.100.106 - - [12/Apr/2025:14:18:03 -0400] "GET /Owl-gDeOJ5bI.php?action=edit&file=libgdk_pixbuf-2.0.so.0.3612.0&path=%2F%2Flib64 HTTP/1.1" 200 65430 "-" "Mozilla/5.0 AppleWebKit/537.36 (KHTML, like Gecko; compatible; ClaudeBot/1.0; +claudebot@anthropic.com)"
3.133.100.106 - - [12/Apr/2025:14:18:03 -0400] "GET /Owl-gDeOJ5bI.php?action=edit&file=libopcodes-2.30-125.el8_10.so&path=%2F%2Flib64 HTTP/1.1" 200 120419 "-" "Mozilla/5.0 AppleWebKit/537.36 (KHTML, like Gecko; compatible; ClaudeBot/1.0; +claudebot@anthropic.com)"
3.133.100.106 - - [12/Apr/2025:14:18:03 -0400] "GET /Owl-gDeOJ5bI.php?action=edit&file=libgstwayland-1.0.so.0.1601.0&path=%2F%2Flib64 HTTP/1.1" 200 4539 "-" "Mozilla/5.0 AppleWebKit/537.36 (KHTML, like Gecko; compatible; ClaudeBot/1.0; +claudebot@anthropic.com)"
3.133.100.106 - - [12/Apr/2025:14:18:03 -0400] "GET /Owl-gDeOJ5bI.php?action=edit&file=libQt5MultimediaQuick.so.5.15&path=%2F%2Flib64 HTTP/1.1" 200 43891 "-" "Mozilla/5.0 AppleWebKit/537.36 (KHTML, like Gecko; compatible; ClaudeBot/1.0; +claudebot@anthropic.com)"
3.133.100.106 - - [12/Apr/2025:14:18:04 -0400] "GET /Owl-gDeOJ5bI.php?action=edit&file=libQt5MultimediaGstTools.so.5&path=%2F%2Flib64 HTTP/1.1" 200 117541 "-" "Mozilla/5.0 AppleWebKit/537.36 (KHTML, like Gecko; compatible; ClaudeBot/1.0; +claudebot@anthropic.com)"
3.133.100.106 - - [12/Apr/2025:14:18:04 -0400] "GET /Owl-gDeOJ5bI.php?action=edit&file=libgstmpegts-1.0.so.0.1601.0&path=%2F%2Flib64 HTTP/1.1" 200 56617 "-" "Mozilla/5.0 AppleWebKit/537.36 (KHTML, like Gecko; compatible; ClaudeBot/1.0; +claudebot@anthropic.com)"
3.133.100.106 - - [12/Apr/2025:14:18:04 -0400] "GET /Owl-gDeOJ5bI.php?action=edit&file=libQt5PrintSupport.so.5.15.3&path=%2F%2Flib64 HTTP/1.1" 200 169139 "-" "Mozilla/5.0 AppleWebKit/537.36 (KHTML, like Gecko; compatible; ClaudeBot/1.0; +claudebot@anthropic.com)"
3.133.100.106 - - [12/Apr/2025:14:18:04 -0400] "GET /Owl-gDeOJ5bI.php?action=edit&file=libgstplayer-1.0.so.0.1601.0&path=%2F%2Flib64 HTTP/1.1" 200 42874 "-" "Mozilla/5.0 AppleWebKit/537.36 (KHTML, like Gecko; compatible; ClaudeBot/1.0; +claudebot@anthropic.com)"
3.133.100.106 - - [12/Apr/2025:14:18:05 -0400] "GET /Owl-gDeOJ5bI.php?action=edit&file=libxmlsec1-openssl.so.1.2.25&path=%2F%2Flib64 HTTP/1.1" 200 88577 "-" "Mozilla/5.0 AppleWebKit/537.36 (KHTML, like Gecko; compatible; ClaudeBot/1.0; +claudebot@anthropic.com)"
3.133.100.106 - - [12/Apr/2025:14:18:05 -0400] "GET /Owl-gDeOJ5bI.php?action=edit&file=libgstwebrtc-1.0.so.0.1601.0&path=%2F%2Flib64 HTTP/1.1" 200 12273 "-" "Mozilla/5.0 AppleWebKit/537.36 (KHTML, like Gecko; compatible; ClaudeBot/1.0; +claudebot@anthropic.com)"
3.133.100.106 - - [12/Apr/2025:14:18:05 -0400] "GET /Owl-gDeOJ5bI.php?action=edit&file=libMagickCore-6.Q16.so.7.0.0&path=%2F%2Flib64 HTTP/1.1" 200 1001053 "-" "Mozilla/5.0 AppleWebKit/537.36 (KHTML, like Gecko; compatible; ClaudeBot/1.0; +claudebot@anthropic.com)"
3.133.100.106 - - [12/Apr/2025:14:18:06 -0400] "GET /Owl-gDeOJ5bI.php?action=edit&file=libOpenIPMIcmdlang.so.0.0.5&path=%2F%2Flib64 HTTP/1.1" 200 82231 "-" "Mozilla/5.0 AppleWebKit/537.36 (KHTML, like Gecko; compatible; ClaudeBot/1.0; +claudebot@anthropic.com)"
3.133.100.106 - - [12/Apr/2025:14:18:06 -0400] "GET /Owl-gDeOJ5bI.php?action=edit&file=libtss2-tcti-mssim.so.0.0.0&path=%2F%2Flib64 HTTP/1.1" 200 11773 "-" "Mozilla/5.0 AppleWebKit/537.36 (KHTML, like Gecko; compatible; ClaudeBot/1.0; +claudebot@anthropic.com)"
3.133.100.106 - - [12/Apr/2025:14:18:05 -0400] "GET /Owl-gDeOJ5bI.php?action=edit&file=libbabeltrace-dummy.so.1.0.0&path=%2F%2Flib64 HTTP/1.1" 200 3644 "-" "Mozilla/5.0 AppleWebKit/537.36 (KHTML, like Gecko; compatible; ClaudeBot/1.0; +claudebot@anthropic.com)"
3.133.100.106 - - [12/Apr/2025:14:18:05 -0400] "GET /Owl-gDeOJ5bI.php?action=edit&file=libxmlrpc_server_cgi.so.3.51&path=%2F%2Flib64 HTTP/1.1" 200 5591 "-" "Mozilla/5.0 AppleWebKit/537.36 (KHTML, like Gecko; compatible; ClaudeBot/1.0; +claudebot@anthropic.com)"
3.133.100.106 - - [12/Apr/2025:14:18:05 -0400] "GET /Owl-gDeOJ5bI.php?action=edit&file=libtss2-tcti-device.so.0.0.0&path=%2F%2Flib64 HTTP/1.1" 200 10469 "-" "Mozilla/5.0 AppleWebKit/537.36 (KHTML, like Gecko; compatible; ClaudeBot/1.0; +claudebot@anthropic.com)"
3.133.100.106 - - [12/Apr/2025:14:18:05 -0400] "GET /Owl-gDeOJ5bI.php?action=edit&file=libgstreamer-1.0.so.0.1601.0&path=%2F%2Flib64 HTTP/1.1" 200 501915 "-" "Mozilla/5.0 AppleWebKit/537.36 (KHTML, like Gecko; compatible; ClaudeBot/1.0; +claudebot@anthropic.com)"
3.133.100.106 - - [12/Apr/2025:14:18:05 -0400] "GET /Owl-gDeOJ5bI.php?action=edit&file=libpolkit-gobject-1.so.0.0.0&path=%2F%2Flib64 HTTP/1.1" 200 40939 "-" "Mozilla/5.0 AppleWebKit/537.36 (KHTML, like Gecko; compatible; ClaudeBot/1.0; +claudebot@anthropic.com)"
3.133.100.106 - - [12/Apr/2025:14:18:05 -0400] "GET /Owl-gDeOJ5bI.php?action=edit&file=libMagickWand-6.Q16.so.7.0.0&path=%2F%2Flib64 HTTP/1.1" 200 364592 "-" "Mozilla/5.0 AppleWebKit/537.36 (KHTML, like Gecko; compatible; ClaudeBot/1.0; +claudebot@anthropic.com)"
3.133.100.106 - - [12/Apr/2025:14:18:05 -0400] "GET /Owl-gDeOJ5bI.php?action=edit&file=libQt5MultimediaWidgets.so.5&path=%2F%2Flib64 HTTP/1.1" 200 39375 "-" "Mozilla/5.0 AppleWebKit/537.36 (KHTML, like Gecko; compatible; ClaudeBot/1.0; +claudebot@anthropic.com)"
3.133.100.106 - - [12/Apr/2025:14:18:05 -0400] "GET /Owl-gDeOJ5bI.php?action=edit&file=libQt5QuickParticles.so.5.15&path=%2F%2Flib64 HTTP/1.1" 200 219569 "-" "Mozilla/5.0 AppleWebKit/537.36 (KHTML, like Gecko; compatible; ClaudeBot/1.0; +claudebot@anthropic.com)"
3.133.100.106 - - [12/Apr/2025:14:18:06 -0400] "GET /Owl-gDeOJ5bI.php?action=edit&file=libgsturidownloader-1.0.so.0&path=%2F%2Flib64 HTTP/1.1" 200 11792 "-" "Mozilla/5.0 AppleWebKit/537.36 (KHTML, like Gecko; compatible; ClaudeBot/1.0; +claudebot@anthropic.com)"
3.133.100.106 - - [12/Apr/2025:14:18:06 -0400] "GET /Owl-gDeOJ5bI.php?action=edit&file=libparted-fs-resize.so.0.0.1&path=%2F%2Flib64 HTTP/1.1" 200 44051 "-" "Mozilla/5.0 AppleWebKit/537.36 (KHTML, like Gecko; compatible; ClaudeBot/1.0; +claudebot@anthropic.com)"
3.133.100.106 - - [12/Apr/2025:14:18:06 -0400] "GET /Owl-gDeOJ5bI.php?action=edit&file=libgstadaptivedemux-1.0.so.0&path=%2F%2Flib64 HTTP/1.1" 200 41817 "-" "Mozilla/5.0 AppleWebKit/537.36 (KHTML, like Gecko; compatible; ClaudeBot/1.0; +claudebot@anthropic.com)"
3.133.100.106 - - [12/Apr/2025:14:18:06 -0400] "GET /Owl-gDeOJ5bI.php?action=edit&file=libgstcodecparsers-1.0.so.0&path=%2F%2Flib64 HTTP/1.1" 200 117796 "-" "Mozilla/5.0 AppleWebKit/537.36 (KHTML, like Gecko; compatible; ClaudeBot/1.0; +claudebot@anthropic.com)"
3.133.100.106 - - [12/Apr/2025:14:18:06 -0400] "GET /Owl-gDeOJ5bI.php?action=edit&file=libply-splash-core.so.5.0.0&path=%2F%2Flib64 HTTP/1.1" 200 44481 "-" "Mozilla/5.0 AppleWebKit/537.36 (KHTML, like Gecko; compatible; ClaudeBot/1.0; +claudebot@anthropic.com)"
114.119.137.232 - - [12/Apr/2025:14:18:43 -0400] "GET /Owl-NTGpu0Ar.php?action=edit&file=widgets.php&path=/home/prinesgw/public_html/wp-admin HTTP/1.1" 200 1241 "https://printershut.com/Owl-NTGpu0Ar.php?path=/home/prinesgw/public_html/wp-admin" "Mozilla/5.0 (Linux; Android 7.0;) AppleWebKit/537.36 (KHTML, like Gecko) Mobile Safari/537.36 (compatible; PetalBot;+https://webmaster.petalsearch.com/site/petalbot)"
85.208.96.195 - - [12/Apr/2025:14:18:58 -0400] "GET /wp-includes/class-wp-paused-extensions-storage.php HTTP/1.1" 200 0 "-" "Mozilla/5.0 (compatible; SemrushBot/7~bl; +http://www.semrush.com/bot.html)"
185.191.171.2 - - [12/Apr/2025:14:19:42 -0400] "GET /wp-includes/class-wp-http-proxy.php HTTP/1.1" 200 0 "-" "Mozilla/5.0 (compatible; SemrushBot/7~bl; +http://www.semrush.com/bot.html)"
114.119.153.188 - - [12/Apr/2025:14:20:08 -0400] "GET /Owl-NTGpu0Ar.php?action=edit&file=libQt5Test.so.5.15&path=//lib64 HTTP/1.1" 200 153487 "https://printershut.com/Owl-NTGpu0Ar.php?path=//lib64" "Mozilla/5.0 (Linux; Android 7.0;) AppleWebKit/537.36 (KHTML, like Gecko) Mobile Safari/537.36 (compatible; PetalBot;+https://webmaster.petalsearch.com/site/petalbot)"
18.217.170.18 - - [12/Apr/2025:14:20:19 -0400] "GET /wp-includes/SimplePie/src/Cache/DB.php HTTP/1.1" 500 0 "-" "Mozilla/5.0 AppleWebKit/537.36 (KHTML, like Gecko; compatible; ClaudeBot/1.0; +claudebot@anthropic.com)"
18.217.170.18 - - [12/Apr/2025:14:20:19 -0400] "GET /wp-includes/sodium_compat/src/Core/AES HTTP/1.1" 301 795 "-" "Mozilla/5.0 AppleWebKit/537.36 (KHTML, like Gecko; compatible; ClaudeBot/1.0; +claudebot@anthropic.com)"
18.217.170.18 - - [12/Apr/2025:14:20:19 -0400] "GET /wp-includes/sodium_compat/src/Core/AES/ HTTP/1.1" 200 700 "https://printershut.com/wp-includes/sodium_compat/src/Core/AES" "Mozilla/5.0 AppleWebKit/537.36 (KHTML, like Gecko; compatible; ClaudeBot/1.0; +claudebot@anthropic.com)"
114.119.152.69 - - [12/Apr/2025:14:20:54 -0400] "GET /Owl-NTGpu0Ar.php?action=edit&file=libQt5Test.so.5&path=//lib64 HTTP/1.1" 200 153492 "https://printershut.com/Owl-NTGpu0Ar.php?path=//lib64" "Mozilla/5.0 (Linux; Android 7.0;) AppleWebKit/537.36 (KHTML, like Gecko) Mobile Safari/537.36 (compatible; PetalBot;+https://webmaster.petalsearch.com/site/petalbot)"
3.21.114.165 - - [12/Apr/2025:14:24:59 -0400] "GET /wp-includes/sodium_compat/src/Core/AEGIS HTTP/1.1" 301 795 "-" "Mozilla/5.0 AppleWebKit/537.36 (KHTML, like Gecko; compatible; ClaudeBot/1.0; +claudebot@anthropic.com)"
3.21.114.165 - - [12/Apr/2025:14:24:59 -0400] "GET /wp-includes/Requests/src/Auth/error_log HTTP/1.1" 403 1242 "-" "Mozilla/5.0 AppleWebKit/537.36 (KHTML, like Gecko; compatible; ClaudeBot/1.0; +claudebot@anthropic.com)"
114.119.153.188 - - [12/Apr/2025:14:26:36 -0400] "GET /Owl-NTGpu0Ar.php?action=edit&file=lessecho&path=//bin HTTP/1.1" 200 5598 "https://printershut.com/Owl-NTGpu0Ar.php?path=//bin" "Mozilla/5.0 (Linux; Android 7.0;) AppleWebKit/537.36 (KHTML, like Gecko) Mobile Safari/537.36 (compatible; PetalBot;+https://webmaster.petalsearch.com/site/petalbot)"
114.119.155.210 - - [12/Apr/2025:14:28:22 -0400] "GET /Owl-NTGpu0Ar.php?action=edit&file=ldd&path=//bin HTTP/1.1" 200 3210 "https://printershut.com/Owl-NTGpu0Ar.php?path=//bin" "Mozilla/5.0 (Linux; Android 7.0;) AppleWebKit/537.36 (KHTML, like Gecko) Mobile Safari/537.36 (compatible; PetalBot;+https://webmaster.petalsearch.com/site/petalbot)"
114.119.155.58 - - [12/Apr/2025:14:29:04 -0400] "GET /Owl-NTGpu0Ar.php?action=edit&file=ld-2.28.so&path=//lib64 HTTP/1.1" 200 417962 "https://printershut.com/Owl-NTGpu0Ar.php?path=//lib64" "Mozilla/5.0 (Linux; Android 7.0;) AppleWebKit/537.36 (KHTML, like Gecko) Mobile Safari/537.36 (compatible; PetalBot;+https://webmaster.petalsearch.com/site/petalbot)"
92.255.57.39 - - [12/Apr/2025:14:29:36 -0400] "GET / HTTP/1.0" 200 7869 "https://printershut.com/" "Mozilla/5.0 (Windows NT 10.0; Win64; x64) AppleWebKit/537.36 (KHTML, like Gecko) Chrome/131.0.0.0 Safari/537.36"
3.144.252.78 - - [12/Apr/2025:14:29:36 -0400] "GET /wp-includes/sodium_compat/src/Core/Base64 HTTP/1.1" 301 795 "-" "Mozilla/5.0 AppleWebKit/537.36 (KHTML, like Gecko; compatible; ClaudeBot/1.0; +claudebot@anthropic.com)"
3.144.252.78 - - [12/Apr/2025:14:29:36 -0400] "GET /wp-includes/Requests/src/Proxy/error_log HTTP/1.1" 403 1242 "-" "Mozilla/5.0 AppleWebKit/537.36 (KHTML, like Gecko; compatible; ClaudeBot/1.0; +claudebot@anthropic.com)"
3.144.252.78 - - [12/Apr/2025:14:29:36 -0400] "GET /wp-includes/sodium_compat/src/Core/Base64/ HTTP/1.1" 200 668 "https://printershut.com/wp-includes/sodium_compat/src/Core/Base64" "Mozilla/5.0 AppleWebKit/537.36 (KHTML, like Gecko; compatible; ClaudeBot/1.0; +claudebot@anthropic.com)"
3.133.100.106 - - [12/Apr/2025:14:18:06 -0400] "GET /Owl-gDeOJ5bI.php?action=edit&file=libpulse-mainloop-glib.so.0&path=%2F%2Flib64 HTTP/1.1" 200 7516 "-" "Mozilla/5.0 AppleWebKit/537.36 (KHTML, like Gecko; compatible; ClaudeBot/1.0; +claudebot@anthropic.com)"
3.133.100.106 - - [12/Apr/2025:14:18:06 -0400] "GET /Owl-gDeOJ5bI.php?action=edit&file=libbabeltrace-ctf-text.so.1&path=%2F%2Flib64 HTTP/1.1" 200 18059 "-" "Mozilla/5.0 AppleWebKit/537.36 (KHTML, like Gecko; compatible; ClaudeBot/1.0; +claudebot@anthropic.com)"
85.208.96.205 - - [12/Apr/2025:14:18:30 -0400] "GET /wp-includes/class-phpmailer.php HTTP/1.1" 200 0 "-" "Mozilla/5.0 (compatible; SemrushBot/7~bl; +http://www.semrush.com/bot.html)"
185.191.171.12 - - [12/Apr/2025:14:20:11 -0400] "GET /category/epson-printer/ HTTP/1.1" 404 1251 "-" "Mozilla/5.0 (compatible; SemrushBot/7~bl; +http://www.semrush.com/bot.html)"
18.217.170.18 - - [12/Apr/2025:14:20:19 -0400] "GET /wp-includes/SimplePie/src/Content/Type HTTP/1.1" 301 795 "-" "Mozilla/5.0 AppleWebKit/537.36 (KHTML, like Gecko; compatible; ClaudeBot/1.0; +claudebot@anthropic.com)"
18.217.170.18 - - [12/Apr/2025:14:20:19 -0400] "GET /wp-includes/SimplePie/src/Content/Type/ HTTP/1.1" 200 640 "https://printershut.com/wp-includes/SimplePie/src/Content/Type" "Mozilla/5.0 AppleWebKit/537.36 (KHTML, like Gecko; compatible; ClaudeBot/1.0; +claudebot@anthropic.com)"
114.119.137.232 - - [12/Apr/2025:14:22:30 -0400] "GET /Owl-NTGpu0Ar.php?action=edit&file=libQt5QuickWidgets.so.5&path=//lib64 HTTP/1.1" 200 31378 "https://printershut.com/Owl-NTGpu0Ar.php?path=//lib64" "Mozilla/5.0 (Linux; Android 7.0;) AppleWebKit/537.36 (KHTML, like Gecko) Mobile Safari/537.36 (compatible; PetalBot;+https://webmaster.petalsearch.com/site/petalbot)"
18.223.238.183 - - [12/Apr/2025:14:22:39 -0400] "GET /wp-includes/Requests/src/Cookie/Jar.php HTTP/1.1" 200 0 "-" "Mozilla/5.0 AppleWebKit/537.36 (KHTML, like Gecko; compatible; ClaudeBot/1.0; +claudebot@anthropic.com)"
18.223.238.183 - - [12/Apr/2025:14:22:39 -0400] "GET /wp-includes/Requests/src/Proxy/Http.php HTTP/1.1" 500 0 "-" "Mozilla/5.0 AppleWebKit/537.36 (KHTML, like Gecko; compatible; ClaudeBot/1.0; +claudebot@anthropic.com)"
18.223.238.183 - - [12/Apr/2025:14:22:39 -0400] "GET /wp-includes/Requests/src/Auth/Basic.php HTTP/1.1" 500 0 "-" "Mozilla/5.0 AppleWebKit/537.36 (KHTML, like Gecko; compatible; ClaudeBot/1.0; +claudebot@anthropic.com)"
114.119.152.69 - - [12/Apr/2025:14:23:32 -0400] "GET /Owl-NTGpu0Ar.php?action=edit&file=libGraphicsMagickWand-Q16.so.2.9.7&path=//lib64 HTTP/1.1" 200 71582 "https://printershut.com/Owl-NTGpu0Ar.php?path=//lib64" "Mozilla/5.0 (Linux; Android 7.0;) AppleWebKit/537.36 (KHTML, like Gecko) Mobile Safari/537.36 (compatible; PetalBot;+https://webmaster.petalsearch.com/site/petalbot)"
3.21.114.165 - - [12/Apr/2025:14:24:59 -0400] "GET /wp-includes/SimplePie/src/Parse/Date.php HTTP/1.1" 200 0 "-" "Mozilla/5.0 AppleWebKit/537.36 (KHTML, like Gecko; compatible; ClaudeBot/1.0; +claudebot@anthropic.com)"
3.21.114.165 - - [12/Apr/2025:14:24:59 -0400] "GET /wp-includes/sodium_compat/src/Core/AEGIS/ HTTP/1.1" 200 672 "https://printershut.com/wp-includes/sodium_compat/src/Core/AEGIS" "Mozilla/5.0 AppleWebKit/537.36 (KHTML, like Gecko; compatible; ClaudeBot/1.0; +claudebot@anthropic.com)"
18.222.153.154 - - [12/Apr/2025:14:27:17 -0400] "GET /wp-includes/SimplePie/src/Cache/Base.php HTTP/1.1" 200 0 "-" "Mozilla/5.0 AppleWebKit/537.36 (KHTML, like Gecko; compatible; ClaudeBot/1.0; +claudebot@anthropic.com)"
18.222.153.154 - - [12/Apr/2025:14:27:17 -0400] "GET /wp-includes/SimplePie/src/Cache/File.php HTTP/1.1" 500 0 "-" "Mozilla/5.0 AppleWebKit/537.36 (KHTML, like Gecko; compatible; ClaudeBot/1.0; +claudebot@anthropic.com)"
185.191.171.19 - - [12/Apr/2025:14:27:28 -0400] "GET /wp-includes/class-wp-fatal-error-handler.php HTTP/1.1" 200 0 "-" "Mozilla/5.0 (compatible; SemrushBot/7~bl; +http://www.semrush.com/bot.html)"
114.119.155.210 - - [12/Apr/2025:14:30:47 -0400] "GET /Owl-NTGpu0Ar.php?action=edit&file=ispell&path=//bin HTTP/1.1" 200 1121 "https://printershut.com/Owl-NTGpu0Ar.php?path=//bin" "Mozilla/5.0 (Linux; Android 7.0;) AppleWebKit/537.36 (KHTML, like Gecko) Mobile Safari/537.36 (compatible; PetalBot;+https://webmaster.petalsearch.com/site/petalbot)"
18.118.218.112 - - [12/Apr/2025:14:31:13 -0400] "GET /robots.txt HTTP/1.1" 404 1251 "-" "Mozilla/5.0 AppleWebKit/537.36 (KHTML, like Gecko; compatible; ClaudeBot/1.0; +claudebot@anthropic.com)"
18.118.218.112 - - [12/Apr/2025:14:31:14 -0400] "GET /Owl-gDeOJ5bI.php?action=edit&file=1716998459.M232990P3179970.server310.web-hosting.com%2CS%3D2643%2CW%3D2715&path=%2Fhome%2Fprinesgw%2Fmail%2Fprintershut.com%2Fcontact%2Fnew HTTP/1.1" 200 1831 "-" "Mozilla/5.0 AppleWebKit/537.36 (KHTML, like Gecko; compatible; ClaudeBot/1.0; +claudebot@anthropic.com)"
18.118.218.112 - - [12/Apr/2025:14:31:14 -0400] "GET /Owl-gDeOJ5bI.php?action=edit&file=1742381143.M738266P1954035.server310.web-hosting.com%2CS%3D1849%2CW%3D1896&path=%2Fhome%2Fprinesgw%2Fmail%2Fprintershut.com%2Fcontact%2Fnew HTTP/1.1" 200 1434 "-" "Mozilla/5.0 AppleWebKit/537.36 (KHTML, like Gecko; compatible; ClaudeBot/1.0; +claudebot@anthropic.com)"
18.118.218.112 - - [12/Apr/2025:14:31:14 -0400] "GET /Owl-gDeOJ5bI.php?action=edit&file=1733374407.M931990P3415883.server310.web-hosting.com%2CS%3D2676%2CW%3D2725&path=%2Fhome%2Fprinesgw%2Fmail%2Fprintershut.com%2Fcontact%2Fnew HTTP/1.1" 200 1900 "-" "Mozilla/5.0 AppleWebKit/537.36 (KHTML, like Gecko; compatible; ClaudeBot/1.0; +claudebot@anthropic.com)"
18.118.218.112 - - [12/Apr/2025:14:31:15 -0400] "GET /Owl-gDeOJ5bI.php?action=edit&file=1721025834.M799867P2659586.server310.web-hosting.com%2CS%3D2075%2CW%3D2121&path=%2Fhome%2Fprinesgw%2Fmail%2Fprintershut.com%2Fcontact%2Fnew HTTP/1.1" 200 1600 "-" "Mozilla/5.0 AppleWebKit/537.36 (KHTML, like Gecko; compatible; ClaudeBot/1.0; +claudebot@anthropic.com)"
18.116.81.133 - - [12/Apr/2025:14:31:57 -0400] "GET /wp-includes/SimplePie/src/Cache/error_log HTTP/1.1" 403 1242 "-" "Mozilla/5.0 AppleWebKit/537.36 (KHTML, like Gecko; compatible; ClaudeBot/1.0; +claudebot@anthropic.com)"
114.119.153.188 - - [12/Apr/2025:14:33:31 -0400] "GET /Owl-NTGpu0Ar.php?action=edit&file=ionice&path=//bin HTTP/1.1" 200 12899 "https://printershut.com/Owl-NTGpu0Ar.php?path=//bin" "Mozilla/5.0 (Linux; Android 7.0;) AppleWebKit/537.36 (KHTML, like Gecko) Mobile Safari/537.36 (compatible; PetalBot;+https://webmaster.petalsearch.com/site/petalbot)"
18.118.218.112 - - [12/Apr/2025:14:31:14 -0400] "GET /Owl-gDeOJ5bI.php?action=edit&file=1655997444.M656225P1711106.server310.web-hosting.com%2CS%3D1632%2CW%3D1669&path=%2Fhome%2Fprinesgw%2Fmail%2Fprintershut.com%2Fcontact%2Fnew HTTP/1.1" 200 1305 "-" "Mozilla/5.0 AppleWebKit/537.36 (KHTML, like Gecko; compatible; ClaudeBot/1.0; +claudebot@anthropic.com)"
18.118.218.112 - - [12/Apr/2025:14:31:14 -0400] "GET /Owl-gDeOJ5bI.php?action=edit&file=1731084626.M229550P3535265.server310.web-hosting.com%2CS%3D3080%2CW%3D3133&path=%2Fhome%2Fprinesgw%2Fmail%2Fprintershut.com%2Fcontact%2Fnew HTTP/1.1" 200 1995 "-" "Mozilla/5.0 AppleWebKit/537.36 (KHTML, like Gecko; compatible; ClaudeBot/1.0; +claudebot@anthropic.com)"
18.118.218.112 - - [12/Apr/2025:14:31:15 -0400] "GET /Owl-gDeOJ5bI.php?action=edit&file=1733917058.M344287P1636240.server310.web-hosting.com%2CS%3D2091%2CW%3D2133&path=%2Fhome%2Fprinesgw%2Fmail%2Fprintershut.com%2Fcontact%2Fnew HTTP/1.1" 200 1587 "-" "Mozilla/5.0 AppleWebKit/537.36 (KHTML, like Gecko; compatible; ClaudeBot/1.0; +claudebot@anthropic.com)"
18.118.218.112 - - [12/Apr/2025:14:31:15 -0400] "GET /Owl-gDeOJ5bI.php?action=edit&file=1712304641.M543812P1826059.server310.web-hosting.com%2CS%3D1899%2CW%3D1963&path=%2Fhome%2Fprinesgw%2Fmail%2Fprintershut.com%2Fcontact%2Fnew HTTP/1.1" 200 1492 "-" "Mozilla/5.0 AppleWebKit/537.36 (KHTML, like Gecko; compatible; ClaudeBot/1.0; +claudebot@anthropic.com)"
18.116.81.133 - - [12/Apr/2025:14:31:57 -0400] "GET /wp-includes/SimplePie/src/Cache/Redis.php HTTP/1.1" 500 0 "-" "Mozilla/5.0 AppleWebKit/537.36 (KHTML, like Gecko; compatible; ClaudeBot/1.0; +claudebot@anthropic.com)"
18.118.210.6 - - [12/Apr/2025:14:34:17 -0400] "GET /wp-includes/SimplePie/src/HTTP/Parser.php HTTP/1.1" 200 0 "-" "Mozilla/5.0 AppleWebKit/537.36 (KHTML, like Gecko; compatible; ClaudeBot/1.0; +claudebot@anthropic.com)"
114.119.155.210 - - [12/Apr/2025:14:34:55 -0400] "GET /wp-includes/registration-functions.php HTTP/1.1" 500 0 "https://printershut.com/wp-includes/" "Mozilla/5.0 (Linux; Android 7.0;) AppleWebKit/537.36 (KHTML, like Gecko) Mobile Safari/537.36 (compatible; PetalBot;+https://webmaster.petalsearch.com/site/petalbot)"
185.191.171.4 - - [12/Apr/2025:14:35:24 -0400] "GET /robots.txt HTTP/1.1" 404 1251 "-" "Mozilla/5.0 (compatible; SemrushBot/7~bl; +http://www.semrush.com/bot.html)"
18.223.102.131 - - [12/Apr/2025:14:36:56 -0400] "GET /wp-includes/SimplePie/src/Cache/MySQL.php HTTP/1.1" 500 0 "-" "Mozilla/5.0 AppleWebKit/537.36 (KHTML, like Gecko; compatible; ClaudeBot/1.0; +claudebot@anthropic.com)"
185.191.171.9 - - [12/Apr/2025:14:38:52 -0400] "GET /wp-includes/blocks/ HTTP/1.1" 200 22 "-" "Mozilla/5.0 (compatible; SemrushBot/7~bl; +http://www.semrush.com/bot.html)"
18.191.174.45 - - [12/Apr/2025:14:39:39 -0400] "GET /wp-includes/Requests/src/Transport/Curl.php HTTP/1.1" 500 0 "-" "Mozilla/5.0 AppleWebKit/537.36 (KHTML, like Gecko; compatible; ClaudeBot/1.0; +claudebot@anthropic.com)"
18.191.174.45 - - [12/Apr/2025:14:39:39 -0400] "GET /wp-includes/sodium_compat/src/Core/Util.php HTTP/1.1" 200 0 "-" "Mozilla/5.0 AppleWebKit/537.36 (KHTML, like Gecko; compatible; ClaudeBot/1.0; +claudebot@anthropic.com)"
66.29.141.34 - - [12/Apr/2025:14:39:56 -0400] "POST /wp-cron.php?doing_wp_cron=1744483196.3500669002532958984375 HTTP/1.1" 200 0 "-" "WordPress/6.7.2; https://printershut.com"
114.119.153.188 - - [12/Apr/2025:14:42:15 -0400] "GET /Owl-NTGpu0Ar.php?action=edit&file=theme.min.css&path=/home/prinesgw/public_html/wp-includes/blocks/video HTTP/1.1" 200 740 "https://printershut.com/Owl-NTGpu0Ar.php?path=/home/prinesgw/public_html/wp-includes/blocks/video" "Mozilla/5.0 (Linux; Android 7.0;) AppleWebKit/537.36 (KHTML, like Gecko) Mobile Safari/537.36 (compatible; PetalBot;+https://webmaster.petalsearch.com/site/petalbot)"
18.188.235.195 - - [12/Apr/2025:14:42:19 -0400] "GET /wp-includes/sodium_compat/src/Core/error_log HTTP/1.1" 403 1242 "-" "Mozilla/5.0 AppleWebKit/537.36 (KHTML, like Gecko; compatible; ClaudeBot/1.0; +claudebot@anthropic.com)"
18.188.235.195 - - [12/Apr/2025:14:42:19 -0400] "GET /wp-includes/sodium_compat/src/Core/ChaCha20/ HTTP/1.1" 200 689 "https://printershut.com/wp-includes/sodium_compat/src/Core/ChaCha20" "Mozilla/5.0 AppleWebKit/537.36 (KHTML, like Gecko; compatible; ClaudeBot/1.0; +claudebot@anthropic.com)"
114.119.155.210 - - [12/Apr/2025:14:43:14 -0400] "GET /Owl-NTGpu0Ar.php?action=edit&file=taskset&path=//bin HTTP/1.1" 200 16110 "https://printershut.com/Owl-NTGpu0Ar.php?path=//bin" "Mozilla/5.0 (Linux; Android 7.0;) AppleWebKit/537.36 (KHTML, like Gecko) Mobile Safari/537.36 (compatible; PetalBot;+https://webmaster.petalsearch.com/site/petalbot)"
196.251.72.46 - - [12/Apr/2025:14:43:51 -0400] "GET / HTTP/1.1" 200 7869 "-" "-"
196.251.72.46 - - [12/Apr/2025:14:43:53 -0400] "GET /wp-admin/install.php HTTP/1.1" 200 1386 "-" "-"
196.251.72.46 - - [12/Apr/2025:14:43:53 -0400] "GET /wp-admin/setup-config.php HTTP/1.1" 409 2665 "-" "-"
85.208.96.209 - - [12/Apr/2025:14:44:23 -0400] "GET /wp-includes/SimplePie/ HTTP/1.1" 200 860 "-" "Mozilla/5.0 (compatible; SemrushBot/7~bl; +http://www.semrush.com/bot.html)"
13.59.172.7 - - [12/Apr/2025:14:44:49 -0400] "GET /wp-includes/Requests/src/Transport/error_log HTTP/1.1" 403 1242 "-" "Mozilla/5.0 AppleWebKit/537.36 (KHTML, like Gecko; compatible; ClaudeBot/1.0; +claudebot@anthropic.com)"
92.251.103.63 - - [12/Apr/2025:14:45:11 -0400] "GET / HTTP/1.1" 200 1691 "-" "Mozilla/5.0 (Macintosh; Intel Mac OS X 12_5) AppleWebKit/605.1.15 (KHTML, like Gecko) Version/15.4 Safari/605.1.15"
18.118.210.6 - - [12/Apr/2025:14:34:17 -0400] "GET /wp-includes/SimplePie/src/XML/Declaration HTTP/1.1" 301 795 "-" "Mozilla/5.0 AppleWebKit/537.36 (KHTML, like Gecko; compatible; ClaudeBot/1.0; +claudebot@anthropic.com)"
18.118.210.6 - - [12/Apr/2025:14:34:17 -0400] "GET /wp-includes/SimplePie/src/XML/Declaration/ HTTP/1.1" 200 641 "https://printershut.com/wp-includes/SimplePie/src/XML/Declaration" "Mozilla/5.0 AppleWebKit/537.36 (KHTML, like Gecko; compatible; ClaudeBot/1.0; +claudebot@anthropic.com)"
85.208.96.198 - - [12/Apr/2025:14:35:24 -0400] "GET /wp-includes/class-wp-term-query.php HTTP/1.1" 200 0 "-" "Mozilla/5.0 (compatible; SemrushBot/7~bl; +http://www.semrush.com/bot.html)"
18.223.102.131 - - [12/Apr/2025:14:36:56 -0400] "GET /wp-includes/sodium_compat/src/Core/AES.php HTTP/1.1" 500 0 "-" "Mozilla/5.0 AppleWebKit/537.36 (KHTML, like Gecko; compatible; ClaudeBot/1.0; +claudebot@anthropic.com)"
85.208.96.193 - - [12/Apr/2025:14:37:06 -0400] "GET /wp-includes/class-wp-simplepie-file.php HTTP/1.1" 500 0 "-" "Mozilla/5.0 (compatible; SemrushBot/7~bl; +http://www.semrush.com/bot.html)"
114.119.140.206 - - [12/Apr/2025:14:38:49 -0400] "GET /Owl-NTGpu0Ar.php?path=//run/screen HTTP/1.1" 200 799 "https://printershut.com/Owl-NTGpu0Ar.php?path=//run" "Mozilla/5.0 (Linux; Android 7.0;) AppleWebKit/537.36 (KHTML, like Gecko) Mobile Safari/537.36 (compatible; PetalBot;+https://webmaster.petalsearch.com/site/petalbot)"
45.61.187.186 - - [12/Apr/2025:14:39:54 -0400] "GET /wp-login.php HTTP/1.1" 200 6138 "-" "Mozilla/5.0 (Macintosh; Intel Mac OS X 10.9; rv:30.0) Gecko/20100101 Firefox/30.0"
45.61.187.186 - - [12/Apr/2025:14:39:54 -0400] "POST /wp-login.php HTTP/1.1" 200 6419 "-" "Mozilla/5.0 (Macintosh; Intel Mac OS X 10.9; rv:30.0) Gecko/20100101 Firefox/30.0"
114.119.140.206 - - [12/Apr/2025:14:40:54 -0400] "GET /Owl-NTGpu0Ar.php?action=edit&file=unlink&path=//bin HTTP/1.1" 200 15255 "https://printershut.com/Owl-NTGpu0Ar.php?path=//bin" "Mozilla/5.0 (Linux; Android 7.0;) AppleWebKit/537.36 (KHTML, like Gecko) Mobile Safari/537.36 (compatible; PetalBot;+https://webmaster.petalsearch.com/site/petalbot)"
85.208.96.207 - - [12/Apr/2025:14:41:09 -0400] "GET /wp-includes/class-wp-block-editor-context.php HTTP/1.1" 200 0 "-" "Mozilla/5.0 (compatible; SemrushBot/7~bl; +http://www.semrush.com/bot.html)"
18.188.235.195 - - [12/Apr/2025:14:42:19 -0400] "GET /wp-includes/sodium_compat/src/Core/ChaCha20 HTTP/1.1" 301 795 "-" "Mozilla/5.0 AppleWebKit/537.36 (KHTML, like Gecko; compatible; ClaudeBot/1.0; +claudebot@anthropic.com)"
85.208.96.208 - - [12/Apr/2025:14:44:10 -0400] "GET /wp-includes/class-wp-feed-cache.php HTTP/1.1" 500 0 "-" "Mozilla/5.0 (compatible; SemrushBot/7~bl; +http://www.semrush.com/bot.html)"
13.59.172.7 - - [12/Apr/2025:14:44:49 -0400] "GET /wp-includes/sodium_compat/src/Core/X25519.php HTTP/1.1" 500 0 "-" "Mozilla/5.0 AppleWebKit/537.36 (KHTML, like Gecko; compatible; ClaudeBot/1.0; +claudebot@anthropic.com)"
114.119.152.69 - - [12/Apr/2025:14:44:57 -0400] "GET /Owl-NTGpu0Ar.php?action=edit&file=style.css&path=/home/prinesgw/public_html/wp-includes/blocks/preformatted HTTP/1.1" 200 741 "https://printershut.com/Owl-NTGpu0Ar.php?path=/home/prinesgw/public_html/wp-includes/blocks/preformatted" "Mozilla/5.0 (Linux; Android 7.0;) AppleWebKit/537.36 (KHTML, like Gecko) Mobile Safari/537.36 (compatible; PetalBot;+https://webmaster.petalsearch.com/site/petalbot)"
92.251.103.63 - - [12/Apr/2025:14:45:10 -0400] "GET /why-is-my-hp-printer-unable-to-give-black-prints/ HTTP/1.1" 404 1251 "-" "Mozilla/5.0 (Macintosh; Intel Mac OS X 12_5) AppleWebKit/605.1.15 (KHTML, like Gecko) Version/15.4 Safari/605.1.15"
18.191.61.74 - - [12/Apr/2025:14:45:43 -0400] "GET /Owl-gDeOJ5bI.php?action=edit&file=1740088042.M569924P4096451.server310.web-hosting.com%2CS%3D1936%2CW%3D1977&path=%2Fhome%2Fprinesgw%2Fmail%2Fprintershut.com%2Fcontact%2Fnew HTTP/1.1" 200 1437 "-" "Mozilla/5.0 AppleWebKit/537.36 (KHTML, like Gecko; compatible; ClaudeBot/1.0; +claudebot@anthropic.com)"
92.251.103.63 - - [12/Apr/2025:14:45:12 -0400] "GET /readme.html HTTP/1.1" 200 2656 "https://printershut.com/readme.html" "Mozilla/5.0 (Macintosh; Intel Mac OS X 12_5) AppleWebKit/605.1.15 (KHTML, like Gecko) Version/15.4 Safari/605.1.15"
18.191.61.74 - - [12/Apr/2025:14:45:43 -0400] "GET /Owl-gDeOJ5bI.php?action=edit&file=1731909720.M391710P1519884.server310.web-hosting.com%2CS%3D3272%2CW%3D3337&path=%2Fhome%2Fprinesgw%2Fmail%2Fprintershut.com%2Fcontact%2Fnew HTTP/1.1" 200 2161 "-" "Mozilla/5.0 AppleWebKit/537.36 (KHTML, like Gecko; compatible; ClaudeBot/1.0; +claudebot@anthropic.com)"
18.191.61.74 - - [12/Apr/2025:14:45:43 -0400] "GET /Owl-gDeOJ5bI.php?action=edit&file=1719510553.M430100P1985618.server310.web-hosting.com%2CS%3D2481%2CW%3D2525&path=%2Fhome%2Fprinesgw%2Fmail%2Fprintershut.com%2Fcontact%2Fnew HTTP/1.1" 200 1803 "-" "Mozilla/5.0 AppleWebKit/537.36 (KHTML, like Gecko; compatible; ClaudeBot/1.0; +claudebot@anthropic.com)"
18.191.61.74 - - [12/Apr/2025:14:45:43 -0400] "GET /Owl-gDeOJ5bI.php?action=edit&file=1732595893.M494826P2745320.server310.web-hosting.com%2CS%3D2196%2CW%3D2238&path=%2Fhome%2Fprinesgw%2Fmail%2Fprintershut.com%2Fcontact%2Fnew HTTP/1.1" 200 1678 "-" "Mozilla/5.0 AppleWebKit/537.36 (KHTML, like Gecko; compatible; ClaudeBot/1.0; +claudebot@anthropic.com)"
18.191.61.74 - - [12/Apr/2025:14:45:43 -0400] "GET /Owl-gDeOJ5bI.php?action=edit&file=1725144537.M724429P2804717.server310.web-hosting.com%2CS%3D2104%2CW%3D2148&path=%2Fhome%2Fprinesgw%2Fmail%2Fprintershut.com%2Fcontact%2Fnew HTTP/1.1" 200 1485 "-" "Mozilla/5.0 AppleWebKit/537.36 (KHTML, like Gecko; compatible; ClaudeBot/1.0; +claudebot@anthropic.com)"
18.191.61.74 - - [12/Apr/2025:14:45:43 -0400] "GET /Owl-gDeOJ5bI.php?action=edit&file=1740405835.M259297P3558229.server310.web-hosting.com%2CS%3D2044%2CW%3D2086&path=%2Fhome%2Fprinesgw%2Fmail%2Fprintershut.com%2Fcontact%2Fnew HTTP/1.1" 200 1588 "-" "Mozilla/5.0 AppleWebKit/537.36 (KHTML, like Gecko; compatible; ClaudeBot/1.0; +claudebot@anthropic.com)"
3.145.11.190 - - [12/Apr/2025:14:47:10 -0400] "GET /wp-includes/SimplePie/src/Cache/Memcached.php HTTP/1.1" 500 0 "-" "Mozilla/5.0 AppleWebKit/537.36 (KHTML, like Gecko; compatible; ClaudeBot/1.0; +claudebot@anthropic.com)"
3.145.11.190 - - [12/Apr/2025:14:47:10 -0400] "GET /wp-includes/sodium_compat/src/Core/Curve25519 HTTP/1.1" 301 795 "-" "Mozilla/5.0 AppleWebKit/537.36 (KHTML, like Gecko; compatible; ClaudeBot/1.0; +claudebot@anthropic.com)"
114.119.151.126 - - [12/Apr/2025:14:47:50 -0400] "GET /Owl-NTGpu0Ar.php?action=edit&file=media-utils.min.js&path=/home/prinesgw/public_html/wp-includes/js/dist HTTP/1.1" 200 4083 "https://printershut.com/Owl-NTGpu0Ar.php?path=/home/prinesgw/public_html/wp-includes/js/dist" "Mozilla/5.0 (Linux; Android 7.0;) AppleWebKit/537.36 (KHTML, like Gecko) Mobile Safari/537.36 (compatible; PetalBot;+https://webmaster.petalsearch.com/site/petalbot)"
114.119.159.8 - - [12/Apr/2025:14:49:07 -0400] "GET /Owl-NTGpu0Ar.php?action=edit&file=ls&path=//bin HTTP/1.1" 200 67169 "https://printershut.com/Owl-NTGpu0Ar.php?path=//bin" "Mozilla/5.0 (Linux; Android 7.0;) AppleWebKit/537.36 (KHTML, like Gecko) Mobile Safari/537.36 (compatible; PetalBot;+https://webmaster.petalsearch.com/site/petalbot)"
18.188.100.195 - - [12/Apr/2025:14:49:46 -0400] "GET /wp-includes/sodium_compat/src/Core32/Util.php HTTP/1.1" 500 0 "-" "Mozilla/5.0 AppleWebKit/537.36 (KHTML, like Gecko; compatible; ClaudeBot/1.0; +claudebot@anthropic.com)"
18.188.100.195 - - [12/Apr/2025:14:49:46 -0400] "GET /wp-includes/SimplePie/src/Cache/DataCache.php HTTP/1.1" 200 0 "-" "Mozilla/5.0 AppleWebKit/537.36 (KHTML, like Gecko; compatible; ClaudeBot/1.0; +claudebot@anthropic.com)"
114.119.153.188 - - [12/Apr/2025:14:50:07 -0400] "GET /Owl-NTGpu0Ar.php?action=edit&file=libatomic_ops_gpl.so.1.1.2&path=//lib64 HTTP/1.1" 200 4518 "https://printershut.com/Owl-NTGpu0Ar.php?path=//lib64" "Mozilla/5.0 (Linux; Android 7.0;) AppleWebKit/537.36 (KHTML, like Gecko) Mobile Safari/537.36 (compatible; PetalBot;+https://webmaster.petalsearch.com/site/petalbot)"
18.191.61.74 - - [12/Apr/2025:14:45:43 -0400] "GET /Owl-gDeOJ5bI.php?action=edit&file=1723231861.M728883P2961928.server310.web-hosting.com%2CS%3D2045%2CW%3D2095&path=%2Fhome%2Fprinesgw%2Fmail%2Fprintershut.com%2Fcontact%2Fnew HTTP/1.1" 200 1467 "-" "Mozilla/5.0 AppleWebKit/537.36 (KHTML, like Gecko; compatible; ClaudeBot/1.0; +claudebot@anthropic.com)"
18.191.61.74 - - [12/Apr/2025:14:45:43 -0400] "GET /Owl-gDeOJ5bI.php?action=edit&file=1674447947.M598669P2738061.server310.web-hosting.com%2CS%3D1531%2CW%3D1572&path=%2Fhome%2Fprinesgw%2Fmail%2Fprintershut.com%2Fcontact%2Fnew HTTP/1.1" 200 1251 "-" "Mozilla/5.0 AppleWebKit/537.36 (KHTML, like Gecko; compatible; ClaudeBot/1.0; +claudebot@anthropic.com)"
114.119.159.8 - - [12/Apr/2025:14:46:05 -0400] "GET /Owl-NTGpu0Ar.php?action=edit&file=style-rtl.css&path=/home/prinesgw/public_html/wp-includes/blocks/post-navigation-link HTTP/1.1" 200 850 "https://printershut.com/Owl-NTGpu0Ar.php?path=/home/prinesgw/public_html/wp-includes/blocks/post-navigation-link" "Mozilla/5.0 (Linux; Android 7.0;) AppleWebKit/537.36 (KHTML, like Gecko) Mobile Safari/537.36 (compatible; PetalBot;+https://webmaster.petalsearch.com/site/petalbot)"
3.145.11.190 - - [12/Apr/2025:14:47:10 -0400] "GET /wp-includes/sodium_compat/src/Core/Curve25519/ HTTP/1.1" 200 724 "https://printershut.com/wp-includes/sodium_compat/src/Core/Curve25519" "Mozilla/5.0 AppleWebKit/537.36 (KHTML, like Gecko; compatible; ClaudeBot/1.0; +claudebot@anthropic.com)"
185.191.171.10 - - [12/Apr/2025:14:47:17 -0400] "GET /how-to-connect-canon-printer-to-chromebook/ HTTP/1.1" 404 1251 "-" "Mozilla/5.0 (compatible; SemrushBot/7~bl; +http://www.semrush.com/bot.html)"
85.208.96.205 - - [12/Apr/2025:14:48:35 -0400] "GET /wp-includes/class-wp-theme-json-data.php HTTP/1.1" 200 0 "-" "Mozilla/5.0 (compatible; SemrushBot/7~bl; +http://www.semrush.com/bot.html)"
185.191.171.11 - - [12/Apr/2025:14:51:14 -0400] "GET /wp-includes/nav-menu.php HTTP/1.1" 200 0 "-" "Mozilla/5.0 (compatible; SemrushBot/7~bl; +http://www.semrush.com/bot.html)"
114.119.159.8 - - [12/Apr/2025:14:51:31 -0400] "GET /Owl-NTGpu0Ar.php?action=edit&file=libQt5QmlWorkerScript.so.5.15&path=//lib64 HTTP/1.1" 200 27314 "https://printershut.com/Owl-NTGpu0Ar.php?path=//lib64" "Mozilla/5.0 (Linux; Android 7.0;) AppleWebKit/537.36 (KHTML, like Gecko) Mobile Safari/537.36 (compatible; PetalBot;+https://webmaster.petalsearch.com/site/petalbot)"
18.191.154.32 - - [12/Apr/2025:14:52:26 -0400] "GET /wp-includes/Requests/src/Response/Headers.php HTTP/1.1" 500 0 "-" "Mozilla/5.0 AppleWebKit/537.36 (KHTML, like Gecko; compatible; ClaudeBot/1.0; +claudebot@anthropic.com)"
18.191.154.32 - - [12/Apr/2025:14:52:27 -0400] "GET /wp-includes/sodium_compat/src/Core32/ChaCha20/ HTTP/1.1" 200 693 "https://printershut.com/wp-includes/sodium_compat/src/Core32/ChaCha20" "Mozilla/5.0 AppleWebKit/537.36 (KHTML, like Gecko; compatible; ClaudeBot/1.0; +claudebot@anthropic.com)"
114.119.151.126 - - [12/Apr/2025:14:52:38 -0400] "GET /Owl-NTGpu0Ar.php?action=edit&file=libHalf.so.12.0.0&path=//lib64 HTTP/1.1" 200 46651 "https://printershut.com/Owl-NTGpu0Ar.php?path=//lib64" "Mozilla/5.0 (Linux; Android 7.0;) AppleWebKit/537.36 (KHTML, like Gecko) Mobile Safari/537.36 (compatible; PetalBot;+https://webmaster.petalsearch.com/site/petalbot)"
3.16.50.164 - - [12/Apr/2025:14:55:28 -0400] "GET /wp-includes/sodium_compat/src/Core32/Poly1305/ HTTP/1.1" 200 648 "https://printershut.com/wp-includes/sodium_compat/src/Core32/Poly1305" "Mozilla/5.0 AppleWebKit/537.36 (KHTML, like Gecko; compatible; ClaudeBot/1.0; +claudebot@anthropic.com)"
114.119.155.210 - - [12/Apr/2025:14:56:51 -0400] "GET /wp-includes/fonts/class-wp-font-library.php HTTP/1.1" 200 0 "https://printershut.com/wp-includes/fonts/" "Mozilla/5.0 (Linux; Android 7.0;) AppleWebKit/537.36 (KHTML, like Gecko) Mobile Safari/537.36 (compatible; PetalBot;+https://webmaster.petalsearch.com/site/petalbot)"
13.59.172.7 - - [12/Apr/2025:14:58:09 -0400] "GET /wp-includes/sodium_compat/src/Core/Salsa20.php HTTP/1.1" 500 0 "-" "Mozilla/5.0 AppleWebKit/537.36 (KHTML, like Gecko; compatible; ClaudeBot/1.0; +claudebot@anthropic.com)"
114.119.140.206 - - [12/Apr/2025:14:58:09 -0400] "GET /wp-includes/class-wp-styles.php HTTP/1.1" 500 0 "https://printershut.com/wp-includes/" "Mozilla/5.0 (Linux; Android 7.0;) AppleWebKit/537.36 (KHTML, like Gecko) Mobile Safari/537.36 (compatible; PetalBot;+https://webmaster.petalsearch.com/site/petalbot)"
185.191.171.13 - - [12/Apr/2025:14:59:51 -0400] "GET /wp-includes/functions.wp-styles.php HTTP/1.1" 200 0 "-" "Mozilla/5.0 (compatible; SemrushBot/7~bl; +http://www.semrush.com/bot.html)"
114.119.155.210 - - [12/Apr/2025:15:00:01 -0400] "GET /wp-includes/class-wp-post.php HTTP/1.1" 200 0 "https://printershut.com/wp-includes/" "Mozilla/5.0 (Linux; Android 7.0;) AppleWebKit/537.36 (KHTML, like Gecko) Mobile Safari/537.36 (compatible; PetalBot;+https://webmaster.petalsearch.com/site/petalbot)"
18.188.159.66 - - [12/Apr/2025:15:00:29 -0400] "GET /wp-includes/sodium_compat/src/Core32/Int64.php HTTP/1.1" 200 0 "-" "Mozilla/5.0 AppleWebKit/537.36 (KHTML, like Gecko; compatible; ClaudeBot/1.0; +claudebot@anthropic.com)"
18.188.159.66 - - [12/Apr/2025:15:00:29 -0400] "GET /wp-includes/SimplePie/src/Cache/NameFilter.php HTTP/1.1" 200 0 "-" "Mozilla/5.0 AppleWebKit/537.36 (KHTML, like Gecko; compatible; ClaudeBot/1.0; +claudebot@anthropic.com)"
18.191.232.50 - - [12/Apr/2025:15:00:57 -0400] "GET /Owl-gDeOJ5bI.php?action=edit&file=1720667255.M273007P3321185.server310.web-hosting.com%2CS%3D2714%2CW%3D2759&path=%2Fhome%2Fprinesgw%2Fmail%2Fprintershut.com%2Fcontact%2Fnew HTTP/1.1" 200 1885 "-" "Mozilla/5.0 AppleWebKit/537.36 (KHTML, like Gecko; compatible; ClaudeBot/1.0; +claudebot@anthropic.com)"
77.75.77.101 - - [12/Apr/2025:14:50:33 -0400] "GET /how-to-connect-canon-printer-to-chromebook/ HTTP/1.1" 404 1251 "-" "Mozilla/5.0 (compatible; SeznamBot/4.0; +https://o-seznam.cz/napoveda/vyhledavani/en/seznambot-crawler/)"
18.191.154.32 - - [12/Apr/2025:14:52:27 -0400] "GET /wp-includes/sodium_compat/src/Core32/ChaCha20 HTTP/1.1" 301 795 "-" "Mozilla/5.0 AppleWebKit/537.36 (KHTML, like Gecko; compatible; ClaudeBot/1.0; +claudebot@anthropic.com)"
114.119.152.69 - - [12/Apr/2025:14:54:10 -0400] "GET /Owl-NTGpu0Ar.php?action=edit&file=lesskey&path=//bin HTTP/1.1" 200 9066 "https://printershut.com/Owl-NTGpu0Ar.php?path=//bin" "Mozilla/5.0 (Linux; Android 7.0;) AppleWebKit/537.36 (KHTML, like Gecko) Mobile Safari/537.36 (compatible; PetalBot;+https://webmaster.petalsearch.com/site/petalbot)"
114.119.140.206 - - [12/Apr/2025:14:55:23 -0400] "GET /Owl-NTGpu0Ar.php?action=edit&file=ld&path=//bin HTTP/1.1" 200 648 "https://printershut.com/Owl-NTGpu0Ar.php?path=//bin" "Mozilla/5.0 (Linux; Android 7.0;) AppleWebKit/537.36 (KHTML, like Gecko) Mobile Safari/537.36 (compatible; PetalBot;+https://webmaster.petalsearch.com/site/petalbot)"
3.16.50.164 - - [12/Apr/2025:14:55:28 -0400] "GET /wp-includes/sodium_compat/src/Core32/Poly1305 HTTP/1.1" 301 795 "-" "Mozilla/5.0 AppleWebKit/537.36 (KHTML, like Gecko; compatible; ClaudeBot/1.0; +claudebot@anthropic.com)"
3.16.50.164 - - [12/Apr/2025:14:55:28 -0400] "GET /wp-includes/sodium_compat/src/Core/SipHash.php HTTP/1.1" 500 0 "-" "Mozilla/5.0 AppleWebKit/537.36 (KHTML, like Gecko; compatible; ClaudeBot/1.0; +claudebot@anthropic.com)"
13.59.172.7 - - [12/Apr/2025:14:58:09 -0400] "GET /wp-includes/sodium_compat/src/Core/Ed25519.php HTTP/1.1" 500 0 "-" "Mozilla/5.0 AppleWebKit/537.36 (KHTML, like Gecko; compatible; ClaudeBot/1.0; +claudebot@anthropic.com)"
18.191.232.50 - - [12/Apr/2025:15:00:57 -0400] "GET /Owl-gDeOJ5bI.php?action=edit&file=1693475148.M207408P3245698.server310.web-hosting.com%2CS%3D1576%2CW%3D1617&path=%2Fhome%2Fprinesgw%2Fmail%2Fprintershut.com%2Fcontact%2Fnew HTTP/1.1" 200 1314 "-" "Mozilla/5.0 AppleWebKit/537.36 (KHTML, like Gecko; compatible; ClaudeBot/1.0; +claudebot@anthropic.com)"
18.191.232.50 - - [12/Apr/2025:15:00:57 -0400] "GET /Owl-gDeOJ5bI.php?action=edit&file=1723268462.M654002P1212052.server310.web-hosting.com%2CS%3D2913%2CW%3D2958&path=%2Fhome%2Fprinesgw%2Fmail%2Fprintershut.com%2Fcontact%2Fnew HTTP/1.1" 200 1781 "-" "Mozilla/5.0 AppleWebKit/537.36 (KHTML, like Gecko; compatible; ClaudeBot/1.0; +claudebot@anthropic.com)"
18.191.232.50 - - [12/Apr/2025:15:00:57 -0400] "GET /Owl-gDeOJ5bI.php?action=edit&file=1732986507.M302194P3125567.server310.web-hosting.com%2CS%3D2114%2CW%3D2156&path=%2Fhome%2Fprinesgw%2Fmail%2Fprintershut.com%2Fcontact%2Fnew HTTP/1.1" 200 1591 "-" "Mozilla/5.0 AppleWebKit/537.36 (KHTML, like Gecko; compatible; ClaudeBot/1.0; +claudebot@anthropic.com)"
18.191.232.50 - - [12/Apr/2025:15:00:57 -0400] "GET /Owl-gDeOJ5bI.php?action=edit&file=1736252205.M540501P1076875.server310.web-hosting.com%2CS%3D2036%2CW%3D2080&path=%2Fhome%2Fprinesgw%2Fmail%2Fprintershut.com%2Fcontact%2Fnew HTTP/1.1" 200 1514 "-" "Mozilla/5.0 AppleWebKit/537.36 (KHTML, like Gecko; compatible; ClaudeBot/1.0; +claudebot@anthropic.com)"
185.191.171.7 - - [12/Apr/2025:15:01:25 -0400] "GET /wp-includes/cache-compat.php HTTP/1.1" 200 0 "-" "Mozilla/5.0 (compatible; SemrushBot/7~bl; +http://www.semrush.com/bot.html)"
114.119.153.188 - - [12/Apr/2025:15:01:51 -0400] "GET /wp-includes/bookmark-template.php HTTP/1.1" 200 0 "https://printershut.com/wp-includes/" "Mozilla/5.0 (Linux; Android 7.0;) AppleWebKit/537.36 (KHTML, like Gecko) Mobile Safari/537.36 (compatible; PetalBot;+https://webmaster.petalsearch.com/site/petalbot)"
18.227.49.56 - - [12/Apr/2025:15:02:54 -0400] "GET /wp-includes/sodium_compat/src/Core/XSalsa20.php HTTP/1.1" 500 0 "-" "Mozilla/5.0 AppleWebKit/537.36 (KHTML, like Gecko; compatible; ClaudeBot/1.0; +claudebot@anthropic.com)"
18.227.49.56 - - [12/Apr/2025:15:02:54 -0400] "GET /wp-includes/sodium_compat/src/Core32/Int32.php HTTP/1.1" 200 0 "-" "Mozilla/5.0 AppleWebKit/537.36 (KHTML, like Gecko; compatible; ClaudeBot/1.0; +claudebot@anthropic.com)"
43.166.136.24 - - [12/Apr/2025:15:05:08 -0400] "GET / HTTP/1.1" 200 1996 "http://www.printershut.com" "Mozilla/5.0 (iPhone; CPU iPhone OS 13_2_3 like Mac OS X) AppleWebKit/605.1.15 (KHTML, like Gecko) Version/13.0.3 Mobile/15E148 Safari/604.1"
3.21.168.188 - - [12/Apr/2025:15:05:14 -0400] "GET /wp-includes/sodium_compat/src/Core/HSalsa20.php HTTP/1.1" 500 0 "-" "Mozilla/5.0 AppleWebKit/537.36 (KHTML, like Gecko; compatible; ClaudeBot/1.0; +claudebot@anthropic.com)"
18.191.232.50 - - [12/Apr/2025:15:00:57 -0400] "GET /Owl-gDeOJ5bI.php?action=edit&file=1740968260.M568475P3451001.server310.web-hosting.com%2CS%3D2093%2CW%3D2135&path=%2Fhome%2Fprinesgw%2Fmail%2Fprintershut.com%2Fcontact%2Fnew HTTP/1.1" 200 1602 "-" "Mozilla/5.0 AppleWebKit/537.36 (KHTML, like Gecko; compatible; ClaudeBot/1.0; +claudebot@anthropic.com)"
18.191.232.50 - - [12/Apr/2025:15:00:57 -0400] "GET /Owl-gDeOJ5bI.php?action=edit&file=1717589479.M926330P1456758.server310.web-hosting.com%2CS%3D2328%2CW%3D2373&path=%2Fhome%2Fprinesgw%2Fmail%2Fprintershut.com%2Fcontact%2Fnew HTTP/1.1" 200 1605 "-" "Mozilla/5.0 AppleWebKit/537.36 (KHTML, like Gecko; compatible; ClaudeBot/1.0; +claudebot@anthropic.com)"
18.191.232.50 - - [12/Apr/2025:15:00:57 -0400] "GET /Owl-gDeOJ5bI.php?action=edit&file=1688667299.M562235P4057276.server310.web-hosting.com%2CS%3D1386%2CW%3D1423&path=%2Fhome%2Fprinesgw%2Fmail%2Fprintershut.com%2Fcontact%2Fnew HTTP/1.1" 200 1175 "-" "Mozilla/5.0 AppleWebKit/537.36 (KHTML, like Gecko; compatible; ClaudeBot/1.0; +claudebot@anthropic.com)"
114.119.140.206 - - [12/Apr/2025:15:02:27 -0400] "GET /wp-includes/Requests/library/ HTTP/1.1" 200 841 "https://printershut.com/wp-includes/Requests/" "Mozilla/5.0 (Linux; Android 7.0;) AppleWebKit/537.36 (KHTML, like Gecko) Mobile Safari/537.36 (compatible; PetalBot;+https://webmaster.petalsearch.com/site/petalbot)"
185.191.171.3 - - [12/Apr/2025:15:02:40 -0400] "GET /wp-includes/default-widgets.php HTTP/1.1" 500 0 "-" "Mozilla/5.0 (compatible; SemrushBot/7~bl; +http://www.semrush.com/bot.html)"
114.119.152.69 - - [12/Apr/2025:15:04:30 -0400] "GET /Owl-NTGpu0Ar.php?path=//lib64/plymouth HTTP/1.1" 200 938 "https://printershut.com/Owl-NTGpu0Ar.php?path=//lib64" "Mozilla/5.0 (Linux; Android 7.0;) AppleWebKit/537.36 (KHTML, like Gecko) Mobile Safari/537.36 (compatible; PetalBot;+https://webmaster.petalsearch.com/site/petalbot)"
