193.70.44.235 - - [04/Apr/2025:22:25:43 -0400] "GET /Owl-gDeOJ5bI.php?action=edit&file=bson-timestamp-serialization_error-006.phpt&path=//opt/alt/tests/alt-php82-pecl-mongodb_1.18.1-1.el8/tests HTTP/1.1" 200 936 "-" "Mozilla/5.0 (compatible; MJ12bot/v1.4.8; http://mj12bot.com/)"
184.174.39.101 - - [04/Apr/2025:22:25:46 -0400] "GET /Owl-gDeOJ5bI.php?action=edit&file=bson-javascript-set_state_error-002.phpt&path=//opt/alt/tests/alt-php80-pecl-mongodb_1.18.1-1.el8/tests HTTP/1.1" 200 855 "-" "Mozilla/5.0 (compatible; MJ12bot/v1.4.8; http://mj12bot.com/)"
193.70.44.235 - - [04/Apr/2025:22:25:47 -0400] "GET /Owl-gDeOJ5bI.php?action=edit&file=bson-timestamp-serialization_error-007.phpt&path=//opt/alt/tests/alt-php80-pecl-mongodb_1.18.1-1.el8/tests HTTP/1.1" 200 971 "-" "Mozilla/5.0 (compatible; MJ12bot/v1.4.8; http://mj12bot.com/)"
184.174.39.101 - - [04/Apr/2025:22:25:51 -0400] "GET /Owl-gDeOJ5bI.php?action=edit&file=bson-javascript-set_state_error-002.phpt&path=//opt/alt/tests/alt-php82-pecl-mongodb_1.18.1-1.el8/tests HTTP/1.1" 200 855 "-" "Mozilla/5.0 (compatible; MJ12bot/v1.4.8; http://mj12bot.com/)"
184.174.39.101 - - [04/Apr/2025:22:25:53 -0400] "GET /Owl-gDeOJ5bI.php?action=edit&file=bson-javascript-set_state_error-003.phpt&path=//opt/alt/tests/alt-php80-pecl-mongodb_1.18.1-1.el8/tests HTTP/1.1" 200 830 "-" "Mozilla/5.0 (compatible; MJ12bot/v1.4.8; http://mj12bot.com/)"
184.174.39.101 - - [04/Apr/2025:22:25:55 -0400] "GET /Owl-gDeOJ5bI.php?action=edit&file=bson-javascript-set_state_error-003.phpt&path=//opt/alt/tests/alt-php81-pecl-mongodb_1.18.1-1.el8/tests HTTP/1.1" 200 830 "-" "Mozilla/5.0 (compatible; MJ12bot/v1.4.8; http://mj12bot.com/)"
147.135.128.94 - - [04/Apr/2025:22:25:57 -0400] "GET /Owl-gDeOJ5bI.php?action=edit&file=bson-symbol-serialization_error-003.phpt&path=//opt/alt/tests/alt-php81-pecl-mongodb_1.18.1-1.el8/tests HTTP/1.1" 200 831 "-" "Mozilla/5.0 (compatible; MJ12bot/v1.4.8; http://mj12bot.com/)"
193.70.44.235 - - [04/Apr/2025:22:25:57 -0400] "GET /Owl-gDeOJ5bI.php?action=edit&file=bson-timestamp-serialization_error-007.phpt&path=//opt/alt/tests/alt-php82-pecl-mongodb_1.18.1-1.el8/tests HTTP/1.1" 200 971 "-" "Mozilla/5.0 (compatible; MJ12bot/v1.4.8; http://mj12bot.com/)"
184.174.39.101 - - [04/Apr/2025:22:25:59 -0400] "GET /Owl-gDeOJ5bI.php?action=edit&file=bson-javascript-set_state_error-003.phpt&path=//opt/alt/tests/alt-php82-pecl-mongodb_1.18.1-1.el8/tests HTTP/1.1" 200 830 "-" "Mozilla/5.0 (compatible; MJ12bot/v1.4.8; http://mj12bot.com/)"
193.70.44.235 - - [04/Apr/2025:22:26:04 -0400] "GET /Owl-gDeOJ5bI.php?action=edit&file=bson-timestamp-serialization_error-008.phpt&path=//opt/alt/tests/alt-php80-pecl-mongodb_1.18.1-1.el8/tests HTTP/1.1" 200 921 "-" "Mozilla/5.0 (compatible; MJ12bot/v1.4.8; http://mj12bot.com/)"
193.70.44.235 - - [04/Apr/2025:22:26:11 -0400] "GET /Owl-gDeOJ5bI.php?action=edit&file=bson-timestamp-serialization_error-008.phpt&path=//opt/alt/tests/alt-php81-pecl-mongodb_1.18.1-1.el8/tests HTTP/1.1" 200 921 "-" "Mozilla/5.0 (compatible; MJ12bot/v1.4.8; http://mj12bot.com/)"
184.174.39.101 - - [04/Apr/2025:22:26:14 -0400] "GET /Owl-gDeOJ5bI.php?action=edit&file=bson-javascript-tostring-001.phpt&path=//opt/alt/tests/alt-php82-pecl-mongodb_1.18.1-1.el8/tests HTTP/1.1" 200 754 "-" "Mozilla/5.0 (compatible; MJ12bot/v1.4.8; http://mj12bot.com/)"
184.174.39.101 - - [04/Apr/2025:22:26:19 -0400] "GET /Owl-gDeOJ5bI.php?action=edit&file=bson-javascript_error-001.phpt&path=//opt/alt/tests/alt-php80-pecl-mongodb_1.18.1-1.el8/tests HTTP/1.1" 200 867 "-" "Mozilla/5.0 (compatible; MJ12bot/v1.4.8; http://mj12bot.com/)"
184.174.39.101 - - [04/Apr/2025:22:26:26 -0400] "GET /Owl-gDeOJ5bI.php?action=edit&file=bson-javascript_error-001.phpt&path=//opt/alt/tests/alt-php82-pecl-mongodb_1.18.1-1.el8/tests HTTP/1.1" 200 867 "-" "Mozilla/5.0 (compatible; MJ12bot/v1.4.8; http://mj12bot.com/)"
184.174.39.101 - - [04/Apr/2025:22:25:48 -0400] "GET /Owl-gDeOJ5bI.php?action=edit&file=bson-javascript-set_state_error-002.phpt&path=//opt/alt/tests/alt-php81-pecl-mongodb_1.18.1-1.el8/tests HTTP/1.1" 200 855 "-" "Mozilla/5.0 (compatible; MJ12bot/v1.4.8; http://mj12bot.com/)"
193.70.44.235 - - [04/Apr/2025:22:25:53 -0400] "GET /Owl-gDeOJ5bI.php?action=edit&file=bson-timestamp-serialization_error-007.phpt&path=//opt/alt/tests/alt-php81-pecl-mongodb_1.18.1-1.el8/tests HTTP/1.1" 200 971 "-" "Mozilla/5.0 (compatible; MJ12bot/v1.4.8; http://mj12bot.com/)"
184.174.39.101 - - [04/Apr/2025:22:26:04 -0400] "GET /Owl-gDeOJ5bI.php?action=edit&file=bson-javascript-tostring-001.phpt&path=//opt/alt/tests/alt-php80-pecl-mongodb_1.18.1-1.el8/tests HTTP/1.1" 200 754 "-" "Mozilla/5.0 (compatible; MJ12bot/v1.4.8; http://mj12bot.com/)"
147.135.128.94 - - [04/Apr/2025:22:26:06 -0400] "GET /Owl-gDeOJ5bI.php?action=edit&file=bson-symbol-serialization_error-003.phpt&path=//opt/alt/tests/alt-php82-pecl-mongodb_1.18.1-1.el8/tests HTTP/1.1" 200 831 "-" "Mozilla/5.0 (compatible; MJ12bot/v1.4.8; http://mj12bot.com/)"
184.174.39.101 - - [04/Apr/2025:22:26:08 -0400] "GET /Owl-gDeOJ5bI.php?action=edit&file=bson-javascript-tostring-001.phpt&path=//opt/alt/tests/alt-php81-pecl-mongodb_1.18.1-1.el8/tests HTTP/1.1" 200 754 "-" "Mozilla/5.0 (compatible; MJ12bot/v1.4.8; http://mj12bot.com/)"
147.135.128.94 - - [04/Apr/2025:22:26:11 -0400] "GET /Owl-gDeOJ5bI.php?action=edit&file=bson-symbol-serialization_error-004.phpt&path=//opt/alt/tests/alt-php80-pecl-mongodb_1.18.1-1.el8/tests HTTP/1.1" 200 857 "-" "Mozilla/5.0 (compatible; MJ12bot/v1.4.8; http://mj12bot.com/)"
193.70.44.235 - - [04/Apr/2025:22:26:17 -0400] "GET /Owl-gDeOJ5bI.php?action=edit&file=bson-timestamp-serialization_error-008.phpt&path=//opt/alt/tests/alt-php82-pecl-mongodb_1.18.1-1.el8/tests HTTP/1.1" 200 921 "-" "Mozilla/5.0 (compatible; MJ12bot/v1.4.8; http://mj12bot.com/)"
147.135.128.94 - - [04/Apr/2025:22:26:17 -0400] "GET /Owl-gDeOJ5bI.php?action=edit&file=bson-symbol-serialization_error-004.phpt&path=//opt/alt/tests/alt-php81-pecl-mongodb_1.18.1-1.el8/tests HTTP/1.1" 200 857 "-" "Mozilla/5.0 (compatible; MJ12bot/v1.4.8; http://mj12bot.com/)"
184.174.39.101 - - [04/Apr/2025:22:26:22 -0400] "GET /Owl-gDeOJ5bI.php?action=edit&file=bson-javascript_error-001.phpt&path=//opt/alt/tests/alt-php81-pecl-mongodb_1.18.1-1.el8/tests HTTP/1.1" 200 867 "-" "Mozilla/5.0 (compatible; MJ12bot/v1.4.8; http://mj12bot.com/)"
193.70.44.235 - - [04/Apr/2025:22:26:24 -0400] "GET /Owl-gDeOJ5bI.php?action=edit&file=bson-timestamp-set_state-001.phpt&path=//opt/alt/tests/alt-php80-pecl-mongodb_1.18.1-1.el8/tests HTTP/1.1" 200 868 "-" "Mozilla/5.0 (compatible; MJ12bot/v1.4.8; http://mj12bot.com/)"
184.174.39.101 - - [04/Apr/2025:22:26:29 -0400] "GET /Owl-gDeOJ5bI.php?action=edit&file=bson-javascript_error-002.phpt&path=//opt/alt/tests/alt-php80-pecl-mongodb_1.18.1-1.el8/tests HTTP/1.1" 200 709 "-" "Mozilla/5.0 (compatible; MJ12bot/v1.4.8; http://mj12bot.com/)"
184.174.39.101 - - [04/Apr/2025:22:26:32 -0400] "GET /Owl-gDeOJ5bI.php?action=edit&file=bson-javascript_error-002.phpt&path=//opt/alt/tests/alt-php81-pecl-mongodb_1.18.1-1.el8/tests HTTP/1.1" 200 709 "-" "Mozilla/5.0 (compatible; MJ12bot/v1.4.8; http://mj12bot.com/)"
184.174.39.101 - - [04/Apr/2025:22:26:36 -0400] "GET /Owl-gDeOJ5bI.php?action=edit&file=bson-javascript_error-002.phpt&path=//opt/alt/tests/alt-php82-pecl-mongodb_1.18.1-1.el8/tests HTTP/1.1" 200 709 "-" "Mozilla/5.0 (compatible; MJ12bot/v1.4.8; http://mj12bot.com/)"
147.135.128.94 - - [04/Apr/2025:22:26:36 -0400] "GET /Owl-gDeOJ5bI.php?action=edit&file=bson-symbol-set_state-001.phpt&path=//opt/alt/tests/alt-php80-pecl-mongodb_1.18.1-1.el8/tests HTTP/1.1" 200 860 "-" "Mozilla/5.0 (compatible; MJ12bot/v1.4.8; http://mj12bot.com/)"
193.70.44.235 - - [04/Apr/2025:22:26:37 -0400] "GET /Owl-gDeOJ5bI.php?action=edit&file=bson-timestamp-set_state-002.phpt&path=//opt/alt/tests/alt-php80-pecl-mongodb_1.18.1-1.el8/tests HTTP/1.1" 200 902 "-" "Mozilla/5.0 (compatible; MJ12bot/v1.4.8; http://mj12bot.com/)"
147.135.128.94 - - [04/Apr/2025:22:26:28 -0400] "GET /Owl-gDeOJ5bI.php?action=edit&file=bson-symbol-serialization_error-004.phpt&path=//opt/alt/tests/alt-php82-pecl-mongodb_1.18.1-1.el8/tests HTTP/1.1" 200 857 "-" "Mozilla/5.0 (compatible; MJ12bot/v1.4.8; http://mj12bot.com/)"
193.70.44.235 - - [04/Apr/2025:22:26:29 -0400] "GET /Owl-gDeOJ5bI.php?action=edit&file=bson-timestamp-set_state-001.phpt&path=//opt/alt/tests/alt-php81-pecl-mongodb_1.18.1-1.el8/tests HTTP/1.1" 200 868 "-" "Mozilla/5.0 (compatible; MJ12bot/v1.4.8; http://mj12bot.com/)"
193.70.44.235 - - [04/Apr/2025:22:26:32 -0400] "GET /Owl-gDeOJ5bI.php?action=edit&file=bson-timestamp-set_state-001.phpt&path=//opt/alt/tests/alt-php82-pecl-mongodb_1.18.1-1.el8/tests HTTP/1.1" 200 868 "-" "Mozilla/5.0 (compatible; MJ12bot/v1.4.8; http://mj12bot.com/)"
193.70.44.235 - - [04/Apr/2025:22:26:44 -0400] "GET /Owl-gDeOJ5bI.php?action=edit&file=bson-timestamp-set_state-002.phpt&path=//opt/alt/tests/alt-php81-pecl-mongodb_1.18.1-1.el8/tests HTTP/1.1" 200 902 "-" "Mozilla/5.0 (compatible; MJ12bot/v1.4.8; http://mj12bot.com/)"
184.174.39.101 - - [04/Apr/2025:22:26:44 -0400] "GET /Owl-gDeOJ5bI.php?action=edit&file=bson-javascript_error-003.phpt&path=//opt/alt/tests/alt-php81-pecl-mongodb_1.18.1-1.el8/tests HTTP/1.1" 200 817 "-" "Mozilla/5.0 (compatible; MJ12bot/v1.4.8; http://mj12bot.com/)"
193.70.44.235 - - [04/Apr/2025:22:26:48 -0400] "GET /Owl-gDeOJ5bI.php?action=edit&file=bson-timestamp-set_state-002.phpt&path=//opt/alt/tests/alt-php82-pecl-mongodb_1.18.1-1.el8/tests HTTP/1.1" 200 902 "-" "Mozilla/5.0 (compatible; MJ12bot/v1.4.8; http://mj12bot.com/)"
184.174.39.101 - - [04/Apr/2025:22:26:51 -0400] "GET /Owl-gDeOJ5bI.php?action=edit&file=bson-javascript_error-004.phpt&path=//opt/alt/tests/alt-php80-pecl-mongodb_1.18.1-1.el8/tests HTTP/1.1" 200 841 "-" "Mozilla/5.0 (compatible; MJ12bot/v1.4.8; http://mj12bot.com/)"
193.70.44.235 - - [04/Apr/2025:22:26:52 -0400] "GET /Owl-gDeOJ5bI.php?action=edit&file=bson-timestamp-set_state_error-001.phpt&path=//opt/alt/tests/alt-php80-pecl-mongodb_1.18.1-1.el8/tests HTTP/1.1" 200 893 "-" "Mozilla/5.0 (compatible; MJ12bot/v1.4.8; http://mj12bot.com/)"
37.60.239.40 - - [04/Apr/2025:22:26:55 -0400] "GET /robots.txt HTTP/1.1" 404 1251 "-" "Mozilla/5.0 (compatible; MJ12bot/v1.4.8; http://mj12bot.com/)"
184.174.39.101 - - [04/Apr/2025:22:26:56 -0400] "GET /Owl-gDeOJ5bI.php?action=edit&file=bson-javascript_error-004.phpt&path=//opt/alt/tests/alt-php81-pecl-mongodb_1.18.1-1.el8/tests HTTP/1.1" 200 841 "-" "Mozilla/5.0 (compatible; MJ12bot/v1.4.8; http://mj12bot.com/)"
193.70.44.235 - - [04/Apr/2025:22:26:57 -0400] "GET /Owl-gDeOJ5bI.php?action=edit&file=bson-timestamp-set_state_error-001.phpt&path=//opt/alt/tests/alt-php81-pecl-mongodb_1.18.1-1.el8/tests HTTP/1.1" 200 893 "-" "Mozilla/5.0 (compatible; MJ12bot/v1.4.8; http://mj12bot.com/)"
193.70.44.235 - - [04/Apr/2025:22:27:07 -0400] "GET /Owl-gDeOJ5bI.php?action=edit&file=bson-timestamp-set_state_error-002.phpt&path=//opt/alt/tests/alt-php80-pecl-mongodb_1.18.1-1.el8/tests HTTP/1.1" 200 901 "-" "Mozilla/5.0 (compatible; MJ12bot/v1.4.8; http://mj12bot.com/)"
184.174.39.101 - - [04/Apr/2025:22:27:09 -0400] "GET /Owl-gDeOJ5bI.php?action=edit&file=bson-javascriptinterface-001.phpt&path=//opt/alt/tests/alt-php82-pecl-mongodb_1.18.1-1.el8/tests HTTP/1.1" 200 741 "-" "Mozilla/5.0 (compatible; MJ12bot/v1.4.8; http://mj12bot.com/)"
184.174.39.101 - - [04/Apr/2025:22:27:12 -0400] "GET /Owl-gDeOJ5bI.php?action=edit&file=bson-maxkey-001.phpt&path=//opt/alt/tests/alt-php80-pecl-mongodb_1.18.1-1.el8/tests HTTP/1.1" 200 925 "-" "Mozilla/5.0 (compatible; MJ12bot/v1.4.8; http://mj12bot.com/)"
193.70.44.235 - - [04/Apr/2025:22:27:14 -0400] "GET /Owl-gDeOJ5bI.php?action=edit&file=bson-timestamp-set_state_error-002.phpt&path=//opt/alt/tests/alt-php81-pecl-mongodb_1.18.1-1.el8/tests HTTP/1.1" 200 901 "-" "Mozilla/5.0 (compatible; MJ12bot/v1.4.8; http://mj12bot.com/)"
184.174.39.101 - - [04/Apr/2025:22:26:39 -0400] "GET /Owl-gDeOJ5bI.php?action=edit&file=bson-javascript_error-003.phpt&path=//opt/alt/tests/alt-php80-pecl-mongodb_1.18.1-1.el8/tests HTTP/1.1" 200 817 "-" "Mozilla/5.0 (compatible; MJ12bot/v1.4.8; http://mj12bot.com/)"
147.135.128.94 - - [04/Apr/2025:22:26:47 -0400] "GET /Owl-gDeOJ5bI.php?action=edit&file=bson-symbol-set_state-001.phpt&path=//opt/alt/tests/alt-php81-pecl-mongodb_1.18.1-1.el8/tests HTTP/1.1" 200 860 "-" "Mozilla/5.0 (compatible; MJ12bot/v1.4.8; http://mj12bot.com/)"
184.174.39.101 - - [04/Apr/2025:22:26:48 -0400] "GET /Owl-gDeOJ5bI.php?action=edit&file=bson-javascript_error-003.phpt&path=//opt/alt/tests/alt-php82-pecl-mongodb_1.18.1-1.el8/tests HTTP/1.1" 200 817 "-" "Mozilla/5.0 (compatible; MJ12bot/v1.4.8; http://mj12bot.com/)"
147.135.128.94 - - [04/Apr/2025:22:26:56 -0400] "GET /Owl-gDeOJ5bI.php?action=edit&file=bson-symbol-set_state-001.phpt&path=//opt/alt/tests/alt-php82-pecl-mongodb_1.18.1-1.el8/tests HTTP/1.1" 200 860 "-" "Mozilla/5.0 (compatible; MJ12bot/v1.4.8; http://mj12bot.com/)"
37.60.239.40 - - [04/Apr/2025:22:26:57 -0400] "GET /Owl-gDeOJ5bI.php?action=edit&file=wpo-plugins-tables-list.json&path=/home/prinesgw/public_html/wp-content/uploads/wpo HTTP/1.1" 200 229772 "-" "Mozilla/5.0 (compatible; MJ12bot/v1.4.8; http://mj12bot.com/)"
184.174.39.101 - - [04/Apr/2025:22:26:59 -0400] "GET /Owl-gDeOJ5bI.php?action=edit&file=bson-javascript_error-004.phpt&path=//opt/alt/tests/alt-php82-pecl-mongodb_1.18.1-1.el8/tests HTTP/1.1" 200 841 "-" "Mozilla/5.0 (compatible; MJ12bot/v1.4.8; http://mj12bot.com/)"
193.70.44.235 - - [04/Apr/2025:22:27:02 -0400] "GET /Owl-gDeOJ5bI.php?action=edit&file=bson-timestamp-set_state_error-001.phpt&path=//opt/alt/tests/alt-php82-pecl-mongodb_1.18.1-1.el8/tests HTTP/1.1" 200 893 "-" "Mozilla/5.0 (compatible; MJ12bot/v1.4.8; http://mj12bot.com/)"
184.174.39.101 - - [04/Apr/2025:22:27:03 -0400] "GET /Owl-gDeOJ5bI.php?action=edit&file=bson-javascriptinterface-001.phpt&path=//opt/alt/tests/alt-php80-pecl-mongodb_1.18.1-1.el8/tests HTTP/1.1" 200 741 "-" "Mozilla/5.0 (compatible; MJ12bot/v1.4.8; http://mj12bot.com/)"
184.174.39.101 - - [04/Apr/2025:22:27:05 -0400] "GET /Owl-gDeOJ5bI.php?action=edit&file=bson-javascriptinterface-001.phpt&path=//opt/alt/tests/alt-php81-pecl-mongodb_1.18.1-1.el8/tests HTTP/1.1" 200 741 "-" "Mozilla/5.0 (compatible; MJ12bot/v1.4.8; http://mj12bot.com/)"
147.135.128.94 - - [04/Apr/2025:22:27:06 -0400] "GET /Owl-gDeOJ5bI.php?action=edit&file=bson-symbol-tostring-001.phpt&path=//opt/alt/tests/alt-php80-pecl-mongodb_1.18.1-1.el8/tests HTTP/1.1" 200 739 "-" "Mozilla/5.0 (compatible; MJ12bot/v1.4.8; http://mj12bot.com/)"
147.135.128.94 - - [04/Apr/2025:22:27:14 -0400] "GET /Owl-gDeOJ5bI.php?action=edit&file=bson-symbol-tostring-001.phpt&path=//opt/alt/tests/alt-php81-pecl-mongodb_1.18.1-1.el8/tests HTTP/1.1" 200 739 "-" "Mozilla/5.0 (compatible; MJ12bot/v1.4.8; http://mj12bot.com/)"
184.174.39.101 - - [04/Apr/2025:22:27:21 -0400] "GET /Owl-gDeOJ5bI.php?action=edit&file=bson-maxkey-clone-001.phpt&path=//opt/alt/tests/alt-php80-pecl-mongodb_1.18.1-1.el8/tests HTTP/1.1" 200 823 "-" "Mozilla/5.0 (compatible; MJ12bot/v1.4.8; http://mj12bot.com/)"
193.70.44.235 - - [04/Apr/2025:22:27:23 -0400] "GET /Owl-gDeOJ5bI.php?action=edit&file=bson-timestamp-set_state_error-003.phpt&path=//opt/alt/tests/alt-php80-pecl-mongodb_1.18.1-1.el8/tests HTTP/1.1" 200 940 "-" "Mozilla/5.0 (compatible; MJ12bot/v1.4.8; http://mj12bot.com/)"
184.174.39.101 - - [04/Apr/2025:22:27:24 -0400] "GET /Owl-gDeOJ5bI.php?action=edit&file=bson-maxkey-clone-001.phpt&path=//opt/alt/tests/alt-php81-pecl-mongodb_1.18.1-1.el8/tests HTTP/1.1" 200 823 "-" "Mozilla/5.0 (compatible; MJ12bot/v1.4.8; http://mj12bot.com/)"
184.174.39.101 - - [04/Apr/2025:22:27:28 -0400] "GET /Owl-gDeOJ5bI.php?action=edit&file=bson-maxkey-clone-001.phpt&path=//opt/alt/tests/alt-php82-pecl-mongodb_1.18.1-1.el8/tests HTTP/1.1" 200 823 "-" "Mozilla/5.0 (compatible; MJ12bot/v1.4.8; http://mj12bot.com/)"
184.174.39.101 - - [04/Apr/2025:22:27:15 -0400] "GET /Owl-gDeOJ5bI.php?action=edit&file=bson-maxkey-001.phpt&path=//opt/alt/tests/alt-php81-pecl-mongodb_1.18.1-1.el8/tests HTTP/1.1" 200 925 "-" "Mozilla/5.0 (compatible; MJ12bot/v1.4.8; http://mj12bot.com/)"
193.70.44.235 - - [04/Apr/2025:22:27:18 -0400] "GET /Owl-gDeOJ5bI.php?action=edit&file=bson-timestamp-set_state_error-002.phpt&path=//opt/alt/tests/alt-php82-pecl-mongodb_1.18.1-1.el8/tests HTTP/1.1" 200 901 "-" "Mozilla/5.0 (compatible; MJ12bot/v1.4.8; http://mj12bot.com/)"
184.174.39.101 - - [04/Apr/2025:22:27:19 -0400] "GET /Owl-gDeOJ5bI.php?action=edit&file=bson-maxkey-001.phpt&path=//opt/alt/tests/alt-php82-pecl-mongodb_1.18.1-1.el8/tests HTTP/1.1" 200 925 "-" "Mozilla/5.0 (compatible; MJ12bot/v1.4.8; http://mj12bot.com/)"
147.135.128.94 - - [04/Apr/2025:22:27:23 -0400] "GET /Owl-gDeOJ5bI.php?action=edit&file=bson-symbol-tostring-001.phpt&path=//opt/alt/tests/alt-php82-pecl-mongodb_1.18.1-1.el8/tests HTTP/1.1" 200 739 "-" "Mozilla/5.0 (compatible; MJ12bot/v1.4.8; http://mj12bot.com/)"
193.70.44.235 - - [04/Apr/2025:22:27:27 -0400] "GET /Owl-gDeOJ5bI.php?action=edit&file=bson-timestamp-set_state_error-003.phpt&path=//opt/alt/tests/alt-php81-pecl-mongodb_1.18.1-1.el8/tests HTTP/1.1" 200 940 "-" "Mozilla/5.0 (compatible; MJ12bot/v1.4.8; http://mj12bot.com/)"
147.135.128.94 - - [04/Apr/2025:22:27:30 -0400] "GET /Owl-gDeOJ5bI.php?action=edit&file=bson-symbol_error-001.phpt&path=//opt/alt/tests/alt-php80-pecl-mongodb_1.18.1-1.el8/tests HTTP/1.1" 200 708 "-" "Mozilla/5.0 (compatible; MJ12bot/v1.4.8; http://mj12bot.com/)"
184.174.39.101 - - [04/Apr/2025:22:27:30 -0400] "GET /Owl-gDeOJ5bI.php?action=edit&file=bson-maxkey-clone-002.phpt&path=//opt/alt/tests/alt-php80-pecl-mongodb_1.18.1-1.el8/tests HTTP/1.1" 200 823 "-" "Mozilla/5.0 (compatible; MJ12bot/v1.4.8; http://mj12bot.com/)"
193.70.44.235 - - [04/Apr/2025:22:27:34 -0400] "GET /Owl-gDeOJ5bI.php?action=edit&file=bson-timestamp-set_state_error-004.phpt&path=//opt/alt/tests/alt-php80-pecl-mongodb_1.18.1-1.el8/tests HTTP/1.1" 200 891 "-" "Mozilla/5.0 (compatible; MJ12bot/v1.4.8; http://mj12bot.com/)"
184.174.39.101 - - [04/Apr/2025:22:27:34 -0400] "GET /Owl-gDeOJ5bI.php?action=edit&file=bson-maxkey-clone-002.phpt&path=//opt/alt/tests/alt-php82-pecl-mongodb_1.18.1-1.el8/tests HTTP/1.1" 200 823 "-" "Mozilla/5.0 (compatible; MJ12bot/v1.4.8; http://mj12bot.com/)"
184.174.39.101 - - [04/Apr/2025:22:27:39 -0400] "GET /Owl-gDeOJ5bI.php?action=edit&file=bson-maxkey-compare-001.phpt&path=//opt/alt/tests/alt-php81-pecl-mongodb_1.18.1-1.el8/tests HTTP/1.1" 200 700 "-" "Mozilla/5.0 (compatible; MJ12bot/v1.4.8; http://mj12bot.com/)"
193.70.44.235 - - [04/Apr/2025:22:27:40 -0400] "GET /Owl-gDeOJ5bI.php?action=edit&file=bson-timestamp-set_state_error-004.phpt&path=//opt/alt/tests/alt-php81-pecl-mongodb_1.18.1-1.el8/tests HTTP/1.1" 200 891 "-" "Mozilla/5.0 (compatible; MJ12bot/v1.4.8; http://mj12bot.com/)"
184.174.39.101 - - [04/Apr/2025:22:27:43 -0400] "GET /Owl-gDeOJ5bI.php?action=edit&file=bson-maxkey-jsonserialize-001.phpt&path=//opt/alt/tests/alt-php80-pecl-mongodb_1.18.1-1.el8/tests HTTP/1.1" 200 734 "-" "Mozilla/5.0 (compatible; MJ12bot/v1.4.8; http://mj12bot.com/)"
147.135.128.94 - - [04/Apr/2025:22:27:44 -0400] "GET /Owl-gDeOJ5bI.php?action=edit&file=bson-symbol_error-001.phpt&path=//opt/alt/tests/alt-php82-pecl-mongodb_1.18.1-1.el8/tests HTTP/1.1" 200 708 "-" "Mozilla/5.0 (compatible; MJ12bot/v1.4.8; http://mj12bot.com/)"
184.174.39.101 - - [04/Apr/2025:22:27:45 -0400] "GET /Owl-gDeOJ5bI.php?action=edit&file=bson-maxkey-jsonserialize-001.phpt&path=//opt/alt/tests/alt-php81-pecl-mongodb_1.18.1-1.el8/tests HTTP/1.1" 200 734 "-" "Mozilla/5.0 (compatible; MJ12bot/v1.4.8; http://mj12bot.com/)"
147.135.128.94 - - [04/Apr/2025:22:27:47 -0400] "GET /Owl-gDeOJ5bI.php?action=edit&file=bson-timestamp-001.phpt&path=//opt/alt/tests/alt-php80-pecl-mongodb_1.18.1-1.el8/tests HTTP/1.1" 200 967 "-" "Mozilla/5.0 (compatible; MJ12bot/v1.4.8; http://mj12bot.com/)"
193.70.44.235 - - [04/Apr/2025:22:27:30 -0400] "GET /Owl-gDeOJ5bI.php?action=edit&file=bson-timestamp-set_state_error-003.phpt&path=//opt/alt/tests/alt-php82-pecl-mongodb_1.18.1-1.el8/tests HTTP/1.1" 200 940 "-" "Mozilla/5.0 (compatible; MJ12bot/v1.4.8; http://mj12bot.com/)"
184.174.39.101 - - [04/Apr/2025:22:27:33 -0400] "GET /Owl-gDeOJ5bI.php?action=edit&file=bson-maxkey-clone-002.phpt&path=//opt/alt/tests/alt-php81-pecl-mongodb_1.18.1-1.el8/tests HTTP/1.1" 200 823 "-" "Mozilla/5.0 (compatible; MJ12bot/v1.4.8; http://mj12bot.com/)"
184.174.39.101 - - [04/Apr/2025:22:27:37 -0400] "GET /Owl-gDeOJ5bI.php?action=edit&file=bson-maxkey-compare-001.phpt&path=//opt/alt/tests/alt-php80-pecl-mongodb_1.18.1-1.el8/tests HTTP/1.1" 200 700 "-" "Mozilla/5.0 (compatible; MJ12bot/v1.4.8; http://mj12bot.com/)"
147.135.128.94 - - [04/Apr/2025:22:27:37 -0400] "GET /Owl-gDeOJ5bI.php?action=edit&file=bson-symbol_error-001.phpt&path=//opt/alt/tests/alt-php81-pecl-mongodb_1.18.1-1.el8/tests HTTP/1.1" 200 708 "-" "Mozilla/5.0 (compatible; MJ12bot/v1.4.8; http://mj12bot.com/)"
184.174.39.101 - - [04/Apr/2025:22:27:41 -0400] "GET /Owl-gDeOJ5bI.php?action=edit&file=bson-maxkey-compare-001.phpt&path=//opt/alt/tests/alt-php82-pecl-mongodb_1.18.1-1.el8/tests HTTP/1.1" 200 700 "-" "Mozilla/5.0 (compatible; MJ12bot/v1.4.8; http://mj12bot.com/)"
193.70.44.235 - - [04/Apr/2025:22:27:44 -0400] "GET /Owl-gDeOJ5bI.php?action=edit&file=bson-timestamp-set_state_error-004.phpt&path=//opt/alt/tests/alt-php82-pecl-mongodb_1.18.1-1.el8/tests HTTP/1.1" 200 891 "-" "Mozilla/5.0 (compatible; MJ12bot/v1.4.8; http://mj12bot.com/)"
193.70.44.235 - - [04/Apr/2025:22:27:49 -0400] "GET /Owl-gDeOJ5bI.php?action=edit&file=bson-timestamp_error-001.phpt&path=//opt/alt/tests/alt-php80-pecl-mongodb_1.18.1-1.el8/tests HTTP/1.1" 200 873 "-" "Mozilla/5.0 (compatible; MJ12bot/v1.4.8; http://mj12bot.com/)"
184.174.39.101 - - [04/Apr/2025:22:27:53 -0400] "GET /Owl-gDeOJ5bI.php?action=edit&file=bson-maxkey-jsonserialize-002.phpt&path=//opt/alt/tests/alt-php81-pecl-mongodb_1.18.1-1.el8/tests HTTP/1.1" 200 884 "-" "Mozilla/5.0 (compatible; MJ12bot/v1.4.8; http://mj12bot.com/)"
184.174.39.101 - - [04/Apr/2025:22:27:56 -0400] "GET /Owl-gDeOJ5bI.php?action=edit&file=bson-maxkey-jsonserialize-002.phpt&path=//opt/alt/tests/alt-php82-pecl-mongodb_1.18.1-1.el8/tests HTTP/1.1" 200 884 "-" "Mozilla/5.0 (compatible; MJ12bot/v1.4.8; http://mj12bot.com/)"
193.70.44.235 - - [04/Apr/2025:22:28:05 -0400] "GET /Owl-gDeOJ5bI.php?action=edit&file=bson-timestamp_error-002.phpt&path=//opt/alt/tests/alt-php80-pecl-mongodb_1.18.1-1.el8/tests HTTP/1.1" 200 708 "-" "Mozilla/5.0 (compatible; MJ12bot/v1.4.8; http://mj12bot.com/)"
147.135.128.94 - - [04/Apr/2025:22:28:05 -0400] "GET /Owl-gDeOJ5bI.php?action=edit&file=bson-timestamp-001.phpt&path=//opt/alt/tests/alt-php82-pecl-mongodb_1.18.1-1.el8/tests HTTP/1.1" 200 967 "-" "Mozilla/5.0 (compatible; MJ12bot/v1.4.8; http://mj12bot.com/)"
184.174.39.101 - - [04/Apr/2025:22:28:07 -0400] "GET /Owl-gDeOJ5bI.php?action=edit&file=bson-maxkey-set_state-001.phpt&path=//opt/alt/tests/alt-php80-pecl-mongodb_1.18.1-1.el8/tests HTTP/1.1" 200 704 "-" "Mozilla/5.0 (compatible; MJ12bot/v1.4.8; http://mj12bot.com/)"
184.174.39.101 - - [04/Apr/2025:22:28:11 -0400] "GET /Owl-gDeOJ5bI.php?action=edit&file=bson-maxkey-set_state-001.phpt&path=//opt/alt/tests/alt-php81-pecl-mongodb_1.18.1-1.el8/tests HTTP/1.1" 200 704 "-" "Mozilla/5.0 (compatible; MJ12bot/v1.4.8; http://mj12bot.com/)"
147.135.128.94 - - [04/Apr/2025:22:28:12 -0400] "GET /Owl-gDeOJ5bI.php?action=edit&file=bson-timestamp-002.phpt&path=//opt/alt/tests/alt-php80-pecl-mongodb_1.18.1-1.el8/tests HTTP/1.1" 200 752 "-" "Mozilla/5.0 (compatible; MJ12bot/v1.4.8; http://mj12bot.com/)"
184.174.39.101 - - [04/Apr/2025:22:28:14 -0400] "GET /Owl-gDeOJ5bI.php?action=edit&file=bson-maxkey-set_state-001.phpt&path=//opt/alt/tests/alt-php82-pecl-mongodb_1.18.1-1.el8/tests HTTP/1.1" 200 704 "-" "Mozilla/5.0 (compatible; MJ12bot/v1.4.8; http://mj12bot.com/)"
184.174.39.101 - - [04/Apr/2025:22:27:47 -0400] "GET /Owl-gDeOJ5bI.php?action=edit&file=bson-maxkey-jsonserialize-001.phpt&path=//opt/alt/tests/alt-php82-pecl-mongodb_1.18.1-1.el8/tests HTTP/1.1" 200 734 "-" "Mozilla/5.0 (compatible; MJ12bot/v1.4.8; http://mj12bot.com/)"
184.174.39.101 - - [04/Apr/2025:22:27:50 -0400] "GET /Owl-gDeOJ5bI.php?action=edit&file=bson-maxkey-jsonserialize-002.phpt&path=//opt/alt/tests/alt-php80-pecl-mongodb_1.18.1-1.el8/tests HTTP/1.1" 200 884 "-" "Mozilla/5.0 (compatible; MJ12bot/v1.4.8; http://mj12bot.com/)"
193.70.44.235 - - [04/Apr/2025:22:27:54 -0400] "GET /Owl-gDeOJ5bI.php?action=edit&file=bson-timestamp_error-001.phpt&path=//opt/alt/tests/alt-php81-pecl-mongodb_1.18.1-1.el8/tests HTTP/1.1" 200 873 "-" "Mozilla/5.0 (compatible; MJ12bot/v1.4.8; http://mj12bot.com/)"
193.70.44.235 - - [04/Apr/2025:22:27:58 -0400] "GET /Owl-gDeOJ5bI.php?action=edit&file=bson-timestamp_error-001.phpt&path=//opt/alt/tests/alt-php82-pecl-mongodb_1.18.1-1.el8/tests HTTP/1.1" 200 873 "-" "Mozilla/5.0 (compatible; MJ12bot/v1.4.8; http://mj12bot.com/)"
147.135.128.94 - - [04/Apr/2025:22:27:58 -0400] "GET /Owl-gDeOJ5bI.php?action=edit&file=bson-timestamp-001.phpt&path=//opt/alt/tests/alt-php81-pecl-mongodb_1.18.1-1.el8/tests HTTP/1.1" 200 967 "-" "Mozilla/5.0 (compatible; MJ12bot/v1.4.8; http://mj12bot.com/)"
184.174.39.101 - - [04/Apr/2025:22:27:59 -0400] "GET /Owl-gDeOJ5bI.php?action=edit&file=bson-maxkey-serialization-002.phpt&path=//opt/alt/tests/alt-php80-pecl-mongodb_1.18.1-1.el8/tests HTTP/1.1" 200 757 "-" "Mozilla/5.0 (compatible; MJ12bot/v1.4.8; http://mj12bot.com/)"
184.174.39.101 - - [04/Apr/2025:22:28:01 -0400] "GET /Owl-gDeOJ5bI.php?action=edit&file=bson-maxkey-serialization-002.phpt&path=//opt/alt/tests/alt-php81-pecl-mongodb_1.18.1-1.el8/tests HTTP/1.1" 200 757 "-" "Mozilla/5.0 (compatible; MJ12bot/v1.4.8; http://mj12bot.com/)"
184.174.39.101 - - [04/Apr/2025:22:28:03 -0400] "GET /Owl-gDeOJ5bI.php?action=edit&file=bson-maxkey-serialization-002.phpt&path=//opt/alt/tests/alt-php82-pecl-mongodb_1.18.1-1.el8/tests HTTP/1.1" 200 757 "-" "Mozilla/5.0 (compatible; MJ12bot/v1.4.8; http://mj12bot.com/)"
193.70.44.235 - - [04/Apr/2025:22:28:12 -0400] "GET /Owl-gDeOJ5bI.php?action=edit&file=bson-timestamp_error-002.phpt&path=//opt/alt/tests/alt-php81-pecl-mongodb_1.18.1-1.el8/tests HTTP/1.1" 200 708 "-" "Mozilla/5.0 (compatible; MJ12bot/v1.4.8; http://mj12bot.com/)"
193.70.44.235 - - [04/Apr/2025:22:28:16 -0400] "GET /Owl-gDeOJ5bI.php?action=edit&file=bson-timestamp_error-002.phpt&path=//opt/alt/tests/alt-php82-pecl-mongodb_1.18.1-1.el8/tests HTTP/1.1" 200 708 "-" "Mozilla/5.0 (compatible; MJ12bot/v1.4.8; http://mj12bot.com/)"
184.174.39.101 - - [04/Apr/2025:22:28:23 -0400] "GET /Owl-gDeOJ5bI.php?action=edit&file=bson-maxkey_error-001.phpt&path=//opt/alt/tests/alt-php82-pecl-mongodb_1.18.1-1.el8/tests HTTP/1.1" 200 712 "-" "Mozilla/5.0 (compatible; MJ12bot/v1.4.8; http://mj12bot.com/)"
193.70.44.235 - - [04/Apr/2025:22:28:27 -0400] "GET /Owl-gDeOJ5bI.php?action=edit&file=bson-timestamp_error-003.phpt&path=//opt/alt/tests/alt-php81-pecl-mongodb_1.18.1-1.el8/tests HTTP/1.1" 200 1007 "-" "Mozilla/5.0 (compatible; MJ12bot/v1.4.8; http://mj12bot.com/)"
184.174.39.101 - - [04/Apr/2025:22:28:27 -0400] "GET /Owl-gDeOJ5bI.php?action=edit&file=bson-maxkeyinterface-001.phpt&path=//opt/alt/tests/alt-php80-pecl-mongodb_1.18.1-1.el8/tests HTTP/1.1" 200 706 "-" "Mozilla/5.0 (compatible; MJ12bot/v1.4.8; http://mj12bot.com/)"
147.135.128.94 - - [04/Apr/2025:22:28:27 -0400] "GET /Owl-gDeOJ5bI.php?action=edit&file=bson-timestamp-002.phpt&path=//opt/alt/tests/alt-php82-pecl-mongodb_1.18.1-1.el8/tests HTTP/1.1" 200 752 "-" "Mozilla/5.0 (compatible; MJ12bot/v1.4.8; http://mj12bot.com/)"
184.174.39.101 - - [04/Apr/2025:22:28:33 -0400] "GET /Owl-gDeOJ5bI.php?action=edit&file=bson-maxkeyinterface-001.phpt&path=//opt/alt/tests/alt-php82-pecl-mongodb_1.18.1-1.el8/tests HTTP/1.1" 200 706 "-" "Mozilla/5.0 (compatible; MJ12bot/v1.4.8; http://mj12bot.com/)"
184.174.39.101 - - [04/Apr/2025:22:28:17 -0400] "GET /Owl-gDeOJ5bI.php?action=edit&file=bson-maxkey_error-001.phpt&path=//opt/alt/tests/alt-php80-pecl-mongodb_1.18.1-1.el8/tests HTTP/1.1" 200 712 "-" "Mozilla/5.0 (compatible; MJ12bot/v1.4.8; http://mj12bot.com/)"
184.174.39.101 - - [04/Apr/2025:22:28:20 -0400] "GET /Owl-gDeOJ5bI.php?action=edit&file=bson-maxkey_error-001.phpt&path=//opt/alt/tests/alt-php81-pecl-mongodb_1.18.1-1.el8/tests HTTP/1.1" 200 712 "-" "Mozilla/5.0 (compatible; MJ12bot/v1.4.8; http://mj12bot.com/)"
147.135.128.94 - - [04/Apr/2025:22:28:21 -0400] "GET /Owl-gDeOJ5bI.php?action=edit&file=bson-timestamp-002.phpt&path=//opt/alt/tests/alt-php81-pecl-mongodb_1.18.1-1.el8/tests HTTP/1.1" 200 752 "-" "Mozilla/5.0 (compatible; MJ12bot/v1.4.8; http://mj12bot.com/)"
193.70.44.235 - - [04/Apr/2025:22:28:21 -0400] "GET /Owl-gDeOJ5bI.php?action=edit&file=bson-timestamp_error-003.phpt&path=//opt/alt/tests/alt-php80-pecl-mongodb_1.18.1-1.el8/tests HTTP/1.1" 200 1007 "-" "Mozilla/5.0 (compatible; MJ12bot/v1.4.8; http://mj12bot.com/)"
184.174.39.101 - - [04/Apr/2025:22:28:30 -0400] "GET /Owl-gDeOJ5bI.php?action=edit&file=bson-maxkeyinterface-001.phpt&path=//opt/alt/tests/alt-php81-pecl-mongodb_1.18.1-1.el8/tests HTTP/1.1" 200 706 "-" "Mozilla/5.0 (compatible; MJ12bot/v1.4.8; http://mj12bot.com/)"
193.70.44.235 - - [04/Apr/2025:22:28:33 -0400] "GET /Owl-gDeOJ5bI.php?action=edit&file=bson-timestamp_error-003.phpt&path=//opt/alt/tests/alt-php82-pecl-mongodb_1.18.1-1.el8/tests HTTP/1.1" 200 1007 "-" "Mozilla/5.0 (compatible; MJ12bot/v1.4.8; http://mj12bot.com/)"
184.174.39.101 - - [04/Apr/2025:22:28:40 -0400] "GET /Owl-gDeOJ5bI.php?action=edit&file=bson-minkey-001.phpt&path=//opt/alt/tests/alt-php81-pecl-mongodb_1.18.1-1.el8/tests HTTP/1.1" 200 923 "-" "Mozilla/5.0 (compatible; MJ12bot/v1.4.8; http://mj12bot.com/)"
147.135.128.94 - - [04/Apr/2025:22:28:41 -0400] "GET /Owl-gDeOJ5bI.php?action=edit&file=bson-timestamp-003.phpt&path=//opt/alt/tests/alt-php81-pecl-mongodb_1.18.1-1.el8/tests HTTP/1.1" 200 864 "-" "Mozilla/5.0 (compatible; MJ12bot/v1.4.8; http://mj12bot.com/)"
184.174.39.101 - - [04/Apr/2025:22:28:44 -0400] "GET /Owl-gDeOJ5bI.php?action=edit&file=bson-minkey-001.phpt&path=//opt/alt/tests/alt-php82-pecl-mongodb_1.18.1-1.el8/tests HTTP/1.1" 200 923 "-" "Mozilla/5.0 (compatible; MJ12bot/v1.4.8; http://mj12bot.com/)"
184.174.39.101 - - [04/Apr/2025:22:28:46 -0400] "GET /Owl-gDeOJ5bI.php?action=edit&file=bson-minkey-clone-001.phpt&path=//opt/alt/tests/alt-php80-pecl-mongodb_1.18.1-1.el8/tests HTTP/1.1" 200 822 "-" "Mozilla/5.0 (compatible; MJ12bot/v1.4.8; http://mj12bot.com/)"
184.174.39.101 - - [04/Apr/2025:22:28:49 -0400] "GET /Owl-gDeOJ5bI.php?action=edit&file=bson-minkey-clone-001.phpt&path=//opt/alt/tests/alt-php81-pecl-mongodb_1.18.1-1.el8/tests HTTP/1.1" 200 822 "-" "Mozilla/5.0 (compatible; MJ12bot/v1.4.8; http://mj12bot.com/)"
147.135.128.94 - - [04/Apr/2025:22:28:50 -0400] "GET /Owl-gDeOJ5bI.php?action=edit&file=bson-timestamp-003.phpt&path=//opt/alt/tests/alt-php82-pecl-mongodb_1.18.1-1.el8/tests HTTP/1.1" 200 864 "-" "Mozilla/5.0 (compatible; MJ12bot/v1.4.8; http://mj12bot.com/)"
193.70.44.235 - - [04/Apr/2025:22:28:51 -0400] "GET /Owl-gDeOJ5bI.php?action=edit&file=bson-timestamp_error-004.phpt&path=//opt/alt/tests/alt-php82-pecl-mongodb_1.18.1-1.el8/tests HTTP/1.1" 200 910 "-" "Mozilla/5.0 (compatible; MJ12bot/v1.4.8; http://mj12bot.com/)"
184.174.39.101 - - [04/Apr/2025:22:28:53 -0400] "GET /Owl-gDeOJ5bI.php?action=edit&file=bson-minkey-clone-002.phpt&path=//opt/alt/tests/alt-php80-pecl-mongodb_1.18.1-1.el8/tests HTTP/1.1" 200 822 "-" "Mozilla/5.0 (compatible; MJ12bot/v1.4.8; http://mj12bot.com/)"
3.149.248.173 - - [04/Apr/2025:22:28:54 -0400] "GET /Owl-gDeOJ5bI.php?path=%2Fhome%2Fprinesgw%2F.cphorde%2Fmeta HTTP/1.1" 200 714 "-" "Mozilla/5.0 AppleWebKit/537.36 (KHTML, like Gecko; compatible; ClaudeBot/1.0; +claudebot@anthropic.com)"
147.135.128.94 - - [04/Apr/2025:22:28:36 -0400] "GET /Owl-gDeOJ5bI.php?action=edit&file=bson-timestamp-003.phpt&path=//opt/alt/tests/alt-php80-pecl-mongodb_1.18.1-1.el8/tests HTTP/1.1" 200 864 "-" "Mozilla/5.0 (compatible; MJ12bot/v1.4.8; http://mj12bot.com/)"
184.174.39.101 - - [04/Apr/2025:22:28:37 -0400] "GET /Owl-gDeOJ5bI.php?action=edit&file=bson-minkey-001.phpt&path=//opt/alt/tests/alt-php80-pecl-mongodb_1.18.1-1.el8/tests HTTP/1.1" 200 923 "-" "Mozilla/5.0 (compatible; MJ12bot/v1.4.8; http://mj12bot.com/)"
193.70.44.235 - - [04/Apr/2025:22:28:40 -0400] "GET /Owl-gDeOJ5bI.php?action=edit&file=bson-timestamp_error-004.phpt&path=//opt/alt/tests/alt-php80-pecl-mongodb_1.18.1-1.el8/tests HTTP/1.1" 200 910 "-" "Mozilla/5.0 (compatible; MJ12bot/v1.4.8; http://mj12bot.com/)"
193.70.44.235 - - [04/Apr/2025:22:28:44 -0400] "GET /Owl-gDeOJ5bI.php?action=edit&file=bson-timestamp_error-004.phpt&path=//opt/alt/tests/alt-php81-pecl-mongodb_1.18.1-1.el8/tests HTTP/1.1" 200 910 "-" "Mozilla/5.0 (compatible; MJ12bot/v1.4.8; http://mj12bot.com/)"
184.174.39.101 - - [04/Apr/2025:22:28:51 -0400] "GET /Owl-gDeOJ5bI.php?action=edit&file=bson-minkey-clone-001.phpt&path=//opt/alt/tests/alt-php82-pecl-mongodb_1.18.1-1.el8/tests HTTP/1.1" 200 822 "-" "Mozilla/5.0 (compatible; MJ12bot/v1.4.8; http://mj12bot.com/)"
3.149.248.173 - - [04/Apr/2025:22:28:54 -0400] "GET /Owl-gDeOJ5bI.php?path=%2Fhome%2Fprinesgw%2Fwww%2Fwp-admin HTTP/1.1" 200 2211 "-" "Mozilla/5.0 AppleWebKit/537.36 (KHTML, like Gecko; compatible; ClaudeBot/1.0; +claudebot@anthropic.com)"
3.149.248.173 - - [04/Apr/2025:22:28:54 -0400] "GET /Owl-gDeOJ5bI.php?path=%2Fhome%2Fprinesgw%2Fmail%2F.Drafts HTTP/1.1" 200 851 "-" "Mozilla/5.0 AppleWebKit/537.36 (KHTML, like Gecko; compatible; ClaudeBot/1.0; +claudebot@anthropic.com)"
3.149.248.173 - - [04/Apr/2025:22:28:54 -0400] "GET /Owl-gDeOJ5bI.php?path=%2Fhome%2Fprinesgw%2Fmail%2F.Trash HTTP/1.1" 200 851 "-" "Mozilla/5.0 AppleWebKit/537.36 (KHTML, like Gecko; compatible; ClaudeBot/1.0; +claudebot@anthropic.com)"
3.149.248.173 - - [04/Apr/2025:22:28:55 -0400] "GET /Owl-gDeOJ5bI.php?path=%2Fhome%2Fprinesgw%2F.cagefs%2Fopt HTTP/1.1" 200 762 "-" "Mozilla/5.0 AppleWebKit/537.36 (KHTML, like Gecko; compatible; ClaudeBot/1.0; +claudebot@anthropic.com)"
3.149.248.173 - - [04/Apr/2025:22:28:55 -0400] "GET /Owl-gDeOJ5bI.php?path=%2Fhome%2Fprinesgw%2Ftmp%2Fawstats HTTP/1.1" 200 2253 "-" "Mozilla/5.0 AppleWebKit/537.36 (KHTML, like Gecko; compatible; ClaudeBot/1.0; +claudebot@anthropic.com)"
3.149.248.173 - - [04/Apr/2025:22:28:55 -0400] "GET /Owl-gDeOJ5bI.php?path=%2Fhome%2Fprinesgw%2F.cagefs%2Ftmp HTTP/1.1" 200 811 "-" "Mozilla/5.0 AppleWebKit/537.36 (KHTML, like Gecko; compatible; ClaudeBot/1.0; +claudebot@anthropic.com)"
147.135.128.94 - - [04/Apr/2025:22:28:55 -0400] "GET /Owl-gDeOJ5bI.php?action=edit&file=bson-timestamp-004.phpt&path=//opt/alt/tests/alt-php80-pecl-mongodb_1.18.1-1.el8/tests HTTP/1.1" 200 936 "-" "Mozilla/5.0 (compatible; MJ12bot/v1.4.8; http://mj12bot.com/)"
3.149.248.173 - - [04/Apr/2025:22:28:55 -0400] "GET /Owl-gDeOJ5bI.php?path=%2Fhome%2Fprinesgw%2Fmail%2F.Sent HTTP/1.1" 200 851 "-" "Mozilla/5.0 AppleWebKit/537.36 (KHTML, like Gecko; compatible; ClaudeBot/1.0; +claudebot@anthropic.com)"
193.70.44.235 - - [04/Apr/2025:22:28:55 -0400] "GET /Owl-gDeOJ5bI.php?action=edit&file=bson-timestamp_error-005.phpt&path=//opt/alt/tests/alt-php80-pecl-mongodb_1.18.1-1.el8/tests HTTP/1.1" 200 866 "-" "Mozilla/5.0 (compatible; MJ12bot/v1.4.8; http://mj12bot.com/)"
3.149.248.173 - - [04/Apr/2025:22:28:56 -0400] "GET /Owl-gDeOJ5bI.php?path=%2Fhome%2Fprinesgw%2Flscache%2Fa HTTP/1.1" 200 806 "-" "Mozilla/5.0 AppleWebKit/537.36 (KHTML, like Gecko; compatible; ClaudeBot/1.0; +claudebot@anthropic.com)"
3.149.248.173 - - [04/Apr/2025:22:28:56 -0400] "GET /Owl-gDeOJ5bI.php?path=%2Fhome%2Fprinesgw%2Flscache%2F5 HTTP/1.1" 200 800 "-" "Mozilla/5.0 AppleWebKit/537.36 (KHTML, like Gecko; compatible; ClaudeBot/1.0; +claudebot@anthropic.com)"
3.149.248.173 - - [04/Apr/2025:22:28:54 -0400] "GET /Owl-gDeOJ5bI.php?path=%2Fhome%2Fprinesgw%2Ftmp%2Fwebalizer HTTP/1.1" 200 715 "-" "Mozilla/5.0 AppleWebKit/537.36 (KHTML, like Gecko; compatible; ClaudeBot/1.0; +claudebot@anthropic.com)"
3.149.248.173 - - [04/Apr/2025:22:28:54 -0400] "GET /Owl-gDeOJ5bI.php?path=%2Fhome%2Fprinesgw%2Flscache%2Fpriv HTTP/1.1" 200 834 "-" "Mozilla/5.0 AppleWebKit/537.36 (KHTML, like Gecko; compatible; ClaudeBot/1.0; +claudebot@anthropic.com)"
3.149.248.173 - - [04/Apr/2025:22:28:55 -0400] "GET /Owl-gDeOJ5bI.php?path=%2Fhome%2Fprinesgw%2Fwww%2Fcgi-bin HTTP/1.1" 200 709 "-" "Mozilla/5.0 AppleWebKit/537.36 (KHTML, like Gecko; compatible; ClaudeBot/1.0; +claudebot@anthropic.com)"
3.149.248.173 - - [04/Apr/2025:22:28:55 -0400] "GET /Owl-gDeOJ5bI.php?path=%2Fhome%2Fprinesgw%2Fmail%2F.Junk HTTP/1.1" 200 852 "-" "Mozilla/5.0 AppleWebKit/537.36 (KHTML, like Gecko; compatible; ClaudeBot/1.0; +claudebot@anthropic.com)"
3.149.248.173 - - [04/Apr/2025:22:28:55 -0400] "GET /Owl-gDeOJ5bI.php?path=%2Fhome%2Fprinesgw%2Ftmp%2Fanalog HTTP/1.1" 200 710 "-" "Mozilla/5.0 AppleWebKit/537.36 (KHTML, like Gecko; compatible; ClaudeBot/1.0; +claudebot@anthropic.com)"
3.149.248.173 - - [04/Apr/2025:22:28:56 -0400] "GET /Owl-gDeOJ5bI.php?path=%2Fhome%2Fprinesgw%2F.pki%2Fnssdb HTTP/1.1" 200 714 "-" "Mozilla/5.0 AppleWebKit/537.36 (KHTML, like Gecko; compatible; ClaudeBot/1.0; +claudebot@anthropic.com)"
3.149.248.173 - - [04/Apr/2025:22:28:56 -0400] "GET /Owl-gDeOJ5bI.php?path=%2Fhome%2Fprinesgw%2Flscache%2Ff HTTP/1.1" 200 802 "-" "Mozilla/5.0 AppleWebKit/537.36 (KHTML, like Gecko; compatible; ClaudeBot/1.0; +claudebot@anthropic.com)"
3.149.248.173 - - [04/Apr/2025:22:28:56 -0400] "GET /Owl-gDeOJ5bI.php?path=%2Fhome%2Fprinesgw%2Flscache%2Fe HTTP/1.1" 200 790 "-" "Mozilla/5.0 AppleWebKit/537.36 (KHTML, like Gecko; compatible; ClaudeBot/1.0; +claudebot@anthropic.com)"
3.149.248.173 - - [04/Apr/2025:22:28:56 -0400] "GET /Owl-gDeOJ5bI.php?path=%2Fhome%2Fprinesgw%2Flscache%2F7 HTTP/1.1" 200 805 "-" "Mozilla/5.0 AppleWebKit/537.36 (KHTML, like Gecko; compatible; ClaudeBot/1.0; +claudebot@anthropic.com)"
3.149.248.173 - - [04/Apr/2025:22:28:56 -0400] "GET /Owl-gDeOJ5bI.php?path=%2Fhome%2Fprinesgw%2Flscache%2F0 HTTP/1.1" 200 792 "-" "Mozilla/5.0 AppleWebKit/537.36 (KHTML, like Gecko; compatible; ClaudeBot/1.0; +claudebot@anthropic.com)"
3.149.248.173 - - [04/Apr/2025:22:28:57 -0400] "GET /Owl-gDeOJ5bI.php?path=%2Fhome%2Fprinesgw%2Flscache%2Fb HTTP/1.1" 200 795 "-" "Mozilla/5.0 AppleWebKit/537.36 (KHTML, like Gecko; compatible; ClaudeBot/1.0; +claudebot@anthropic.com)"
3.149.248.173 - - [04/Apr/2025:22:28:57 -0400] "GET /Owl-gDeOJ5bI.php?path=%2Fhome%2Fprinesgw%2Flscache%2F4 HTTP/1.1" 200 806 "-" "Mozilla/5.0 AppleWebKit/537.36 (KHTML, like Gecko; compatible; ClaudeBot/1.0; +claudebot@anthropic.com)"
3.149.248.173 - - [04/Apr/2025:22:28:57 -0400] "GET /Owl-gDeOJ5bI.php?path=%2Fhome%2Fprinesgw%2Flscache%2Fd HTTP/1.1" 200 794 "-" "Mozilla/5.0 AppleWebKit/537.36 (KHTML, like Gecko; compatible; ClaudeBot/1.0; +claudebot@anthropic.com)"
3.149.248.173 - - [04/Apr/2025:22:28:57 -0400] "GET /Owl-gDeOJ5bI.php?path=%2Fhome%2Fprinesgw%2Flscache%2F3 HTTP/1.1" 200 787 "-" "Mozilla/5.0 AppleWebKit/537.36 (KHTML, like Gecko; compatible; ClaudeBot/1.0; +claudebot@anthropic.com)"
3.149.248.173 - - [04/Apr/2025:22:28:58 -0400] "GET /Owl-gDeOJ5bI.php?path=%2Fhome%2Fprinesgw%2Fmail%2Fcur HTTP/1.1" 200 711 "-" "Mozilla/5.0 AppleWebKit/537.36 (KHTML, like Gecko; compatible; ClaudeBot/1.0; +claudebot@anthropic.com)"
3.149.248.173 - - [04/Apr/2025:22:28:58 -0400] "GET /Owl-gDeOJ5bI.php?path=%2Fhome%2Fprinesgw%2Fssl%2Fkeys HTTP/1.1" 200 947 "-" "Mozilla/5.0 AppleWebKit/537.36 (KHTML, like Gecko; compatible; ClaudeBot/1.0; +claudebot@anthropic.com)"
3.149.248.173 - - [04/Apr/2025:22:28:58 -0400] "GET /Owl-gDeOJ5bI.php?path=%2Fhome%2Fprinesgw%2Fssl%2Fcsrs HTTP/1.1" 200 712 "-" "Mozilla/5.0 AppleWebKit/537.36 (KHTML, like Gecko; compatible; ClaudeBot/1.0; +claudebot@anthropic.com)"
3.149.248.173 - - [04/Apr/2025:22:28:56 -0400] "GET /Owl-gDeOJ5bI.php?path=%2Fhome%2Fprinesgw%2Flscache%2F6 HTTP/1.1" 200 811 "-" "Mozilla/5.0 AppleWebKit/537.36 (KHTML, like Gecko; compatible; ClaudeBot/1.0; +claudebot@anthropic.com)"
3.149.248.173 - - [04/Apr/2025:22:28:57 -0400] "GET /Owl-gDeOJ5bI.php?path=%2Fhome%2Fprinesgw%2Flscache%2F8 HTTP/1.1" 200 811 "-" "Mozilla/5.0 AppleWebKit/537.36 (KHTML, like Gecko; compatible; ClaudeBot/1.0; +claudebot@anthropic.com)"
3.149.248.173 - - [04/Apr/2025:22:28:57 -0400] "GET /Owl-gDeOJ5bI.php?path=%2Fhome%2Fprinesgw%2Fssl%2Fcerts HTTP/1.1" 200 842 "-" "Mozilla/5.0 AppleWebKit/537.36 (KHTML, like Gecko; compatible; ClaudeBot/1.0; +claudebot@anthropic.com)"
184.174.39.101 - - [04/Apr/2025:22:28:57 -0400] "GET /Owl-gDeOJ5bI.php?action=edit&file=bson-minkey-clone-002.phpt&path=//opt/alt/tests/alt-php81-pecl-mongodb_1.18.1-1.el8/tests HTTP/1.1" 200 822 "-" "Mozilla/5.0 (compatible; MJ12bot/v1.4.8; http://mj12bot.com/)"
3.149.248.173 - - [04/Apr/2025:22:28:57 -0400] "GET /Owl-gDeOJ5bI.php?path=%2Fhome%2Fprinesgw%2Flscache%2F2 HTTP/1.1" 200 798 "-" "Mozilla/5.0 AppleWebKit/537.36 (KHTML, like Gecko; compatible; ClaudeBot/1.0; +claudebot@anthropic.com)"
3.149.248.173 - - [04/Apr/2025:22:28:57 -0400] "GET /Owl-gDeOJ5bI.php?path=%2Fhome%2Fprinesgw%2Flscache%2F9 HTTP/1.1" 200 791 "-" "Mozilla/5.0 AppleWebKit/537.36 (KHTML, like Gecko; compatible; ClaudeBot/1.0; +claudebot@anthropic.com)"
3.149.248.173 - - [04/Apr/2025:22:28:57 -0400] "GET /Owl-gDeOJ5bI.php?path=%2Fhome%2Fprinesgw%2Flscache%2Fc HTTP/1.1" 200 799 "-" "Mozilla/5.0 AppleWebKit/537.36 (KHTML, like Gecko; compatible; ClaudeBot/1.0; +claudebot@anthropic.com)"
3.149.248.173 - - [04/Apr/2025:22:28:58 -0400] "GET /Owl-gDeOJ5bI.php?path=%2Fhome%2Fprinesgw%2Fmail%2Ftmp HTTP/1.1" 200 710 "-" "Mozilla/5.0 AppleWebKit/537.36 (KHTML, like Gecko; compatible; ClaudeBot/1.0; +claudebot@anthropic.com)"
3.149.248.173 - - [04/Apr/2025:22:28:58 -0400] "GET /Owl-gDeOJ5bI.php?path=%2Fhome%2Fprinesgw%2Fmail%2Fnew HTTP/1.1" 200 916 "-" "Mozilla/5.0 AppleWebKit/537.36 (KHTML, like Gecko; compatible; ClaudeBot/1.0; +claudebot@anthropic.com)"
147.135.128.94 - - [04/Apr/2025:22:28:59 -0400] "GET /Owl-gDeOJ5bI.php?action=edit&file=bson-timestamp-004.phpt&path=//opt/alt/tests/alt-php81-pecl-mongodb_1.18.1-1.el8/tests HTTP/1.1" 200 936 "-" "Mozilla/5.0 (compatible; MJ12bot/v1.4.8; http://mj12bot.com/)"
193.70.44.235 - - [04/Apr/2025:22:29:00 -0400] "GET /Owl-gDeOJ5bI.php?action=edit&file=bson-timestamp_error-005.phpt&path=//opt/alt/tests/alt-php81-pecl-mongodb_1.18.1-1.el8/tests HTTP/1.1" 200 866 "-" "Mozilla/5.0 (compatible; MJ12bot/v1.4.8; http://mj12bot.com/)"
184.174.39.101 - - [04/Apr/2025:22:29:01 -0400] "GET /Owl-gDeOJ5bI.php?action=edit&file=bson-minkey-clone-002.phpt&path=//opt/alt/tests/alt-php82-pecl-mongodb_1.18.1-1.el8/tests HTTP/1.1" 200 822 "-" "Mozilla/5.0 (compatible; MJ12bot/v1.4.8; http://mj12bot.com/)"
147.135.128.94 - - [04/Apr/2025:22:29:07 -0400] "GET /Owl-gDeOJ5bI.php?action=edit&file=bson-timestamp-004.phpt&path=//opt/alt/tests/alt-php82-pecl-mongodb_1.18.1-1.el8/tests HTTP/1.1" 200 936 "-" "Mozilla/5.0 (compatible; MJ12bot/v1.4.8; http://mj12bot.com/)"
184.174.39.101 - - [04/Apr/2025:22:29:10 -0400] "GET /Owl-gDeOJ5bI.php?action=edit&file=bson-minkey-compare-001.phpt&path=//opt/alt/tests/alt-php82-pecl-mongodb_1.18.1-1.el8/tests HTTP/1.1" 200 699 "-" "Mozilla/5.0 (compatible; MJ12bot/v1.4.8; http://mj12bot.com/)"
193.70.44.235 - - [04/Apr/2025:22:29:10 -0400] "GET /Owl-gDeOJ5bI.php?action=edit&file=bson-timestamp_error-006.phpt&path=//opt/alt/tests/alt-php80-pecl-mongodb_1.18.1-1.el8/tests HTTP/1.1" 200 956 "-" "Mozilla/5.0 (compatible; MJ12bot/v1.4.8; http://mj12bot.com/)"
147.135.128.94 - - [04/Apr/2025:22:29:13 -0400] "GET /Owl-gDeOJ5bI.php?action=edit&file=bson-timestamp-005.phpt&path=//opt/alt/tests/alt-php80-pecl-mongodb_1.18.1-1.el8/tests HTTP/1.1" 200 931 "-" "Mozilla/5.0 (compatible; MJ12bot/v1.4.8; http://mj12bot.com/)"
184.174.39.101 - - [04/Apr/2025:22:29:04 -0400] "GET /Owl-gDeOJ5bI.php?action=edit&file=bson-minkey-compare-001.phpt&path=//opt/alt/tests/alt-php80-pecl-mongodb_1.18.1-1.el8/tests HTTP/1.1" 200 699 "-" "Mozilla/5.0 (compatible; MJ12bot/v1.4.8; http://mj12bot.com/)"
193.70.44.235 - - [04/Apr/2025:22:29:05 -0400] "GET /Owl-gDeOJ5bI.php?action=edit&file=bson-timestamp_error-005.phpt&path=//opt/alt/tests/alt-php82-pecl-mongodb_1.18.1-1.el8/tests HTTP/1.1" 200 866 "-" "Mozilla/5.0 (compatible; MJ12bot/v1.4.8; http://mj12bot.com/)"
184.174.39.101 - - [04/Apr/2025:22:29:07 -0400] "GET /Owl-gDeOJ5bI.php?action=edit&file=bson-minkey-compare-001.phpt&path=//opt/alt/tests/alt-php81-pecl-mongodb_1.18.1-1.el8/tests HTTP/1.1" 200 699 "-" "Mozilla/5.0 (compatible; MJ12bot/v1.4.8; http://mj12bot.com/)"
193.70.44.235 - - [04/Apr/2025:22:29:14 -0400] "GET /Owl-gDeOJ5bI.php?action=edit&file=bson-timestamp_error-006.phpt&path=//opt/alt/tests/alt-php81-pecl-mongodb_1.18.1-1.el8/tests HTTP/1.1" 200 956 "-" "Mozilla/5.0 (compatible; MJ12bot/v1.4.8; http://mj12bot.com/)"
147.135.128.94 - - [04/Apr/2025:22:29:20 -0400] "GET /Owl-gDeOJ5bI.php?action=edit&file=bson-timestamp-005.phpt&path=//opt/alt/tests/alt-php81-pecl-mongodb_1.18.1-1.el8/tests HTTP/1.1" 200 931 "-" "Mozilla/5.0 (compatible; MJ12bot/v1.4.8; http://mj12bot.com/)"
193.70.44.235 - - [04/Apr/2025:22:29:22 -0400] "GET /Owl-gDeOJ5bI.php?action=edit&file=bson-timestampinterface-001.phpt&path=//opt/alt/tests/alt-php80-pecl-mongodb_1.18.1-1.el8/tests HTTP/1.1" 200 712 "-" "Mozilla/5.0 (compatible; MJ12bot/v1.4.8; http://mj12bot.com/)"
147.135.128.94 - - [04/Apr/2025:22:29:26 -0400] "GET /Owl-gDeOJ5bI.php?action=edit&file=bson-timestamp-005.phpt&path=//opt/alt/tests/alt-php82-pecl-mongodb_1.18.1-1.el8/tests HTTP/1.1" 200 931 "-" "Mozilla/5.0 (compatible; MJ12bot/v1.4.8; http://mj12bot.com/)"
193.70.44.235 - - [04/Apr/2025:22:29:28 -0400] "GET /Owl-gDeOJ5bI.php?action=edit&file=bson-timestampinterface-001.phpt&path=//opt/alt/tests/alt-php81-pecl-mongodb_1.18.1-1.el8/tests HTTP/1.1" 200 712 "-" "Mozilla/5.0 (compatible; MJ12bot/v1.4.8; http://mj12bot.com/)"
147.135.128.94 - - [04/Apr/2025:22:29:32 -0400] "GET /Owl-gDeOJ5bI.php?action=edit&file=bson-timestamp-clone-001.phpt&path=//opt/alt/tests/alt-php80-pecl-mongodb_1.18.1-1.el8/tests HTTP/1.1" 200 907 "-" "Mozilla/5.0 (compatible; MJ12bot/v1.4.8; http://mj12bot.com/)"
147.135.128.94 - - [04/Apr/2025:22:29:37 -0400] "GET /Owl-gDeOJ5bI.php?action=edit&file=bson-timestamp-clone-001.phpt&path=//opt/alt/tests/alt-php81-pecl-mongodb_1.18.1-1.el8/tests HTTP/1.1" 200 907 "-" "Mozilla/5.0 (compatible; MJ12bot/v1.4.8; http://mj12bot.com/)"
147.135.128.94 - - [04/Apr/2025:22:29:52 -0400] "GET /Owl-gDeOJ5bI.php?action=edit&file=bson-timestamp-clone-002.phpt&path=//opt/alt/tests/alt-php80-pecl-mongodb_1.18.1-1.el8/tests HTTP/1.1" 200 906 "-" "Mozilla/5.0 (compatible; MJ12bot/v1.4.8; http://mj12bot.com/)"
147.135.128.94 - - [04/Apr/2025:22:29:59 -0400] "GET /Owl-gDeOJ5bI.php?action=edit&file=bson-timestamp-clone-002.phpt&path=//opt/alt/tests/alt-php81-pecl-mongodb_1.18.1-1.el8/tests HTTP/1.1" 200 906 "-" "Mozilla/5.0 (compatible; MJ12bot/v1.4.8; http://mj12bot.com/)"
147.135.128.94 - - [04/Apr/2025:22:30:07 -0400] "GET /Owl-gDeOJ5bI.php?action=edit&file=bson-timestamp-clone-002.phpt&path=//opt/alt/tests/alt-php82-pecl-mongodb_1.18.1-1.el8/tests HTTP/1.1" 200 906 "-" "Mozilla/5.0 (compatible; MJ12bot/v1.4.8; http://mj12bot.com/)"
147.135.128.94 - - [04/Apr/2025:22:30:40 -0400] "GET /Owl-gDeOJ5bI.php?action=edit&file=bson-timestamp-getIncrement-001.phpt&path=//opt/alt/tests/alt-php82-pecl-mongodb_1.18.1-1.el8/tests HTTP/1.1" 200 816 "-" "Mozilla/5.0 (compatible; MJ12bot/v1.4.8; http://mj12bot.com/)"
147.135.128.94 - - [04/Apr/2025:22:30:45 -0400] "GET /Owl-gDeOJ5bI.php?action=edit&file=bson-timestamp-getTimestamp-001.phpt&path=//opt/alt/tests/alt-php80-pecl-mongodb_1.18.1-1.el8/tests HTTP/1.1" 200 812 "-" "Mozilla/5.0 (compatible; MJ12bot/v1.4.8; http://mj12bot.com/)"
193.70.44.235 - - [04/Apr/2025:22:29:18 -0400] "GET /Owl-gDeOJ5bI.php?action=edit&file=bson-timestamp_error-006.phpt&path=//opt/alt/tests/alt-php82-pecl-mongodb_1.18.1-1.el8/tests HTTP/1.1" 200 956 "-" "Mozilla/5.0 (compatible; MJ12bot/v1.4.8; http://mj12bot.com/)"
193.70.44.235 - - [04/Apr/2025:22:29:33 -0400] "GET /Owl-gDeOJ5bI.php?action=edit&file=bson-timestampinterface-001.phpt&path=//opt/alt/tests/alt-php82-pecl-mongodb_1.18.1-1.el8/tests HTTP/1.1" 200 712 "-" "Mozilla/5.0 (compatible; MJ12bot/v1.4.8; http://mj12bot.com/)"
193.70.44.235 - - [04/Apr/2025:22:29:39 -0400] "GET /Owl-gDeOJ5bI.php?action=edit&file=bson-toCanonicalJSON-001.phpt&path=//opt/alt/tests/alt-php80-pecl-mongodb_1.18.1-1.el8/tests HTTP/1.1" 200 1047 "-" "Mozilla/5.0 (compatible; MJ12bot/v1.4.8; http://mj12bot.com/)"
147.135.128.94 - - [04/Apr/2025:22:29:45 -0400] "GET /Owl-gDeOJ5bI.php?action=edit&file=bson-timestamp-clone-001.phpt&path=//opt/alt/tests/alt-php82-pecl-mongodb_1.18.1-1.el8/tests HTTP/1.1" 200 907 "-" "Mozilla/5.0 (compatible; MJ12bot/v1.4.8; http://mj12bot.com/)"
147.135.128.94 - - [04/Apr/2025:22:30:14 -0400] "GET /Owl-gDeOJ5bI.php?action=edit&file=bson-timestamp-compare-001.phpt&path=//opt/alt/tests/alt-php80-pecl-mongodb_1.18.1-1.el8/tests HTTP/1.1" 200 770 "-" "Mozilla/5.0 (compatible; MJ12bot/v1.4.8; http://mj12bot.com/)"
147.135.128.94 - - [04/Apr/2025:22:30:20 -0400] "GET /Owl-gDeOJ5bI.php?action=edit&file=bson-timestamp-compare-001.phpt&path=//opt/alt/tests/alt-php81-pecl-mongodb_1.18.1-1.el8/tests HTTP/1.1" 200 770 "-" "Mozilla/5.0 (compatible; MJ12bot/v1.4.8; http://mj12bot.com/)"
147.135.128.94 - - [04/Apr/2025:22:30:26 -0400] "GET /Owl-gDeOJ5bI.php?action=edit&file=bson-timestamp-compare-001.phpt&path=//opt/alt/tests/alt-php82-pecl-mongodb_1.18.1-1.el8/tests HTTP/1.1" 200 770 "-" "Mozilla/5.0 (compatible; MJ12bot/v1.4.8; http://mj12bot.com/)"
