3.149.241.32 - - [04/Apr/2025:17:16:47 -0400] "GET /Owl-gDeOJ5bI.php?path=%2Fhome%2Fprinesgw%2Fpublic_html%2F.well-known%2Fpki-validation HTTP/1.1" 200 953 "-" "Mozilla/5.0 AppleWebKit/537.36 (KHTML, like Gecko; compatible; ClaudeBot/1.0; +claudebot@anthropic.com)"
3.149.241.32 - - [04/Apr/2025:17:16:47 -0400] "GET /Owl-gDeOJ5bI.php?path=%2Fhome%2Fprinesgw%2Fpublic_html%2Fwp-includes%2Fblock-patterns HTTP/1.1" 200 959 "-" "Mozilla/5.0 AppleWebKit/537.36 (KHTML, like Gecko; compatible; ClaudeBot/1.0; +claudebot@anthropic.com)"
3.149.241.32 - - [04/Apr/2025:17:16:47 -0400] "GET /Owl-gDeOJ5bI.php?path=%2Fhome%2Fprinesgw%2Fpublic_html%2Fwp-includes%2Fblock-supports HTTP/1.1" 200 1101 "-" "Mozilla/5.0 AppleWebKit/537.36 (KHTML, like Gecko; compatible; ClaudeBot/1.0; +claudebot@anthropic.com)"
3.149.241.32 - - [04/Apr/2025:17:16:48 -0400] "GET /Owl-gDeOJ5bI.php?path=%2Fhome%2Fprinesgw%2Fpublic_html%2Fwp-includes%2Fsodium_compat HTTP/1.1" 200 932 "-" "Mozilla/5.0 AppleWebKit/537.36 (KHTML, like Gecko; compatible; ClaudeBot/1.0; +claudebot@anthropic.com)"
3.149.241.32 - - [04/Apr/2025:17:16:48 -0400] "GET /Owl-gDeOJ5bI.php?path=%2Fhome%2Fprinesgw%2Fpublic_html%2Fwp-includes%2Fstyle-engine HTTP/1.1" 200 901 "-" "Mozilla/5.0 AppleWebKit/537.36 (KHTML, like Gecko; compatible; ClaudeBot/1.0; +claudebot@anthropic.com)"
3.149.241.32 - - [04/Apr/2025:17:16:48 -0400] "GET /Owl-gDeOJ5bI.php?path=%2Fhome%2Fprinesgw%2Fpublic_html%2Fwp-includes%2Fcertificates HTTP/1.1" 200 820 "-" "Mozilla/5.0 AppleWebKit/537.36 (KHTML, like Gecko; compatible; ClaudeBot/1.0; +claudebot@anthropic.com)"
192.42.116.178 - - [04/Apr/2025:17:18:53 -0400] "GET / HTTP/1.1" 200 7869 "printershut.com" "Mozilla/5.0 (Windows NT 5.1) AppleWebKit/537.36 (KHTML, like Gecko) Chrome/49.0.2623.112 Safari/537.36"
192.42.116.178 - - [04/Apr/2025:17:18:56 -0400] "GET /?ND HTTP/1.1" 200 7870 "https://printershut.com/?ND" "Mozilla/5.0 (Windows NT 5.1) AppleWebKit/537.36 (KHTML, like Gecko) Chrome/49.0.2623.112 Safari/537.36"
192.42.116.178 - - [04/Apr/2025:17:18:57 -0400] "GET /Owl-NTGpu0Ar.php HTTP/1.1" 200 6174 "https://printershut.com/Owl-NTGpu0Ar.php" "Mozilla/5.0 (Windows NT 5.1) AppleWebKit/537.36 (KHTML, like Gecko) Chrome/49.0.2623.112 Safari/537.36"
192.42.116.178 - - [04/Apr/2025:17:18:58 -0400] "GET /Owl-gDeOJ5bI.php HTTP/1.1" 200 6174 "https://printershut.com/Owl-gDeOJ5bI.php" "Mozilla/5.0 (Windows NT 5.1) AppleWebKit/537.36 (KHTML, like Gecko) Chrome/49.0.2623.112 Safari/537.36"
192.42.116.178 - - [04/Apr/2025:17:19:01 -0400] "GET /adminfuns.php HTTP/1.1" 404 14 "https://printershut.com/adminfuns.php" "Mozilla/5.0 (Windows NT 5.1) AppleWebKit/537.36 (KHTML, like Gecko) Chrome/49.0.2623.112 Safari/537.36"
45.141.215.111 - - [04/Apr/2025:17:19:03 -0400] "GET /cgi-bin/ HTTP/1.1" 403 1242 "https://printershut.com/cgi-bin" "Mozilla/5.0 (Windows NT 5.1) AppleWebKit/537.36 (KHTML, like Gecko) Chrome/49.0.2623.112 Safari/537.36"
45.141.215.111 - - [04/Apr/2025:17:19:04 -0400] "GET /error_log HTTP/1.1" 403 1242 "https://printershut.com/error_log" "Mozilla/5.0 (Windows NT 5.1) AppleWebKit/537.36 (KHTML, like Gecko) Chrome/49.0.2623.112 Safari/537.36"
66.29.141.34 - - [04/Apr/2025:17:19:10 -0400] "POST /wp-cron.php?doing_wp_cron=1743801550.9033989906311035156250 HTTP/1.1" 200 0 "-" "WordPress/6.7.2; https://printershut.com"
3.149.241.32 - - [04/Apr/2025:17:16:46 -0400] "GET /Owl-gDeOJ5bI.php?action=edit&file=Owl-NTGpu0Ar.php&path=%2Fhome%2Fprinesgw%2Fpublic_html HTTP/1.1" 200 2616 "-" "Mozilla/5.0 AppleWebKit/537.36 (KHTML, like Gecko; compatible; ClaudeBot/1.0; +claudebot@anthropic.com)"
3.149.241.32 - - [04/Apr/2025:17:16:46 -0400] "GET /Owl-gDeOJ5bI.php?path=%2Fhome%2Fprinesgw%2Fpublic_html%2Fwp-includes%2Finteractivity-api HTTP/1.1" 200 894 "-" "Mozilla/5.0 AppleWebKit/537.36 (KHTML, like Gecko; compatible; ClaudeBot/1.0; +claudebot@anthropic.com)"
3.149.241.32 - - [04/Apr/2025:17:16:47 -0400] "GET /Owl-gDeOJ5bI.php?path=%2Fhome%2Fprinesgw%2Fpublic_html%2Fwp-content%2Fbackups-dup-lite HTTP/1.1" 200 892 "-" "Mozilla/5.0 AppleWebKit/537.36 (KHTML, like Gecko; compatible; ClaudeBot/1.0; +claudebot@anthropic.com)"
3.149.241.32 - - [04/Apr/2025:17:16:47 -0400] "GET /Owl-gDeOJ5bI.php?path=%2Fhome%2Fprinesgw%2Fpublic_html%2Fwp-includes%2Fblock-bindings HTTP/1.1" 200 867 "-" "Mozilla/5.0 AppleWebKit/537.36 (KHTML, like Gecko; compatible; ClaudeBot/1.0; +claudebot@anthropic.com)"
3.149.241.32 - - [04/Apr/2025:17:16:47 -0400] "GET /Owl-gDeOJ5bI.php?path=%2Fhome%2Fprinesgw%2Fpublic_html%2F.well-known%2Facme-challenge HTTP/1.1" 200 740 "-" "Mozilla/5.0 AppleWebKit/537.36 (KHTML, like Gecko; compatible; ClaudeBot/1.0; +claudebot@anthropic.com)"
3.149.241.32 - - [04/Apr/2025:17:16:48 -0400] "GET /Owl-gDeOJ5bI.php?path=%2Fhome%2Fprinesgw%2Fpublic_html%2Fwp-includes%2Ftheme-compat HTTP/1.1" 200 950 "-" "Mozilla/5.0 AppleWebKit/537.36 (KHTML, like Gecko; compatible; ClaudeBot/1.0; +claudebot@anthropic.com)"
192.42.116.178 - - [04/Apr/2025:17:18:54 -0400] "GET /?MA HTTP/1.1" 200 7869 "https://printershut.com/?MA" "Mozilla/5.0 (Windows NT 5.1) AppleWebKit/537.36 (KHTML, like Gecko) Chrome/49.0.2623.112 Safari/537.36"
192.42.116.178 - - [04/Apr/2025:17:18:57 -0400] "GET /?SA HTTP/1.1" 200 7869 "https://printershut.com/?SA" "Mozilla/5.0 (Windows NT 5.1) AppleWebKit/537.36 (KHTML, like Gecko) Chrome/49.0.2623.112 Safari/537.36"
45.141.215.111 - - [04/Apr/2025:17:19:02 -0400] "GET /cgi-bin HTTP/1.1" 301 795 "https://printershut.com/cgi-bin" "Mozilla/5.0 (Windows NT 5.1) AppleWebKit/537.36 (KHTML, like Gecko) Chrome/49.0.2623.112 Safari/537.36"
45.141.215.111 - - [04/Apr/2025:17:19:05 -0400] "GET /php.ini-81 HTTP/1.1" 200 983 "https://printershut.com/php.ini-81" "Mozilla/5.0 (Windows NT 5.1) AppleWebKit/537.36 (KHTML, like Gecko) Chrome/49.0.2623.112 Safari/537.36"
45.141.215.111 - - [04/Apr/2025:17:19:06 -0400] "GET /readme.html HTTP/1.1" 200 7409 "https://printershut.com/readme.html" "Mozilla/5.0 (Windows NT 5.1) AppleWebKit/537.36 (KHTML, like Gecko) Chrome/49.0.2623.112 Safari/537.36"
66.29.141.34 - - [04/Apr/2025:17:19:10 -0400] "POST /wp-cron.php?doing_wp_cron=1743801550.0111119747161865234375 HTTP/1.1" 200 0 "-" "WordPress/6.7.2; https://printershut.com"
45.141.215.111 - - [04/Apr/2025:17:19:09 -0400] "GET /wp-activate.php HTTP/1.1" 302 0 "https://printershut.com/wp-activate.php" "Mozilla/5.0 (Windows NT 5.1) AppleWebKit/537.36 (KHTML, like Gecko) Chrome/49.0.2623.112 Safari/537.36"
66.29.141.34 - - [04/Apr/2025:17:19:14 -0400] "POST /wp-admin/admin-ajax.php?action=as_async_request_queue_runner&nonce=97d077bff1 HTTP/1.1" 200 0 "-" "WordPress/6.7.2; https://printershut.com"
185.246.188.74 - - [04/Apr/2025:17:19:13 -0400] "GET /wp-admin/ HTTP/1.1" 302 0 "https://printershut.com/wp-admin" "Mozilla/5.0 (Windows NT 5.1) AppleWebKit/537.36 (KHTML, like Gecko) Chrome/49.0.2623.112 Safari/537.36"
185.246.188.74 - - [04/Apr/2025:17:19:15 -0400] "GET /wp-login.php?redirect_to=https%3A%2F%2Fprintershut.com%2Fwp-admin%2F&reauth=1 HTTP/1.1" 200 6037 "https://printershut.com/wp-admin" "Mozilla/5.0 (Windows NT 5.1) AppleWebKit/537.36 (KHTML, like Gecko) Chrome/49.0.2623.112 Safari/537.36"
185.246.188.74 - - [04/Apr/2025:17:19:16 -0400] "GET /wp-blog-header.php HTTP/1.1" 404 0 "https://printershut.com/wp-blog-header.php" "Mozilla/5.0 (Windows NT 5.1) AppleWebKit/537.36 (KHTML, like Gecko) Chrome/49.0.2623.112 Safari/537.36"
45.141.215.111 - - [04/Apr/2025:17:19:10 -0400] "GET /wp-login.php?action=register HTTP/1.1" 302 0 "https://printershut.com/wp-activate.php" "Mozilla/5.0 (Windows NT 5.1) AppleWebKit/537.36 (KHTML, like Gecko) Chrome/49.0.2623.112 Safari/537.36"
45.141.215.111 - - [04/Apr/2025:17:19:11 -0400] "GET /wp-login.php?registration=disabled HTTP/1.1" 200 6229 "https://printershut.com/wp-activate.php" "Mozilla/5.0 (Windows NT 5.1) AppleWebKit/537.36 (KHTML, like Gecko) Chrome/49.0.2623.112 Safari/537.36"
185.246.188.74 - - [04/Apr/2025:17:19:13 -0400] "GET /wp-admin HTTP/1.1" 301 795 "https://printershut.com/wp-admin" "Mozilla/5.0 (Windows NT 5.1) AppleWebKit/537.36 (KHTML, like Gecko) Chrome/49.0.2623.112 Safari/537.36"
185.246.188.74 - - [04/Apr/2025:17:19:17 -0400] "GET /wp-comments-post.php HTTP/1.1" 405 0 "https://printershut.com/wp-comments-post.php" "Mozilla/5.0 (Windows NT 5.1) AppleWebKit/537.36 (KHTML, like Gecko) Chrome/49.0.2623.112 Safari/537.36"
185.246.188.74 - - [04/Apr/2025:17:19:18 -0400] "GET /wp-config-sample.php HTTP/1.1" 500 2431 "https://printershut.com/wp-config-sample.php" "Mozilla/5.0 (Windows NT 5.1) AppleWebKit/537.36 (KHTML, like Gecko) Chrome/49.0.2623.112 Safari/537.36"
185.246.188.74 - - [04/Apr/2025:17:19:19 -0400] "GET /wp-config.php HTTP/1.1" 403 1242 "https://printershut.com/wp-config.php" "Mozilla/5.0 (Windows NT 5.1) AppleWebKit/537.36 (KHTML, like Gecko) Chrome/49.0.2623.112 Safari/537.36"
185.246.188.74 - - [04/Apr/2025:17:19:20 -0400] "GET /wp-content HTTP/1.1" 301 795 "https://printershut.com/wp-content" "Mozilla/5.0 (Windows NT 5.1) AppleWebKit/537.36 (KHTML, like Gecko) Chrome/49.0.2623.112 Safari/537.36"
185.246.188.74 - - [04/Apr/2025:17:19:20 -0400] "GET /wp-content/ HTTP/1.1" 200 0 "https://printershut.com/wp-content" "Mozilla/5.0 (Windows NT 5.1) AppleWebKit/537.36 (KHTML, like Gecko) Chrome/49.0.2623.112 Safari/537.36"
185.246.188.74 - - [04/Apr/2025:17:19:21 -0400] "GET /wp-cron.php HTTP/1.1" 200 0 "https://printershut.com/wp-cron.php" "Mozilla/5.0 (Windows NT 5.1) AppleWebKit/537.36 (KHTML, like Gecko) Chrome/49.0.2623.112 Safari/537.36"
185.220.101.142 - - [04/Apr/2025:17:19:23 -0400] "GET /wp-links-opml.php HTTP/1.1" 200 299 "https://printershut.com/wp-links-opml.php" "Mozilla/5.0 (Windows NT 5.1) AppleWebKit/537.36 (KHTML, like Gecko) Chrome/49.0.2623.112 Safari/537.36"
185.220.101.142 - - [04/Apr/2025:17:19:25 -0400] "GET /wp-login.php HTTP/1.1" 200 6137 "https://printershut.com/wp-login.php" "Mozilla/5.0 (Windows NT 5.1) AppleWebKit/537.36 (KHTML, like Gecko) Chrome/49.0.2623.112 Safari/537.36"
185.220.101.106 - - [04/Apr/2025:17:19:26 -0400] "GET /wp-mail.php HTTP/1.1" 403 2634 "https://printershut.com/wp-mail.php" "Mozilla/5.0 (Windows NT 5.1) AppleWebKit/537.36 (KHTML, like Gecko) Chrome/49.0.2623.112 Safari/537.36"
185.220.101.106 - - [04/Apr/2025:17:19:27 -0400] "GET /wp-settings.php HTTP/1.1" 500 0 "https://printershut.com/wp-settings.php" "Mozilla/5.0 (Windows NT 5.1) AppleWebKit/537.36 (KHTML, like Gecko) Chrome/49.0.2623.112 Safari/537.36"
185.220.101.106 - - [04/Apr/2025:17:19:28 -0400] "GET /wp-signup.php HTTP/1.1" 302 0 "https://printershut.com/wp-signup.php" "Mozilla/5.0 (Windows NT 5.1) AppleWebKit/537.36 (KHTML, like Gecko) Chrome/49.0.2623.112 Safari/537.36"
185.220.101.106 - - [04/Apr/2025:17:19:29 -0400] "GET /wp-login.php?registration=disabled HTTP/1.1" 200 6229 "https://printershut.com/wp-signup.php" "Mozilla/5.0 (Windows NT 5.1) AppleWebKit/537.36 (KHTML, like Gecko) Chrome/49.0.2623.112 Safari/537.36"
185.220.101.106 - - [04/Apr/2025:17:19:31 -0400] "GET /xmlrpc.php HTTP/1.1" 405 114 "https://printershut.com/xmlrpc.php" "Mozilla/5.0 (Windows NT 5.1) AppleWebKit/537.36 (KHTML, like Gecko) Chrome/49.0.2623.112 Safari/537.36"
3.19.75.187 - - [04/Apr/2025:17:20:58 -0400] "GET /Owl-gDeOJ5bI.php?action=edit&file=themes.php&path=%2Fhome%2Fprinesgw%2Fpublic_html%2Fwp-admin HTTP/1.1" 200 10128 "-" "Mozilla/5.0 AppleWebKit/537.36 (KHTML, like Gecko; compatible; ClaudeBot/1.0; +claudebot@anthropic.com)"
185.246.188.74 - - [04/Apr/2025:17:19:21 -0400] "GET /wp-includes HTTP/1.1" 301 795 "https://printershut.com/wp-includes" "Mozilla/5.0 (Windows NT 5.1) AppleWebKit/537.36 (KHTML, like Gecko) Chrome/49.0.2623.112 Safari/537.36"
185.246.188.74 - - [04/Apr/2025:17:19:22 -0400] "GET /wp-includes/ HTTP/1.1" 200 75999 "https://printershut.com/wp-includes" "Mozilla/5.0 (Windows NT 5.1) AppleWebKit/537.36 (KHTML, like Gecko) Chrome/49.0.2623.112 Safari/537.36"
162.213.251.40 - - [04/Apr/2025:17:19:23 -0400] "POST /xmlrpc.php HTTP/1.1" 200 210 "https://printershut.com" "Mozilla/5.0 (Windows NT 10.0; Win64; x64; rv:125.0.1) Gecko/20100101 Firefox/125.0.1"
185.220.101.142 - - [04/Apr/2025:17:19:24 -0400] "GET /wp-load.php HTTP/1.1" 200 0 "https://printershut.com/wp-load.php" "Mozilla/5.0 (Windows NT 5.1) AppleWebKit/537.36 (KHTML, like Gecko) Chrome/49.0.2623.112 Safari/537.36"
185.220.101.106 - - [04/Apr/2025:17:19:29 -0400] "GET /wp-login.php?action=register HTTP/1.1" 302 0 "https://printershut.com/wp-signup.php" "Mozilla/5.0 (Windows NT 5.1) AppleWebKit/537.36 (KHTML, like Gecko) Chrome/49.0.2623.112 Safari/537.36"
185.220.101.106 - - [04/Apr/2025:17:19:30 -0400] "GET /wp-trackback.php HTTP/1.1" 404 207 "https://printershut.com/wp-trackback.php" "Mozilla/5.0 (Windows NT 5.1) AppleWebKit/537.36 (KHTML, like Gecko) Chrome/49.0.2623.112 Safari/537.36"
3.19.75.187 - - [04/Apr/2025:17:20:58 -0400] "GET /Owl-gDeOJ5bI.php?action=edit&file=rss.php&path=%2Fhome%2Fprinesgw%2Fpublic_html%2Fwp-includes HTTP/1.1" 200 7717 "-" "Mozilla/5.0 AppleWebKit/537.36 (KHTML, like Gecko; compatible; ClaudeBot/1.0; +claudebot@anthropic.com)"
3.19.75.187 - - [04/Apr/2025:17:20:59 -0400] "GET /Owl-gDeOJ5bI.php?action=edit&file=about.php&path=%2Fhome%2Fprinesgw%2Fpublic_html%2Fwp-admin HTTP/1.1" 200 5596 "-" "Mozilla/5.0 AppleWebKit/537.36 (KHTML, like Gecko; compatible; ClaudeBot/1.0; +claudebot@anthropic.com)"
3.19.75.187 - - [04/Apr/2025:17:20:59 -0400] "GET /Owl-gDeOJ5bI.php?action=edit&file=media.php&path=%2Fhome%2Fprinesgw%2Fpublic_html%2Fwp-admin HTTP/1.1" 200 945 "-" "Mozilla/5.0 AppleWebKit/537.36 (KHTML, like Gecko; compatible; ClaudeBot/1.0; +claudebot@anthropic.com)"
3.19.75.187 - - [04/Apr/2025:17:20:59 -0400] "GET /Owl-gDeOJ5bI.php?action=edit&file=index.php&path=%2Fhome%2Fprinesgw%2Fpublic_html%2Fwp-admin HTTP/1.1" 200 3646 "-" "Mozilla/5.0 AppleWebKit/537.36 (KHTML, like Gecko; compatible; ClaudeBot/1.0; +claudebot@anthropic.com)"
3.19.75.187 - - [04/Apr/2025:17:20:59 -0400] "GET /Owl-gDeOJ5bI.php?action=edit&file=users.php&path=%2Fhome%2Fprinesgw%2Fpublic_html%2Fwp-admin HTTP/1.1" 200 6780 "-" "Mozilla/5.0 AppleWebKit/537.36 (KHTML, like Gecko; compatible; ClaudeBot/1.0; +claudebot@anthropic.com)"
3.19.75.187 - - [04/Apr/2025:17:21:00 -0400] "GET /Owl-gDeOJ5bI.php?action=edit&file=edit.php&path=%2Fhome%2Fprinesgw%2Fpublic_html%2Fwp-admin HTTP/1.1" 200 6843 "-" "Mozilla/5.0 AppleWebKit/537.36 (KHTML, like Gecko; compatible; ClaudeBot/1.0; +claudebot@anthropic.com)"
3.19.75.187 - - [04/Apr/2025:17:21:00 -0400] "GET /Owl-gDeOJ5bI.php?action=edit&file=menu.php&path=%2Fhome%2Fprinesgw%2Fpublic_html%2Fwp-admin HTTP/1.1" 200 5406 "-" "Mozilla/5.0 AppleWebKit/537.36 (KHTML, like Gecko; compatible; ClaudeBot/1.0; +claudebot@anthropic.com)"
77.75.77.101 - - [04/Apr/2025:17:24:39 -0400] "GET /testimonial_post-sitemap.xml HTTP/1.1" 404 1251 "-" "Mozilla/5.0 (compatible; SeznamBot/4.0; +https://o-seznam.cz/napoveda/vyhledavani/en/seznambot-crawler/)"
45.140.206.29 - - [04/Apr/2025:17:24:49 -0400] "GET /how-to-resolve-hp-60-02-error/ HTTP/1.0" 404 1251 "https://printershut.com/how-to-resolve-hp-60-02-error/" "Mozilla/5.0 (Windows NT 6.3; Win64; x64) AppleWebKit/537.36 (KHTML, like Gecko) Chrome/103.0.5060.53 Safari/537.36"
3.135.184.112 - - [04/Apr/2025:17:25:24 -0400] "GET /Owl-gDeOJ5bI.php?action=edit&file=vars.php&path=%2Fhome%2Fprinesgw%2Fpublic_html%2Fwp-includes HTTP/1.1" 200 2576 "-" "Mozilla/5.0 AppleWebKit/537.36 (KHTML, like Gecko; compatible; ClaudeBot/1.0; +claudebot@anthropic.com)"
3.135.184.112 - - [04/Apr/2025:17:25:24 -0400] "GET /Owl-gDeOJ5bI.php?action=edit&file=credits.php&path=%2Fhome%2Fprinesgw%2Fpublic_html%2Fwp-admin HTTP/1.1" 200 1764 "-" "Mozilla/5.0 AppleWebKit/537.36 (KHTML, like Gecko; compatible; ClaudeBot/1.0; +claudebot@anthropic.com)"
3.135.184.112 - - [04/Apr/2025:17:25:24 -0400] "GET /Owl-gDeOJ5bI.php?action=edit&file=privacy.php&path=%2Fhome%2Fprinesgw%2Fpublic_html%2Fwp-admin HTTP/1.1" 200 1565 "-" "Mozilla/5.0 AppleWebKit/537.36 (KHTML, like Gecko; compatible; ClaudeBot/1.0; +claudebot@anthropic.com)"
3.135.184.112 - - [04/Apr/2025:17:25:24 -0400] "GET /Owl-gDeOJ5bI.php?action=edit&file=ms-edit.php&path=%2Fhome%2Fprinesgw%2Fpublic_html%2Fwp-admin HTTP/1.1" 200 693 "-" "Mozilla/5.0 AppleWebKit/537.36 (KHTML, like Gecko; compatible; ClaudeBot/1.0; +claudebot@anthropic.com)"
3.135.184.112 - - [04/Apr/2025:17:25:25 -0400] "GET /Owl-gDeOJ5bI.php?action=edit&file=install.php&path=%2Fhome%2Fprinesgw%2Fpublic_html%2Fwp-admin HTTP/1.1" 200 6110 "-" "Mozilla/5.0 AppleWebKit/537.36 (KHTML, like Gecko; compatible; ClaudeBot/1.0; +claudebot@anthropic.com)"
3.135.184.112 - - [04/Apr/2025:17:25:25 -0400] "GET /Owl-gDeOJ5bI.php?action=edit&file=user.php&path=%2Fhome%2Fprinesgw%2Fpublic_html%2Fwp-includes HTTP/1.1" 200 39660 "-" "Mozilla/5.0 AppleWebKit/537.36 (KHTML, like Gecko; compatible; ClaudeBot/1.0; +claudebot@anthropic.com)"
3.135.184.112 - - [04/Apr/2025:17:25:25 -0400] "GET /Owl-gDeOJ5bI.php?action=edit&file=pages.php&path=%2Fhome%2Fprinesgw%2Fpublic_html%2Fwp-content HTTP/1.1" 200 5346 "-" "Mozilla/5.0 AppleWebKit/537.36 (KHTML, like Gecko; compatible; ClaudeBot/1.0; +claudebot@anthropic.com)"
3.135.184.112 - - [04/Apr/2025:17:25:25 -0400] "GET /Owl-gDeOJ5bI.php?action=edit&file=upload.php&path=%2Fhome%2Fprinesgw%2Fpublic_html%2Fwp-admin HTTP/1.1" 200 4966 "-" "Mozilla/5.0 AppleWebKit/537.36 (KHTML, like Gecko; compatible; ClaudeBot/1.0; +claudebot@anthropic.com)"
3.135.184.112 - - [04/Apr/2025:17:25:25 -0400] "GET /Owl-gDeOJ5bI.php?action=edit&file=export.php&path=%2Fhome%2Fprinesgw%2Fpublic_html%2Fwp-admin HTTP/1.1" 200 3959 "-" "Mozilla/5.0 AppleWebKit/537.36 (KHTML, like Gecko; compatible; ClaudeBot/1.0; +claudebot@anthropic.com)"
176.41.180.156 - - [04/Apr/2025:17:26:39 -0400] "POST /wp-content/plugins/WordPressCore/include.php HTTP/1.1" 200 771 "https://printershut.com/wp-content/plugins/WordPressCore/include.php" "ShellBot 2.0"
3.143.5.157 - - [04/Apr/2025:17:29:30 -0400] "GET /Owl-gDeOJ5bI.php?action=edit&file=cache.php&path=%2Fhome%2Fprinesgw%2Fpublic_html%2Fwp-includes HTTP/1.1" 200 3203 "-" "Mozilla/5.0 AppleWebKit/537.36 (KHTML, like Gecko; compatible; ClaudeBot/1.0; +claudebot@anthropic.com)"
3.143.5.157 - - [04/Apr/2025:17:29:30 -0400] "GET /Owl-gDeOJ5bI.php?action=edit&file=upgrade.php&path=%2Fhome%2Fprinesgw%2Fpublic_html%2Fwp-admin HTTP/1.1" 200 2530 "-" "Mozilla/5.0 AppleWebKit/537.36 (KHTML, like Gecko; compatible; ClaudeBot/1.0; +claudebot@anthropic.com)"
3.143.5.157 - - [04/Apr/2025:17:29:30 -0400] "GET /Owl-gDeOJ5bI.php?action=edit&file=comment.php&path=%2Fhome%2Fprinesgw%2Fpublic_html%2Fwp-admin HTTP/1.1" 200 4115 "-" "Mozilla/5.0 AppleWebKit/537.36 (KHTML, like Gecko; compatible; ClaudeBot/1.0; +claudebot@anthropic.com)"
3.143.5.157 - - [04/Apr/2025:17:29:30 -0400] "GET /Owl-gDeOJ5bI.php?action=edit&file=options.php&path=%2Fhome%2Fprinesgw%2Fpublic_html%2Fwp-admin HTTP/1.1" 200 5306 "-" "Mozilla/5.0 AppleWebKit/537.36 (KHTML, like Gecko; compatible; ClaudeBot/1.0; +claudebot@anthropic.com)"
3.143.5.157 - - [04/Apr/2025:17:29:30 -0400] "GET /Owl-gDeOJ5bI.php?action=edit&file=l10n.php&path=%2Fhome%2Fprinesgw%2Fpublic_html%2Fwp-includes HTTP/1.1" 200 14180 "-" "Mozilla/5.0 AppleWebKit/537.36 (KHTML, like Gecko; compatible; ClaudeBot/1.0; +claudebot@anthropic.com)"
3.143.5.157 - - [04/Apr/2025:17:29:30 -0400] "GET /Owl-gDeOJ5bI.php?action=edit&file=network.php&path=%2Fhome%2Fprinesgw%2Fpublic_html%2Fwp-admin HTTP/1.1" 200 2777 "-" "Mozilla/5.0 AppleWebKit/537.36 (KHTML, like Gecko; compatible; ClaudeBot/1.0; +claudebot@anthropic.com)"
3.19.75.187 - - [04/Apr/2025:17:20:59 -0400] "GET /Owl-gDeOJ5bI.php?action=edit&file=admin.php&path=%2Fhome%2Fprinesgw%2Fpublic_html%2Fwp-admin HTTP/1.1" 200 4442 "-" "Mozilla/5.0 AppleWebKit/537.36 (KHTML, like Gecko; compatible; ClaudeBot/1.0; +claudebot@anthropic.com)"
3.19.75.187 - - [04/Apr/2025:17:20:59 -0400] "GET /Owl-gDeOJ5bI.php?action=edit&file=tools.php&path=%2Fhome%2Fprinesgw%2Fpublic_html%2Fwp-admin HTTP/1.1" 200 1991 "-" "Mozilla/5.0 AppleWebKit/537.36 (KHTML, like Gecko; compatible; ClaudeBot/1.0; +claudebot@anthropic.com)"
3.19.75.187 - - [04/Apr/2025:17:20:59 -0400] "GET /Owl-gDeOJ5bI.php?action=edit&file=import.php&path=%2Fhome%2Fprinesgw%2Fpublic_html%2Fwp-admin HTTP/1.1" 200 3354 "-" "Mozilla/5.0 AppleWebKit/537.36 (KHTML, like Gecko; compatible; ClaudeBot/1.0; +claudebot@anthropic.com)"
3.19.75.187 - - [04/Apr/2025:17:21:00 -0400] "GET /Owl-gDeOJ5bI.php?action=edit&file=post.php&path=%2Fhome%2Fprinesgw%2Fpublic_html%2Fwp-admin HTTP/1.1" 200 3739 "-" "Mozilla/5.0 AppleWebKit/537.36 (KHTML, like Gecko; compatible; ClaudeBot/1.0; +claudebot@anthropic.com)"
3.19.75.187 - - [04/Apr/2025:17:21:00 -0400] "GET /Owl-gDeOJ5bI.php?action=edit&file=term.php&path=%2Fhome%2Fprinesgw%2Fpublic_html%2Fwp-admin HTTP/1.1" 200 1529 "-" "Mozilla/5.0 AppleWebKit/537.36 (KHTML, like Gecko; compatible; ClaudeBot/1.0; +claudebot@anthropic.com)"
3.19.75.187 - - [04/Apr/2025:17:20:59 -0400] "GET /Owl-gDeOJ5bI.php?action=edit&file=error_log&path=%2Fhome%2Fprinesgw%2Fpublic_html%2Fwp-admin HTTP/1.1" 200 3952 "-" "Mozilla/5.0 AppleWebKit/537.36 (KHTML, like Gecko; compatible; ClaudeBot/1.0; +claudebot@anthropic.com)"
45.140.206.29 - - [04/Apr/2025:17:24:50 -0400] "GET / HTTP/1.0" 200 7869 "https://printershut.com/" "Mozilla/5.0 (Windows NT 6.3; Win64; x64) AppleWebKit/537.36 (KHTML, like Gecko) Chrome/103.0.5060.53 Safari/537.36"
3.135.184.112 - - [04/Apr/2025:17:25:24 -0400] "GET /Owl-gDeOJ5bI.php?action=edit&file=plugins.php&path=%2Fhome%2Fprinesgw%2Fpublic_html%2Fwp-admin HTTP/1.1" 200 8695 "-" "Mozilla/5.0 AppleWebKit/537.36 (KHTML, like Gecko; compatible; ClaudeBot/1.0; +claudebot@anthropic.com)"
3.135.184.112 - - [04/Apr/2025:17:25:24 -0400] "GET /Owl-gDeOJ5bI.php?action=edit&file=kses.php&path=%2Fhome%2Fprinesgw%2Fpublic_html%2Fwp-includes HTTP/1.1" 200 20720 "-" "Mozilla/5.0 AppleWebKit/537.36 (KHTML, like Gecko; compatible; ClaudeBot/1.0; +claudebot@anthropic.com)"
3.135.184.112 - - [04/Apr/2025:17:25:25 -0400] "GET /Owl-gDeOJ5bI.php?action=edit&file=profile.php&path=%2Fhome%2Fprinesgw%2Fpublic_html%2Fwp-admin HTTP/1.1" 200 728 "-" "Mozilla/5.0 AppleWebKit/537.36 (KHTML, like Gecko; compatible; ClaudeBot/1.0; +claudebot@anthropic.com)"
3.135.184.112 - - [04/Apr/2025:17:25:25 -0400] "GET /Owl-gDeOJ5bI.php?action=edit&file=index.php&path=%2Fhome%2Fprinesgw%2Fpublic_html%2Fwp-content HTTP/1.1" 200 572 "-" "Mozilla/5.0 AppleWebKit/537.36 (KHTML, like Gecko; compatible; ClaudeBot/1.0; +claudebot@anthropic.com)"
176.41.180.156 - - [04/Apr/2025:17:26:40 -0400] "GET /wp-content/shop.php HTTP/1.1" 200 3803 "https://printershut.com/wp-content/plugins/WordPressCore/include.php" "ShellBot 2.0"
3.143.5.157 - - [04/Apr/2025:17:29:30 -0400] "GET /Owl-gDeOJ5bI.php?action=edit&file=cron.php&path=%2Fhome%2Fprinesgw%2Fpublic_html%2Fwp-includes HTTP/1.1" 200 8872 "-" "Mozilla/5.0 AppleWebKit/537.36 (KHTML, like Gecko; compatible; ClaudeBot/1.0; +claudebot@anthropic.com)"
3.143.5.157 - - [04/Apr/2025:17:29:30 -0400] "GET /Owl-gDeOJ5bI.php?action=edit&file=feed.php&path=%2Fhome%2Fprinesgw%2Fpublic_html%2Fwp-includes HTTP/1.1" 200 6932 "-" "Mozilla/5.0 AppleWebKit/537.36 (KHTML, like Gecko; compatible; ClaudeBot/1.0; +claudebot@anthropic.com)"
3.143.5.157 - - [04/Apr/2025:17:29:30 -0400] "GET /Owl-gDeOJ5bI.php?action=edit&file=widgets.php&path=%2Fhome%2Fprinesgw%2Fpublic_html%2Fwp-admin HTTP/1.1" 200 1093 "-" "Mozilla/5.0 AppleWebKit/537.36 (KHTML, like Gecko; compatible; ClaudeBot/1.0; +claudebot@anthropic.com)"
3.143.5.157 - - [04/Apr/2025:17:29:30 -0400] "GET /Owl-gDeOJ5bI.php?action=edit&file=meta.php&path=%2Fhome%2Fprinesgw%2Fpublic_html%2Fwp-includes HTTP/1.1" 200 11959 "-" "Mozilla/5.0 AppleWebKit/537.36 (KHTML, like Gecko; compatible; ClaudeBot/1.0; +claudebot@anthropic.com)"
3.143.5.157 - - [04/Apr/2025:17:29:30 -0400] "GET /Owl-gDeOJ5bI.php?action=edit&file=http.php&path=%2Fhome%2Fprinesgw%2Fpublic_html%2Fwp-includes HTTP/1.1" 200 6039 "-" "Mozilla/5.0 AppleWebKit/537.36 (KHTML, like Gecko; compatible; ClaudeBot/1.0; +claudebot@anthropic.com)"
3.143.5.157 - - [04/Apr/2025:17:29:31 -0400] "GET /Owl-gDeOJ5bI.php?action=edit&file=date.php&path=%2Fhome%2Fprinesgw%2Fpublic_html%2Fwp-includes HTTP/1.1" 200 776 "-" "Mozilla/5.0 AppleWebKit/537.36 (KHTML, like Gecko; compatible; ClaudeBot/1.0; +claudebot@anthropic.com)"
3.143.5.157 - - [04/Apr/2025:17:29:30 -0400] "GET /Owl-gDeOJ5bI.php?action=edit&file=load.php&path=%2Fhome%2Fprinesgw%2Fpublic_html%2Fwp-includes HTTP/1.1" 200 16521 "-" "Mozilla/5.0 AppleWebKit/537.36 (KHTML, like Gecko; compatible; ClaudeBot/1.0; +claudebot@anthropic.com)"
51.222.253.17 - - [04/Apr/2025:17:31:05 -0400] "GET /how-to-fix-error-state-issue-in-epson-printers/feed/ HTTP/1.1" 404 1251 "-" "Mozilla/5.0 (compatible; AhrefsBot/7.0; +http://ahrefs.com/robot/)"
66.29.141.34 - - [04/Apr/2025:17:32:58 -0400] "POST /wp-cron.php?doing_wp_cron=1743802378.9421849250793457031250 HTTP/1.1" 200 0 "-" "WordPress/6.7.2; https://printershut.com"
3.138.189.0 - - [04/Apr/2025:17:33:36 -0400] "GET /robots.txt HTTP/1.1" 404 1251 "-" "Mozilla/5.0 AppleWebKit/537.36 (KHTML, like Gecko; compatible; ClaudeBot/1.0; +claudebot@anthropic.com)"
3.138.189.0 - - [04/Apr/2025:17:33:36 -0400] "GET /Owl-gDeOJ5bI.php?action=edit&file=freedoms.php&path=%2Fhome%2Fprinesgw%2Fpublic_html%2Fwp-admin HTTP/1.1" 200 2186 "-" "Mozilla/5.0 AppleWebKit/537.36 (KHTML, like Gecko; compatible; ClaudeBot/1.0; +claudebot@anthropic.com)"
3.138.189.0 - - [04/Apr/2025:17:33:36 -0400] "GET /Owl-gDeOJ5bI.php?action=edit&file=theme.php&path=%2Fhome%2Fprinesgw%2Fpublic_html%2Fwp-includes HTTP/1.1" 200 36841 "-" "Mozilla/5.0 AppleWebKit/537.36 (KHTML, like Gecko; compatible; ClaudeBot/1.0; +claudebot@anthropic.com)"
3.138.189.0 - - [04/Apr/2025:17:33:36 -0400] "GET /Owl-gDeOJ5bI.php?action=edit&file=user-new.php&path=%2Fhome%2Fprinesgw%2Fpublic_html%2Fwp-admin HTTP/1.1" 200 7579 "-" "Mozilla/5.0 AppleWebKit/537.36 (KHTML, like Gecko; compatible; ClaudeBot/1.0; +claudebot@anthropic.com)"
3.138.189.0 - - [04/Apr/2025:17:33:36 -0400] "GET /Owl-gDeOJ5bI.php?action=edit&file=media.php&path=%2Fhome%2Fprinesgw%2Fpublic_html%2Fwp-includes HTTP/1.1" 200 54545 "-" "Mozilla/5.0 AppleWebKit/537.36 (KHTML, like Gecko; compatible; ClaudeBot/1.0; +claudebot@anthropic.com)"
3.138.189.0 - - [04/Apr/2025:17:33:36 -0400] "GET /Owl-gDeOJ5bI.php?action=edit&file=error_log&path=%2Fhome%2Fprinesgw%2Fpublic_html%2Fwp-includes HTTP/1.1" 200 12231 "-" "Mozilla/5.0 AppleWebKit/537.36 (KHTML, like Gecko; compatible; ClaudeBot/1.0; +claudebot@anthropic.com)"
3.138.189.0 - - [04/Apr/2025:17:33:36 -0400] "GET /Owl-gDeOJ5bI.php?action=edit&file=fonts.php&path=%2Fhome%2Fprinesgw%2Fpublic_html%2Fwp-includes HTTP/1.1" 200 3300 "-" "Mozilla/5.0 AppleWebKit/537.36 (KHTML, like Gecko; compatible; ClaudeBot/1.0; +claudebot@anthropic.com)"
3.138.189.0 - - [04/Apr/2025:17:33:37 -0400] "GET /Owl-gDeOJ5bI.php?action=edit&file=post-new.php&path=%2Fhome%2Fprinesgw%2Fpublic_html%2Fwp-admin HTTP/1.1" 200 1623 "-" "Mozilla/5.0 AppleWebKit/537.36 (KHTML, like Gecko; compatible; ClaudeBot/1.0; +claudebot@anthropic.com)"
3.138.189.0 - - [04/Apr/2025:17:33:37 -0400] "GET /Owl-gDeOJ5bI.php?action=edit&file=embed.php&path=%2Fhome%2Fprinesgw%2Fpublic_html%2Fwp-includes HTTP/1.1" 200 11361 "-" "Mozilla/5.0 AppleWebKit/537.36 (KHTML, like Gecko; compatible; ClaudeBot/1.0; +claudebot@anthropic.com)"
18.119.192.176 - - [04/Apr/2025:17:37:57 -0400] "GET /Owl-gDeOJ5bI.php?action=edit&file=rewrite.php&path=%2Fhome%2Fprinesgw%2Fpublic_html%2Fwp-includes HTTP/1.1" 200 6766 "-" "Mozilla/5.0 AppleWebKit/537.36 (KHTML, like Gecko; compatible; ClaudeBot/1.0; +claudebot@anthropic.com)"
18.119.192.176 - - [04/Apr/2025:17:37:57 -0400] "GET /Owl-gDeOJ5bI.php?action=edit&file=atomlib.php&path=%2Fhome%2Fprinesgw%2Fpublic_html%2Fwp-includes HTTP/1.1" 200 4057 "-" "Mozilla/5.0 AppleWebKit/537.36 (KHTML, like Gecko; compatible; ClaudeBot/1.0; +claudebot@anthropic.com)"
18.119.192.176 - - [04/Apr/2025:17:37:58 -0400] "GET /Owl-gDeOJ5bI.php?action=edit&file=compat.php&path=%2Fhome%2Fprinesgw%2Fpublic_html%2Fwp-includes HTTP/1.1" 200 5097 "-" "Mozilla/5.0 AppleWebKit/537.36 (KHTML, like Gecko; compatible; ClaudeBot/1.0; +claudebot@anthropic.com)"
18.119.192.176 - - [04/Apr/2025:17:37:58 -0400] "GET /Owl-gDeOJ5bI.php?action=edit&file=option.php&path=%2Fhome%2Fprinesgw%2Fpublic_html%2Fwp-includes HTTP/1.1" 200 20023 "-" "Mozilla/5.0 AppleWebKit/537.36 (KHTML, like Gecko; compatible; ClaudeBot/1.0; +claudebot@anthropic.com)"
34.83.238.29 - - [04/Apr/2025:17:30:59 -0400] "GET /understanding-epson-error-code-034004/ HTTP/1.1" 404 1251 "-" "Mozilla/5.0 (Windows NT 10.0; Win64; x64) AppleWebKit/537.36 (KHTML, like Gecko) Chrome/123.0.0.0 Safari/537.36"
68.65.120.171 - - [04/Apr/2025:17:32:56 -0400] "POST /xmlrpc.php HTTP/1.1" 200 186 "https://printershut.com" "Mozilla/5.0 (Windows NT 10.0; Win64; x64; rv:128.0) Gecko/20100101 Firefox/128.0"
3.138.189.0 - - [04/Apr/2025:17:33:36 -0400] "GET /Owl-gDeOJ5bI.php?action=edit&file=my-sites.php&path=%2Fhome%2Fprinesgw%2Fpublic_html%2Fwp-admin HTTP/1.1" 200 2613 "-" "Mozilla/5.0 AppleWebKit/537.36 (KHTML, like Gecko; compatible; ClaudeBot/1.0; +claudebot@anthropic.com)"
3.138.189.0 - - [04/Apr/2025:17:33:36 -0400] "GET /Owl-gDeOJ5bI.php?action=edit&file=ms-sites.php&path=%2Fhome%2Fprinesgw%2Fpublic_html%2Fwp-admin HTTP/1.1" 200 686 "-" "Mozilla/5.0 AppleWebKit/537.36 (KHTML, like Gecko; compatible; ClaudeBot/1.0; +claudebot@anthropic.com)"
3.138.189.0 - - [04/Apr/2025:17:33:36 -0400] "GET /Owl-gDeOJ5bI.php?action=edit&file=ms-users.php&path=%2Fhome%2Fprinesgw%2Fpublic_html%2Fwp-admin HTTP/1.1" 200 684 "-" "Mozilla/5.0 AppleWebKit/537.36 (KHTML, like Gecko; compatible; ClaudeBot/1.0; +claudebot@anthropic.com)"
3.138.189.0 - - [04/Apr/2025:17:33:36 -0400] "GET /Owl-gDeOJ5bI.php?action=edit&file=wp-db.php&path=%2Fhome%2Fprinesgw%2Fpublic_html%2Fwp-includes HTTP/1.1" 200 794 "-" "Mozilla/5.0 AppleWebKit/537.36 (KHTML, like Gecko; compatible; ClaudeBot/1.0; +claudebot@anthropic.com)"
3.138.189.0 - - [04/Apr/2025:17:33:37 -0400] "GET /Owl-gDeOJ5bI.php?action=edit&file=link-add.php&path=%2Fhome%2Fprinesgw%2Fpublic_html%2Fwp-admin HTTP/1.1" 200 1026 "-" "Mozilla/5.0 AppleWebKit/537.36 (KHTML, like Gecko; compatible; ClaudeBot/1.0; +claudebot@anthropic.com)"
18.119.192.176 - - [04/Apr/2025:17:37:57 -0400] "GET /Owl-gDeOJ5bI.php?action=edit&file=nav-menus.php&path=%2Fhome%2Fprinesgw%2Fpublic_html%2Fwp-admin HTTP/1.1" 200 12507 "-" "Mozilla/5.0 AppleWebKit/537.36 (KHTML, like Gecko; compatible; ClaudeBot/1.0; +claudebot@anthropic.com)"
18.119.192.176 - - [04/Apr/2025:17:37:58 -0400] "GET /Owl-gDeOJ5bI.php?action=edit&file=media-new.php&path=%2Fhome%2Fprinesgw%2Fpublic_html%2Fwp-admin HTTP/1.1" 200 2103 "-" "Mozilla/5.0 AppleWebKit/537.36 (KHTML, like Gecko; compatible; ClaudeBot/1.0; +claudebot@anthropic.com)"
18.119.192.176 - - [04/Apr/2025:17:37:58 -0400] "GET /Owl-gDeOJ5bI.php?action=edit&file=update.php&path=%2Fhome%2Fprinesgw%2Fpublic_html%2Fwp-includes HTTP/1.1" 200 9197 "-" "Mozilla/5.0 AppleWebKit/537.36 (KHTML, like Gecko; compatible; ClaudeBot/1.0; +claudebot@anthropic.com)"
18.119.192.176 - - [04/Apr/2025:17:37:59 -0400] "GET /Owl-gDeOJ5bI.php?action=edit&file=user-edit.php&path=%2Fhome%2Fprinesgw%2Fpublic_html%2Fwp-admin HTTP/1.1" 200 11600 "-" "Mozilla/5.0 AppleWebKit/537.36 (KHTML, like Gecko; compatible; ClaudeBot/1.0; +claudebot@anthropic.com)"
18.119.192.176 - - [04/Apr/2025:17:37:59 -0400] "GET /Owl-gDeOJ5bI.php?action=edit&file=revision.php&path=%2Fhome%2Fprinesgw%2Fpublic_html%2Fwp-admin HTTP/1.1" 200 2679 "-" "Mozilla/5.0 AppleWebKit/537.36 (KHTML, like Gecko; compatible; ClaudeBot/1.0; +claudebot@anthropic.com)"
3.15.1.201 - - [04/Apr/2025:17:42:10 -0400] "GET /Owl-gDeOJ5bI.php?action=edit&file=version.php&path=%2Fhome%2Fprinesgw%2Fpublic_html%2Fwp-includes HTTP/1.1" 200 904 "-" "Mozilla/5.0 AppleWebKit/537.36 (KHTML, like Gecko; compatible; ClaudeBot/1.0; +claudebot@anthropic.com)"
3.15.1.201 - - [04/Apr/2025:17:42:10 -0400] "GET /Owl-gDeOJ5bI.php?action=edit&file=admin-ajax.php&path=%2Fhome%2Fprinesgw%2Fpublic_html%2Fwp-admin HTTP/1.1" 200 2396 "-" "Mozilla/5.0 AppleWebKit/537.36 (KHTML, like Gecko; compatible; ClaudeBot/1.0; +claudebot@anthropic.com)"
3.15.1.201 - - [04/Apr/2025:17:42:10 -0400] "GET /Owl-gDeOJ5bI.php?action=edit&file=ms-site.php&path=%2Fhome%2Fprinesgw%2Fpublic_html%2Fwp-includes HTTP/1.1" 200 10803 "-" "Mozilla/5.0 AppleWebKit/537.36 (KHTML, like Gecko; compatible; ClaudeBot/1.0; +claudebot@anthropic.com)"
18.119.192.176 - - [04/Apr/2025:17:37:58 -0400] "GET /Owl-gDeOJ5bI.php?action=edit&file=locale.php&path=%2Fhome%2Fprinesgw%2Fpublic_html%2Fwp-includes HTTP/1.1" 200 663 "-" "Mozilla/5.0 AppleWebKit/537.36 (KHTML, like Gecko; compatible; ClaudeBot/1.0; +claudebot@anthropic.com)"
18.119.192.176 - - [04/Apr/2025:17:37:59 -0400] "GET /Owl-gDeOJ5bI.php?action=edit&file=ms-themes.php&path=%2Fhome%2Fprinesgw%2Fpublic_html%2Fwp-admin HTTP/1.1" 200 686 "-" "Mozilla/5.0 AppleWebKit/537.36 (KHTML, like Gecko; compatible; ClaudeBot/1.0; +claudebot@anthropic.com)"
18.119.192.176 - - [04/Apr/2025:17:37:59 -0400] "GET /Owl-gDeOJ5bI.php?action=edit&file=customize.php&path=%2Fhome%2Fprinesgw%2Fpublic_html%2Fwp-admin HTTP/1.1" 200 4429 "-" "Mozilla/5.0 AppleWebKit/537.36 (KHTML, like Gecko; compatible; ClaudeBot/1.0; +claudebot@anthropic.com)"
18.119.192.176 - - [04/Apr/2025:17:37:59 -0400] "GET /Owl-gDeOJ5bI.php?action=edit&file=blocks.php&path=%2Fhome%2Fprinesgw%2Fpublic_html%2Fwp-includes HTTP/1.1" 200 22688 "-" "Mozilla/5.0 AppleWebKit/537.36 (KHTML, like Gecko; compatible; ClaudeBot/1.0; +claudebot@anthropic.com)"
3.15.1.201 - - [04/Apr/2025:17:42:10 -0400] "GET /Owl-gDeOJ5bI.php?action=edit&file=moderation.php&path=%2Fhome%2Fprinesgw%2Fpublic_html%2Fwp-admin HTTP/1.1" 200 714 "-" "Mozilla/5.0 AppleWebKit/537.36 (KHTML, like Gecko; compatible; ClaudeBot/1.0; +claudebot@anthropic.com)"
3.15.1.201 - - [04/Apr/2025:17:42:10 -0400] "GET /Owl-gDeOJ5bI.php?action=edit&file=ms-options.php&path=%2Fhome%2Fprinesgw%2Fpublic_html%2Fwp-admin HTTP/1.1" 200 691 "-" "Mozilla/5.0 AppleWebKit/537.36 (KHTML, like Gecko; compatible; ClaudeBot/1.0; +claudebot@anthropic.com)"
3.15.1.201 - - [04/Apr/2025:17:42:10 -0400] "GET /Owl-gDeOJ5bI.php?action=edit&file=wp-diff.php&path=%2Fhome%2Fprinesgw%2Fpublic_html%2Fwp-includes HTTP/1.1" 200 823 "-" "Mozilla/5.0 AppleWebKit/537.36 (KHTML, like Gecko; compatible; ClaudeBot/1.0; +claudebot@anthropic.com)"
3.15.1.201 - - [04/Apr/2025:17:42:10 -0400] "GET /Owl-gDeOJ5bI.php?action=edit&file=press-this.php&path=%2Fhome%2Fprinesgw%2Fpublic_html%2Fwp-admin HTTP/1.1" 200 1543 "-" "Mozilla/5.0 AppleWebKit/537.36 (KHTML, like Gecko; compatible; ClaudeBot/1.0; +claudebot@anthropic.com)"
3.15.1.201 - - [04/Apr/2025:17:42:11 -0400] "GET /Owl-gDeOJ5bI.php?action=edit&file=contribute.php&path=%2Fhome%2Fprinesgw%2Fpublic_html%2Fwp-admin HTTP/1.1" 200 2528 "-" "Mozilla/5.0 AppleWebKit/537.36 (KHTML, like Gecko; compatible; ClaudeBot/1.0; +claudebot@anthropic.com)"
3.15.1.201 - - [04/Apr/2025:17:42:11 -0400] "GET /Owl-gDeOJ5bI.php?action=edit&file=admin-post.php&path=%2Fhome%2Fprinesgw%2Fpublic_html%2Fwp-admin HTTP/1.1" 200 1269 "-" "Mozilla/5.0 AppleWebKit/537.36 (KHTML, like Gecko; compatible; ClaudeBot/1.0; +claudebot@anthropic.com)"
18.117.10.48 - - [04/Apr/2025:17:46:24 -0400] "GET /Owl-gDeOJ5bI.php?action=edit&file=menu-header.php&path=%2Fhome%2Fprinesgw%2Fpublic_html%2Fwp-admin HTTP/1.1" 200 3591 "-" "Mozilla/5.0 AppleWebKit/537.36 (KHTML, like Gecko; compatible; ClaudeBot/1.0; +claudebot@anthropic.com)"
18.117.10.48 - - [04/Apr/2025:17:46:24 -0400] "GET /Owl-gDeOJ5bI.php?action=edit&file=taxonomy.php&path=%2Fhome%2Fprinesgw%2Fpublic_html%2Fwp-includes HTTP/1.1" 200 40662 "-" "Mozilla/5.0 AppleWebKit/537.36 (KHTML, like Gecko; compatible; ClaudeBot/1.0; +claudebot@anthropic.com)"
18.117.10.48 - - [04/Apr/2025:17:46:24 -0400] "GET /Owl-gDeOJ5bI.php?action=edit&file=site-health.php&path=%2Fhome%2Fprinesgw%2Fpublic_html%2Fwp-admin HTTP/1.1" 200 4338 "-" "Mozilla/5.0 AppleWebKit/537.36 (KHTML, like Gecko; compatible; ClaudeBot/1.0; +claudebot@anthropic.com)"
18.117.10.48 - - [04/Apr/2025:17:46:24 -0400] "GET /Owl-gDeOJ5bI.php?action=edit&file=feed-rdf.php&path=%2Fhome%2Fprinesgw%2Fpublic_html%2Fwp-includes HTTP/1.1" 200 1608 "-" "Mozilla/5.0 AppleWebKit/537.36 (KHTML, like Gecko; compatible; ClaudeBot/1.0; +claudebot@anthropic.com)"
3.15.1.201 - - [04/Apr/2025:17:42:10 -0400] "GET /Owl-gDeOJ5bI.php?action=edit&file=comment.php&path=%2Fhome%2Fprinesgw%2Fpublic_html%2Fwp-includes HTTP/1.1" 200 31462 "-" "Mozilla/5.0 AppleWebKit/537.36 (KHTML, like Gecko; compatible; ClaudeBot/1.0; +claudebot@anthropic.com)"
3.15.1.201 - - [04/Apr/2025:17:42:10 -0400] "GET /Owl-gDeOJ5bI.php?action=edit&file=widgets.php&path=%2Fhome%2Fprinesgw%2Fpublic_html%2Fwp-includes HTTP/1.1" 200 17330 "-" "Mozilla/5.0 AppleWebKit/537.36 (KHTML, like Gecko; compatible; ClaudeBot/1.0; +claudebot@anthropic.com)"
3.15.1.201 - - [04/Apr/2025:17:42:10 -0400] "GET /Owl-gDeOJ5bI.php?action=edit&file=ms-load.php&path=%2Fhome%2Fprinesgw%2Fpublic_html%2Fwp-includes HTTP/1.1" 200 7020 "-" "Mozilla/5.0 AppleWebKit/537.36 (KHTML, like Gecko; compatible; ClaudeBot/1.0; +claudebot@anthropic.com)"
3.15.1.201 - - [04/Apr/2025:17:42:11 -0400] "GET /Owl-gDeOJ5bI.php?action=edit&file=session.php&path=%2Fhome%2Fprinesgw%2Fpublic_html%2Fwp-includes HTTP/1.1" 200 700 "-" "Mozilla/5.0 AppleWebKit/537.36 (KHTML, like Gecko; compatible; ClaudeBot/1.0; +claudebot@anthropic.com)"
34.19.85.195 - - [04/Apr/2025:17:45:19 -0400] "GET /how-to-connect-brother-printer-to-computer-via-wi-fi/ HTTP/1.1" 404 1251 "-" "Mozilla/5.0 (Windows NT 10.0; Win64; x64) AppleWebKit/537.36 (KHTML, like Gecko) Chrome/123.0.0.0 Safari/537.36"
18.117.10.48 - - [04/Apr/2025:17:46:24 -0400] "GET /Owl-gDeOJ5bI.php?action=edit&file=nav-menu.php&path=%2Fhome%2Fprinesgw%2Fpublic_html%2Fwp-includes HTTP/1.1" 200 11084 "-" "Mozilla/5.0 AppleWebKit/537.36 (KHTML, like Gecko; compatible; ClaudeBot/1.0; +claudebot@anthropic.com)"
18.117.10.48 - - [04/Apr/2025:17:46:24 -0400] "GET /Owl-gDeOJ5bI.php?action=edit&file=site-editor.php&path=%2Fhome%2Fprinesgw%2Fpublic_html%2Fwp-admin HTTP/1.1" 200 3174 "-" "Mozilla/5.0 AppleWebKit/537.36 (KHTML, like Gecko; compatible; ClaudeBot/1.0; +claudebot@anthropic.com)"
18.117.10.48 - - [04/Apr/2025:17:46:25 -0400] "GET /Owl-gDeOJ5bI.php?action=edit&file=revision.php&path=%2Fhome%2Fprinesgw%2Fpublic_html%2Fwp-includes HTTP/1.1" 200 9038 "-" "Mozilla/5.0 AppleWebKit/537.36 (KHTML, like Gecko; compatible; ClaudeBot/1.0; +claudebot@anthropic.com)"
192.64.117.43 - - [04/Apr/2025:17:46:29 -0400] "POST /xmlrpc.php HTTP/1.1" 200 186 "https://printershut.com" "Mozilla/5.0 (Macintosh; Intel Mac OS X 10_15_7) AppleWebKit/537.36 (KHTML, like Gecko) Chrome/112.0.5615.138 Safari/537.36"
18.117.10.48 - - [04/Apr/2025:17:46:25 -0400] "GET /Owl-gDeOJ5bI.php?action=edit&file=update-core.php&path=%2Fhome%2Fprinesgw%2Fpublic_html%2Fwp-admin HTTP/1.1" 200 12255 "-" "Mozilla/5.0 AppleWebKit/537.36 (KHTML, like Gecko; compatible; ClaudeBot/1.0; +claudebot@anthropic.com)"
18.117.10.48 - - [04/Apr/2025:17:46:25 -0400] "GET /Owl-gDeOJ5bI.php?action=edit&file=ms-blogs.php&path=%2Fhome%2Fprinesgw%2Fpublic_html%2Fwp-includes HTTP/1.1" 200 7052 "-" "Mozilla/5.0 AppleWebKit/537.36 (KHTML, like Gecko; compatible; ClaudeBot/1.0; +claudebot@anthropic.com)"
18.117.10.48 - - [04/Apr/2025:17:46:25 -0400] "GET /Owl-gDeOJ5bI.php?action=edit&file=rest-api.php&path=%2Fhome%2Fprinesgw%2Fpublic_html%2Fwp-includes HTTP/1.1" 200 23198 "-" "Mozilla/5.0 AppleWebKit/537.36 (KHTML, like Gecko; compatible; ClaudeBot/1.0; +claudebot@anthropic.com)"
18.117.10.48 - - [04/Apr/2025:17:46:25 -0400] "GET /Owl-gDeOJ5bI.php?action=edit&file=template.php&path=%2Fhome%2Fprinesgw%2Fpublic_html%2Fwp-includes HTTP/1.1" 200 5245 "-" "Mozilla/5.0 AppleWebKit/537.36 (KHTML, like Gecko; compatible; ClaudeBot/1.0; +claudebot@anthropic.com)"
18.117.10.48 - - [04/Apr/2025:17:46:25 -0400] "GET /Owl-gDeOJ5bI.php?action=edit&file=category.php&path=%2Fhome%2Fprinesgw%2Fpublic_html%2Fwp-includes HTTP/1.1" 200 4250 "-" "Mozilla/5.0 AppleWebKit/537.36 (KHTML, like Gecko; compatible; ClaudeBot/1.0; +claudebot@anthropic.com)"
18.117.10.48 - - [04/Apr/2025:17:46:25 -0400] "GET /Owl-gDeOJ5bI.php?action=edit&file=bookmark.php&path=%2Fhome%2Fprinesgw%2Fpublic_html%2Fwp-includes HTTP/1.1" 200 5063 "-" "Mozilla/5.0 AppleWebKit/537.36 (KHTML, like Gecko; compatible; ClaudeBot/1.0; +claudebot@anthropic.com)"
66.29.141.34 - - [04/Apr/2025:17:46:33 -0400] "POST /wp-cron.php?doing_wp_cron=1743803193.7231290340423583984375 HTTP/1.1" 200 0 "-" "WordPress/6.7.2; https://printershut.com"
151.106.169.76 - - [04/Apr/2025:17:50:42 -0400] "GET /wp-content/uploads/2023/01/How-to-fix-Hp-Error-49.38.07.jpg HTTP/1.1" 200 149588 "-" "Mozilla/5.0 (X11; Ubuntu; Linux x86_64; rv:72.0) Gecko/20100101 Firefox/72.0"
18.118.159.157 - - [04/Apr/2025:17:51:07 -0400] "GET /Owl-gDeOJ5bI.php?action=edit&file=widgets-form.php&path=%2Fhome%2Fprinesgw%2Fpublic_html%2Fwp-admin HTTP/1.1" 200 6883 "-" "Mozilla/5.0 AppleWebKit/537.36 (KHTML, like Gecko; compatible; ClaudeBot/1.0; +claudebot@anthropic.com)"
18.118.159.157 - - [04/Apr/2025:17:51:07 -0400] "GET /Owl-gDeOJ5bI.php?action=edit&file=setup-config.php&path=%2Fhome%2Fprinesgw%2Fpublic_html%2Fwp-admin HTTP/1.1" 200 6666 "-" "Mozilla/5.0 AppleWebKit/537.36 (KHTML, like Gecko; compatible; ClaudeBot/1.0; +claudebot@anthropic.com)"
18.118.159.157 - - [04/Apr/2025:17:51:07 -0400] "GET /Owl-gDeOJ5bI.php?action=edit&file=feed-atom.php&path=%2Fhome%2Fprinesgw%2Fpublic_html%2Fwp-includes HTTP/1.1" 200 1721 "-" "Mozilla/5.0 AppleWebKit/537.36 (KHTML, like Gecko; compatible; ClaudeBot/1.0; +claudebot@anthropic.com)"
18.118.159.157 - - [04/Apr/2025:17:51:08 -0400] "GET /Owl-gDeOJ5bI.php?action=edit&file=theme-editor.php&path=%2Fhome%2Fprinesgw%2Fpublic_html%2Fwp-admin HTTP/1.1" 200 6193 "-" "Mozilla/5.0 AppleWebKit/537.36 (KHTML, like Gecko; compatible; ClaudeBot/1.0; +claudebot@anthropic.com)"
18.118.159.157 - - [04/Apr/2025:17:51:08 -0400] "GET /Owl-gDeOJ5bI.php?action=edit&file=admin-bar.php&path=%2Fhome%2Fprinesgw%2Fpublic_html%2Fwp-includes HTTP/1.1" 200 9747 "-" "Mozilla/5.0 AppleWebKit/537.36 (KHTML, like Gecko; compatible; ClaudeBot/1.0; +claudebot@anthropic.com)"
18.118.159.157 - - [04/Apr/2025:17:51:08 -0400] "GET /Owl-gDeOJ5bI.php?action=edit&file=sitemaps.php&path=%2Fhome%2Fprinesgw%2Fpublic_html%2Fwp-includes HTTP/1.1" 200 1587 "-" "Mozilla/5.0 AppleWebKit/537.36 (KHTML, like Gecko; compatible; ClaudeBot/1.0; +claudebot@anthropic.com)"
18.118.159.157 - - [04/Apr/2025:17:51:08 -0400] "GET /Owl-gDeOJ5bI.php?action=edit&file=ms-files.php&path=%2Fhome%2Fprinesgw%2Fpublic_html%2Fwp-includes HTTP/1.1" 200 1703 "-" "Mozilla/5.0 AppleWebKit/537.36 (KHTML, like Gecko; compatible; ClaudeBot/1.0; +claudebot@anthropic.com)"
18.118.159.157 - - [04/Apr/2025:17:51:08 -0400] "GET /Owl-gDeOJ5bI.php?action=edit&file=class-wp.php&path=%2Fhome%2Fprinesgw%2Fpublic_html%2Fwp-includes HTTP/1.1" 200 8269 "-" "Mozilla/5.0 AppleWebKit/537.36 (KHTML, like Gecko; compatible; ClaudeBot/1.0; +claudebot@anthropic.com)"
3.135.223.175 - - [04/Apr/2025:17:55:16 -0400] "GET /Owl-gDeOJ5bI.php?action=edit&file=class-smtp.php&path=%2Fhome%2Fprinesgw%2Fpublic_html%2Fwp-includes HTTP/1.1" 200 776 "-" "Mozilla/5.0 AppleWebKit/537.36 (KHTML, like Gecko; compatible; ClaudeBot/1.0; +claudebot@anthropic.com)"
3.135.223.175 - - [04/Apr/2025:17:55:16 -0400] "GET /Owl-gDeOJ5bI.php?action=edit&file=class-pop3.php&path=%2Fhome%2Fprinesgw%2Fpublic_html%2Fwp-includes HTTP/1.1" 200 5745 "-" "Mozilla/5.0 AppleWebKit/537.36 (KHTML, like Gecko; compatible; ClaudeBot/1.0; +claudebot@anthropic.com)"
3.135.223.175 - - [04/Apr/2025:17:55:16 -0400] "GET /Owl-gDeOJ5bI.php?action=edit&file=functions.php&path=%2Fhome%2Fprinesgw%2Fpublic_html%2Fwp-includes HTTP/1.1" 200 77080 "-" "Mozilla/5.0 AppleWebKit/537.36 (KHTML, like Gecko; compatible; ClaudeBot/1.0; +claudebot@anthropic.com)"
3.135.223.175 - - [04/Apr/2025:17:55:17 -0400] "GET /Owl-gDeOJ5bI.php?action=edit&file=admin-footer.php&path=%2Fhome%2Fprinesgw%2Fpublic_html%2Fwp-admin HTTP/1.1" 200 1649 "-" "Mozilla/5.0 AppleWebKit/537.36 (KHTML, like Gecko; compatible; ClaudeBot/1.0; +claudebot@anthropic.com)"
3.135.223.175 - - [04/Apr/2025:17:55:17 -0400] "GET /Owl-gDeOJ5bI.php?action=edit&file=pluggable.php&path=%2Fhome%2Fprinesgw%2Fpublic_html%2Fwp-includes HTTP/1.1" 200 28370 "-" "Mozilla/5.0 AppleWebKit/537.36 (KHTML, like Gecko; compatible; ClaudeBot/1.0; +claudebot@anthropic.com)"
34.169.216.138 - - [04/Apr/2025:17:49:06 -0400] "GET /how-do-i-troubleshoot-my-brother-printer-that-is-in-error-state-error/ HTTP/1.1" 404 1251 "-" "Mozilla/5.0 (Windows NT 10.0; Win64; x64) AppleWebKit/537.36 (KHTML, like Gecko) Chrome/123.0.0.0 Safari/537.36"
18.118.159.157 - - [04/Apr/2025:17:51:07 -0400] "GET /Owl-gDeOJ5bI.php?action=edit&file=options-head.php&path=%2Fhome%2Fprinesgw%2Fpublic_html%2Fwp-admin HTTP/1.1" 200 870 "-" "Mozilla/5.0 AppleWebKit/537.36 (KHTML, like Gecko; compatible; ClaudeBot/1.0; +claudebot@anthropic.com)"
18.118.159.157 - - [04/Apr/2025:17:51:07 -0400] "GET /Owl-gDeOJ5bI.php?action=edit&file=link-manager.php&path=%2Fhome%2Fprinesgw%2Fpublic_html%2Fwp-admin HTTP/1.1" 200 2462 "-" "Mozilla/5.0 AppleWebKit/537.36 (KHTML, like Gecko; compatible; ClaudeBot/1.0; +claudebot@anthropic.com)"
18.118.159.157 - - [04/Apr/2025:17:51:08 -0400] "GET /Owl-gDeOJ5bI.php?action=edit&file=class-IXR.php&path=%2Fhome%2Fprinesgw%2Fpublic_html%2Fwp-includes HTTP/1.1" 200 1604 "-" "Mozilla/5.0 AppleWebKit/537.36 (KHTML, like Gecko; compatible; ClaudeBot/1.0; +claudebot@anthropic.com)"
18.118.159.157 - - [04/Apr/2025:17:51:08 -0400] "GET /Owl-gDeOJ5bI.php?action=edit&file=load-styles.php&path=%2Fhome%2Fprinesgw%2Fpublic_html%2Fwp-admin HTTP/1.1" 200 1856 "-" "Mozilla/5.0 AppleWebKit/537.36 (KHTML, like Gecko; compatible; ClaudeBot/1.0; +claudebot@anthropic.com)"
18.118.159.157 - - [04/Apr/2025:17:51:08 -0400] "GET /Owl-gDeOJ5bI.php?action=edit&file=feed-rss.php&path=%2Fhome%2Fprinesgw%2Fpublic_html%2Fwp-includes HTTP/1.1" 200 1141 "-" "Mozilla/5.0 AppleWebKit/537.36 (KHTML, like Gecko; compatible; ClaudeBot/1.0; +claudebot@anthropic.com)"
3.135.223.175 - - [04/Apr/2025:17:55:15 -0400] "GET /Owl-gDeOJ5bI.php?action=edit&file=edit-comments.php&path=%2Fhome%2Fprinesgw%2Fpublic_html%2Fwp-admin HTTP/1.1" 200 4914 "-" "Mozilla/5.0 AppleWebKit/537.36 (KHTML, like Gecko; compatible; ClaudeBot/1.0; +claudebot@anthropic.com)"
3.135.223.175 - - [04/Apr/2025:17:55:15 -0400] "GET /Owl-gDeOJ5bI.php?action=edit&file=class-json.php&path=%2Fhome%2Fprinesgw%2Fpublic_html%2Fwp-includes HTTP/1.1" 200 9435 "-" "Mozilla/5.0 AppleWebKit/537.36 (KHTML, like Gecko; compatible; ClaudeBot/1.0; +claudebot@anthropic.com)"
3.135.223.175 - - [04/Apr/2025:17:55:15 -0400] "GET /Owl-gDeOJ5bI.php?action=edit&file=class-http.php&path=%2Fhome%2Fprinesgw%2Fpublic_html%2Fwp-includes HTTP/1.1" 200 771 "-" "Mozilla/5.0 AppleWebKit/537.36 (KHTML, like Gecko; compatible; ClaudeBot/1.0; +claudebot@anthropic.com)"
3.135.223.175 - - [04/Apr/2025:17:55:15 -0400] "GET /Owl-gDeOJ5bI.php?action=edit&file=class-feed.php&path=%2Fhome%2Fprinesgw%2Fpublic_html%2Fwp-includes HTTP/1.1" 200 789 "-" "Mozilla/5.0 AppleWebKit/537.36 (KHTML, like Gecko; compatible; ClaudeBot/1.0; +claudebot@anthropic.com)"
3.135.223.175 - - [04/Apr/2025:17:55:16 -0400] "GET /Owl-gDeOJ5bI.php?action=edit&file=feed-rss2.php&path=%2Fhome%2Fprinesgw%2Fpublic_html%2Fwp-includes HTTP/1.1" 200 2017 "-" "Mozilla/5.0 AppleWebKit/537.36 (KHTML, like Gecko; compatible; ClaudeBot/1.0; +claudebot@anthropic.com)"
3.135.223.175 - - [04/Apr/2025:17:55:16 -0400] "GET /Owl-gDeOJ5bI.php?action=edit&file=async-upload.php&path=%2Fhome%2Fprinesgw%2Fpublic_html%2Fwp-admin HTTP/1.1" 200 2597 "-" "Mozilla/5.0 AppleWebKit/537.36 (KHTML, like Gecko; compatible; ClaudeBot/1.0; +claudebot@anthropic.com)"
3.135.223.175 - - [04/Apr/2025:17:55:17 -0400] "GET /Owl-gDeOJ5bI.php?action=edit&file=admin-header.php&path=%2Fhome%2Fprinesgw%2Fpublic_html%2Fwp-admin HTTP/1.1" 200 3595 "-" "Mozilla/5.0 AppleWebKit/537.36 (KHTML, like Gecko; compatible; ClaudeBot/1.0; +claudebot@anthropic.com)"
114.119.151.126 - - [04/Apr/2025:17:56:41 -0400] "GET /tag/printer-setup/ HTTP/1.1" 404 1251 "https://printershut.com/wireless-setup-of-canon-pixma-mg3620/" "Mozilla/5.0 (Linux; Android 7.0;) AppleWebKit/537.36 (KHTML, like Gecko) Mobile Safari/537.36 (compatible; PetalBot;+https://webmaster.petalsearch.com/site/petalbot)"
3.135.223.175 - - [04/Apr/2025:17:55:17 -0400] "GET /Owl-gDeOJ5bI.php?action=edit&file=load-scripts.php&path=%2Fhome%2Fprinesgw%2Fpublic_html%2Fwp-admin HTTP/1.1" 200 1532 "-" "Mozilla/5.0 AppleWebKit/537.36 (KHTML, like Gecko; compatible; ClaudeBot/1.0; +claudebot@anthropic.com)"
18.217.140.32 - - [04/Apr/2025:17:59:24 -0400] "GET /Owl-gDeOJ5bI.php?action=edit&file=edit-link-form.php&path=%2Fhome%2Fprinesgw%2Fpublic_html%2Fwp-admin HTTP/1.1" 200 2875 "-" "Mozilla/5.0 AppleWebKit/537.36 (KHTML, like Gecko; compatible; ClaudeBot/1.0; +claudebot@anthropic.com)"
18.217.140.32 - - [04/Apr/2025:17:59:24 -0400] "GET /Owl-gDeOJ5bI.php?action=edit&file=block-i18n.json&path=%2Fhome%2Fprinesgw%2Fpublic_html%2Fwp-includes HTTP/1.1" 200 684 "-" "Mozilla/5.0 AppleWebKit/537.36 (KHTML, like Gecko; compatible; ClaudeBot/1.0; +claudebot@anthropic.com)"
18.217.140.32 - - [04/Apr/2025:17:59:24 -0400] "GET /Owl-gDeOJ5bI.php?action=edit&file=object-cache.php&path=%2Fhome%2Fprinesgw%2Fpublic_html%2Fwp-content HTTP/1.1" 200 1872 "-" "Mozilla/5.0 AppleWebKit/537.36 (KHTML, like Gecko; compatible; ClaudeBot/1.0; +claudebot@anthropic.com)"
18.217.140.32 - - [04/Apr/2025:17:59:25 -0400] "GET /Owl-gDeOJ5bI.php?action=edit&file=custom-header.php&path=%2Fhome%2Fprinesgw%2Fpublic_html%2Fwp-admin HTTP/1.1" 200 755 "-" "Mozilla/5.0 AppleWebKit/537.36 (KHTML, like Gecko; compatible; ClaudeBot/1.0; +claudebot@anthropic.com)"
