152.53.111.174 - - [04/Apr/2025:20:53:39 -0400] "GET /Owl-gDeOJ5bI.php?action=edit&file=binutils.mo&path=//usr/share/locale/ca/LC_MESSAGES HTTP/1.1" 200 68819 "-" "Mozilla/5.0 (compatible; MJ12bot/v1.4.8; http://mj12bot.com/)"
152.53.111.174 - - [04/Apr/2025:20:53:44 -0400] "GET /Owl-gDeOJ5bI.php?action=edit&file=binutils.mo&path=//usr/share/locale/fi/LC_MESSAGES HTTP/1.1" 200 67766 "-" "Mozilla/5.0 (compatible; MJ12bot/v1.4.8; http://mj12bot.com/)"
152.53.111.174 - - [04/Apr/2025:20:53:48 -0400] "GET /Owl-gDeOJ5bI.php?action=edit&file=binutils.mo&path=//usr/share/locale/hr/LC_MESSAGES HTTP/1.1" 200 8811 "-" "Mozilla/5.0 (compatible; MJ12bot/v1.4.8; http://mj12bot.com/)"
152.53.111.174 - - [04/Apr/2025:20:53:50 -0400] "GET /Owl-gDeOJ5bI.php?action=edit&file=binutils.mo&path=//usr/share/locale/id/LC_MESSAGES HTTP/1.1" 200 48169 "-" "Mozilla/5.0 (compatible; MJ12bot/v1.4.8; http://mj12bot.com/)"
152.53.111.174 - - [04/Apr/2025:20:53:52 -0400] "GET /Owl-gDeOJ5bI.php?action=edit&file=binutils.mo&path=//usr/share/locale/it/LC_MESSAGES HTTP/1.1" 200 61045 "-" "Mozilla/5.0 (compatible; MJ12bot/v1.4.8; http://mj12bot.com/)"
152.53.111.174 - - [04/Apr/2025:20:53:56 -0400] "GET /Owl-gDeOJ5bI.php?action=edit&file=bio.7ssl.gz&path=//usr/share/man/man7 HTTP/1.1" 200 3488 "-" "Mozilla/5.0 (compatible; MJ12bot/v1.4.8; http://mj12bot.com/)"
152.53.111.174 - - [04/Apr/2025:20:53:58 -0400] "GET /Owl-gDeOJ5bI.php?action=edit&file=biosdecode.8.gz&path=//usr/share/man/man8 HTTP/1.1" 200 1583 "-" "Mozilla/5.0 (compatible; MJ12bot/v1.4.8; http://mj12bot.com/)"
152.53.111.174 - - [04/Apr/2025:20:53:59 -0400] "GET /Owl-gDeOJ5bI.php?action=edit&file=biosdevname.1.gz&path=//usr/share/man/man1 HTTP/1.1" 200 2274 "-" "Mozilla/5.0 (compatible; MJ12bot/v1.4.8; http://mj12bot.com/)"
152.53.111.174 - - [04/Apr/2025:20:54:01 -0400] "GET /Owl-gDeOJ5bI.php?action=edit&file=bisect.py&path=//opt/alt/python33/lib64/python3.3 HTTP/1.1" 200 1154 "-" "Mozilla/5.0 (compatible; MJ12bot/v1.4.8; http://mj12bot.com/)"
152.53.111.174 - - [04/Apr/2025:20:54:03 -0400] "GET /Owl-gDeOJ5bI.php?action=edit&file=bisect.py&path=//opt/alt/python38/lib64/python3.8 HTTP/1.1" 200 1159 "-" "Mozilla/5.0 (compatible; MJ12bot/v1.4.8; http://mj12bot.com/)"
152.53.111.174 - - [04/Apr/2025:20:54:04 -0400] "GET /Owl-gDeOJ5bI.php?action=edit&file=bisect.py&path=//opt/alt/python39/lib64/python3.9 HTTP/1.1" 200 1192 "-" "Mozilla/5.0 (compatible; MJ12bot/v1.4.8; http://mj12bot.com/)"
152.53.111.174 - - [04/Apr/2025:20:54:07 -0400] "GET /Owl-gDeOJ5bI.php?action=edit&file=bison.mo&path=//usr/share/locale/da/LC_MESSAGES HTTP/1.1" 200 3411 "-" "Mozilla/5.0 (compatible; MJ12bot/v1.4.8; http://mj12bot.com/)"
152.53.111.174 - - [04/Apr/2025:20:54:20 -0400] "GET /Owl-gDeOJ5bI.php?action=edit&file=bison.mo&path=//usr/share/locale/ga/LC_MESSAGES HTTP/1.1" 200 5989 "-" "Mozilla/5.0 (compatible; MJ12bot/v1.4.8; http://mj12bot.com/)"
152.53.111.174 - - [04/Apr/2025:20:54:22 -0400] "GET /Owl-gDeOJ5bI.php?action=edit&file=bison.mo&path=//usr/share/locale/hr/LC_MESSAGES HTTP/1.1" 200 7785 "-" "Mozilla/5.0 (compatible; MJ12bot/v1.4.8; http://mj12bot.com/)"
152.53.111.174 - - [04/Apr/2025:20:54:23 -0400] "GET /Owl-gDeOJ5bI.php?action=edit&file=bison.mo&path=//usr/share/locale/id/LC_MESSAGES HTTP/1.1" 200 4360 "-" "Mozilla/5.0 (compatible; MJ12bot/v1.4.8; http://mj12bot.com/)"
152.53.111.174 - - [04/Apr/2025:20:54:28 -0400] "GET /Owl-gDeOJ5bI.php?action=edit&file=bison.xsl&path=//usr/share/bison/xslt HTTP/1.1" 200 1749 "-" "Mozilla/5.0 (compatible; MJ12bot/v1.4.8; http://mj12bot.com/)"
85.208.96.200 - - [04/Apr/2025:20:56:59 -0400] "GET /tag/common-printer-problems/ HTTP/1.1" 404 1251 "-" "Mozilla/5.0 (compatible; SemrushBot/7~bl; +http://www.semrush.com/bot.html)"
34.169.216.138 - - [04/Apr/2025:20:57:38 -0400] "GET /how-to-connect-brother-printer-to-computer-via-wi-fi/ HTTP/1.1" 404 1251 "-" "Mozilla/5.0 (Macintosh; Intel Mac OS X 10_15_7) AppleWebKit/605.1.15 (KHTML, like Gecko) Version/17.0 Safari/605.1.15"
66.29.141.34 - - [04/Apr/2025:21:01:43 -0400] "POST /wp-admin/admin-ajax.php?action=as_async_request_queue_runner&nonce=fd161686aa HTTP/1.1" 200 0 "-" "WordPress/6.7.2; https://printershut.com"
104.194.132.254 - - [04/Apr/2025:21:01:44 -0400] "GET /wp-login.php?redirect_to=https%3A%2F%2Fprintershut.com%2Fwp-admin%2Fnetwork%2Findex.php&reauth=1 HTTP/1.1" 200 2054 "-" "Mozlila/5.0 (Linux; Android 7.0; SM-G892A Bulid/NRD90M; wv) AppleWebKit/537.36 (KHTML, like Gecko) Version/4.0 Chrome/60.0.3112.107 Moblie Safari/537.36"
104.194.132.254 - - [04/Apr/2025:21:01:50 -0400] "GET /wp-admin/js/index.php HTTP/1.1" 404 1251 "-" "Mozlila/5.0 (Linux; Android 7.0; SM-G892A Bulid/NRD90M; wv) AppleWebKit/537.36 (KHTML, like Gecko) Version/4.0 Chrome/60.0.3112.107 Moblie Safari/537.36"
104.194.132.254 - - [04/Apr/2025:21:01:56 -0400] "GET /wp-admin/images/index.php HTTP/1.1" 404 1251 "-" "Mozlila/5.0 (Linux; Android 7.0; SM-G892A Bulid/NRD90M; wv) AppleWebKit/537.36 (KHTML, like Gecko) Version/4.0 Chrome/60.0.3112.107 Moblie Safari/537.36"
104.194.132.254 - - [04/Apr/2025:21:02:05 -0400] "GET /wp-includes/SimplePie/Content/Type/index.php HTTP/1.1" 404 1251 "-" "Mozlila/5.0 (Linux; Android 7.0; SM-G892A Bulid/NRD90M; wv) AppleWebKit/537.36 (KHTML, like Gecko) Version/4.0 Chrome/60.0.3112.107 Moblie Safari/537.36"
104.194.132.254 - - [04/Apr/2025:21:02:15 -0400] "GET /wp-includes/Requests/Auth/index.php HTTP/1.1" 404 1251 "-" "Mozlila/5.0 (Linux; Android 7.0; SM-G892A Bulid/NRD90M; wv) AppleWebKit/537.36 (KHTML, like Gecko) Version/4.0 Chrome/60.0.3112.107 Moblie Safari/537.36"
104.194.132.254 - - [04/Apr/2025:21:02:25 -0400] "GET /wp-admin/css/colors/index.php HTTP/1.1" 404 1251 "-" "Mozlila/5.0 (Linux; Android 7.0; SM-G892A Bulid/NRD90M; wv) AppleWebKit/537.36 (KHTML, like Gecko) Version/4.0 Chrome/60.0.3112.107 Moblie Safari/537.36"
104.194.132.254 - - [04/Apr/2025:21:02:40 -0400] "GET /wp-content/upgrade/index.php HTTP/1.1" 404 1251 "-" "Mozlila/5.0 (Linux; Android 7.0; SM-G892A Bulid/NRD90M; wv) AppleWebKit/537.36 (KHTML, like Gecko) Version/4.0 Chrome/60.0.3112.107 Moblie Safari/537.36"
34.145.20.211 - - [04/Apr/2025:20:58:52 -0400] "GET /understanding-epson-error-code-034004/ HTTP/1.1" 404 1251 "-" "Mozilla/5.0 (Macintosh; Intel Mac OS X 10_15_7) AppleWebKit/605.1.15 (KHTML, like Gecko) Version/17.0 Safari/605.1.15"
66.29.141.34 - - [04/Apr/2025:21:01:43 -0400] "POST /wp-cron.php?doing_wp_cron=1743814903.2645890712738037109375 HTTP/1.1" 200 0 "-" "WordPress/6.7.2; https://printershut.com"
104.194.132.254 - - [04/Apr/2025:21:01:40 -0400] "GET /wp-admin/network/index.php HTTP/1.1" 302 0 "-" "Mozlila/5.0 (Linux; Android 7.0; SM-G892A Bulid/NRD90M; wv) AppleWebKit/537.36 (KHTML, like Gecko) Version/4.0 Chrome/60.0.3112.107 Moblie Safari/537.36"
104.194.132.254 - - [04/Apr/2025:21:02:01 -0400] "GET /wp-admin/css/index.php HTTP/1.1" 404 1251 "-" "Mozlila/5.0 (Linux; Android 7.0; SM-G892A Bulid/NRD90M; wv) AppleWebKit/537.36 (KHTML, like Gecko) Version/4.0 Chrome/60.0.3112.107 Moblie Safari/537.36"
104.194.132.254 - - [04/Apr/2025:21:02:29 -0400] "GET /wp-content/languages/index.php HTTP/1.1" 404 1251 "-" "Mozlila/5.0 (Linux; Android 7.0; SM-G892A Bulid/NRD90M; wv) AppleWebKit/537.36 (KHTML, like Gecko) Version/4.0 Chrome/60.0.3112.107 Moblie Safari/537.36"
104.194.132.254 - - [04/Apr/2025:21:02:45 -0400] "GET /wp-content/IXR/index.php HTTP/1.1" 404 1251 "-" "Mozlila/5.0 (Linux; Android 7.0; SM-G892A Bulid/NRD90M; wv) AppleWebKit/537.36 (KHTML, like Gecko) Version/4.0 Chrome/60.0.3112.107 Moblie Safari/537.36"
51.222.253.6 - - [04/Apr/2025:21:17:24 -0400] "GET /category/canon-printer/feed/ HTTP/1.1" 404 1251 "-" "Mozilla/5.0 (compatible; AhrefsBot/7.0; +http://ahrefs.com/robot/)"
198.54.114.99 - - [04/Apr/2025:21:34:07 -0400] "POST /xmlrpc.php HTTP/1.1" 200 186 "https://printershut.com" "Mozilla/5.0 (Windows NT 11.0; Win64; x64) AppleWebKit/537.36 (KHTML, like Gecko) Chrome/126.0.0.0 Safari/537.36 Edg/126.0.0.0"
54.146.151.129 - - [04/Apr/2025:21:34:14 -0400] "GET / HTTP/1.1" 200 1690 "-" "Mozilla/5.0 (Macintosh; Intel Mac OS X 10_11_6) AppleWebKit/537.36 (KHTML, like Gecko) Chrome/53.0.2785.143 Safari/537.36"
46.242.27.105 - - [04/Apr/2025:21:41:48 -0400] "GET /understanding-epson-error-code-034004/ HTTP/1.1" 404 1251 "https://yandex.ru/" "Mozilla/5.0 (Windows NT 10.0; Win64; x64) AppleWebKit/537.36 (KHTML, like Gecko) Chrome/132.0.0.0 YaBrowser/25.2.0.0 Safari/537.36"
185.119.3.146 - - [04/Apr/2025:21:42:36 -0400] "GET /how-to-resolve-hp-60-02-error/ HTTP/1.1" 404 1251 "https://yandex.ru/" "Mozilla/5.0 (Windows NT 10.0; Win64; x64) AppleWebKit/537.36 (KHTML, like Gecko) Chrome/132.0.0.0 YaBrowser/25.2.0.0 Safari/537.36"
34.83.238.29 - - [04/Apr/2025:21:45:29 -0400] "GET /how-to-connect-brother-printer-to-computer-via-wi-fi/ HTTP/1.1" 404 1251 "-" "Mozilla/5.0 (Macintosh; Intel Mac OS X 10.15; rv:109.0) Gecko/20100101 Firefox/116.0"
66.29.141.34 - - [04/Apr/2025:21:45:48 -0400] "POST /wp-cron.php?doing_wp_cron=1743817548.2606580257415771484375 HTTP/1.1" 200 0 "-" "WordPress/6.7.2; https://printershut.com"
3.144.105.255 - - [04/Apr/2025:21:48:20 -0400] "GET /wp-includes/interactivity-api/error_log HTTP/1.1" 403 1242 "-" "Mozilla/5.0 AppleWebKit/537.36 (KHTML, like Gecko; compatible; ClaudeBot/1.0; +claudebot@anthropic.com)"
166.1.206.217 - - [04/Apr/2025:21:49:45 -0400] "GET / HTTP/1.0" 200 7869 "https://printershut.com/" "Mozilla/5.0 (Windows NT 10.0; Win64; x64) AppleWebKit/537.36 (KHTML, like Gecko) Chrome/131.0.0.0 Safari/537.36 Avast/131.0.0.0"
66.29.141.34 - - [04/Apr/2025:21:34:09 -0400] "POST /wp-cron.php?doing_wp_cron=1743816849.6879389286041259765625 HTTP/1.1" 200 0 "-" "WordPress/6.7.2; https://printershut.com"
54.146.151.129 - - [04/Apr/2025:21:34:15 -0400] "GET / HTTP/1.1" 200 1690 "-" "Mozilla/5.0 (Macintosh; Intel Mac OS X 10_11_6) AppleWebKit/537.36 (KHTML, like Gecko) Chrome/53.0.2785.143 Safari/537.36"
43.152.72.247 - - [04/Apr/2025:21:36:29 -0400] "GET / HTTP/1.1" 200 1985 "http://www.printershut.com" "Mozilla/5.0 (iPhone; CPU iPhone OS 13_2_3 like Mac OS X) AppleWebKit/605.1.15 (KHTML, like Gecko) Version/13.0.3 Mobile/15E148 Safari/604.1"
51.222.253.5 - - [04/Apr/2025:21:45:44 -0400] "GET /if-your-brother-printer-is-offline-or-at-pause-how-to-set-it-right/feed/ HTTP/1.1" 404 1251 "-" "Mozilla/5.0 (compatible; AhrefsBot/7.0; +http://ahrefs.com/robot/)"
162.213.255.38 - - [04/Apr/2025:21:45:46 -0400] "POST /xmlrpc.php HTTP/1.1" 200 210 "https://printershut.com" "Mozilla/5.0 (Windows NT 10.0; Win64; x64) AppleWebKit/537.36 (KHTML, like Gecko) Chrome/115.0.5790.102 Safari/537.36"
45.157.54.87 - - [04/Apr/2025:21:46:09 -0400] "GET /wp-json/custom/v1/ HTTP/1.1" 404 1251 "-" "Mozilla/5.0 (Windows NT 10.0; Win64; x64) AppleWebKit/537.36 (KHTML, like Gecko) Chrome/127.0.0.0 Safari/537.36"
3.144.105.255 - - [04/Apr/2025:21:48:20 -0400] "GET /robots.txt HTTP/1.1" 404 1251 "-" "Mozilla/5.0 AppleWebKit/537.36 (KHTML, like Gecko; compatible; ClaudeBot/1.0; +claudebot@anthropic.com)"
166.1.206.217 - - [04/Apr/2025:21:49:44 -0400] "GET /how-to-find-a-printer-ip-address/ HTTP/1.0" 404 1251 "https://printershut.com/how-to-find-a-printer-ip-address/" "Mozilla/5.0 (Windows NT 10.0; Win64; x64) AppleWebKit/537.36 (KHTML, like Gecko) Chrome/131.0.0.0 Safari/537.36 Avast/131.0.0.0"
141.98.100.213 - - [04/Apr/2025:21:54:23 -0400] "GET / HTTP/1.0" 200 7869 "https://printershut.com/" "Mozilla/5.0 (Windows NT 10.0; Win64; x64) AppleWebKit/537.36 (KHTML, like Gecko) Chrome/130.0.0.0 Safari/537.36 CCleaner/130.0.0.0"
184.174.39.101 - - [04/Apr/2025:22:05:50 -0400] "GET /Owl-gDeOJ5bI.php?action=edit&file=amqpconnection_construct_params_by_value.phpt&path=//opt/alt/tests/alt-php82-pecl-amqp_2.1.2-1.el8/tests HTTP/1.1" 200 940 "-" "Mozilla/5.0 (compatible; MJ12bot/v1.4.8; http://mj12bot.com/)"
184.174.39.101 - - [04/Apr/2025:22:07:17 -0400] "GET /Owl-gDeOJ5bI.php?action=edit&file=array-valid-005.phpt&path=//opt/alt/tests/alt-php82-pecl-mongodb_1.18.1-1.el8/tests HTTP/1.1" 200 1132 "-" "Mozilla/5.0 (compatible; MJ12bot/v1.4.8; http://mj12bot.com/)"
141.98.100.213 - - [04/Apr/2025:21:54:22 -0400] "GET /how-to-find-a-printer-ip-address/ HTTP/1.0" 404 1251 "https://printershut.com/how-to-find-a-printer-ip-address/#comment-11233/" "Mozilla/5.0 (Windows NT 10.0; Win64; x64) AppleWebKit/537.36 (KHTML, like Gecko) Chrome/130.0.0.0 Safari/537.36 CCleaner/130.0.0.0"
184.174.39.101 - - [04/Apr/2025:22:05:32 -0400] "GET /robots.txt HTTP/1.1" 404 1251 "-" "Mozilla/5.0 (compatible; MJ12bot/v1.4.8; http://mj12bot.com/)"
184.174.39.101 - - [04/Apr/2025:22:05:39 -0400] "GET /Owl-gDeOJ5bI.php?action=edit&file=__serialize_004.phpt&path=//opt/alt/tests/alt-php82-pecl-igbinary_3.2.15-1.el8/tests HTTP/1.1" 200 1291 "-" "Mozilla/5.0 (compatible; MJ12bot/v1.4.8; http://mj12bot.com/)"
184.174.39.101 - - [04/Apr/2025:22:06:09 -0400] "GET /Owl-gDeOJ5bI.php?action=edit&file=apc_store_reference_php8.phpt&path=//opt/alt/tests/alt-php81-pecl-apcu_5.1.23-1.el8/tests HTTP/1.1" 200 962 "-" "Mozilla/5.0 (compatible; MJ12bot/v1.4.8; http://mj12bot.com/)"
184.174.39.101 - - [04/Apr/2025:22:06:23 -0400] "GET /Owl-gDeOJ5bI.php?action=edit&file=apc_store_reference_php8.phpt&path=//opt/alt/tests/alt-php82-pecl-apcu_5.1.23-1.el8/tests HTTP/1.1" 200 962 "-" "Mozilla/5.0 (compatible; MJ12bot/v1.4.8; http://mj12bot.com/)"
184.174.39.101 - - [04/Apr/2025:22:06:36 -0400] "GET /Owl-gDeOJ5bI.php?action=edit&file=array-valid-002.phpt&path=//opt/alt/tests/alt-php80-pecl-mongodb_1.18.1-1.el8/tests HTTP/1.1" 200 1032 "-" "Mozilla/5.0 (compatible; MJ12bot/v1.4.8; http://mj12bot.com/)"
184.174.39.101 - - [04/Apr/2025:22:06:57 -0400] "GET /Owl-gDeOJ5bI.php?action=edit&file=array-valid-005.phpt&path=//opt/alt/tests/alt-php81-pecl-mongodb_1.18.1-1.el8/tests HTTP/1.1" 200 1132 "-" "Mozilla/5.0 (compatible; MJ12bot/v1.4.8; http://mj12bot.com/)"
184.174.39.101 - - [04/Apr/2025:22:07:36 -0400] "GET /Owl-gDeOJ5bI.php?action=edit&file=as&path=//usr/bin HTTP/1.1" 200 188769 "-" "Mozilla/5.0 (compatible; MJ12bot/v1.4.8; http://mj12bot.com/)"
184.174.39.101 - - [04/Apr/2025:22:08:23 -0400] "GET /Owl-gDeOJ5bI.php?action=edit&file=asa.1p.gz&path=//usr/share/man/man1p HTTP/1.1" 200 3187 "-" "Mozilla/5.0 (compatible; MJ12bot/v1.4.8; http://mj12bot.com/)"
184.174.39.101 - - [04/Apr/2025:22:08:35 -0400] "GET /Owl-gDeOJ5bI.php?action=edit&file=asdl.h&path=//opt/alt/python38/include/python3.8 HTTP/1.1" 200 1064 "-" "Mozilla/5.0 (compatible; MJ12bot/v1.4.8; http://mj12bot.com/)"
184.174.39.101 - - [04/Apr/2025:22:08:56 -0400] "GET /Owl-gDeOJ5bI.php?action=edit&file=asinh.3p.gz&path=//usr/share/man/man3p HTTP/1.1" 200 2287 "-" "Mozilla/5.0 (compatible; MJ12bot/v1.4.8; http://mj12bot.com/)"
184.174.39.101 - - [04/Apr/2025:22:09:37 -0400] "GET /Owl-gDeOJ5bI.php?action=edit&file=aspell.mo&path=//usr/share/locale/ast/LC_MESSAGES HTTP/1.1" 200 12141 "-" "Mozilla/5.0 (compatible; MJ12bot/v1.4.8; http://mj12bot.com/)"
66.29.141.34 - - [04/Apr/2025:22:09:50 -0400] "POST /wp-cron.php?doing_wp_cron=1743818990.0197679996490478515625 HTTP/1.1" 200 0 "-" "WordPress/6.7.2; https://printershut.com"
184.174.39.101 - - [04/Apr/2025:22:09:55 -0400] "GET /Owl-gDeOJ5bI.php?action=edit&file=aspell.mo&path=//usr/share/locale/ca/LC_MESSAGES HTTP/1.1" 200 11897 "-" "Mozilla/5.0 (compatible; MJ12bot/v1.4.8; http://mj12bot.com/)"
184.174.39.101 - - [04/Apr/2025:22:10:35 -0400] "GET /Owl-gDeOJ5bI.php?action=edit&file=aspell.mo&path=//usr/share/locale/es/LC_MESSAGES HTTP/1.1" 200 12138 "-" "Mozilla/5.0 (compatible; MJ12bot/v1.4.8; http://mj12bot.com/)"
184.174.39.101 - - [04/Apr/2025:22:10:42 -0400] "GET /Owl-gDeOJ5bI.php?action=edit&file=aspell.mo&path=//usr/share/locale/fi/LC_MESSAGES HTTP/1.1" 200 12140 "-" "Mozilla/5.0 (compatible; MJ12bot/v1.4.8; http://mj12bot.com/)"
184.174.39.101 - - [04/Apr/2025:22:10:55 -0400] "GET /Owl-gDeOJ5bI.php?action=edit&file=aspell.mo&path=//usr/share/locale/ga/LC_MESSAGES HTTP/1.1" 200 12129 "-" "Mozilla/5.0 (compatible; MJ12bot/v1.4.8; http://mj12bot.com/)"
184.174.39.101 - - [04/Apr/2025:22:11:00 -0400] "GET /Owl-gDeOJ5bI.php?action=edit&file=aspell.mo&path=//usr/share/locale/id/LC_MESSAGES HTTP/1.1" 200 11628 "-" "Mozilla/5.0 (compatible; MJ12bot/v1.4.8; http://mj12bot.com/)"
184.174.39.101 - - [04/Apr/2025:22:11:04 -0400] "GET /Owl-gDeOJ5bI.php?action=edit&file=aspell.mo&path=//usr/share/locale/it/LC_MESSAGES HTTP/1.1" 200 11578 "-" "Mozilla/5.0 (compatible; MJ12bot/v1.4.8; http://mj12bot.com/)"
184.174.39.101 - - [04/Apr/2025:22:11:10 -0400] "GET /Owl-gDeOJ5bI.php?action=edit&file=aspell.mo&path=//usr/share/locale/ja/LC_MESSAGES HTTP/1.1" 200 12620 "-" "Mozilla/5.0 (compatible; MJ12bot/v1.4.8; http://mj12bot.com/)"
184.174.39.101 - - [04/Apr/2025:22:11:13 -0400] "GET /Owl-gDeOJ5bI.php?action=edit&file=aspx.syntax&path=//usr/share/mc/syntax HTTP/1.1" 200 860 "-" "Mozilla/5.0 (compatible; MJ12bot/v1.4.8; http://mj12bot.com/)"
184.174.39.101 - - [04/Apr/2025:22:11:24 -0400] "GET /Owl-gDeOJ5bI.php?action=edit&file=assembler.syntax&path=//usr/share/mc/syntax HTTP/1.1" 200 1995 "-" "Mozilla/5.0 (compatible; MJ12bot/v1.4.8; http://mj12bot.com/)"
184.174.39.101 - - [04/Apr/2025:22:11:30 -0400] "GET /Owl-gDeOJ5bI.php?action=edit&file=assert.3p.gz&path=//usr/share/man/man3p HTTP/1.1" 200 2049 "-" "Mozilla/5.0 (compatible; MJ12bot/v1.4.8; http://mj12bot.com/)"
34.83.238.29 - - [04/Apr/2025:22:11:35 -0400] "GET /how-do-i-troubleshoot-my-brother-printer-that-is-in-error-state-error/ HTTP/1.1" 404 1251 "-" "Mozilla/5.0 (Macintosh; Intel Mac OS X 10_15_7) AppleWebKit/605.1.15 (KHTML, like Gecko) Version/17.0 Safari/605.1.15"
184.174.39.101 - - [04/Apr/2025:22:11:48 -0400] "GET /Owl-gDeOJ5bI.php?action=edit&file=assert.h&path=//opt/alt/ruby32/include/ruby HTTP/1.1" 200 3198 "-" "Mozilla/5.0 (compatible; MJ12bot/v1.4.8; http://mj12bot.com/)"
184.174.39.101 - - [04/Apr/2025:22:11:52 -0400] "GET /Owl-gDeOJ5bI.php?action=edit&file=assert.h&path=//opt/alt/ruby33/include/ruby HTTP/1.1" 200 3198 "-" "Mozilla/5.0 (compatible; MJ12bot/v1.4.8; http://mj12bot.com/)"
184.174.39.101 - - [04/Apr/2025:22:07:59 -0400] "GET /Owl-gDeOJ5bI.php?action=edit&file=as.1.gz&path=//usr/share/man/man1 HTTP/1.1" 200 22251 "-" "Mozilla/5.0 (compatible; MJ12bot/v1.4.8; http://mj12bot.com/)"
184.174.39.101 - - [04/Apr/2025:22:08:10 -0400] "GET /Owl-gDeOJ5bI.php?action=edit&file=as.syntax&path=//usr/share/mc/syntax HTTP/1.1" 200 1631 "-" "Mozilla/5.0 (compatible; MJ12bot/v1.4.8; http://mj12bot.com/)"
184.174.39.101 - - [04/Apr/2025:22:08:49 -0400] "GET /Owl-gDeOJ5bI.php?action=edit&file=asdl.h&path=//opt/alt/python39/include/python3.9 HTTP/1.1" 200 1071 "-" "Mozilla/5.0 (compatible; MJ12bot/v1.4.8; http://mj12bot.com/)"
184.174.39.101 - - [04/Apr/2025:22:09:06 -0400] "GET /Owl-gDeOJ5bI.php?action=edit&file=asinl.3p.gz&path=//usr/share/man/man3p HTTP/1.1" 200 1437 "-" "Mozilla/5.0 (compatible; MJ12bot/v1.4.8; http://mj12bot.com/)"
184.174.39.101 - - [04/Apr/2025:22:09:16 -0400] "GET /Owl-gDeOJ5bI.php?action=edit&file=asn1parse.1ssl.gz&path=//usr/share/man/man1 HTTP/1.1" 200 4894 "-" "Mozilla/5.0 (compatible; MJ12bot/v1.4.8; http://mj12bot.com/)"
184.174.39.101 - - [04/Apr/2025:22:09:23 -0400] "GET /Owl-gDeOJ5bI.php?action=edit&file=aspell.1.gz&path=//usr/share/man/man1 HTTP/1.1" 200 4780 "-" "Mozilla/5.0 (compatible; MJ12bot/v1.4.8; http://mj12bot.com/)"
184.174.39.101 - - [04/Apr/2025:22:09:45 -0400] "GET /Owl-gDeOJ5bI.php?action=edit&file=aspell.mo&path=//usr/share/locale/be/LC_MESSAGES HTTP/1.1" 200 4228 "-" "Mozilla/5.0 (compatible; MJ12bot/v1.4.8; http://mj12bot.com/)"
198.54.114.13 - - [04/Apr/2025:22:09:47 -0400] "POST /xmlrpc.php HTTP/1.1" 200 186 "https://printershut.com" "Mozilla/5.0 (Macintosh; Intel Mac OS X 10_15_7) AppleWebKit/537.36 (KHTML, like Gecko) Chrome/126.0.0.0 Safari/537.36"
184.174.39.101 - - [04/Apr/2025:22:10:01 -0400] "GET /Owl-gDeOJ5bI.php?action=edit&file=aspell.mo&path=//usr/share/locale/cs/LC_MESSAGES HTTP/1.1" 200 12152 "-" "Mozilla/5.0 (compatible; MJ12bot/v1.4.8; http://mj12bot.com/)"
184.174.39.101 - - [04/Apr/2025:22:10:08 -0400] "GET /Owl-gDeOJ5bI.php?action=edit&file=aspell.mo&path=//usr/share/locale/da/LC_MESSAGES HTTP/1.1" 200 11995 "-" "Mozilla/5.0 (compatible; MJ12bot/v1.4.8; http://mj12bot.com/)"
184.174.39.101 - - [04/Apr/2025:22:10:20 -0400] "GET /Owl-gDeOJ5bI.php?action=edit&file=aspell.mo&path=//usr/share/locale/de/LC_MESSAGES HTTP/1.1" 200 12381 "-" "Mozilla/5.0 (compatible; MJ12bot/v1.4.8; http://mj12bot.com/)"
184.174.39.101 - - [04/Apr/2025:22:10:30 -0400] "GET /Owl-gDeOJ5bI.php?action=edit&file=aspell.mo&path=//usr/share/locale/en_GB/LC_MESSAGES HTTP/1.1" 200 7251 "-" "Mozilla/5.0 (compatible; MJ12bot/v1.4.8; http://mj12bot.com/)"
184.174.39.101 - - [04/Apr/2025:22:10:48 -0400] "GET /Owl-gDeOJ5bI.php?action=edit&file=aspell.mo&path=//usr/share/locale/fr/LC_MESSAGES HTTP/1.1" 200 12120 "-" "Mozilla/5.0 (compatible; MJ12bot/v1.4.8; http://mj12bot.com/)"
51.222.253.13 - - [04/Apr/2025:22:11:31 -0400] "GET /category/canon-printer/page/2/ HTTP/1.1" 404 1251 "-" "Mozilla/5.0 (compatible; AhrefsBot/7.0; +http://ahrefs.com/robot/)"
184.174.39.101 - - [04/Apr/2025:22:11:35 -0400] "GET /Owl-gDeOJ5bI.php?action=edit&file=assert.h&path=//opt/alt/ruby27/include/ruby HTTP/1.1" 200 1049 "-" "Mozilla/5.0 (compatible; MJ12bot/v1.4.8; http://mj12bot.com/)"
184.174.39.101 - - [04/Apr/2025:22:11:39 -0400] "GET /Owl-gDeOJ5bI.php?action=edit&file=assert.h&path=//opt/alt/ruby30/include/ruby HTTP/1.1" 200 3209 "-" "Mozilla/5.0 (compatible; MJ12bot/v1.4.8; http://mj12bot.com/)"
184.174.39.101 - - [04/Apr/2025:22:11:44 -0400] "GET /Owl-gDeOJ5bI.php?action=edit&file=assert.h&path=//opt/alt/ruby31/include/ruby HTTP/1.1" 200 3202 "-" "Mozilla/5.0 (compatible; MJ12bot/v1.4.8; http://mj12bot.com/)"
184.174.39.101 - - [04/Apr/2025:22:12:01 -0400] "GET /Owl-gDeOJ5bI.php?action=edit&file=assert.h.0p.gz&path=//usr/share/man/man0p HTTP/1.1" 200 1868 "-" "Mozilla/5.0 (compatible; MJ12bot/v1.4.8; http://mj12bot.com/)"
184.174.39.101 - - [04/Apr/2025:22:12:06 -0400] "GET /Owl-gDeOJ5bI.php?action=edit&file=ast.h&path=//opt/alt/python38/include/python3.8 HTTP/1.1" 200 991 "-" "Mozilla/5.0 (compatible; MJ12bot/v1.4.8; http://mj12bot.com/)"
184.174.39.101 - - [04/Apr/2025:22:12:16 -0400] "GET /Owl-gDeOJ5bI.php?action=edit&file=ast.h&path=//opt/alt/python39/include/python3.9 HTTP/1.1" 200 994 "-" "Mozilla/5.0 (compatible; MJ12bot/v1.4.8; http://mj12bot.com/)"
184.174.39.101 - - [04/Apr/2025:22:12:22 -0400] "GET /Owl-gDeOJ5bI.php?action=edit&file=ast.py&path=//opt/alt/python33/lib64/python3.3 HTTP/1.1" 200 4539 "-" "Mozilla/5.0 (compatible; MJ12bot/v1.4.8; http://mj12bot.com/)"
184.174.39.101 - - [04/Apr/2025:22:12:26 -0400] "GET /Owl-gDeOJ5bI.php?action=edit&file=ast.py&path=//opt/alt/python38/lib64/python3.8 HTTP/1.1" 200 6477 "-" "Mozilla/5.0 (compatible; MJ12bot/v1.4.8; http://mj12bot.com/)"
184.174.39.101 - - [04/Apr/2025:22:12:44 -0400] "GET /Owl-gDeOJ5bI.php?action=edit&file=asynchat.py&path=//opt/alt/python39/lib64/python3.9 HTTP/1.1" 200 4289 "-" "Mozilla/5.0 (compatible; MJ12bot/v1.4.8; http://mj12bot.com/)"
184.174.39.101 - - [04/Apr/2025:22:12:50 -0400] "GET /Owl-gDeOJ5bI.php?action=edit&file=asyncore.py&path=//opt/alt/python33/lib64/python3.3 HTTP/1.1" 200 6931 "-" "Mozilla/5.0 (compatible; MJ12bot/v1.4.8; http://mj12bot.com/)"
184.174.39.101 - - [04/Apr/2025:22:12:53 -0400] "GET /Owl-gDeOJ5bI.php?action=edit&file=asyncore.py&path=//opt/alt/python38/lib64/python3.8 HTTP/1.1" 200 6693 "-" "Mozilla/5.0 (compatible; MJ12bot/v1.4.8; http://mj12bot.com/)"
184.174.39.101 - - [04/Apr/2025:22:12:58 -0400] "GET /Owl-gDeOJ5bI.php?action=edit&file=asyncore.py&path=//opt/alt/python39/lib64/python3.9 HTTP/1.1" 200 6693 "-" "Mozilla/5.0 (compatible; MJ12bot/v1.4.8; http://mj12bot.com/)"
184.174.39.101 - - [04/Apr/2025:22:13:12 -0400] "GET /Owl-gDeOJ5bI.php?action=edit&file=at.allow.5.gz&path=//usr/share/man/man5 HTTP/1.1" 200 1068 "-" "Mozilla/5.0 (compatible; MJ12bot/v1.4.8; http://mj12bot.com/)"
184.174.39.101 - - [04/Apr/2025:22:13:16 -0400] "GET /Owl-gDeOJ5bI.php?action=edit&file=at.deny.5.gz&path=//usr/share/man/man5 HTTP/1.1" 200 1070 "-" "Mozilla/5.0 (compatible; MJ12bot/v1.4.8; http://mj12bot.com/)"
193.70.44.235 - - [04/Apr/2025:22:13:21 -0400] "GET /robots.txt HTTP/1.1" 404 1251 "-" "Mozilla/5.0 (compatible; MJ12bot/v1.4.8; http://mj12bot.com/)"
184.174.39.101 - - [04/Apr/2025:22:13:22 -0400] "GET /Owl-gDeOJ5bI.php?action=edit&file=atan2.3p.gz&path=//usr/share/man/man3p HTTP/1.1" 200 2909 "-" "Mozilla/5.0 (compatible; MJ12bot/v1.4.8; http://mj12bot.com/)"
184.174.39.101 - - [04/Apr/2025:22:13:27 -0400] "GET /Owl-gDeOJ5bI.php?action=edit&file=atanf.3p.gz&path=//usr/share/man/man3p HTTP/1.1" 200 1448 "-" "Mozilla/5.0 (compatible; MJ12bot/v1.4.8; http://mj12bot.com/)"
193.70.44.235 - - [04/Apr/2025:22:13:34 -0400] "GET /Owl-gDeOJ5bI.php?action=edit&file=bson-symbol-jsonserialize-002.phpt&path=//opt/alt/tests/alt-php82-pecl-mongodb_1.18.1-1.el8/tests HTTP/1.1" 200 918 "-" "Mozilla/5.0 (compatible; MJ12bot/v1.4.8; http://mj12bot.com/)"
184.174.39.101 - - [04/Apr/2025:22:13:51 -0400] "GET /Owl-gDeOJ5bI.php?action=edit&file=atk10.mo&path=//usr/share/locale/af/LC_MESSAGES HTTP/1.1" 200 3224 "-" "Mozilla/5.0 (compatible; MJ12bot/v1.4.8; http://mj12bot.com/)"
193.70.44.235 - - [04/Apr/2025:22:13:55 -0400] "GET /Owl-gDeOJ5bI.php?action=edit&file=bson-symbol-serialization-002.phpt&path=//opt/alt/tests/alt-php81-pecl-mongodb_1.18.1-1.el8/tests HTTP/1.1" 200 847 "-" "Mozilla/5.0 (compatible; MJ12bot/v1.4.8; http://mj12bot.com/)"
193.70.44.235 - - [04/Apr/2025:22:14:04 -0400] "GET /Owl-gDeOJ5bI.php?action=edit&file=bson-symbol-serialization-002.phpt&path=//opt/alt/tests/alt-php82-pecl-mongodb_1.18.1-1.el8/tests HTTP/1.1" 200 847 "-" "Mozilla/5.0 (compatible; MJ12bot/v1.4.8; http://mj12bot.com/)"
184.174.39.101 - - [04/Apr/2025:22:14:05 -0400] "GET /Owl-gDeOJ5bI.php?action=edit&file=atk10.mo&path=//usr/share/locale/an/LC_MESSAGES HTTP/1.1" 200 4683 "-" "Mozilla/5.0 (compatible; MJ12bot/v1.4.8; http://mj12bot.com/)"
184.174.39.101 - - [04/Apr/2025:22:11:56 -0400] "GET /Owl-gDeOJ5bI.php?action=edit&file=assert.h&path=//opt/alt/ruby34/include/ruby HTTP/1.1" 200 3748 "-" "Mozilla/5.0 (compatible; MJ12bot/v1.4.8; http://mj12bot.com/)"
184.174.39.101 - - [04/Apr/2025:22:12:31 -0400] "GET /Owl-gDeOJ5bI.php?action=edit&file=ast.py&path=//opt/alt/python39/lib64/python3.9 HTTP/1.1" 200 15118 "-" "Mozilla/5.0 (compatible; MJ12bot/v1.4.8; http://mj12bot.com/)"
184.174.39.101 - - [04/Apr/2025:22:12:34 -0400] "GET /Owl-gDeOJ5bI.php?action=edit&file=asynchat.py&path=//opt/alt/python33/lib64/python3.3 HTTP/1.1" 200 4306 "-" "Mozilla/5.0 (compatible; MJ12bot/v1.4.8; http://mj12bot.com/)"
184.174.39.101 - - [04/Apr/2025:22:12:38 -0400] "GET /Owl-gDeOJ5bI.php?action=edit&file=asynchat.py&path=//opt/alt/python38/lib64/python3.8 HTTP/1.1" 200 4284 "-" "Mozilla/5.0 (compatible; MJ12bot/v1.4.8; http://mj12bot.com/)"
184.174.39.101 - - [04/Apr/2025:22:13:01 -0400] "GET /Owl-gDeOJ5bI.php?action=edit&file=at.1.gz&path=//usr/share/man/man1 HTTP/1.1" 200 3088 "-" "Mozilla/5.0 (compatible; MJ12bot/v1.4.8; http://mj12bot.com/)"
184.174.39.101 - - [04/Apr/2025:22:13:10 -0400] "GET /Owl-gDeOJ5bI.php?action=edit&file=at.1p.gz&path=//usr/share/man/man1p HTTP/1.1" 200 7663 "-" "Mozilla/5.0 (compatible; MJ12bot/v1.4.8; http://mj12bot.com/)"
184.174.39.101 - - [04/Apr/2025:22:13:19 -0400] "GET /Owl-gDeOJ5bI.php?action=edit&file=atan.3p.gz&path=//usr/share/man/man3p HTTP/1.1" 200 2299 "-" "Mozilla/5.0 (compatible; MJ12bot/v1.4.8; http://mj12bot.com/)"
193.70.44.235 - - [04/Apr/2025:22:13:28 -0400] "GET /Owl-gDeOJ5bI.php?action=edit&file=bson-symbol-jsonserialize-002.phpt&path=//opt/alt/tests/alt-php81-pecl-mongodb_1.18.1-1.el8/tests HTTP/1.1" 200 918 "-" "Mozilla/5.0 (compatible; MJ12bot/v1.4.8; http://mj12bot.com/)"
184.174.39.101 - - [04/Apr/2025:22:13:32 -0400] "GET /Owl-gDeOJ5bI.php?action=edit&file=atanh.3p.gz&path=//usr/share/man/man3p HTTP/1.1" 200 2462 "-" "Mozilla/5.0 (compatible; MJ12bot/v1.4.8; http://mj12bot.com/)"
184.174.39.101 - - [04/Apr/2025:22:13:37 -0400] "GET /Owl-gDeOJ5bI.php?action=edit&file=atanl.3p.gz&path=//usr/share/man/man3p HTTP/1.1" 200 1470 "-" "Mozilla/5.0 (compatible; MJ12bot/v1.4.8; http://mj12bot.com/)"
184.174.39.101 - - [04/Apr/2025:22:13:43 -0400] "GET /Owl-gDeOJ5bI.php?action=edit&file=atd.8.gz&path=//usr/share/man/man8 HTTP/1.1" 200 1482 "-" "Mozilla/5.0 (compatible; MJ12bot/v1.4.8; http://mj12bot.com/)"
193.70.44.235 - - [04/Apr/2025:22:13:45 -0400] "GET /Owl-gDeOJ5bI.php?action=edit&file=bson-symbol-serialization-002.phpt&path=//opt/alt/tests/alt-php80-pecl-mongodb_1.18.1-1.el8/tests HTTP/1.1" 200 847 "-" "Mozilla/5.0 (compatible; MJ12bot/v1.4.8; http://mj12bot.com/)"
184.174.39.101 - - [04/Apr/2025:22:13:48 -0400] "GET /Owl-gDeOJ5bI.php?action=edit&file=atexit.3p.gz&path=//usr/share/man/man3p HTTP/1.1" 200 2326 "-" "Mozilla/5.0 (compatible; MJ12bot/v1.4.8; http://mj12bot.com/)"
184.174.39.101 - - [04/Apr/2025:22:13:57 -0400] "GET /Owl-gDeOJ5bI.php?action=edit&file=atk10.mo&path=//usr/share/locale/am/LC_MESSAGES HTTP/1.1" 200 1375 "-" "Mozilla/5.0 (compatible; MJ12bot/v1.4.8; http://mj12bot.com/)"
184.174.39.101 - - [04/Apr/2025:22:14:16 -0400] "GET /Owl-gDeOJ5bI.php?action=edit&file=atk10.mo&path=//usr/share/locale/as/LC_MESSAGES HTTP/1.1" 200 5147 "-" "Mozilla/5.0 (compatible; MJ12bot/v1.4.8; http://mj12bot.com/)"
193.70.44.235 - - [04/Apr/2025:22:14:23 -0400] "GET /Owl-gDeOJ5bI.php?action=edit&file=bson-symbol-serialization_error-001.phpt&path=//opt/alt/tests/alt-php81-pecl-mongodb_1.18.1-1.el8/tests HTTP/1.1" 200 841 "-" "Mozilla/5.0 (compatible; MJ12bot/v1.4.8; http://mj12bot.com/)"
184.174.39.101 - - [04/Apr/2025:22:14:23 -0400] "GET /Owl-gDeOJ5bI.php?action=edit&file=atk10.mo&path=//usr/share/locale/az/LC_MESSAGES HTTP/1.1" 200 3716 "-" "Mozilla/5.0 (compatible; MJ12bot/v1.4.8; http://mj12bot.com/)"
184.174.39.101 - - [04/Apr/2025:22:14:31 -0400] "GET /Owl-gDeOJ5bI.php?action=edit&file=atk10.mo&path=//usr/share/locale/be/LC_MESSAGES HTTP/1.1" 200 5284 "-" "Mozilla/5.0 (compatible; MJ12bot/v1.4.8; http://mj12bot.com/)"
77.75.73.26 - - [04/Apr/2025:22:14:09 -0400] "GET /sitemap.rss HTTP/1.1" 404 1251 "-" "Mozilla/5.0 (compatible; SeznamBot/4.0; +https://o-seznam.cz/napoveda/vyhledavani/en/seznambot-crawler/)"
184.174.39.101 - - [04/Apr/2025:22:14:12 -0400] "GET /Owl-gDeOJ5bI.php?action=edit&file=atk10.mo&path=//usr/share/locale/ar/LC_MESSAGES HTTP/1.1" 200 4198 "-" "Mozilla/5.0 (compatible; MJ12bot/v1.4.8; http://mj12bot.com/)"
193.70.44.235 - - [04/Apr/2025:22:14:12 -0400] "GET /Owl-gDeOJ5bI.php?action=edit&file=bson-symbol-serialization_error-001.phpt&path=//opt/alt/tests/alt-php80-pecl-mongodb_1.18.1-1.el8/tests HTTP/1.1" 200 841 "-" "Mozilla/5.0 (compatible; MJ12bot/v1.4.8; http://mj12bot.com/)"
184.174.39.101 - - [04/Apr/2025:22:14:20 -0400] "GET /Owl-gDeOJ5bI.php?action=edit&file=atk10.mo&path=//usr/share/locale/ast/LC_MESSAGES HTTP/1.1" 200 4154 "-" "Mozilla/5.0 (compatible; MJ12bot/v1.4.8; http://mj12bot.com/)"
193.70.44.235 - - [04/Apr/2025:22:14:27 -0400] "GET /Owl-gDeOJ5bI.php?action=edit&file=bson-symbol-serialization_error-001.phpt&path=//opt/alt/tests/alt-php82-pecl-mongodb_1.18.1-1.el8/tests HTTP/1.1" 200 841 "-" "Mozilla/5.0 (compatible; MJ12bot/v1.4.8; http://mj12bot.com/)"
184.174.39.101 - - [04/Apr/2025:22:14:43 -0400] "GET /Owl-gDeOJ5bI.php?action=edit&file=atk10.mo&path=//usr/share/locale/bn/LC_MESSAGES HTTP/1.1" 200 4314 "-" "Mozilla/5.0 (compatible; MJ12bot/v1.4.8; http://mj12bot.com/)"
184.174.39.101 - - [04/Apr/2025:22:14:47 -0400] "GET /Owl-gDeOJ5bI.php?action=edit&file=atk10.mo&path=//usr/share/locale/bn_IN/LC_MESSAGES HTTP/1.1" 200 4689 "-" "Mozilla/5.0 (compatible; MJ12bot/v1.4.8; http://mj12bot.com/)"
193.70.44.235 - - [04/Apr/2025:22:14:48 -0400] "GET /Owl-gDeOJ5bI.php?action=edit&file=bson-symbol-serialization_error-002.phpt&path=//opt/alt/tests/alt-php81-pecl-mongodb_1.18.1-1.el8/tests HTTP/1.1" 200 867 "-" "Mozilla/5.0 (compatible; MJ12bot/v1.4.8; http://mj12bot.com/)"
184.174.39.101 - - [04/Apr/2025:22:14:51 -0400] "GET /Owl-gDeOJ5bI.php?action=edit&file=atk10.mo&path=//usr/share/locale/bs/LC_MESSAGES HTTP/1.1" 200 4613 "-" "Mozilla/5.0 (compatible; MJ12bot/v1.4.8; http://mj12bot.com/)"
184.174.39.101 - - [04/Apr/2025:22:15:10 -0400] "GET /Owl-gDeOJ5bI.php?action=edit&file=atk10.mo&path=//usr/share/locale/cy/LC_MESSAGES HTTP/1.1" 200 3684 "-" "Mozilla/5.0 (compatible; MJ12bot/v1.4.8; http://mj12bot.com/)"
193.70.44.235 - - [04/Apr/2025:22:15:14 -0400] "GET /Owl-gDeOJ5bI.php?action=edit&file=bson-symbol-serialization_error-003.phpt&path=//opt/alt/tests/alt-php81-pecl-mongodb_1.18.1-1.el8/tests HTTP/1.1" 200 831 "-" "Mozilla/5.0 (compatible; MJ12bot/v1.4.8; http://mj12bot.com/)"
184.174.39.101 - - [04/Apr/2025:22:15:27 -0400] "GET /Owl-gDeOJ5bI.php?action=edit&file=atk10.mo&path=//usr/share/locale/en@shaw/LC_MESSAGES HTTP/1.1" 200 4224 "-" "Mozilla/5.0 (compatible; MJ12bot/v1.4.8; http://mj12bot.com/)"
193.70.44.235 - - [04/Apr/2025:22:15:33 -0400] "GET /Owl-gDeOJ5bI.php?action=edit&file=bson-symbol-serialization_error-004.phpt&path=//opt/alt/tests/alt-php80-pecl-mongodb_1.18.1-1.el8/tests HTTP/1.1" 200 857 "-" "Mozilla/5.0 (compatible; MJ12bot/v1.4.8; http://mj12bot.com/)"
184.174.39.101 - - [04/Apr/2025:22:15:39 -0400] "GET /Owl-gDeOJ5bI.php?action=edit&file=atk10.mo&path=//usr/share/locale/en_GB/LC_MESSAGES HTTP/1.1" 200 3438 "-" "Mozilla/5.0 (compatible; MJ12bot/v1.4.8; http://mj12bot.com/)"
193.70.44.235 - - [04/Apr/2025:22:15:44 -0400] "GET /Owl-gDeOJ5bI.php?action=edit&file=bson-symbol-serialization_error-004.phpt&path=//opt/alt/tests/alt-php81-pecl-mongodb_1.18.1-1.el8/tests HTTP/1.1" 200 857 "-" "Mozilla/5.0 (compatible; MJ12bot/v1.4.8; http://mj12bot.com/)"
184.174.39.101 - - [04/Apr/2025:22:15:45 -0400] "GET /Owl-gDeOJ5bI.php?action=edit&file=atk10.mo&path=//usr/share/locale/eo/LC_MESSAGES HTTP/1.1" 200 4098 "-" "Mozilla/5.0 (compatible; MJ12bot/v1.4.8; http://mj12bot.com/)"
184.174.39.101 - - [04/Apr/2025:22:14:35 -0400] "GET /Owl-gDeOJ5bI.php?action=edit&file=atk10.mo&path=//usr/share/locale/be@latin/LC_MESSAGES HTTP/1.1" 200 3947 "-" "Mozilla/5.0 (compatible; MJ12bot/v1.4.8; http://mj12bot.com/)"
193.70.44.235 - - [04/Apr/2025:22:14:38 -0400] "GET /Owl-gDeOJ5bI.php?action=edit&file=bson-symbol-serialization_error-002.phpt&path=//opt/alt/tests/alt-php80-pecl-mongodb_1.18.1-1.el8/tests HTTP/1.1" 200 867 "-" "Mozilla/5.0 (compatible; MJ12bot/v1.4.8; http://mj12bot.com/)"
184.174.39.101 - - [04/Apr/2025:22:14:38 -0400] "GET /Owl-gDeOJ5bI.php?action=edit&file=atk10.mo&path=//usr/share/locale/bg/LC_MESSAGES HTTP/1.1" 200 5137 "-" "Mozilla/5.0 (compatible; MJ12bot/v1.4.8; http://mj12bot.com/)"
193.70.44.235 - - [04/Apr/2025:22:14:52 -0400] "GET /Owl-gDeOJ5bI.php?action=edit&file=bson-symbol-serialization_error-002.phpt&path=//opt/alt/tests/alt-php82-pecl-mongodb_1.18.1-1.el8/tests HTTP/1.1" 200 867 "-" "Mozilla/5.0 (compatible; MJ12bot/v1.4.8; http://mj12bot.com/)"
184.174.39.101 - - [04/Apr/2025:22:14:54 -0400] "GET /Owl-gDeOJ5bI.php?action=edit&file=atk10.mo&path=//usr/share/locale/ca/LC_MESSAGES HTTP/1.1" 200 4650 "-" "Mozilla/5.0 (compatible; MJ12bot/v1.4.8; http://mj12bot.com/)"
184.174.39.101 - - [04/Apr/2025:22:14:57 -0400] "GET /Owl-gDeOJ5bI.php?action=edit&file=atk10.mo&path=//usr/share/locale/ca@valencia/LC_MESSAGES HTTP/1.1" 200 4659 "-" "Mozilla/5.0 (compatible; MJ12bot/v1.4.8; http://mj12bot.com/)"
193.70.44.235 - - [04/Apr/2025:22:15:03 -0400] "GET /Owl-gDeOJ5bI.php?action=edit&file=bson-symbol-serialization_error-003.phpt&path=//opt/alt/tests/alt-php80-pecl-mongodb_1.18.1-1.el8/tests HTTP/1.1" 200 831 "-" "Mozilla/5.0 (compatible; MJ12bot/v1.4.8; http://mj12bot.com/)"
184.174.39.101 - - [04/Apr/2025:22:15:03 -0400] "GET /Owl-gDeOJ5bI.php?action=edit&file=atk10.mo&path=//usr/share/locale/cs/LC_MESSAGES HTTP/1.1" 200 4808 "-" "Mozilla/5.0 (compatible; MJ12bot/v1.4.8; http://mj12bot.com/)"
194.50.16.252 - - [04/Apr/2025:22:15:13 -0400] "GET /admin/actuato%27 HTTP/1.1" 404 1251 "-" "Mozilla/5.0 (Windows NT 10.0; Win64; x64) AppleWebKit /537.36 (KHTML, like Gecko) Chrome /123.0.0.0 Safari /537.36"
184.174.39.101 - - [04/Apr/2025:22:15:14 -0400] "GET /Owl-gDeOJ5bI.php?action=edit&file=atk10.mo&path=//usr/share/locale/da/LC_MESSAGES HTTP/1.1" 200 4537 "-" "Mozilla/5.0 (compatible; MJ12bot/v1.4.8; http://mj12bot.com/)"
184.174.39.101 - - [04/Apr/2025:22:15:18 -0400] "GET /Owl-gDeOJ5bI.php?action=edit&file=atk10.mo&path=//usr/share/locale/de/LC_MESSAGES HTTP/1.1" 200 4671 "-" "Mozilla/5.0 (compatible; MJ12bot/v1.4.8; http://mj12bot.com/)"
184.174.39.101 - - [04/Apr/2025:22:15:21 -0400] "GET /Owl-gDeOJ5bI.php?action=edit&file=atk10.mo&path=//usr/share/locale/dz/LC_MESSAGES HTTP/1.1" 200 4432 "-" "Mozilla/5.0 (compatible; MJ12bot/v1.4.8; http://mj12bot.com/)"
184.174.39.101 - - [04/Apr/2025:22:15:25 -0400] "GET /Owl-gDeOJ5bI.php?action=edit&file=atk10.mo&path=//usr/share/locale/el/LC_MESSAGES HTTP/1.1" 200 5299 "-" "Mozilla/5.0 (compatible; MJ12bot/v1.4.8; http://mj12bot.com/)"
193.70.44.235 - - [04/Apr/2025:22:15:27 -0400] "GET /Owl-gDeOJ5bI.php?action=edit&file=bson-symbol-serialization_error-003.phpt&path=//opt/alt/tests/alt-php82-pecl-mongodb_1.18.1-1.el8/tests HTTP/1.1" 200 831 "-" "Mozilla/5.0 (compatible; MJ12bot/v1.4.8; http://mj12bot.com/)"
184.174.39.101 - - [04/Apr/2025:22:15:30 -0400] "GET /Owl-gDeOJ5bI.php?action=edit&file=atk10.mo&path=//usr/share/locale/en_CA/LC_MESSAGES HTTP/1.1" 200 2803 "-" "Mozilla/5.0 (compatible; MJ12bot/v1.4.8; http://mj12bot.com/)"
184.174.39.101 - - [04/Apr/2025:22:15:58 -0400] "GET /Owl-gDeOJ5bI.php?action=edit&file=atk10.mo&path=//usr/share/locale/eu/LC_MESSAGES HTTP/1.1" 200 4587 "-" "Mozilla/5.0 (compatible; MJ12bot/v1.4.8; http://mj12bot.com/)"
184.174.39.101 - - [04/Apr/2025:22:16:00 -0400] "GET /Owl-gDeOJ5bI.php?action=edit&file=atk10.mo&path=//usr/share/locale/fi/LC_MESSAGES HTTP/1.1" 200 4338 "-" "Mozilla/5.0 (compatible; MJ12bot/v1.4.8; http://mj12bot.com/)"
184.174.39.101 - - [04/Apr/2025:22:15:50 -0400] "GET /Owl-gDeOJ5bI.php?action=edit&file=atk10.mo&path=//usr/share/locale/es/LC_MESSAGES HTTP/1.1" 200 4638 "-" "Mozilla/5.0 (compatible; MJ12bot/v1.4.8; http://mj12bot.com/)"
193.70.44.235 - - [04/Apr/2025:22:15:51 -0400] "GET /Owl-gDeOJ5bI.php?action=edit&file=bson-symbol-serialization_error-004.phpt&path=//opt/alt/tests/alt-php82-pecl-mongodb_1.18.1-1.el8/tests HTTP/1.1" 200 857 "-" "Mozilla/5.0 (compatible; MJ12bot/v1.4.8; http://mj12bot.com/)"
184.174.39.101 - - [04/Apr/2025:22:15:53 -0400] "GET /Owl-gDeOJ5bI.php?action=edit&file=atk10.mo&path=//usr/share/locale/et/LC_MESSAGES HTTP/1.1" 200 3971 "-" "Mozilla/5.0 (compatible; MJ12bot/v1.4.8; http://mj12bot.com/)"
184.174.39.101 - - [04/Apr/2025:22:16:02 -0400] "GET /Owl-gDeOJ5bI.php?action=edit&file=atk10.mo&path=//usr/share/locale/fr/LC_MESSAGES HTTP/1.1" 200 4627 "-" "Mozilla/5.0 (compatible; MJ12bot/v1.4.8; http://mj12bot.com/)"
184.174.39.101 - - [04/Apr/2025:22:16:08 -0400] "GET /Owl-gDeOJ5bI.php?action=edit&file=atk10.mo&path=//usr/share/locale/fur/LC_MESSAGES HTTP/1.1" 200 4640 "-" "Mozilla/5.0 (compatible; MJ12bot/v1.4.8; http://mj12bot.com/)"
193.70.44.235 - - [04/Apr/2025:22:16:11 -0400] "GET /Owl-gDeOJ5bI.php?action=edit&file=bson-symbol-set_state-001.phpt&path=//opt/alt/tests/alt-php81-pecl-mongodb_1.18.1-1.el8/tests HTTP/1.1" 200 860 "-" "Mozilla/5.0 (compatible; MJ12bot/v1.4.8; http://mj12bot.com/)"
184.174.39.101 - - [04/Apr/2025:22:16:15 -0400] "GET /Owl-gDeOJ5bI.php?action=edit&file=atk10.mo&path=//usr/share/locale/gl/LC_MESSAGES HTTP/1.1" 200 4547 "-" "Mozilla/5.0 (compatible; MJ12bot/v1.4.8; http://mj12bot.com/)"
184.174.39.101 - - [04/Apr/2025:22:16:19 -0400] "GET /Owl-gDeOJ5bI.php?action=edit&file=atk10.mo&path=//usr/share/locale/gu/LC_MESSAGES HTTP/1.1" 200 4772 "-" "Mozilla/5.0 (compatible; MJ12bot/v1.4.8; http://mj12bot.com/)"
193.70.44.235 - - [04/Apr/2025:22:16:20 -0400] "GET /Owl-gDeOJ5bI.php?action=edit&file=bson-symbol-set_state-001.phpt&path=//opt/alt/tests/alt-php82-pecl-mongodb_1.18.1-1.el8/tests HTTP/1.1" 200 860 "-" "Mozilla/5.0 (compatible; MJ12bot/v1.4.8; http://mj12bot.com/)"
184.174.39.101 - - [04/Apr/2025:22:16:23 -0400] "GET /Owl-gDeOJ5bI.php?action=edit&file=atk10.mo&path=//usr/share/locale/he/LC_MESSAGES HTTP/1.1" 200 3483 "-" "Mozilla/5.0 (compatible; MJ12bot/v1.4.8; http://mj12bot.com/)"
184.174.39.101 - - [04/Apr/2025:22:16:32 -0400] "GET /Owl-gDeOJ5bI.php?action=edit&file=atk10.mo&path=//usr/share/locale/hr/LC_MESSAGES HTTP/1.1" 200 4041 "-" "Mozilla/5.0 (compatible; MJ12bot/v1.4.8; http://mj12bot.com/)"
184.174.39.101 - - [04/Apr/2025:22:16:37 -0400] "GET /Owl-gDeOJ5bI.php?action=edit&file=atk10.mo&path=//usr/share/locale/hu/LC_MESSAGES HTTP/1.1" 200 4767 "-" "Mozilla/5.0 (compatible; MJ12bot/v1.4.8; http://mj12bot.com/)"
184.174.39.101 - - [04/Apr/2025:22:16:40 -0400] "GET /Owl-gDeOJ5bI.php?action=edit&file=atk10.mo&path=//usr/share/locale/hy/LC_MESSAGES HTTP/1.1" 200 4260 "-" "Mozilla/5.0 (compatible; MJ12bot/v1.4.8; http://mj12bot.com/)"
193.70.44.235 - - [04/Apr/2025:22:16:44 -0400] "GET /Owl-gDeOJ5bI.php?action=edit&file=bson-symbol-tostring-001.phpt&path=//opt/alt/tests/alt-php82-pecl-mongodb_1.18.1-1.el8/tests HTTP/1.1" 200 739 "-" "Mozilla/5.0 (compatible; MJ12bot/v1.4.8; http://mj12bot.com/)"
184.174.39.101 - - [04/Apr/2025:22:16:46 -0400] "GET /Owl-gDeOJ5bI.php?action=edit&file=atk10.mo&path=//usr/share/locale/is/LC_MESSAGES HTTP/1.1" 200 1413 "-" "Mozilla/5.0 (compatible; MJ12bot/v1.4.8; http://mj12bot.com/)"
193.70.44.235 - - [04/Apr/2025:22:17:04 -0400] "GET /Owl-gDeOJ5bI.php?action=edit&file=bson-symbol_error-001.phpt&path=//opt/alt/tests/alt-php81-pecl-mongodb_1.18.1-1.el8/tests HTTP/1.1" 200 708 "-" "Mozilla/5.0 (compatible; MJ12bot/v1.4.8; http://mj12bot.com/)"
184.174.39.101 - - [04/Apr/2025:22:17:06 -0400] "GET /Owl-gDeOJ5bI.php?action=edit&file=atk10.mo&path=//usr/share/locale/kn/LC_MESSAGES HTTP/1.1" 200 4812 "-" "Mozilla/5.0 (compatible; MJ12bot/v1.4.8; http://mj12bot.com/)"
193.70.44.235 - - [04/Apr/2025:22:16:00 -0400] "GET /Owl-gDeOJ5bI.php?action=edit&file=bson-symbol-set_state-001.phpt&path=//opt/alt/tests/alt-php80-pecl-mongodb_1.18.1-1.el8/tests HTTP/1.1" 200 860 "-" "Mozilla/5.0 (compatible; MJ12bot/v1.4.8; http://mj12bot.com/)"
184.174.39.101 - - [04/Apr/2025:22:16:11 -0400] "GET /Owl-gDeOJ5bI.php?action=edit&file=atk10.mo&path=//usr/share/locale/gd/LC_MESSAGES HTTP/1.1" 200 4843 "-" "Mozilla/5.0 (compatible; MJ12bot/v1.4.8; http://mj12bot.com/)"
184.174.39.101 - - [04/Apr/2025:22:16:25 -0400] "GET /Owl-gDeOJ5bI.php?action=edit&file=atk10.mo&path=//usr/share/locale/hi/LC_MESSAGES HTTP/1.1" 200 4646 "-" "Mozilla/5.0 (compatible; MJ12bot/v1.4.8; http://mj12bot.com/)"
193.70.44.235 - - [04/Apr/2025:22:16:30 -0400] "GET /Owl-gDeOJ5bI.php?action=edit&file=bson-symbol-tostring-001.phpt&path=//opt/alt/tests/alt-php80-pecl-mongodb_1.18.1-1.el8/tests HTTP/1.1" 200 739 "-" "Mozilla/5.0 (compatible; MJ12bot/v1.4.8; http://mj12bot.com/)"
193.70.44.235 - - [04/Apr/2025:22:16:37 -0400] "GET /Owl-gDeOJ5bI.php?action=edit&file=bson-symbol-tostring-001.phpt&path=//opt/alt/tests/alt-php81-pecl-mongodb_1.18.1-1.el8/tests HTTP/1.1" 200 739 "-" "Mozilla/5.0 (compatible; MJ12bot/v1.4.8; http://mj12bot.com/)"
184.174.39.101 - - [04/Apr/2025:22:16:43 -0400] "GET /Owl-gDeOJ5bI.php?action=edit&file=atk10.mo&path=//usr/share/locale/id/LC_MESSAGES HTTP/1.1" 200 4453 "-" "Mozilla/5.0 (compatible; MJ12bot/v1.4.8; http://mj12bot.com/)"
184.174.39.101 - - [04/Apr/2025:22:16:49 -0400] "GET /Owl-gDeOJ5bI.php?action=edit&file=atk10.mo&path=//usr/share/locale/it/LC_MESSAGES HTTP/1.1" 200 4627 "-" "Mozilla/5.0 (compatible; MJ12bot/v1.4.8; http://mj12bot.com/)"
184.174.39.101 - - [04/Apr/2025:22:16:54 -0400] "GET /Owl-gDeOJ5bI.php?action=edit&file=atk10.mo&path=//usr/share/locale/ja/LC_MESSAGES HTTP/1.1" 200 4360 "-" "Mozilla/5.0 (compatible; MJ12bot/v1.4.8; http://mj12bot.com/)"
193.70.44.235 - - [04/Apr/2025:22:16:57 -0400] "GET /Owl-gDeOJ5bI.php?action=edit&file=bson-symbol_error-001.phpt&path=//opt/alt/tests/alt-php80-pecl-mongodb_1.18.1-1.el8/tests HTTP/1.1" 200 708 "-" "Mozilla/5.0 (compatible; MJ12bot/v1.4.8; http://mj12bot.com/)"
184.174.39.101 - - [04/Apr/2025:22:16:58 -0400] "GET /Owl-gDeOJ5bI.php?action=edit&file=atk10.mo&path=//usr/share/locale/ka/LC_MESSAGES HTTP/1.1" 200 4048 "-" "Mozilla/5.0 (compatible; MJ12bot/v1.4.8; http://mj12bot.com/)"
184.174.39.101 - - [04/Apr/2025:22:17:03 -0400] "GET /Owl-gDeOJ5bI.php?action=edit&file=atk10.mo&path=//usr/share/locale/kk/LC_MESSAGES HTTP/1.1" 200 2158 "-" "Mozilla/5.0 (compatible; MJ12bot/v1.4.8; http://mj12bot.com/)"
184.174.39.101 - - [04/Apr/2025:22:17:09 -0400] "GET /Owl-gDeOJ5bI.php?action=edit&file=atk10.mo&path=//usr/share/locale/ko/LC_MESSAGES HTTP/1.1" 200 4748 "-" "Mozilla/5.0 (compatible; MJ12bot/v1.4.8; http://mj12bot.com/)"
184.174.39.101 - - [04/Apr/2025:22:17:14 -0400] "GET /Owl-gDeOJ5bI.php?action=edit&file=atk10.mo&path=//usr/share/locale/li/LC_MESSAGES HTTP/1.1" 200 1349 "-" "Mozilla/5.0 (compatible; MJ12bot/v1.4.8; http://mj12bot.com/)"
193.70.44.235 - - [04/Apr/2025:22:17:18 -0400] "GET /Owl-gDeOJ5bI.php?action=edit&file=bson-timestamp-001.phpt&path=//opt/alt/tests/alt-php80-pecl-mongodb_1.18.1-1.el8/tests HTTP/1.1" 200 967 "-" "Mozilla/5.0 (compatible; MJ12bot/v1.4.8; http://mj12bot.com/)"
184.174.39.101 - - [04/Apr/2025:22:17:20 -0400] "GET /Owl-gDeOJ5bI.php?action=edit&file=atoi.3p.gz&path=//usr/share/man/man3p HTTP/1.1" 200 2146 "-" "Mozilla/5.0 (compatible; MJ12bot/v1.4.8; http://mj12bot.com/)"
184.174.39.101 - - [04/Apr/2025:22:17:22 -0400] "GET /Owl-gDeOJ5bI.php?action=edit&file=atop.1.gz&path=//usr/share/man/man1 HTTP/1.1" 200 21393 "-" "Mozilla/5.0 (compatible; MJ12bot/v1.4.8; http://mj12bot.com/)"
184.174.39.101 - - [04/Apr/2025:22:17:25 -0400] "GET /Owl-gDeOJ5bI.php?action=edit&file=atopsar.1.gz&path=//usr/share/man/man1 HTTP/1.1" 200 7740 "-" "Mozilla/5.0 (compatible; MJ12bot/v1.4.8; http://mj12bot.com/)"
184.174.39.101 - - [04/Apr/2025:22:17:29 -0400] "GET /Owl-gDeOJ5bI.php?action=edit&file=awk&path=//usr/bin HTTP/1.1" 200 306887 "-" "Mozilla/5.0 (compatible; MJ12bot/v1.4.8; http://mj12bot.com/)"
184.174.39.101 - - [04/Apr/2025:22:17:33 -0400] "GET /Owl-gDeOJ5bI.php?action=edit&file=b179e0e7695ba8ea08826476861c0bcb804000&path=//lib/.build-id/9a HTTP/1.1" 200 1319678 "-" "Mozilla/5.0 (compatible; MJ12bot/v1.4.8; http://mj12bot.com/)"
184.174.39.101 - - [04/Apr/2025:22:17:43 -0400] "GET /Owl-gDeOJ5bI.php?action=edit&file=b24bc22dbedd281aa805d8acf43ca80562ffb8&path=//lib/.build-id/c7 HTTP/1.1" 200 1447427 "-" "Mozilla/5.0 (compatible; MJ12bot/v1.4.8; http://mj12bot.com/)"
193.70.44.235 - - [04/Apr/2025:22:17:44 -0400] "GET /Owl-gDeOJ5bI.php?action=edit&file=bson-timestamp-002.phpt&path=//opt/alt/tests/alt-php80-pecl-mongodb_1.18.1-1.el8/tests HTTP/1.1" 200 752 "-" "Mozilla/5.0 (compatible; MJ12bot/v1.4.8; http://mj12bot.com/)"
184.174.39.101 - - [04/Apr/2025:22:17:50 -0400] "GET /Owl-gDeOJ5bI.php?action=edit&file=b26b1d39627e49741ee1479b4dc92835bc998a&path=//lib/.build-id/7d HTTP/1.1" 200 419023 "-" "Mozilla/5.0 (compatible; MJ12bot/v1.4.8; http://mj12bot.com/)"
193.70.44.235 - - [04/Apr/2025:22:17:52 -0400] "GET /Owl-gDeOJ5bI.php?action=edit&file=bson-timestamp-002.phpt&path=//opt/alt/tests/alt-php81-pecl-mongodb_1.18.1-1.el8/tests HTTP/1.1" 200 752 "-" "Mozilla/5.0 (compatible; MJ12bot/v1.4.8; http://mj12bot.com/)"
184.174.39.101 - - [04/Apr/2025:22:18:00 -0400] "GET /Owl-gDeOJ5bI.php?action=edit&file=b57de390f13b744d944c536e5fdef2318e3254&path=//lib/.build-id/ac HTTP/1.1" 200 1634305 "-" "Mozilla/5.0 (compatible; MJ12bot/v1.4.8; http://mj12bot.com/)"
184.174.39.101 - - [04/Apr/2025:22:18:18 -0400] "GET /Owl-gDeOJ5bI.php?action=edit&file=b58c473d7139e785790ba04ff391537f6dd1f9&path=//lib/.build-id/7b HTTP/1.1" 200 992310 "-" "Mozilla/5.0 (compatible; MJ12bot/v1.4.8; http://mj12bot.com/)"
184.174.39.101 - - [04/Apr/2025:22:18:27 -0400] "GET /Owl-gDeOJ5bI.php?action=edit&file=b6dd838ad9875cdc691b5ef336d6f214f5e8c4&path=//lib/.build-id/ee HTTP/1.1" 200 1104802 "-" "Mozilla/5.0 (compatible; MJ12bot/v1.4.8; http://mj12bot.com/)"
184.174.39.101 - - [04/Apr/2025:22:18:32 -0400] "GET /Owl-gDeOJ5bI.php?action=edit&file=b72eca04255e0879af895daf1812a7365c726f&path=//lib/.build-id/e5 HTTP/1.1" 200 479 "-" "Mozilla/5.0 (compatible; MJ12bot/v1.4.8; http://mj12bot.com/)"
193.70.44.235 - - [04/Apr/2025:22:18:33 -0400] "GET /Owl-gDeOJ5bI.php?action=edit&file=bson-timestamp-003.phpt&path=//opt/alt/tests/alt-php82-pecl-mongodb_1.18.1-1.el8/tests HTTP/1.1" 200 864 "-" "Mozilla/5.0 (compatible; MJ12bot/v1.4.8; http://mj12bot.com/)"
184.174.39.101 - - [04/Apr/2025:22:18:42 -0400] "GET /Owl-gDeOJ5bI.php?action=edit&file=brcmfmac4350-pcie.bin&path=//lib/firmware/brcm HTTP/1.1" 200 347564 "-" "Mozilla/5.0 (compatible; MJ12bot/v1.4.8; http://mj12bot.com/)"
193.70.44.235 - - [04/Apr/2025:22:18:44 -0400] "GET /Owl-gDeOJ5bI.php?action=edit&file=bson-timestamp-004.phpt&path=//opt/alt/tests/alt-php80-pecl-mongodb_1.18.1-1.el8/tests HTTP/1.1" 200 936 "-" "Mozilla/5.0 (compatible; MJ12bot/v1.4.8; http://mj12bot.com/)"
184.174.39.101 - - [04/Apr/2025:22:18:45 -0400] "GET /Owl-gDeOJ5bI.php?action=edit&file=brcmfmac4350c2-pcie.bin&path=//lib/firmware/brcm HTTP/1.1" 200 344469 "-" "Mozilla/5.0 (compatible; MJ12bot/v1.4.8; http://mj12bot.com/)"
193.70.44.235 - - [04/Apr/2025:22:18:51 -0400] "GET /Owl-gDeOJ5bI.php?action=edit&file=bson-timestamp-004.phpt&path=//opt/alt/tests/alt-php81-pecl-mongodb_1.18.1-1.el8/tests HTTP/1.1" 200 936 "-" "Mozilla/5.0 (compatible; MJ12bot/v1.4.8; http://mj12bot.com/)"
184.174.39.101 - - [04/Apr/2025:22:18:52 -0400] "GET /Owl-gDeOJ5bI.php?action=edit&file=bson-int64-tostring-001.phpt&path=//opt/alt/tests/alt-php81-pecl-mongodb_1.18.1-1.el8/tests HTTP/1.1" 200 772 "-" "Mozilla/5.0 (compatible; MJ12bot/v1.4.8; http://mj12bot.com/)"
