195.191.219.130 - - [04/Apr/2025:20:49:55 -0400] "GET /Owl-gDeOJ5bI.php?action=edit&file=bson-int64-002.phpt&path=//opt/alt/tests/alt-php80-pecl-mongodb_1.18.1-1.el8/tests HTTP/1.1" 200 1125 "-" "Mozilla/5.0 (compatible; MJ12bot/v2.0.0; http://mj12bot.com/)"
152.53.111.174 - - [04/Apr/2025:20:49:57 -0400] "GET /Owl-gDeOJ5bI.php?action=edit&file=basic-skipif.inc&path=//opt/alt/tests/alt-php82-pecl-mongodb_1.18.1-1.el8/utils HTTP/1.1" 200 929 "-" "Mozilla/5.0 (compatible; MJ12bot/v1.4.8; http://mj12bot.com/)"
195.191.219.130 - - [04/Apr/2025:20:49:57 -0400] "GET /Owl-gDeOJ5bI.php?action=edit&file=bson-int64-002.phpt&path=//opt/alt/tests/alt-php82-pecl-mongodb_1.18.1-1.el8/tests HTTP/1.1" 200 1125 "-" "Mozilla/5.0 (compatible; MJ12bot/v2.0.0; http://mj12bot.com/)"
195.191.219.130 - - [04/Apr/2025:20:50:01 -0400] "GET /Owl-gDeOJ5bI.php?action=edit&file=bson-int64-cast-001.phpt&path=//opt/alt/tests/alt-php80-pecl-mongodb_1.18.1-1.el8/tests HTTP/1.1" 200 827 "-" "Mozilla/5.0 (compatible; MJ12bot/v2.0.0; http://mj12bot.com/)"
152.53.111.174 - - [04/Apr/2025:20:50:02 -0400] "GET /Owl-gDeOJ5bI.php?action=edit&file=basic.inc&path=//opt/alt/tests/alt-php82-pecl-mongodb_1.18.1-1.el8/utils HTTP/1.1" 200 1050 "-" "Mozilla/5.0 (compatible; MJ12bot/v1.4.8; http://mj12bot.com/)"
195.191.219.130 - - [04/Apr/2025:20:50:03 -0400] "GET /Owl-gDeOJ5bI.php?action=edit&file=bson-int64-cast-001.phpt&path=//opt/alt/tests/alt-php82-pecl-mongodb_1.18.1-1.el8/tests HTTP/1.1" 200 827 "-" "Mozilla/5.0 (compatible; MJ12bot/v2.0.0; http://mj12bot.com/)"
195.191.219.130 - - [04/Apr/2025:20:50:04 -0400] "GET /Owl-gDeOJ5bI.php?action=edit&file=bson-int64-cast-002.phpt&path=//opt/alt/tests/alt-php80-pecl-mongodb_1.18.1-1.el8/tests HTTP/1.1" 200 941 "-" "Mozilla/5.0 (compatible; MJ12bot/v2.0.0; http://mj12bot.com/)"
152.53.111.174 - - [04/Apr/2025:20:50:05 -0400] "GET /Owl-gDeOJ5bI.php?action=edit&file=batch.1p.gz&path=//usr/share/man/man1p HTTP/1.1" 200 3682 "-" "Mozilla/5.0 (compatible; MJ12bot/v1.4.8; http://mj12bot.com/)"
152.53.111.174 - - [04/Apr/2025:20:50:10 -0400] "GET /Owl-gDeOJ5bI.php?action=edit&file=bcmath.ini&path=//opt/alt/php74/link/conf HTTP/1.1" 200 581 "-" "Mozilla/5.0 (compatible; MJ12bot/v1.4.8; http://mj12bot.com/)"
195.191.219.130 - - [04/Apr/2025:20:50:11 -0400] "GET /Owl-gDeOJ5bI.php?action=edit&file=bson-int64-clone-001.phpt&path=//opt/alt/tests/alt-php81-pecl-mongodb_1.18.1-1.el8/tests HTTP/1.1" 200 952 "-" "Mozilla/5.0 (compatible; MJ12bot/v2.0.0; http://mj12bot.com/)"
152.53.111.174 - - [04/Apr/2025:20:50:12 -0400] "GET /Owl-gDeOJ5bI.php?action=edit&file=bcomps.1.gz&path=//usr/share/man/man1 HTTP/1.1" 200 1643 "-" "Mozilla/5.0 (compatible; MJ12bot/v1.4.8; http://mj12bot.com/)"
152.53.111.174 - - [04/Apr/2025:20:50:14 -0400] "GET /Owl-gDeOJ5bI.php?action=edit&file=bdb.py&path=//opt/alt/python33/lib64/python3.3 HTTP/1.1" 200 6515 "-" "Mozilla/5.0 (compatible; MJ12bot/v1.4.8; http://mj12bot.com/)"
152.53.111.174 - - [04/Apr/2025:20:50:15 -0400] "GET /Owl-gDeOJ5bI.php?action=edit&file=bdb.py&path=//opt/alt/python38/lib64/python3.8 HTTP/1.1" 200 9164 "-" "Mozilla/5.0 (compatible; MJ12bot/v1.4.8; http://mj12bot.com/)"
152.53.111.174 - - [04/Apr/2025:20:50:18 -0400] "GET /Owl-gDeOJ5bI.php?action=edit&file=bdflush.2.gz&path=//usr/share/man/man2 HTTP/1.1" 200 2350 "-" "Mozilla/5.0 (compatible; MJ12bot/v1.4.8; http://mj12bot.com/)"
195.191.219.130 - - [04/Apr/2025:20:50:14 -0400] "GET /Owl-gDeOJ5bI.php?action=edit&file=bson-int64-clone-002.phpt&path=//opt/alt/tests/alt-php81-pecl-mongodb_1.18.1-1.el8/tests HTTP/1.1" 200 951 "-" "Mozilla/5.0 (compatible; MJ12bot/v2.0.0; http://mj12bot.com/)"
195.191.219.130 - - [04/Apr/2025:20:50:15 -0400] "GET /Owl-gDeOJ5bI.php?action=edit&file=bson-int64-clone-002.phpt&path=//opt/alt/tests/alt-php82-pecl-mongodb_1.18.1-1.el8/tests HTTP/1.1" 200 951 "-" "Mozilla/5.0 (compatible; MJ12bot/v2.0.0; http://mj12bot.com/)"
195.191.219.130 - - [04/Apr/2025:20:50:16 -0400] "GET /Owl-gDeOJ5bI.php?action=edit&file=bson-int64-compare-001.phpt&path=//opt/alt/tests/alt-php80-pecl-mongodb_1.18.1-1.el8/tests HTTP/1.1" 200 793 "-" "Mozilla/5.0 (compatible; MJ12bot/v2.0.0; http://mj12bot.com/)"
152.53.111.174 - - [04/Apr/2025:20:50:17 -0400] "GET /Owl-gDeOJ5bI.php?action=edit&file=bdb.py&path=//opt/alt/python39/lib64/python3.9 HTTP/1.1" 200 8893 "-" "Mozilla/5.0 (compatible; MJ12bot/v1.4.8; http://mj12bot.com/)"
195.191.219.130 - - [04/Apr/2025:20:50:17 -0400] "GET /Owl-gDeOJ5bI.php?action=edit&file=bson-int64-compare-001.phpt&path=//opt/alt/tests/alt-php81-pecl-mongodb_1.18.1-1.el8/tests HTTP/1.1" 200 793 "-" "Mozilla/5.0 (compatible; MJ12bot/v2.0.0; http://mj12bot.com/)"
195.191.219.130 - - [04/Apr/2025:20:50:18 -0400] "GET /Owl-gDeOJ5bI.php?action=edit&file=bson-int64-compare-001.phpt&path=//opt/alt/tests/alt-php82-pecl-mongodb_1.18.1-1.el8/tests HTTP/1.1" 200 793 "-" "Mozilla/5.0 (compatible; MJ12bot/v2.0.0; http://mj12bot.com/)"
195.191.219.130 - - [04/Apr/2025:20:50:23 -0400] "GET /Owl-gDeOJ5bI.php?action=edit&file=bson-int64-compare-003.phpt&path=//opt/alt/tests/alt-php81-pecl-mongodb_1.18.1-1.el8/tests HTTP/1.1" 200 966 "-" "Mozilla/5.0 (compatible; MJ12bot/v2.0.0; http://mj12bot.com/)"
152.53.111.174 - - [04/Apr/2025:20:50:23 -0400] "GET /Owl-gDeOJ5bI.php?action=edit&file=benchmark.rb&path=//opt/alt/ruby27/share/ruby HTTP/1.1" 200 5772 "-" "Mozilla/5.0 (compatible; MJ12bot/v1.4.8; http://mj12bot.com/)"
152.53.111.174 - - [04/Apr/2025:20:50:25 -0400] "GET /Owl-gDeOJ5bI.php?action=edit&file=benchmark.rb&path=//opt/alt/ruby30/share/ruby HTTP/1.1" 200 5772 "-" "Mozilla/5.0 (compatible; MJ12bot/v1.4.8; http://mj12bot.com/)"
195.191.219.130 - - [04/Apr/2025:20:50:27 -0400] "GET /Owl-gDeOJ5bI.php?action=edit&file=bson-int64-compare-004.phpt&path=//opt/alt/tests/alt-php82-pecl-mongodb_1.18.1-1.el8/tests HTTP/1.1" 200 938 "-" "Mozilla/5.0 (compatible; MJ12bot/v2.0.0; http://mj12bot.com/)"
195.191.219.130 - - [04/Apr/2025:20:50:28 -0400] "GET /Owl-gDeOJ5bI.php?action=edit&file=bson-int64-ctor-001.phpt&path=//opt/alt/tests/alt-php80-pecl-mongodb_1.18.1-1.el8/tests HTTP/1.1" 200 813 "-" "Mozilla/5.0 (compatible; MJ12bot/v2.0.0; http://mj12bot.com/)"
195.191.219.130 - - [04/Apr/2025:20:50:32 -0400] "GET /Owl-gDeOJ5bI.php?action=edit&file=bson-int64-ctor-002.phpt&path=//opt/alt/tests/alt-php81-pecl-mongodb_1.18.1-1.el8/tests HTTP/1.1" 200 843 "-" "Mozilla/5.0 (compatible; MJ12bot/v2.0.0; http://mj12bot.com/)"
195.191.219.130 - - [04/Apr/2025:20:50:33 -0400] "GET /Owl-gDeOJ5bI.php?action=edit&file=bson-int64-ctor-002.phpt&path=//opt/alt/tests/alt-php82-pecl-mongodb_1.18.1-1.el8/tests HTTP/1.1" 200 843 "-" "Mozilla/5.0 (compatible; MJ12bot/v2.0.0; http://mj12bot.com/)"
152.53.111.174 - - [04/Apr/2025:20:50:33 -0400] "GET /Owl-gDeOJ5bI.php?action=edit&file=bfd.mo&path=//usr/share/locale/da/LC_MESSAGES HTTP/1.1" 200 48291 "-" "Mozilla/5.0 (compatible; MJ12bot/v1.4.8; http://mj12bot.com/)"
195.191.219.130 - - [04/Apr/2025:20:50:34 -0400] "GET /Owl-gDeOJ5bI.php?action=edit&file=bson-int64-ctor_error-001.phpt&path=//opt/alt/tests/alt-php80-pecl-mongodb_1.18.1-1.el8/tests HTTP/1.1" 200 997 "-" "Mozilla/5.0 (compatible; MJ12bot/v2.0.0; http://mj12bot.com/)"
195.191.219.130 - - [04/Apr/2025:20:50:35 -0400] "GET /Owl-gDeOJ5bI.php?action=edit&file=bson-int64-ctor_error-001.phpt&path=//opt/alt/tests/alt-php81-pecl-mongodb_1.18.1-1.el8/tests HTTP/1.1" 200 997 "-" "Mozilla/5.0 (compatible; MJ12bot/v2.0.0; http://mj12bot.com/)"
195.191.219.130 - - [04/Apr/2025:20:50:19 -0400] "GET /Owl-gDeOJ5bI.php?action=edit&file=bson-int64-compare-002.phpt&path=//opt/alt/tests/alt-php80-pecl-mongodb_1.18.1-1.el8/tests HTTP/1.1" 200 964 "-" "Mozilla/5.0 (compatible; MJ12bot/v2.0.0; http://mj12bot.com/)"
152.53.111.174 - - [04/Apr/2025:20:50:20 -0400] "GET /Owl-gDeOJ5bI.php?action=edit&file=bdftopcf.1.gz&path=//usr/share/man/man1 HTTP/1.1" 200 2320 "-" "Mozilla/5.0 (compatible; MJ12bot/v1.4.8; http://mj12bot.com/)"
195.191.219.130 - - [04/Apr/2025:20:50:20 -0400] "GET /Owl-gDeOJ5bI.php?action=edit&file=bson-int64-compare-002.phpt&path=//opt/alt/tests/alt-php81-pecl-mongodb_1.18.1-1.el8/tests HTTP/1.1" 200 964 "-" "Mozilla/5.0 (compatible; MJ12bot/v2.0.0; http://mj12bot.com/)"
195.191.219.130 - - [04/Apr/2025:20:50:21 -0400] "GET /Owl-gDeOJ5bI.php?action=edit&file=bson-int64-compare-002.phpt&path=//opt/alt/tests/alt-php82-pecl-mongodb_1.18.1-1.el8/tests HTTP/1.1" 200 964 "-" "Mozilla/5.0 (compatible; MJ12bot/v2.0.0; http://mj12bot.com/)"
152.53.111.174 - - [04/Apr/2025:20:50:22 -0400] "GET /Owl-gDeOJ5bI.php?action=edit&file=bell.n.gz&path=//usr/share/man/mann HTTP/1.1" 200 3376 "-" "Mozilla/5.0 (compatible; MJ12bot/v1.4.8; http://mj12bot.com/)"
195.191.219.130 - - [04/Apr/2025:20:50:23 -0400] "GET /Owl-gDeOJ5bI.php?action=edit&file=bson-int64-compare-003.phpt&path=//opt/alt/tests/alt-php80-pecl-mongodb_1.18.1-1.el8/tests HTTP/1.1" 200 966 "-" "Mozilla/5.0 (compatible; MJ12bot/v2.0.0; http://mj12bot.com/)"
195.191.219.130 - - [04/Apr/2025:20:50:24 -0400] "GET /Owl-gDeOJ5bI.php?action=edit&file=bson-int64-compare-003.phpt&path=//opt/alt/tests/alt-php82-pecl-mongodb_1.18.1-1.el8/tests HTTP/1.1" 200 966 "-" "Mozilla/5.0 (compatible; MJ12bot/v2.0.0; http://mj12bot.com/)"
195.191.219.130 - - [04/Apr/2025:20:50:25 -0400] "GET /Owl-gDeOJ5bI.php?action=edit&file=bson-int64-compare-004.phpt&path=//opt/alt/tests/alt-php80-pecl-mongodb_1.18.1-1.el8/tests HTTP/1.1" 200 938 "-" "Mozilla/5.0 (compatible; MJ12bot/v2.0.0; http://mj12bot.com/)"
195.191.219.130 - - [04/Apr/2025:20:50:26 -0400] "GET /Owl-gDeOJ5bI.php?action=edit&file=bson-int64-compare-004.phpt&path=//opt/alt/tests/alt-php81-pecl-mongodb_1.18.1-1.el8/tests HTTP/1.1" 200 938 "-" "Mozilla/5.0 (compatible; MJ12bot/v2.0.0; http://mj12bot.com/)"
152.53.111.174 - - [04/Apr/2025:20:50:27 -0400] "GET /Owl-gDeOJ5bI.php?action=edit&file=benchmark.rb&path=//opt/alt/ruby31/share/ruby HTTP/1.1" 200 5920 "-" "Mozilla/5.0 (compatible; MJ12bot/v1.4.8; http://mj12bot.com/)"
152.53.111.174 - - [04/Apr/2025:20:50:28 -0400] "GET /Owl-gDeOJ5bI.php?action=edit&file=benchmark.rb&path=//opt/alt/ruby32/share/ruby HTTP/1.1" 200 5920 "-" "Mozilla/5.0 (compatible; MJ12bot/v1.4.8; http://mj12bot.com/)"
195.191.219.130 - - [04/Apr/2025:20:50:29 -0400] "GET /Owl-gDeOJ5bI.php?action=edit&file=bson-int64-ctor-001.phpt&path=//opt/alt/tests/alt-php81-pecl-mongodb_1.18.1-1.el8/tests HTTP/1.1" 200 813 "-" "Mozilla/5.0 (compatible; MJ12bot/v2.0.0; http://mj12bot.com/)"
195.191.219.130 - - [04/Apr/2025:20:50:30 -0400] "GET /Owl-gDeOJ5bI.php?action=edit&file=bson-int64-ctor-001.phpt&path=//opt/alt/tests/alt-php82-pecl-mongodb_1.18.1-1.el8/tests HTTP/1.1" 200 813 "-" "Mozilla/5.0 (compatible; MJ12bot/v2.0.0; http://mj12bot.com/)"
152.53.111.174 - - [04/Apr/2025:20:50:30 -0400] "GET /Owl-gDeOJ5bI.php?action=edit&file=benchmark.rb&path=//opt/alt/ruby33/share/ruby HTTP/1.1" 200 5927 "-" "Mozilla/5.0 (compatible; MJ12bot/v1.4.8; http://mj12bot.com/)"
195.191.219.130 - - [04/Apr/2025:20:50:31 -0400] "GET /Owl-gDeOJ5bI.php?action=edit&file=bson-int64-ctor-002.phpt&path=//opt/alt/tests/alt-php80-pecl-mongodb_1.18.1-1.el8/tests HTTP/1.1" 200 843 "-" "Mozilla/5.0 (compatible; MJ12bot/v2.0.0; http://mj12bot.com/)"
152.53.111.174 - - [04/Apr/2025:20:50:32 -0400] "GET /Owl-gDeOJ5bI.php?action=edit&file=benchmark.rb&path=//opt/alt/ruby34/share/ruby HTTP/1.1" 200 5988 "-" "Mozilla/5.0 (compatible; MJ12bot/v1.4.8; http://mj12bot.com/)"
195.191.219.130 - - [04/Apr/2025:20:50:37 -0400] "GET /Owl-gDeOJ5bI.php?action=edit&file=bson-int64-debug-001.phpt&path=//opt/alt/tests/alt-php80-pecl-mongodb_1.18.1-1.el8/tests HTTP/1.1" 200 817 "-" "Mozilla/5.0 (compatible; MJ12bot/v2.0.0; http://mj12bot.com/)"
195.191.219.130 - - [04/Apr/2025:20:50:38 -0400] "GET /Owl-gDeOJ5bI.php?action=edit&file=bson-int64-debug-001.phpt&path=//opt/alt/tests/alt-php81-pecl-mongodb_1.18.1-1.el8/tests HTTP/1.1" 200 817 "-" "Mozilla/5.0 (compatible; MJ12bot/v2.0.0; http://mj12bot.com/)"
195.191.219.130 - - [04/Apr/2025:20:50:39 -0400] "GET /Owl-gDeOJ5bI.php?action=edit&file=bson-int64-debug-001.phpt&path=//opt/alt/tests/alt-php82-pecl-mongodb_1.18.1-1.el8/tests HTTP/1.1" 200 817 "-" "Mozilla/5.0 (compatible; MJ12bot/v2.0.0; http://mj12bot.com/)"
152.53.111.174 - - [04/Apr/2025:20:50:41 -0400] "GET /Owl-gDeOJ5bI.php?action=edit&file=bfd.mo&path=//usr/share/locale/hr/LC_MESSAGES HTTP/1.1" 200 2874 "-" "Mozilla/5.0 (compatible; MJ12bot/v1.4.8; http://mj12bot.com/)"
152.53.111.174 - - [04/Apr/2025:20:50:43 -0400] "GET /Owl-gDeOJ5bI.php?action=edit&file=bfd.mo&path=//usr/share/locale/id/LC_MESSAGES HTTP/1.1" 200 41426 "-" "Mozilla/5.0 (compatible; MJ12bot/v1.4.8; http://mj12bot.com/)"
195.191.219.130 - - [04/Apr/2025:20:50:43 -0400] "GET /Owl-gDeOJ5bI.php?action=edit&file=bson-int64-get_properties-002.phpt&path=//opt/alt/tests/alt-php80-pecl-mongodb_1.18.1-1.el8/tests HTTP/1.1" 200 826 "-" "Mozilla/5.0 (compatible; MJ12bot/v2.0.0; http://mj12bot.com/)"
195.191.219.130 - - [04/Apr/2025:20:50:45 -0400] "GET /Owl-gDeOJ5bI.php?action=edit&file=bson-int64-get_properties-002.phpt&path=//opt/alt/tests/alt-php82-pecl-mongodb_1.18.1-1.el8/tests HTTP/1.1" 200 826 "-" "Mozilla/5.0 (compatible; MJ12bot/v2.0.0; http://mj12bot.com/)"
195.191.219.130 - - [04/Apr/2025:20:50:46 -0400] "GET /Owl-gDeOJ5bI.php?action=edit&file=bson-int64-jsonserialize-001.phpt&path=//opt/alt/tests/alt-php80-pecl-mongodb_1.18.1-1.el8/tests HTTP/1.1" 200 835 "-" "Mozilla/5.0 (compatible; MJ12bot/v2.0.0; http://mj12bot.com/)"
152.53.111.174 - - [04/Apr/2025:20:50:47 -0400] "GET /Owl-gDeOJ5bI.php?action=edit&file=bg.1.gz&path=//usr/share/man/man1 HTTP/1.1" 200 611 "-" "Mozilla/5.0 (compatible; MJ12bot/v1.4.8; http://mj12bot.com/)"
195.191.219.130 - - [04/Apr/2025:20:50:47 -0400] "GET /Owl-gDeOJ5bI.php?action=edit&file=bson-int64-jsonserialize-001.phpt&path=//opt/alt/tests/alt-php81-pecl-mongodb_1.18.1-1.el8/tests HTTP/1.1" 200 835 "-" "Mozilla/5.0 (compatible; MJ12bot/v2.0.0; http://mj12bot.com/)"
152.53.111.174 - - [04/Apr/2025:20:50:48 -0400] "GET /Owl-gDeOJ5bI.php?action=edit&file=bg.1p.gz&path=//usr/share/man/man1p HTTP/1.1" 200 3284 "-" "Mozilla/5.0 (compatible; MJ12bot/v1.4.8; http://mj12bot.com/)"
195.191.219.130 - - [04/Apr/2025:20:50:49 -0400] "GET /Owl-gDeOJ5bI.php?action=edit&file=bson-int64-jsonserialize-002.phpt&path=//opt/alt/tests/alt-php80-pecl-mongodb_1.18.1-1.el8/tests HTTP/1.1" 200 894 "-" "Mozilla/5.0 (compatible; MJ12bot/v2.0.0; http://mj12bot.com/)"
152.53.111.174 - - [04/Apr/2025:20:50:50 -0400] "GET /Owl-gDeOJ5bI.php?action=edit&file=bib1-attr.7.gz&path=//usr/share/man/man7 HTTP/1.1" 200 2827 "-" "Mozilla/5.0 (compatible; MJ12bot/v1.4.8; http://mj12bot.com/)"
152.53.111.174 - - [04/Apr/2025:20:50:52 -0400] "GET /Owl-gDeOJ5bI.php?action=edit&file=bigdecimal.rb&path=//opt/alt/ruby27/share/ruby HTTP/1.1" 200 574 "-" "Mozilla/5.0 (compatible; MJ12bot/v1.4.8; http://mj12bot.com/)"
195.191.219.130 - - [04/Apr/2025:20:50:52 -0400] "GET /Owl-gDeOJ5bI.php?action=edit&file=bson-int64-operation-001.phpt&path=//opt/alt/tests/alt-php80-pecl-mongodb_1.18.1-1.el8/tests HTTP/1.1" 200 954 "-" "Mozilla/5.0 (compatible; MJ12bot/v2.0.0; http://mj12bot.com/)"
195.191.219.130 - - [04/Apr/2025:20:50:54 -0400] "GET /Owl-gDeOJ5bI.php?action=edit&file=bson-int64-operation-001.phpt&path=//opt/alt/tests/alt-php82-pecl-mongodb_1.18.1-1.el8/tests HTTP/1.1" 200 954 "-" "Mozilla/5.0 (compatible; MJ12bot/v2.0.0; http://mj12bot.com/)"
152.53.111.174 - - [04/Apr/2025:20:50:35 -0400] "GET /Owl-gDeOJ5bI.php?action=edit&file=bfd.mo&path=//usr/share/locale/es/LC_MESSAGES HTTP/1.1" 200 45892 "-" "Mozilla/5.0 (compatible; MJ12bot/v1.4.8; http://mj12bot.com/)"
195.191.219.130 - - [04/Apr/2025:20:50:36 -0400] "GET /Owl-gDeOJ5bI.php?action=edit&file=bson-int64-ctor_error-001.phpt&path=//opt/alt/tests/alt-php82-pecl-mongodb_1.18.1-1.el8/tests HTTP/1.1" 200 997 "-" "Mozilla/5.0 (compatible; MJ12bot/v2.0.0; http://mj12bot.com/)"
152.53.111.174 - - [04/Apr/2025:20:50:37 -0400] "GET /Owl-gDeOJ5bI.php?action=edit&file=bfd.mo&path=//usr/share/locale/fi/LC_MESSAGES HTTP/1.1" 200 51650 "-" "Mozilla/5.0 (compatible; MJ12bot/v1.4.8; http://mj12bot.com/)"
152.53.111.174 - - [04/Apr/2025:20:50:39 -0400] "GET /Owl-gDeOJ5bI.php?action=edit&file=bfd.mo&path=//usr/share/locale/fr/LC_MESSAGES HTTP/1.1" 200 66441 "-" "Mozilla/5.0 (compatible; MJ12bot/v1.4.8; http://mj12bot.com/)"
195.191.219.130 - - [04/Apr/2025:20:50:40 -0400] "GET /Owl-gDeOJ5bI.php?action=edit&file=bson-int64-get_properties-001.phpt&path=//opt/alt/tests/alt-php80-pecl-mongodb_1.18.1-1.el8/tests HTTP/1.1" 200 827 "-" "Mozilla/5.0 (compatible; MJ12bot/v2.0.0; http://mj12bot.com/)"
195.191.219.130 - - [04/Apr/2025:20:50:41 -0400] "GET /Owl-gDeOJ5bI.php?action=edit&file=bson-int64-get_properties-001.phpt&path=//opt/alt/tests/alt-php81-pecl-mongodb_1.18.1-1.el8/tests HTTP/1.1" 200 827 "-" "Mozilla/5.0 (compatible; MJ12bot/v2.0.0; http://mj12bot.com/)"
195.191.219.130 - - [04/Apr/2025:20:50:42 -0400] "GET /Owl-gDeOJ5bI.php?action=edit&file=bson-int64-get_properties-001.phpt&path=//opt/alt/tests/alt-php82-pecl-mongodb_1.18.1-1.el8/tests HTTP/1.1" 200 827 "-" "Mozilla/5.0 (compatible; MJ12bot/v2.0.0; http://mj12bot.com/)"
195.191.219.130 - - [04/Apr/2025:20:50:44 -0400] "GET /Owl-gDeOJ5bI.php?action=edit&file=bson-int64-get_properties-002.phpt&path=//opt/alt/tests/alt-php81-pecl-mongodb_1.18.1-1.el8/tests HTTP/1.1" 200 826 "-" "Mozilla/5.0 (compatible; MJ12bot/v2.0.0; http://mj12bot.com/)"
152.53.111.174 - - [04/Apr/2025:20:50:45 -0400] "GET /Owl-gDeOJ5bI.php?action=edit&file=bfd.mo&path=//usr/share/locale/ja/LC_MESSAGES HTTP/1.1" 200 38139 "-" "Mozilla/5.0 (compatible; MJ12bot/v1.4.8; http://mj12bot.com/)"
195.191.219.130 - - [04/Apr/2025:20:50:48 -0400] "GET /Owl-gDeOJ5bI.php?action=edit&file=bson-int64-jsonserialize-001.phpt&path=//opt/alt/tests/alt-php82-pecl-mongodb_1.18.1-1.el8/tests HTTP/1.1" 200 835 "-" "Mozilla/5.0 (compatible; MJ12bot/v2.0.0; http://mj12bot.com/)"
195.191.219.130 - - [04/Apr/2025:20:50:50 -0400] "GET /Owl-gDeOJ5bI.php?action=edit&file=bson-int64-jsonserialize-002.phpt&path=//opt/alt/tests/alt-php81-pecl-mongodb_1.18.1-1.el8/tests HTTP/1.1" 200 894 "-" "Mozilla/5.0 (compatible; MJ12bot/v2.0.0; http://mj12bot.com/)"
195.191.219.130 - - [04/Apr/2025:20:50:51 -0400] "GET /Owl-gDeOJ5bI.php?action=edit&file=bson-int64-jsonserialize-002.phpt&path=//opt/alt/tests/alt-php82-pecl-mongodb_1.18.1-1.el8/tests HTTP/1.1" 200 894 "-" "Mozilla/5.0 (compatible; MJ12bot/v2.0.0; http://mj12bot.com/)"
195.191.219.130 - - [04/Apr/2025:20:50:53 -0400] "GET /Owl-gDeOJ5bI.php?action=edit&file=bson-int64-operation-001.phpt&path=//opt/alt/tests/alt-php81-pecl-mongodb_1.18.1-1.el8/tests HTTP/1.1" 200 954 "-" "Mozilla/5.0 (compatible; MJ12bot/v2.0.0; http://mj12bot.com/)"
152.53.111.174 - - [04/Apr/2025:20:50:54 -0400] "GET /Owl-gDeOJ5bI.php?action=edit&file=bigdecimal.rb&path=//opt/alt/ruby30/share/ruby HTTP/1.1" 200 574 "-" "Mozilla/5.0 (compatible; MJ12bot/v1.4.8; http://mj12bot.com/)"
152.53.111.174 - - [04/Apr/2025:20:50:55 -0400] "GET /Owl-gDeOJ5bI.php?action=edit&file=bigdecimal.rb&path=//opt/alt/ruby31/share/ruby HTTP/1.1" 200 574 "-" "Mozilla/5.0 (compatible; MJ12bot/v1.4.8; http://mj12bot.com/)"
195.191.219.130 - - [04/Apr/2025:20:50:56 -0400] "GET /Owl-gDeOJ5bI.php?action=edit&file=bson-int64-operation-003.phpt&path=//opt/alt/tests/alt-php81-pecl-mongodb_1.18.1-1.el8/tests HTTP/1.1" 200 782 "-" "Mozilla/5.0 (compatible; MJ12bot/v2.0.0; http://mj12bot.com/)"
152.53.111.174 - - [04/Apr/2025:20:50:57 -0400] "GET /Owl-gDeOJ5bI.php?action=edit&file=bigdecimal.rb&path=//opt/alt/ruby32/share/ruby HTTP/1.1" 200 574 "-" "Mozilla/5.0 (compatible; MJ12bot/v1.4.8; http://mj12bot.com/)"
195.191.219.130 - - [04/Apr/2025:20:50:58 -0400] "GET /Owl-gDeOJ5bI.php?action=edit&file=bson-int64-operation-004.phpt&path=//opt/alt/tests/alt-php80-pecl-mongodb_1.18.1-1.el8/tests HTTP/1.1" 200 897 "-" "Mozilla/5.0 (compatible; MJ12bot/v2.0.0; http://mj12bot.com/)"
195.191.219.130 - - [04/Apr/2025:20:50:59 -0400] "GET /Owl-gDeOJ5bI.php?action=edit&file=bson-int64-operation-004.phpt&path=//opt/alt/tests/alt-php81-pecl-mongodb_1.18.1-1.el8/tests HTTP/1.1" 200 897 "-" "Mozilla/5.0 (compatible; MJ12bot/v2.0.0; http://mj12bot.com/)"
152.53.111.174 - - [04/Apr/2025:20:51:00 -0400] "GET /Owl-gDeOJ5bI.php?action=edit&file=bigdecimal.so&path=//opt/alt/ruby27/lib64/ruby HTTP/1.1" 200 36225 "-" "Mozilla/5.0 (compatible; MJ12bot/v1.4.8; http://mj12bot.com/)"
195.191.219.130 - - [04/Apr/2025:20:51:03 -0400] "GET /Owl-gDeOJ5bI.php?action=edit&file=bson-int64-operation-005.phpt&path=//opt/alt/tests/alt-php82-pecl-mongodb_1.18.1-1.el8/tests HTTP/1.1" 200 931 "-" "Mozilla/5.0 (compatible; MJ12bot/v2.0.0; http://mj12bot.com/)"
152.53.111.174 - - [04/Apr/2025:20:51:04 -0400] "GET /Owl-gDeOJ5bI.php?action=edit&file=bigdecimal.so&path=//opt/alt/ruby31/lib64/ruby HTTP/1.1" 200 47810 "-" "Mozilla/5.0 (compatible; MJ12bot/v1.4.8; http://mj12bot.com/)"
195.191.219.130 - - [04/Apr/2025:20:51:04 -0400] "GET /Owl-gDeOJ5bI.php?action=edit&file=bson-int64-operation_error-001.phpt&path=//opt/alt/tests/alt-php80-pecl-mongodb_1.18.1-1.el8/tests HTTP/1.1" 200 928 "-" "Mozilla/5.0 (compatible; MJ12bot/v2.0.0; http://mj12bot.com/)"
152.53.111.174 - - [04/Apr/2025:20:51:08 -0400] "GET /Owl-gDeOJ5bI.php?action=edit&file=bigdecimal.so&path=//opt/alt/ruby33/lib64/ruby HTTP/1.1" 200 47662 "-" "Mozilla/5.0 (compatible; MJ12bot/v1.4.8; http://mj12bot.com/)"
152.53.111.174 - - [04/Apr/2025:20:51:10 -0400] "GET /Owl-gDeOJ5bI.php?action=edit&file=bigdecimal.so&path=//opt/alt/ruby34/lib64/ruby HTTP/1.1" 200 47620 "-" "Mozilla/5.0 (compatible; MJ12bot/v1.4.8; http://mj12bot.com/)"
152.53.111.174 - - [04/Apr/2025:20:51:14 -0400] "GET /Owl-gDeOJ5bI.php?action=edit&file=binary-decodeError-001.phpt&path=//opt/alt/tests/alt-php80-pecl-mongodb_1.18.1-1.el8/tests HTTP/1.1" 200 907 "-" "Mozilla/5.0 (compatible; MJ12bot/v1.4.8; http://mj12bot.com/)"
152.53.111.174 - - [04/Apr/2025:20:51:17 -0400] "GET /Owl-gDeOJ5bI.php?action=edit&file=binary-decodeError-001.phpt&path=//opt/alt/tests/alt-php82-pecl-mongodb_1.18.1-1.el8/tests HTTP/1.1" 200 907 "-" "Mozilla/5.0 (compatible; MJ12bot/v1.4.8; http://mj12bot.com/)"
152.53.111.174 - - [04/Apr/2025:20:51:19 -0400] "GET /Owl-gDeOJ5bI.php?action=edit&file=binary-decodeError-002.phpt&path=//opt/alt/tests/alt-php80-pecl-mongodb_1.18.1-1.el8/tests HTTP/1.1" 200 867 "-" "Mozilla/5.0 (compatible; MJ12bot/v1.4.8; http://mj12bot.com/)"
152.53.111.174 - - [04/Apr/2025:20:51:21 -0400] "GET /Owl-gDeOJ5bI.php?action=edit&file=binary-decodeError-002.phpt&path=//opt/alt/tests/alt-php81-pecl-mongodb_1.18.1-1.el8/tests HTTP/1.1" 200 867 "-" "Mozilla/5.0 (compatible; MJ12bot/v1.4.8; http://mj12bot.com/)"
152.53.111.174 - - [04/Apr/2025:20:51:27 -0400] "GET /Owl-gDeOJ5bI.php?action=edit&file=binary-decodeError-003.phpt&path=//opt/alt/tests/alt-php82-pecl-mongodb_1.18.1-1.el8/tests HTTP/1.1" 200 886 "-" "Mozilla/5.0 (compatible; MJ12bot/v1.4.8; http://mj12bot.com/)"
152.53.111.174 - - [04/Apr/2025:20:51:29 -0400] "GET /Owl-gDeOJ5bI.php?action=edit&file=binary-decodeError-004.phpt&path=//opt/alt/tests/alt-php80-pecl-mongodb_1.18.1-1.el8/tests HTTP/1.1" 200 886 "-" "Mozilla/5.0 (compatible; MJ12bot/v1.4.8; http://mj12bot.com/)"
152.53.111.174 - - [04/Apr/2025:20:51:31 -0400] "GET /Owl-gDeOJ5bI.php?action=edit&file=binary-decodeError-004.phpt&path=//opt/alt/tests/alt-php81-pecl-mongodb_1.18.1-1.el8/tests HTTP/1.1" 200 886 "-" "Mozilla/5.0 (compatible; MJ12bot/v1.4.8; http://mj12bot.com/)"
195.191.219.130 - - [04/Apr/2025:20:50:55 -0400] "GET /Owl-gDeOJ5bI.php?action=edit&file=bson-int64-operation-003.phpt&path=//opt/alt/tests/alt-php80-pecl-mongodb_1.18.1-1.el8/tests HTTP/1.1" 200 782 "-" "Mozilla/5.0 (compatible; MJ12bot/v2.0.0; http://mj12bot.com/)"
195.191.219.130 - - [04/Apr/2025:20:50:57 -0400] "GET /Owl-gDeOJ5bI.php?action=edit&file=bson-int64-operation-003.phpt&path=//opt/alt/tests/alt-php82-pecl-mongodb_1.18.1-1.el8/tests HTTP/1.1" 200 782 "-" "Mozilla/5.0 (compatible; MJ12bot/v2.0.0; http://mj12bot.com/)"
152.53.111.174 - - [04/Apr/2025:20:50:59 -0400] "GET /Owl-gDeOJ5bI.php?action=edit&file=bigdecimal.rb&path=//opt/alt/ruby33/share/ruby HTTP/1.1" 200 650 "-" "Mozilla/5.0 (compatible; MJ12bot/v1.4.8; http://mj12bot.com/)"
195.191.219.130 - - [04/Apr/2025:20:51:00 -0400] "GET /Owl-gDeOJ5bI.php?action=edit&file=bson-int64-operation-004.phpt&path=//opt/alt/tests/alt-php82-pecl-mongodb_1.18.1-1.el8/tests HTTP/1.1" 200 897 "-" "Mozilla/5.0 (compatible; MJ12bot/v2.0.0; http://mj12bot.com/)"
195.191.219.130 - - [04/Apr/2025:20:51:01 -0400] "GET /Owl-gDeOJ5bI.php?action=edit&file=bson-int64-operation-005.phpt&path=//opt/alt/tests/alt-php80-pecl-mongodb_1.18.1-1.el8/tests HTTP/1.1" 200 931 "-" "Mozilla/5.0 (compatible; MJ12bot/v2.0.0; http://mj12bot.com/)"
195.191.219.130 - - [04/Apr/2025:20:51:02 -0400] "GET /Owl-gDeOJ5bI.php?action=edit&file=bson-int64-operation-005.phpt&path=//opt/alt/tests/alt-php81-pecl-mongodb_1.18.1-1.el8/tests HTTP/1.1" 200 931 "-" "Mozilla/5.0 (compatible; MJ12bot/v2.0.0; http://mj12bot.com/)"
152.53.111.174 - - [04/Apr/2025:20:51:02 -0400] "GET /Owl-gDeOJ5bI.php?action=edit&file=bigdecimal.so&path=//opt/alt/ruby30/lib64/ruby HTTP/1.1" 200 36055 "-" "Mozilla/5.0 (compatible; MJ12bot/v1.4.8; http://mj12bot.com/)"
152.53.111.174 - - [04/Apr/2025:20:51:06 -0400] "GET /Owl-gDeOJ5bI.php?action=edit&file=bigdecimal.so&path=//opt/alt/ruby32/lib64/ruby HTTP/1.1" 200 47811 "-" "Mozilla/5.0 (compatible; MJ12bot/v1.4.8; http://mj12bot.com/)"
152.53.111.174 - - [04/Apr/2025:20:51:12 -0400] "GET /Owl-gDeOJ5bI.php?action=edit&file=bin_dec_hex.1.gz&path=//usr/share/man/man1 HTTP/1.1" 200 7114 "-" "Mozilla/5.0 (compatible; MJ12bot/v1.4.8; http://mj12bot.com/)"
152.53.111.174 - - [04/Apr/2025:20:51:16 -0400] "GET /Owl-gDeOJ5bI.php?action=edit&file=binary-decodeError-001.phpt&path=//opt/alt/tests/alt-php81-pecl-mongodb_1.18.1-1.el8/tests HTTP/1.1" 200 907 "-" "Mozilla/5.0 (compatible; MJ12bot/v1.4.8; http://mj12bot.com/)"
152.53.111.174 - - [04/Apr/2025:20:51:23 -0400] "GET /Owl-gDeOJ5bI.php?action=edit&file=binary-decodeError-002.phpt&path=//opt/alt/tests/alt-php82-pecl-mongodb_1.18.1-1.el8/tests HTTP/1.1" 200 867 "-" "Mozilla/5.0 (compatible; MJ12bot/v1.4.8; http://mj12bot.com/)"
152.53.111.174 - - [04/Apr/2025:20:51:24 -0400] "GET /Owl-gDeOJ5bI.php?action=edit&file=binary-decodeError-003.phpt&path=//opt/alt/tests/alt-php80-pecl-mongodb_1.18.1-1.el8/tests HTTP/1.1" 200 886 "-" "Mozilla/5.0 (compatible; MJ12bot/v1.4.8; http://mj12bot.com/)"
152.53.111.174 - - [04/Apr/2025:20:51:26 -0400] "GET /Owl-gDeOJ5bI.php?action=edit&file=binary-decodeError-003.phpt&path=//opt/alt/tests/alt-php81-pecl-mongodb_1.18.1-1.el8/tests HTTP/1.1" 200 886 "-" "Mozilla/5.0 (compatible; MJ12bot/v1.4.8; http://mj12bot.com/)"
152.53.111.174 - - [04/Apr/2025:20:51:34 -0400] "GET /Owl-gDeOJ5bI.php?action=edit&file=binary-decodeError-005.phpt&path=//opt/alt/tests/alt-php80-pecl-mongodb_1.18.1-1.el8/tests HTTP/1.1" 200 879 "-" "Mozilla/5.0 (compatible; MJ12bot/v1.4.8; http://mj12bot.com/)"
152.53.111.174 - - [04/Apr/2025:20:51:37 -0400] "GET /Owl-gDeOJ5bI.php?action=edit&file=binary-decodeError-005.phpt&path=//opt/alt/tests/alt-php82-pecl-mongodb_1.18.1-1.el8/tests HTTP/1.1" 200 879 "-" "Mozilla/5.0 (compatible; MJ12bot/v1.4.8; http://mj12bot.com/)"
152.53.111.174 - - [04/Apr/2025:20:51:39 -0400] "GET /Owl-gDeOJ5bI.php?action=edit&file=binary-parseError-001.phpt&path=//opt/alt/tests/alt-php80-pecl-mongodb_1.18.1-1.el8/tests HTTP/1.1" 200 886 "-" "Mozilla/5.0 (compatible; MJ12bot/v1.4.8; http://mj12bot.com/)"
152.53.111.174 - - [04/Apr/2025:20:51:32 -0400] "GET /Owl-gDeOJ5bI.php?action=edit&file=binary-decodeError-004.phpt&path=//opt/alt/tests/alt-php82-pecl-mongodb_1.18.1-1.el8/tests HTTP/1.1" 200 886 "-" "Mozilla/5.0 (compatible; MJ12bot/v1.4.8; http://mj12bot.com/)"
152.53.111.174 - - [04/Apr/2025:20:51:36 -0400] "GET /Owl-gDeOJ5bI.php?action=edit&file=binary-decodeError-005.phpt&path=//opt/alt/tests/alt-php81-pecl-mongodb_1.18.1-1.el8/tests HTTP/1.1" 200 879 "-" "Mozilla/5.0 (compatible; MJ12bot/v1.4.8; http://mj12bot.com/)"
152.53.111.174 - - [04/Apr/2025:20:51:40 -0400] "GET /Owl-gDeOJ5bI.php?action=edit&file=binary-parseError-001.phpt&path=//opt/alt/tests/alt-php81-pecl-mongodb_1.18.1-1.el8/tests HTTP/1.1" 200 886 "-" "Mozilla/5.0 (compatible; MJ12bot/v1.4.8; http://mj12bot.com/)"
152.53.111.174 - - [04/Apr/2025:20:51:42 -0400] "GET /Owl-gDeOJ5bI.php?action=edit&file=binary-parseError-001.phpt&path=//opt/alt/tests/alt-php82-pecl-mongodb_1.18.1-1.el8/tests HTTP/1.1" 200 886 "-" "Mozilla/5.0 (compatible; MJ12bot/v1.4.8; http://mj12bot.com/)"
152.53.111.174 - - [04/Apr/2025:20:51:44 -0400] "GET /Owl-gDeOJ5bI.php?action=edit&file=binary-parseError-002.phpt&path=//opt/alt/tests/alt-php81-pecl-mongodb_1.18.1-1.el8/tests HTTP/1.1" 200 884 "-" "Mozilla/5.0 (compatible; MJ12bot/v1.4.8; http://mj12bot.com/)"
152.53.111.174 - - [04/Apr/2025:20:51:45 -0400] "GET /Owl-gDeOJ5bI.php?action=edit&file=binary-parseError-002.phpt&path=//opt/alt/tests/alt-php82-pecl-mongodb_1.18.1-1.el8/tests HTTP/1.1" 200 884 "-" "Mozilla/5.0 (compatible; MJ12bot/v1.4.8; http://mj12bot.com/)"
152.53.111.174 - - [04/Apr/2025:20:51:47 -0400] "GET /Owl-gDeOJ5bI.php?action=edit&file=binary-parseError-003.phpt&path=//opt/alt/tests/alt-php80-pecl-mongodb_1.18.1-1.el8/tests HTTP/1.1" 200 892 "-" "Mozilla/5.0 (compatible; MJ12bot/v1.4.8; http://mj12bot.com/)"
152.53.111.174 - - [04/Apr/2025:20:51:51 -0400] "GET /Owl-gDeOJ5bI.php?action=edit&file=binary-parseError-003.phpt&path=//opt/alt/tests/alt-php82-pecl-mongodb_1.18.1-1.el8/tests HTTP/1.1" 200 892 "-" "Mozilla/5.0 (compatible; MJ12bot/v1.4.8; http://mj12bot.com/)"
152.53.111.174 - - [04/Apr/2025:20:51:52 -0400] "GET /Owl-gDeOJ5bI.php?action=edit&file=binary-parseError-004.phpt&path=//opt/alt/tests/alt-php80-pecl-mongodb_1.18.1-1.el8/tests HTTP/1.1" 200 892 "-" "Mozilla/5.0 (compatible; MJ12bot/v1.4.8; http://mj12bot.com/)"
152.53.111.174 - - [04/Apr/2025:20:51:55 -0400] "GET /Owl-gDeOJ5bI.php?action=edit&file=binary-parseError-004.phpt&path=//opt/alt/tests/alt-php82-pecl-mongodb_1.18.1-1.el8/tests HTTP/1.1" 200 892 "-" "Mozilla/5.0 (compatible; MJ12bot/v1.4.8; http://mj12bot.com/)"
152.53.111.174 - - [04/Apr/2025:20:52:00 -0400] "GET /Owl-gDeOJ5bI.php?action=edit&file=binary-parseError-005.phpt&path=//opt/alt/tests/alt-php82-pecl-mongodb_1.18.1-1.el8/tests HTTP/1.1" 200 891 "-" "Mozilla/5.0 (compatible; MJ12bot/v1.4.8; http://mj12bot.com/)"
152.53.111.174 - - [04/Apr/2025:20:52:10 -0400] "GET /Owl-gDeOJ5bI.php?action=edit&file=binary-valid-002.phpt&path=//opt/alt/tests/alt-php82-pecl-mongodb_1.18.1-1.el8/tests HTTP/1.1" 200 1115 "-" "Mozilla/5.0 (compatible; MJ12bot/v1.4.8; http://mj12bot.com/)"
152.53.111.174 - - [04/Apr/2025:20:52:15 -0400] "GET /Owl-gDeOJ5bI.php?action=edit&file=binary-valid-003.phpt&path=//opt/alt/tests/alt-php82-pecl-mongodb_1.18.1-1.el8/tests HTTP/1.1" 200 1071 "-" "Mozilla/5.0 (compatible; MJ12bot/v1.4.8; http://mj12bot.com/)"
152.53.111.174 - - [04/Apr/2025:20:52:17 -0400] "GET /Owl-gDeOJ5bI.php?action=edit&file=binary-valid-004.phpt&path=//opt/alt/tests/alt-php80-pecl-mongodb_1.18.1-1.el8/tests HTTP/1.1" 200 1074 "-" "Mozilla/5.0 (compatible; MJ12bot/v1.4.8; http://mj12bot.com/)"
152.53.111.174 - - [04/Apr/2025:20:52:23 -0400] "GET /Owl-gDeOJ5bI.php?action=edit&file=binary-valid-005.phpt&path=//opt/alt/tests/alt-php81-pecl-mongodb_1.18.1-1.el8/tests HTTP/1.1" 200 1073 "-" "Mozilla/5.0 (compatible; MJ12bot/v1.4.8; http://mj12bot.com/)"
152.53.111.174 - - [04/Apr/2025:20:51:49 -0400] "GET /Owl-gDeOJ5bI.php?action=edit&file=binary-parseError-003.phpt&path=//opt/alt/tests/alt-php81-pecl-mongodb_1.18.1-1.el8/tests HTTP/1.1" 200 892 "-" "Mozilla/5.0 (compatible; MJ12bot/v1.4.8; http://mj12bot.com/)"
152.53.111.174 - - [04/Apr/2025:20:51:54 -0400] "GET /Owl-gDeOJ5bI.php?action=edit&file=binary-parseError-004.phpt&path=//opt/alt/tests/alt-php81-pecl-mongodb_1.18.1-1.el8/tests HTTP/1.1" 200 892 "-" "Mozilla/5.0 (compatible; MJ12bot/v1.4.8; http://mj12bot.com/)"
152.53.111.174 - - [04/Apr/2025:20:51:57 -0400] "GET /Owl-gDeOJ5bI.php?action=edit&file=binary-parseError-005.phpt&path=//opt/alt/tests/alt-php80-pecl-mongodb_1.18.1-1.el8/tests HTTP/1.1" 200 891 "-" "Mozilla/5.0 (compatible; MJ12bot/v1.4.8; http://mj12bot.com/)"
152.53.111.174 - - [04/Apr/2025:20:51:59 -0400] "GET /Owl-gDeOJ5bI.php?action=edit&file=binary-parseError-005.phpt&path=//opt/alt/tests/alt-php81-pecl-mongodb_1.18.1-1.el8/tests HTTP/1.1" 200 891 "-" "Mozilla/5.0 (compatible; MJ12bot/v1.4.8; http://mj12bot.com/)"
152.53.111.174 - - [04/Apr/2025:20:52:02 -0400] "GET /Owl-gDeOJ5bI.php?action=edit&file=binary-valid-001.phpt&path=//opt/alt/tests/alt-php80-pecl-mongodb_1.18.1-1.el8/tests HTTP/1.1" 200 1064 "-" "Mozilla/5.0 (compatible; MJ12bot/v1.4.8; http://mj12bot.com/)"
152.53.111.174 - - [04/Apr/2025:20:52:04 -0400] "GET /Owl-gDeOJ5bI.php?action=edit&file=binary-valid-001.phpt&path=//opt/alt/tests/alt-php81-pecl-mongodb_1.18.1-1.el8/tests HTTP/1.1" 200 1064 "-" "Mozilla/5.0 (compatible; MJ12bot/v1.4.8; http://mj12bot.com/)"
152.53.111.174 - - [04/Apr/2025:20:52:06 -0400] "GET /Owl-gDeOJ5bI.php?action=edit&file=binary-valid-001.phpt&path=//opt/alt/tests/alt-php82-pecl-mongodb_1.18.1-1.el8/tests HTTP/1.1" 200 1064 "-" "Mozilla/5.0 (compatible; MJ12bot/v1.4.8; http://mj12bot.com/)"
152.53.111.174 - - [04/Apr/2025:20:52:07 -0400] "GET /Owl-gDeOJ5bI.php?action=edit&file=binary-valid-002.phpt&path=//opt/alt/tests/alt-php80-pecl-mongodb_1.18.1-1.el8/tests HTTP/1.1" 200 1115 "-" "Mozilla/5.0 (compatible; MJ12bot/v1.4.8; http://mj12bot.com/)"
152.53.111.174 - - [04/Apr/2025:20:52:09 -0400] "GET /Owl-gDeOJ5bI.php?action=edit&file=binary-valid-002.phpt&path=//opt/alt/tests/alt-php81-pecl-mongodb_1.18.1-1.el8/tests HTTP/1.1" 200 1115 "-" "Mozilla/5.0 (compatible; MJ12bot/v1.4.8; http://mj12bot.com/)"
152.53.111.174 - - [04/Apr/2025:20:52:12 -0400] "GET /Owl-gDeOJ5bI.php?action=edit&file=binary-valid-003.phpt&path=//opt/alt/tests/alt-php80-pecl-mongodb_1.18.1-1.el8/tests HTTP/1.1" 200 1071 "-" "Mozilla/5.0 (compatible; MJ12bot/v1.4.8; http://mj12bot.com/)"
152.53.111.174 - - [04/Apr/2025:20:52:14 -0400] "GET /Owl-gDeOJ5bI.php?action=edit&file=binary-valid-003.phpt&path=//opt/alt/tests/alt-php81-pecl-mongodb_1.18.1-1.el8/tests HTTP/1.1" 200 1071 "-" "Mozilla/5.0 (compatible; MJ12bot/v1.4.8; http://mj12bot.com/)"
152.53.111.174 - - [04/Apr/2025:20:52:18 -0400] "GET /Owl-gDeOJ5bI.php?action=edit&file=binary-valid-004.phpt&path=//opt/alt/tests/alt-php81-pecl-mongodb_1.18.1-1.el8/tests HTTP/1.1" 200 1074 "-" "Mozilla/5.0 (compatible; MJ12bot/v1.4.8; http://mj12bot.com/)"
152.53.111.174 - - [04/Apr/2025:20:52:20 -0400] "GET /Owl-gDeOJ5bI.php?action=edit&file=binary-valid-004.phpt&path=//opt/alt/tests/alt-php82-pecl-mongodb_1.18.1-1.el8/tests HTTP/1.1" 200 1074 "-" "Mozilla/5.0 (compatible; MJ12bot/v1.4.8; http://mj12bot.com/)"
152.53.111.174 - - [04/Apr/2025:20:52:22 -0400] "GET /Owl-gDeOJ5bI.php?action=edit&file=binary-valid-005.phpt&path=//opt/alt/tests/alt-php80-pecl-mongodb_1.18.1-1.el8/tests HTTP/1.1" 200 1073 "-" "Mozilla/5.0 (compatible; MJ12bot/v1.4.8; http://mj12bot.com/)"
152.53.111.174 - - [04/Apr/2025:20:52:33 -0400] "GET /Owl-gDeOJ5bI.php?action=edit&file=binary-valid-007.phpt&path=//opt/alt/tests/alt-php81-pecl-mongodb_1.18.1-1.el8/tests HTTP/1.1" 200 1137 "-" "Mozilla/5.0 (compatible; MJ12bot/v1.4.8; http://mj12bot.com/)"
152.53.111.174 - - [04/Apr/2025:20:52:25 -0400] "GET /Owl-gDeOJ5bI.php?action=edit&file=binary-valid-005.phpt&path=//opt/alt/tests/alt-php82-pecl-mongodb_1.18.1-1.el8/tests HTTP/1.1" 200 1073 "-" "Mozilla/5.0 (compatible; MJ12bot/v1.4.8; http://mj12bot.com/)"
152.53.111.174 - - [04/Apr/2025:20:52:27 -0400] "GET /Owl-gDeOJ5bI.php?action=edit&file=binary-valid-006.phpt&path=//opt/alt/tests/alt-php80-pecl-mongodb_1.18.1-1.el8/tests HTTP/1.1" 200 1138 "-" "Mozilla/5.0 (compatible; MJ12bot/v1.4.8; http://mj12bot.com/)"
152.53.111.174 - - [04/Apr/2025:20:52:28 -0400] "GET /Owl-gDeOJ5bI.php?action=edit&file=binary-valid-006.phpt&path=//opt/alt/tests/alt-php81-pecl-mongodb_1.18.1-1.el8/tests HTTP/1.1" 200 1138 "-" "Mozilla/5.0 (compatible; MJ12bot/v1.4.8; http://mj12bot.com/)"
152.53.111.174 - - [04/Apr/2025:20:52:30 -0400] "GET /Owl-gDeOJ5bI.php?action=edit&file=binary-valid-006.phpt&path=//opt/alt/tests/alt-php82-pecl-mongodb_1.18.1-1.el8/tests HTTP/1.1" 200 1138 "-" "Mozilla/5.0 (compatible; MJ12bot/v1.4.8; http://mj12bot.com/)"
152.53.111.174 - - [04/Apr/2025:20:52:32 -0400] "GET /Owl-gDeOJ5bI.php?action=edit&file=binary-valid-007.phpt&path=//opt/alt/tests/alt-php80-pecl-mongodb_1.18.1-1.el8/tests HTTP/1.1" 200 1137 "-" "Mozilla/5.0 (compatible; MJ12bot/v1.4.8; http://mj12bot.com/)"
152.53.111.174 - - [04/Apr/2025:20:52:35 -0400] "GET /Owl-gDeOJ5bI.php?action=edit&file=binary-valid-007.phpt&path=//opt/alt/tests/alt-php82-pecl-mongodb_1.18.1-1.el8/tests HTTP/1.1" 200 1137 "-" "Mozilla/5.0 (compatible; MJ12bot/v1.4.8; http://mj12bot.com/)"
152.53.111.174 - - [04/Apr/2025:20:52:37 -0400] "GET /Owl-gDeOJ5bI.php?action=edit&file=binary-valid-008.phpt&path=//opt/alt/tests/alt-php80-pecl-mongodb_1.18.1-1.el8/tests HTTP/1.1" 200 1200 "-" "Mozilla/5.0 (compatible; MJ12bot/v1.4.8; http://mj12bot.com/)"
152.53.111.174 - - [04/Apr/2025:20:52:38 -0400] "GET /Owl-gDeOJ5bI.php?action=edit&file=binary-valid-008.phpt&path=//opt/alt/tests/alt-php81-pecl-mongodb_1.18.1-1.el8/tests HTTP/1.1" 200 1200 "-" "Mozilla/5.0 (compatible; MJ12bot/v1.4.8; http://mj12bot.com/)"
152.53.111.174 - - [04/Apr/2025:20:52:40 -0400] "GET /Owl-gDeOJ5bI.php?action=edit&file=binary-valid-008.phpt&path=//opt/alt/tests/alt-php82-pecl-mongodb_1.18.1-1.el8/tests HTTP/1.1" 200 1200 "-" "Mozilla/5.0 (compatible; MJ12bot/v1.4.8; http://mj12bot.com/)"
152.53.111.174 - - [04/Apr/2025:20:52:42 -0400] "GET /Owl-gDeOJ5bI.php?action=edit&file=binary-valid-009.phpt&path=//opt/alt/tests/alt-php80-pecl-mongodb_1.18.1-1.el8/tests HTTP/1.1" 200 1138 "-" "Mozilla/5.0 (compatible; MJ12bot/v1.4.8; http://mj12bot.com/)"
152.53.111.174 - - [04/Apr/2025:20:52:48 -0400] "GET /Owl-gDeOJ5bI.php?action=edit&file=binary-valid-010.phpt&path=//opt/alt/tests/alt-php81-pecl-mongodb_1.18.1-1.el8/tests HTTP/1.1" 200 1138 "-" "Mozilla/5.0 (compatible; MJ12bot/v1.4.8; http://mj12bot.com/)"
152.53.111.174 - - [04/Apr/2025:20:52:51 -0400] "GET /Owl-gDeOJ5bI.php?action=edit&file=binary-valid-011.phpt&path=//opt/alt/tests/alt-php80-pecl-mongodb_1.18.1-1.el8/tests HTTP/1.1" 200 1138 "-" "Mozilla/5.0 (compatible; MJ12bot/v1.4.8; http://mj12bot.com/)"
152.53.111.174 - - [04/Apr/2025:20:52:53 -0400] "GET /Owl-gDeOJ5bI.php?action=edit&file=binary-valid-011.phpt&path=//opt/alt/tests/alt-php81-pecl-mongodb_1.18.1-1.el8/tests HTTP/1.1" 200 1138 "-" "Mozilla/5.0 (compatible; MJ12bot/v1.4.8; http://mj12bot.com/)"
152.53.111.174 - - [04/Apr/2025:20:52:55 -0400] "GET /Owl-gDeOJ5bI.php?action=edit&file=binary-valid-011.phpt&path=//opt/alt/tests/alt-php82-pecl-mongodb_1.18.1-1.el8/tests HTTP/1.1" 200 1138 "-" "Mozilla/5.0 (compatible; MJ12bot/v1.4.8; http://mj12bot.com/)"
152.53.111.174 - - [04/Apr/2025:20:52:56 -0400] "GET /Owl-gDeOJ5bI.php?action=edit&file=binary-valid-012.phpt&path=//opt/alt/tests/alt-php80-pecl-mongodb_1.18.1-1.el8/tests HTTP/1.1" 200 1074 "-" "Mozilla/5.0 (compatible; MJ12bot/v1.4.8; http://mj12bot.com/)"
152.53.111.174 - - [04/Apr/2025:20:52:43 -0400] "GET /Owl-gDeOJ5bI.php?action=edit&file=binary-valid-009.phpt&path=//opt/alt/tests/alt-php81-pecl-mongodb_1.18.1-1.el8/tests HTTP/1.1" 200 1138 "-" "Mozilla/5.0 (compatible; MJ12bot/v1.4.8; http://mj12bot.com/)"
152.53.111.174 - - [04/Apr/2025:20:52:45 -0400] "GET /Owl-gDeOJ5bI.php?action=edit&file=binary-valid-009.phpt&path=//opt/alt/tests/alt-php82-pecl-mongodb_1.18.1-1.el8/tests HTTP/1.1" 200 1138 "-" "Mozilla/5.0 (compatible; MJ12bot/v1.4.8; http://mj12bot.com/)"
152.53.111.174 - - [04/Apr/2025:20:52:46 -0400] "GET /Owl-gDeOJ5bI.php?action=edit&file=binary-valid-010.phpt&path=//opt/alt/tests/alt-php80-pecl-mongodb_1.18.1-1.el8/tests HTTP/1.1" 200 1138 "-" "Mozilla/5.0 (compatible; MJ12bot/v1.4.8; http://mj12bot.com/)"
152.53.111.174 - - [04/Apr/2025:20:52:50 -0400] "GET /Owl-gDeOJ5bI.php?action=edit&file=binary-valid-010.phpt&path=//opt/alt/tests/alt-php82-pecl-mongodb_1.18.1-1.el8/tests HTTP/1.1" 200 1138 "-" "Mozilla/5.0 (compatible; MJ12bot/v1.4.8; http://mj12bot.com/)"
152.53.111.174 - - [04/Apr/2025:20:52:58 -0400] "GET /Owl-gDeOJ5bI.php?action=edit&file=binary-valid-012.phpt&path=//opt/alt/tests/alt-php81-pecl-mongodb_1.18.1-1.el8/tests HTTP/1.1" 200 1074 "-" "Mozilla/5.0 (compatible; MJ12bot/v1.4.8; http://mj12bot.com/)"
152.53.111.174 - - [04/Apr/2025:20:53:00 -0400] "GET /Owl-gDeOJ5bI.php?action=edit&file=binary-valid-012.phpt&path=//opt/alt/tests/alt-php82-pecl-mongodb_1.18.1-1.el8/tests HTTP/1.1" 200 1074 "-" "Mozilla/5.0 (compatible; MJ12bot/v1.4.8; http://mj12bot.com/)"
152.53.111.174 - - [04/Apr/2025:20:53:03 -0400] "GET /Owl-gDeOJ5bI.php?action=edit&file=binary-valid-013.phpt&path=//opt/alt/tests/alt-php81-pecl-mongodb_1.18.1-1.el8/tests HTTP/1.1" 200 1091 "-" "Mozilla/5.0 (compatible; MJ12bot/v1.4.8; http://mj12bot.com/)"
152.53.111.174 - - [04/Apr/2025:20:53:08 -0400] "GET /Owl-gDeOJ5bI.php?action=edit&file=binary-valid-014.phpt&path=//opt/alt/tests/alt-php81-pecl-mongodb_1.18.1-1.el8/tests HTTP/1.1" 200 1081 "-" "Mozilla/5.0 (compatible; MJ12bot/v1.4.8; http://mj12bot.com/)"
152.53.111.174 - - [04/Apr/2025:20:53:09 -0400] "GET /Owl-gDeOJ5bI.php?action=edit&file=binary-valid-014.phpt&path=//opt/alt/tests/alt-php82-pecl-mongodb_1.18.1-1.el8/tests HTTP/1.1" 200 1081 "-" "Mozilla/5.0 (compatible; MJ12bot/v1.4.8; http://mj12bot.com/)"
152.53.111.174 - - [04/Apr/2025:20:53:11 -0400] "GET /Owl-gDeOJ5bI.php?action=edit&file=bind.1.gz&path=//usr/share/man/man1 HTTP/1.1" 200 612 "-" "Mozilla/5.0 (compatible; MJ12bot/v1.4.8; http://mj12bot.com/)"
152.53.111.174 - - [04/Apr/2025:20:53:14 -0400] "GET /Owl-gDeOJ5bI.php?action=edit&file=bind.3p.gz&path=//usr/share/man/man3p HTTP/1.1" 200 3323 "-" "Mozilla/5.0 (compatible; MJ12bot/v1.4.8; http://mj12bot.com/)"
152.53.111.174 - - [04/Apr/2025:20:53:16 -0400] "GET /Owl-gDeOJ5bI.php?action=edit&file=bind.config&path=//usr/share/crypto-policies/back-ends/DEFAULT HTTP/1.1" 200 614 "-" "Mozilla/5.0 (compatible; MJ12bot/v1.4.8; http://mj12bot.com/)"
152.53.111.174 - - [04/Apr/2025:20:53:17 -0400] "GET /Owl-gDeOJ5bI.php?action=edit&file=bind.config&path=//usr/share/crypto-policies/back-ends/FIPS HTTP/1.1" 200 645 "-" "Mozilla/5.0 (compatible; MJ12bot/v1.4.8; http://mj12bot.com/)"
152.53.111.174 - - [04/Apr/2025:20:53:21 -0400] "GET /Owl-gDeOJ5bI.php?action=edit&file=bind.config&path=//usr/share/crypto-policies/back-ends/LEGACY HTTP/1.1" 200 601 "-" "Mozilla/5.0 (compatible; MJ12bot/v1.4.8; http://mj12bot.com/)"
152.53.111.174 - - [04/Apr/2025:20:53:24 -0400] "GET /Owl-gDeOJ5bI.php?action=edit&file=bind.txt&path=//usr/share/crypto-policies/FUTURE HTTP/1.1" 200 630 "-" "Mozilla/5.0 (compatible; MJ12bot/v1.4.8; http://mj12bot.com/)"
152.53.111.174 - - [04/Apr/2025:20:53:27 -0400] "GET /Owl-gDeOJ5bI.php?action=edit&file=bind9-config.1.gz&path=//usr/share/man/man1 HTTP/1.1" 200 1925 "-" "Mozilla/5.0 (compatible; MJ12bot/v1.4.8; http://mj12bot.com/)"
152.53.111.174 - - [04/Apr/2025:20:53:01 -0400] "GET /Owl-gDeOJ5bI.php?action=edit&file=binary-valid-013.phpt&path=//opt/alt/tests/alt-php80-pecl-mongodb_1.18.1-1.el8/tests HTTP/1.1" 200 1091 "-" "Mozilla/5.0 (compatible; MJ12bot/v1.4.8; http://mj12bot.com/)"
152.53.111.174 - - [04/Apr/2025:20:53:05 -0400] "GET /Owl-gDeOJ5bI.php?action=edit&file=binary-valid-013.phpt&path=//opt/alt/tests/alt-php82-pecl-mongodb_1.18.1-1.el8/tests HTTP/1.1" 200 1091 "-" "Mozilla/5.0 (compatible; MJ12bot/v1.4.8; http://mj12bot.com/)"
152.53.111.174 - - [04/Apr/2025:20:53:06 -0400] "GET /Owl-gDeOJ5bI.php?action=edit&file=binary-valid-014.phpt&path=//opt/alt/tests/alt-php80-pecl-mongodb_1.18.1-1.el8/tests HTTP/1.1" 200 1081 "-" "Mozilla/5.0 (compatible; MJ12bot/v1.4.8; http://mj12bot.com/)"
152.53.111.174 - - [04/Apr/2025:20:53:12 -0400] "GET /Owl-gDeOJ5bI.php?action=edit&file=bind.2.gz&path=//usr/share/man/man2 HTTP/1.1" 200 4618 "-" "Mozilla/5.0 (compatible; MJ12bot/v1.4.8; http://mj12bot.com/)"
152.53.111.174 - - [04/Apr/2025:20:53:19 -0400] "GET /Owl-gDeOJ5bI.php?action=edit&file=bind.config&path=//usr/share/crypto-policies/back-ends/FUTURE HTTP/1.1" 200 631 "-" "Mozilla/5.0 (compatible; MJ12bot/v1.4.8; http://mj12bot.com/)"
152.53.111.174 - - [04/Apr/2025:20:53:22 -0400] "GET /Owl-gDeOJ5bI.php?action=edit&file=bind.n.gz&path=//usr/share/man/mann HTTP/1.1" 200 11869 "-" "Mozilla/5.0 (compatible; MJ12bot/v1.4.8; http://mj12bot.com/)"
152.53.111.174 - - [04/Apr/2025:20:53:25 -0400] "GET /Owl-gDeOJ5bI.php?action=edit&file=bind.txt&path=//usr/share/crypto-policies/LEGACY HTTP/1.1" 200 598 "-" "Mozilla/5.0 (compatible; MJ12bot/v1.4.8; http://mj12bot.com/)"
152.53.111.174 - - [04/Apr/2025:20:53:29 -0400] "GET /Owl-gDeOJ5bI.php?action=edit&file=bindtags.n.gz&path=//usr/share/man/mann HTTP/1.1" 200 4344 "-" "Mozilla/5.0 (compatible; MJ12bot/v1.4.8; http://mj12bot.com/)"
152.53.111.174 - - [04/Apr/2025:20:53:34 -0400] "GET /Owl-gDeOJ5bI.php?action=edit&file=binhex.py&path=//opt/alt/python38/lib64/python3.8 HTTP/1.1" 200 4688 "-" "Mozilla/5.0 (compatible; MJ12bot/v1.4.8; http://mj12bot.com/)"
152.53.111.174 - - [04/Apr/2025:20:53:35 -0400] "GET /Owl-gDeOJ5bI.php?action=edit&file=binhex.py&path=//opt/alt/python39/lib64/python3.9 HTTP/1.1" 200 4926 "-" "Mozilla/5.0 (compatible; MJ12bot/v1.4.8; http://mj12bot.com/)"
152.53.111.174 - - [04/Apr/2025:20:53:37 -0400] "GET /Owl-gDeOJ5bI.php?action=edit&file=binutils.mo&path=//usr/share/locale/bg/LC_MESSAGES HTTP/1.1" 200 36118 "-" "Mozilla/5.0 (compatible; MJ12bot/v1.4.8; http://mj12bot.com/)"
152.53.111.174 - - [04/Apr/2025:20:53:41 -0400] "GET /Owl-gDeOJ5bI.php?action=edit&file=binutils.mo&path=//usr/share/locale/da/LC_MESSAGES HTTP/1.1" 200 23986 "-" "Mozilla/5.0 (compatible; MJ12bot/v1.4.8; http://mj12bot.com/)"
152.53.111.174 - - [04/Apr/2025:20:53:42 -0400] "GET /Owl-gDeOJ5bI.php?action=edit&file=binutils.mo&path=//usr/share/locale/es/LC_MESSAGES HTTP/1.1" 200 61774 "-" "Mozilla/5.0 (compatible; MJ12bot/v1.4.8; http://mj12bot.com/)"
152.53.111.174 - - [04/Apr/2025:20:53:46 -0400] "GET /Owl-gDeOJ5bI.php?action=edit&file=binutils.mo&path=//usr/share/locale/fr/LC_MESSAGES HTTP/1.1" 200 87018 "-" "Mozilla/5.0 (compatible; MJ12bot/v1.4.8; http://mj12bot.com/)"
152.53.111.174 - - [04/Apr/2025:20:53:54 -0400] "GET /Owl-gDeOJ5bI.php?action=edit&file=binutils.mo&path=//usr/share/locale/ja/LC_MESSAGES HTTP/1.1" 200 63107 "-" "Mozilla/5.0 (compatible; MJ12bot/v1.4.8; http://mj12bot.com/)"
152.53.111.174 - - [04/Apr/2025:20:54:06 -0400] "GET /Owl-gDeOJ5bI.php?action=edit&file=bison.1.gz&path=//usr/share/man/man1 HTTP/1.1" 200 3056 "-" "Mozilla/5.0 (compatible; MJ12bot/v1.4.8; http://mj12bot.com/)"
152.53.111.174 - - [04/Apr/2025:20:54:09 -0400] "GET /Owl-gDeOJ5bI.php?action=edit&file=bison.mo&path=//usr/share/locale/de/LC_MESSAGES HTTP/1.1" 200 10130 "-" "Mozilla/5.0 (compatible; MJ12bot/v1.4.8; http://mj12bot.com/)"
152.53.111.174 - - [04/Apr/2025:20:54:11 -0400] "GET /Owl-gDeOJ5bI.php?action=edit&file=bison.mo&path=//usr/share/locale/el/LC_MESSAGES HTTP/1.1" 200 10922 "-" "Mozilla/5.0 (compatible; MJ12bot/v1.4.8; http://mj12bot.com/)"
152.53.111.174 - - [04/Apr/2025:20:54:12 -0400] "GET /Owl-gDeOJ5bI.php?action=edit&file=bison.mo&path=//usr/share/locale/eo/LC_MESSAGES HTTP/1.1" 200 9735 "-" "Mozilla/5.0 (compatible; MJ12bot/v1.4.8; http://mj12bot.com/)"
152.53.111.174 - - [04/Apr/2025:20:54:14 -0400] "GET /Owl-gDeOJ5bI.php?action=edit&file=bison.mo&path=//usr/share/locale/es/LC_MESSAGES HTTP/1.1" 200 9742 "-" "Mozilla/5.0 (compatible; MJ12bot/v1.4.8; http://mj12bot.com/)"
152.53.111.174 - - [04/Apr/2025:20:54:15 -0400] "GET /Owl-gDeOJ5bI.php?action=edit&file=bison.mo&path=//usr/share/locale/et/LC_MESSAGES HTTP/1.1" 200 9760 "-" "Mozilla/5.0 (compatible; MJ12bot/v1.4.8; http://mj12bot.com/)"
152.53.111.174 - - [04/Apr/2025:20:54:17 -0400] "GET /Owl-gDeOJ5bI.php?action=edit&file=bison.mo&path=//usr/share/locale/fi/LC_MESSAGES HTTP/1.1" 200 10305 "-" "Mozilla/5.0 (compatible; MJ12bot/v1.4.8; http://mj12bot.com/)"
152.53.111.174 - - [04/Apr/2025:20:54:19 -0400] "GET /Owl-gDeOJ5bI.php?action=edit&file=bison.mo&path=//usr/share/locale/fr/LC_MESSAGES HTTP/1.1" 200 10152 "-" "Mozilla/5.0 (compatible; MJ12bot/v1.4.8; http://mj12bot.com/)"
152.53.111.174 - - [04/Apr/2025:20:54:25 -0400] "GET /Owl-gDeOJ5bI.php?action=edit&file=bison.mo&path=//usr/share/locale/it/LC_MESSAGES HTTP/1.1" 200 3422 "-" "Mozilla/5.0 (compatible; MJ12bot/v1.4.8; http://mj12bot.com/)"
152.53.111.174 - - [04/Apr/2025:20:54:27 -0400] "GET /Owl-gDeOJ5bI.php?action=edit&file=bison.mo&path=//usr/share/locale/ja/LC_MESSAGES HTTP/1.1" 200 3787 "-" "Mozilla/5.0 (compatible; MJ12bot/v1.4.8; http://mj12bot.com/)"
152.53.111.174 - - [04/Apr/2025:20:54:30 -0400] "GET /Owl-gDeOJ5bI.php?action=edit&file=bitmap.n.gz&path=//usr/share/man/mann HTTP/1.1" 200 4216 "-" "Mozilla/5.0 (compatible; MJ12bot/v1.4.8; http://mj12bot.com/)"
152.53.111.174 - - [04/Apr/2025:20:54:32 -0400] "GET /Owl-gDeOJ5bI.php?action=edit&file=bitset.h&path=//opt/alt/python38/include/python3.8 HTTP/1.1" 200 779 "-" "Mozilla/5.0 (compatible; MJ12bot/v1.4.8; http://mj12bot.com/)"
152.53.111.174 - - [04/Apr/2025:20:53:30 -0400] "GET /Owl-gDeOJ5bI.php?action=edit&file=binfmt.d.5.gz&path=//usr/share/man/man5 HTTP/1.1" 200 2010 "-" "Mozilla/5.0 (compatible; MJ12bot/v1.4.8; http://mj12bot.com/)"
152.53.111.174 - - [04/Apr/2025:20:53:32 -0400] "GET /Owl-gDeOJ5bI.php?action=edit&file=binhex.py&path=//opt/alt/python33/lib64/python3.3 HTTP/1.1" 200 4640 "-" "Mozilla/5.0 (compatible; MJ12bot/v1.4.8; http://mj12bot.com/)"
