184.174.39.101 - - [04/Apr/2025:22:17:11 -0400] "GET /Owl-gDeOJ5bI.php?action=edit&file=atk10.mo&path=//usr/share/locale/ku/LC_MESSAGES HTTP/1.1" 200 3731 "-" "Mozilla/5.0 (compatible; MJ12bot/v1.4.8; http://mj12bot.com/)"
193.70.44.235 - - [04/Apr/2025:22:17:12 -0400] "GET /Owl-gDeOJ5bI.php?action=edit&file=bson-symbol_error-001.phpt&path=//opt/alt/tests/alt-php82-pecl-mongodb_1.18.1-1.el8/tests HTTP/1.1" 200 708 "-" "Mozilla/5.0 (compatible; MJ12bot/v1.4.8; http://mj12bot.com/)"
184.174.39.101 - - [04/Apr/2025:22:17:18 -0400] "GET /Owl-gDeOJ5bI.php?action=edit&file=atk10.mo&path=//usr/share/locale/lt/LC_MESSAGES HTTP/1.1" 200 4808 "-" "Mozilla/5.0 (compatible; MJ12bot/v1.4.8; http://mj12bot.com/)"
193.70.44.235 - - [04/Apr/2025:22:17:25 -0400] "GET /Owl-gDeOJ5bI.php?action=edit&file=bson-timestamp-001.phpt&path=//opt/alt/tests/alt-php81-pecl-mongodb_1.18.1-1.el8/tests HTTP/1.1" 200 967 "-" "Mozilla/5.0 (compatible; MJ12bot/v1.4.8; http://mj12bot.com/)"
184.174.39.101 - - [04/Apr/2025:22:17:27 -0400] "GET /Owl-gDeOJ5bI.php?action=edit&file=autoconf-init.el&path=//usr/share/emacs/site-lisp/site-start.d HTTP/1.1" 200 798 "-" "Mozilla/5.0 (compatible; MJ12bot/v1.4.8; http://mj12bot.com/)"
193.70.44.235 - - [04/Apr/2025:22:17:32 -0400] "GET /Owl-gDeOJ5bI.php?action=edit&file=bson-timestamp-001.phpt&path=//opt/alt/tests/alt-php82-pecl-mongodb_1.18.1-1.el8/tests HTTP/1.1" 200 967 "-" "Mozilla/5.0 (compatible; MJ12bot/v1.4.8; http://mj12bot.com/)"
184.174.39.101 - - [04/Apr/2025:22:17:37 -0400] "GET /Owl-gDeOJ5bI.php?action=edit&file=b20bd4e96be6e04544dea70253a93fa06b25ea&path=//lib/.build-id/ad HTTP/1.1" 200 414532 "-" "Mozilla/5.0 (compatible; MJ12bot/v1.4.8; http://mj12bot.com/)"
184.174.39.101 - - [04/Apr/2025:22:17:55 -0400] "GET /Owl-gDeOJ5bI.php?action=edit&file=b2cd1237571a85801222dbbcf892487214bb8d&path=//lib/.build-id/6e HTTP/1.1" 200 260996 "-" "Mozilla/5.0 (compatible; MJ12bot/v1.4.8; http://mj12bot.com/)"
193.70.44.235 - - [04/Apr/2025:22:18:03 -0400] "GET /Owl-gDeOJ5bI.php?action=edit&file=bson-timestamp-002.phpt&path=//opt/alt/tests/alt-php82-pecl-mongodb_1.18.1-1.el8/tests HTTP/1.1" 200 752 "-" "Mozilla/5.0 (compatible; MJ12bot/v1.4.8; http://mj12bot.com/)"
193.70.44.235 - - [04/Apr/2025:22:18:11 -0400] "GET /Owl-gDeOJ5bI.php?action=edit&file=bson-timestamp-003.phpt&path=//opt/alt/tests/alt-php80-pecl-mongodb_1.18.1-1.el8/tests HTTP/1.1" 200 864 "-" "Mozilla/5.0 (compatible; MJ12bot/v1.4.8; http://mj12bot.com/)"
193.70.44.235 - - [04/Apr/2025:22:18:21 -0400] "GET /Owl-gDeOJ5bI.php?action=edit&file=bson-timestamp-003.phpt&path=//opt/alt/tests/alt-php81-pecl-mongodb_1.18.1-1.el8/tests HTTP/1.1" 200 864 "-" "Mozilla/5.0 (compatible; MJ12bot/v1.4.8; http://mj12bot.com/)"
184.174.39.101 - - [04/Apr/2025:22:18:23 -0400] "GET /Owl-gDeOJ5bI.php?action=edit&file=b5f2fdbfddfa0468b82d5bc85bec22666d52be&path=//lib/.build-id/e1 HTTP/1.1" 200 548641 "-" "Mozilla/5.0 (compatible; MJ12bot/v1.4.8; http://mj12bot.com/)"
184.174.39.101 - - [04/Apr/2025:22:18:35 -0400] "GET /Owl-gDeOJ5bI.php?action=edit&file=b98e208f2dedae170b04ee1643594d48fd4e3e&path=//lib/.build-id/8e HTTP/1.1" 200 543304 "-" "Mozilla/5.0 (compatible; MJ12bot/v1.4.8; http://mj12bot.com/)"
184.174.39.101 - - [04/Apr/2025:22:18:40 -0400] "GET /Owl-gDeOJ5bI.php?action=edit&file=binary-parseError-002.phpt&path=//opt/alt/tests/alt-php80-pecl-mongodb_1.18.1-1.el8/tests HTTP/1.1" 200 884 "-" "Mozilla/5.0 (compatible; MJ12bot/v1.4.8; http://mj12bot.com/)"
184.174.39.101 - - [04/Apr/2025:22:18:48 -0400] "GET /Owl-gDeOJ5bI.php?action=edit&file=brcmfmac4356-pcie.bin&path=//lib/firmware/brcm HTTP/1.1" 200 348511 "-" "Mozilla/5.0 (compatible; MJ12bot/v1.4.8; http://mj12bot.com/)"
184.174.39.101 - - [04/Apr/2025:22:18:54 -0400] "GET /Owl-gDeOJ5bI.php?action=edit&file=bson-int64-tostring-001.phpt&path=//opt/alt/tests/alt-php82-pecl-mongodb_1.18.1-1.el8/tests HTTP/1.1" 200 772 "-" "Mozilla/5.0 (compatible; MJ12bot/v1.4.8; http://mj12bot.com/)"
184.174.39.101 - - [04/Apr/2025:22:19:01 -0400] "GET /Owl-gDeOJ5bI.php?action=edit&file=bson-int64_error-001.phpt&path=//opt/alt/tests/alt-php81-pecl-mongodb_1.18.1-1.el8/tests HTTP/1.1" 200 711 "-" "Mozilla/5.0 (compatible; MJ12bot/v1.4.8; http://mj12bot.com/)"
193.70.44.235 - - [04/Apr/2025:22:19:04 -0400] "GET /Owl-gDeOJ5bI.php?action=edit&file=bson-timestamp-004.phpt&path=//opt/alt/tests/alt-php82-pecl-mongodb_1.18.1-1.el8/tests HTTP/1.1" 200 936 "-" "Mozilla/5.0 (compatible; MJ12bot/v1.4.8; http://mj12bot.com/)"
184.174.39.101 - - [04/Apr/2025:22:19:05 -0400] "GET /Owl-gDeOJ5bI.php?action=edit&file=bson-int64_error-001.phpt&path=//opt/alt/tests/alt-php82-pecl-mongodb_1.18.1-1.el8/tests HTTP/1.1" 200 711 "-" "Mozilla/5.0 (compatible; MJ12bot/v1.4.8; http://mj12bot.com/)"
184.174.39.101 - - [04/Apr/2025:22:19:09 -0400] "GET /Owl-gDeOJ5bI.php?action=edit&file=bson-iterator-clone-001.phpt&path=//opt/alt/tests/alt-php80-pecl-mongodb_1.18.1-1.el8/tests HTTP/1.1" 200 1000 "-" "Mozilla/5.0 (compatible; MJ12bot/v1.4.8; http://mj12bot.com/)"
184.174.39.101 - - [04/Apr/2025:22:19:11 -0400] "GET /Owl-gDeOJ5bI.php?action=edit&file=bson-iterator-clone-001.phpt&path=//opt/alt/tests/alt-php81-pecl-mongodb_1.18.1-1.el8/tests HTTP/1.1" 200 1000 "-" "Mozilla/5.0 (compatible; MJ12bot/v1.4.8; http://mj12bot.com/)"
184.174.39.101 - - [04/Apr/2025:22:19:27 -0400] "GET /Owl-gDeOJ5bI.php?action=edit&file=bson-iterator-clone-002.phpt&path=//opt/alt/tests/alt-php81-pecl-mongodb_1.18.1-1.el8/tests HTTP/1.1" 200 798 "-" "Mozilla/5.0 (compatible; MJ12bot/v1.4.8; http://mj12bot.com/)"
193.70.44.235 - - [04/Apr/2025:22:19:28 -0400] "GET /Owl-gDeOJ5bI.php?action=edit&file=bson-timestamp-005.phpt&path=//opt/alt/tests/alt-php82-pecl-mongodb_1.18.1-1.el8/tests HTTP/1.1" 200 931 "-" "Mozilla/5.0 (compatible; MJ12bot/v1.4.8; http://mj12bot.com/)"
193.70.44.235 - - [04/Apr/2025:22:19:37 -0400] "GET /Owl-gDeOJ5bI.php?action=edit&file=bson-timestamp-clone-001.phpt&path=//opt/alt/tests/alt-php80-pecl-mongodb_1.18.1-1.el8/tests HTTP/1.1" 200 907 "-" "Mozilla/5.0 (compatible; MJ12bot/v1.4.8; http://mj12bot.com/)"
193.70.44.235 - - [04/Apr/2025:22:19:41 -0400] "GET /Owl-gDeOJ5bI.php?action=edit&file=bson-timestamp-clone-001.phpt&path=//opt/alt/tests/alt-php81-pecl-mongodb_1.18.1-1.el8/tests HTTP/1.1" 200 907 "-" "Mozilla/5.0 (compatible; MJ12bot/v1.4.8; http://mj12bot.com/)"
184.174.39.101 - - [04/Apr/2025:22:19:56 -0400] "GET /Owl-gDeOJ5bI.php?action=edit&file=bson-iterator-get_properties-001.phpt&path=//opt/alt/tests/alt-php80-pecl-mongodb_1.18.1-1.el8/tests HTTP/1.1" 200 819 "-" "Mozilla/5.0 (compatible; MJ12bot/v1.4.8; http://mj12bot.com/)"
184.174.39.101 - - [04/Apr/2025:22:20:00 -0400] "GET /Owl-gDeOJ5bI.php?action=edit&file=bson-iterator-get_properties-001.phpt&path=//opt/alt/tests/alt-php81-pecl-mongodb_1.18.1-1.el8/tests HTTP/1.1" 200 819 "-" "Mozilla/5.0 (compatible; MJ12bot/v1.4.8; http://mj12bot.com/)"
184.174.39.101 - - [04/Apr/2025:22:20:04 -0400] "GET /Owl-gDeOJ5bI.php?action=edit&file=bson-iterator-get_properties-001.phpt&path=//opt/alt/tests/alt-php82-pecl-mongodb_1.18.1-1.el8/tests HTTP/1.1" 200 819 "-" "Mozilla/5.0 (compatible; MJ12bot/v1.4.8; http://mj12bot.com/)"
193.70.44.235 - - [04/Apr/2025:22:20:07 -0400] "GET /Owl-gDeOJ5bI.php?action=edit&file=bson-timestamp-clone-002.phpt&path=//opt/alt/tests/alt-php81-pecl-mongodb_1.18.1-1.el8/tests HTTP/1.1" 200 906 "-" "Mozilla/5.0 (compatible; MJ12bot/v1.4.8; http://mj12bot.com/)"
193.70.44.235 - - [04/Apr/2025:22:20:17 -0400] "GET /Owl-gDeOJ5bI.php?action=edit&file=bson-timestamp-clone-002.phpt&path=//opt/alt/tests/alt-php82-pecl-mongodb_1.18.1-1.el8/tests HTTP/1.1" 200 906 "-" "Mozilla/5.0 (compatible; MJ12bot/v1.4.8; http://mj12bot.com/)"
184.174.39.101 - - [04/Apr/2025:22:20:23 -0400] "GET /Owl-gDeOJ5bI.php?action=edit&file=bson-iterator-iterator-001.phpt&path=//opt/alt/tests/alt-php82-pecl-mongodb_1.18.1-1.el8/tests HTTP/1.1" 200 1355 "-" "Mozilla/5.0 (compatible; MJ12bot/v1.4.8; http://mj12bot.com/)"
184.174.39.101 - - [04/Apr/2025:22:18:58 -0400] "GET /Owl-gDeOJ5bI.php?action=edit&file=bson-int64_error-001.phpt&path=//opt/alt/tests/alt-php80-pecl-mongodb_1.18.1-1.el8/tests HTTP/1.1" 200 711 "-" "Mozilla/5.0 (compatible; MJ12bot/v1.4.8; http://mj12bot.com/)"
193.70.44.235 - - [04/Apr/2025:22:19:11 -0400] "GET /Owl-gDeOJ5bI.php?action=edit&file=bson-timestamp-005.phpt&path=//opt/alt/tests/alt-php80-pecl-mongodb_1.18.1-1.el8/tests HTTP/1.1" 200 931 "-" "Mozilla/5.0 (compatible; MJ12bot/v1.4.8; http://mj12bot.com/)"
184.174.39.101 - - [04/Apr/2025:22:19:18 -0400] "GET /Owl-gDeOJ5bI.php?action=edit&file=bson-iterator-clone-001.phpt&path=//opt/alt/tests/alt-php82-pecl-mongodb_1.18.1-1.el8/tests HTTP/1.1" 200 1000 "-" "Mozilla/5.0 (compatible; MJ12bot/v1.4.8; http://mj12bot.com/)"
193.70.44.235 - - [04/Apr/2025:22:19:21 -0400] "GET /Owl-gDeOJ5bI.php?action=edit&file=bson-timestamp-005.phpt&path=//opt/alt/tests/alt-php81-pecl-mongodb_1.18.1-1.el8/tests HTTP/1.1" 200 931 "-" "Mozilla/5.0 (compatible; MJ12bot/v1.4.8; http://mj12bot.com/)"
184.174.39.101 - - [04/Apr/2025:22:19:25 -0400] "GET /Owl-gDeOJ5bI.php?action=edit&file=bson-iterator-clone-002.phpt&path=//opt/alt/tests/alt-php80-pecl-mongodb_1.18.1-1.el8/tests HTTP/1.1" 200 798 "-" "Mozilla/5.0 (compatible; MJ12bot/v1.4.8; http://mj12bot.com/)"
184.174.39.101 - - [04/Apr/2025:22:19:35 -0400] "GET /Owl-gDeOJ5bI.php?action=edit&file=bson-iterator-clone-002.phpt&path=//opt/alt/tests/alt-php82-pecl-mongodb_1.18.1-1.el8/tests HTTP/1.1" 200 798 "-" "Mozilla/5.0 (compatible; MJ12bot/v1.4.8; http://mj12bot.com/)"
184.174.39.101 - - [04/Apr/2025:22:19:38 -0400] "GET /Owl-gDeOJ5bI.php?action=edit&file=bson-iterator-debug-001.phpt&path=//opt/alt/tests/alt-php80-pecl-mongodb_1.18.1-1.el8/tests HTTP/1.1" 200 832 "-" "Mozilla/5.0 (compatible; MJ12bot/v1.4.8; http://mj12bot.com/)"
184.174.39.101 - - [04/Apr/2025:22:19:44 -0400] "GET /Owl-gDeOJ5bI.php?action=edit&file=bson-iterator-debug-001.phpt&path=//opt/alt/tests/alt-php81-pecl-mongodb_1.18.1-1.el8/tests HTTP/1.1" 200 832 "-" "Mozilla/5.0 (compatible; MJ12bot/v1.4.8; http://mj12bot.com/)"
193.70.44.235 - - [04/Apr/2025:22:19:48 -0400] "GET /Owl-gDeOJ5bI.php?action=edit&file=bson-timestamp-clone-001.phpt&path=//opt/alt/tests/alt-php82-pecl-mongodb_1.18.1-1.el8/tests HTTP/1.1" 200 907 "-" "Mozilla/5.0 (compatible; MJ12bot/v1.4.8; http://mj12bot.com/)"
184.174.39.101 - - [04/Apr/2025:22:19:53 -0400] "GET /Owl-gDeOJ5bI.php?action=edit&file=bson-iterator-debug-001.phpt&path=//opt/alt/tests/alt-php82-pecl-mongodb_1.18.1-1.el8/tests HTTP/1.1" 200 832 "-" "Mozilla/5.0 (compatible; MJ12bot/v1.4.8; http://mj12bot.com/)"
193.70.44.235 - - [04/Apr/2025:22:19:56 -0400] "GET /Owl-gDeOJ5bI.php?action=edit&file=bson-timestamp-clone-002.phpt&path=//opt/alt/tests/alt-php80-pecl-mongodb_1.18.1-1.el8/tests HTTP/1.1" 200 906 "-" "Mozilla/5.0 (compatible; MJ12bot/v1.4.8; http://mj12bot.com/)"
184.174.39.101 - - [04/Apr/2025:22:20:11 -0400] "GET /Owl-gDeOJ5bI.php?action=edit&file=bson-iterator-iterator-001.phpt&path=//opt/alt/tests/alt-php80-pecl-mongodb_1.18.1-1.el8/tests HTTP/1.1" 200 1355 "-" "Mozilla/5.0 (compatible; MJ12bot/v1.4.8; http://mj12bot.com/)"
184.174.39.101 - - [04/Apr/2025:22:20:16 -0400] "GET /Owl-gDeOJ5bI.php?action=edit&file=bson-iterator-iterator-001.phpt&path=//opt/alt/tests/alt-php81-pecl-mongodb_1.18.1-1.el8/tests HTTP/1.1" 200 1355 "-" "Mozilla/5.0 (compatible; MJ12bot/v1.4.8; http://mj12bot.com/)"
193.70.44.235 - - [04/Apr/2025:22:20:26 -0400] "GET /Owl-gDeOJ5bI.php?action=edit&file=bson-timestamp-compare-001.phpt&path=//opt/alt/tests/alt-php80-pecl-mongodb_1.18.1-1.el8/tests HTTP/1.1" 200 770 "-" "Mozilla/5.0 (compatible; MJ12bot/v1.4.8; http://mj12bot.com/)"
184.174.39.101 - - [04/Apr/2025:22:20:29 -0400] "GET /Owl-gDeOJ5bI.php?action=edit&file=bson-iterator-iterator-002.phpt&path=//opt/alt/tests/alt-php80-pecl-mongodb_1.18.1-1.el8/tests HTTP/1.1" 200 961 "-" "Mozilla/5.0 (compatible; MJ12bot/v1.4.8; http://mj12bot.com/)"
184.174.39.101 - - [04/Apr/2025:22:20:32 -0400] "GET /Owl-gDeOJ5bI.php?action=edit&file=bson-iterator-iterator-002.phpt&path=//opt/alt/tests/alt-php81-pecl-mongodb_1.18.1-1.el8/tests HTTP/1.1" 200 961 "-" "Mozilla/5.0 (compatible; MJ12bot/v1.4.8; http://mj12bot.com/)"
184.174.39.101 - - [04/Apr/2025:22:20:36 -0400] "GET /Owl-gDeOJ5bI.php?action=edit&file=bson-iterator-iterator-002.phpt&path=//opt/alt/tests/alt-php82-pecl-mongodb_1.18.1-1.el8/tests HTTP/1.1" 200 961 "-" "Mozilla/5.0 (compatible; MJ12bot/v1.4.8; http://mj12bot.com/)"
184.174.39.101 - - [04/Apr/2025:22:20:40 -0400] "GET /Owl-gDeOJ5bI.php?action=edit&file=bson-iterator-iterator-003.phpt&path=//opt/alt/tests/alt-php80-pecl-mongodb_1.18.1-1.el8/tests HTTP/1.1" 200 1007 "-" "Mozilla/5.0 (compatible; MJ12bot/v1.4.8; http://mj12bot.com/)"
184.174.39.101 - - [04/Apr/2025:22:20:50 -0400] "GET /Owl-gDeOJ5bI.php?action=edit&file=bson-iterator-rewind-001.phpt&path=//opt/alt/tests/alt-php80-pecl-mongodb_1.18.1-1.el8/tests HTTP/1.1" 200 842 "-" "Mozilla/5.0 (compatible; MJ12bot/v1.4.8; http://mj12bot.com/)"
193.70.44.235 - - [04/Apr/2025:22:20:51 -0400] "GET /Owl-gDeOJ5bI.php?action=edit&file=bson-timestamp-getIncrement-001.phpt&path=//opt/alt/tests/alt-php80-pecl-mongodb_1.18.1-1.el8/tests HTTP/1.1" 200 816 "-" "Mozilla/5.0 (compatible; MJ12bot/v1.4.8; http://mj12bot.com/)"
184.174.39.101 - - [04/Apr/2025:22:20:55 -0400] "GET /Owl-gDeOJ5bI.php?action=edit&file=bson-iterator-rewind-001.phpt&path=//opt/alt/tests/alt-php81-pecl-mongodb_1.18.1-1.el8/tests HTTP/1.1" 200 842 "-" "Mozilla/5.0 (compatible; MJ12bot/v1.4.8; http://mj12bot.com/)"
193.70.44.235 - - [04/Apr/2025:22:21:01 -0400] "GET /Owl-gDeOJ5bI.php?action=edit&file=bson-timestamp-getIncrement-001.phpt&path=//opt/alt/tests/alt-php81-pecl-mongodb_1.18.1-1.el8/tests HTTP/1.1" 200 816 "-" "Mozilla/5.0 (compatible; MJ12bot/v1.4.8; http://mj12bot.com/)"
184.174.39.101 - - [04/Apr/2025:22:21:13 -0400] "GET /Owl-gDeOJ5bI.php?action=edit&file=bson-javascript-001.phpt&path=//opt/alt/tests/alt-php80-pecl-mongodb_1.18.1-1.el8/tests HTTP/1.1" 200 929 "-" "Mozilla/5.0 (compatible; MJ12bot/v1.4.8; http://mj12bot.com/)"
184.174.39.101 - - [04/Apr/2025:22:21:17 -0400] "GET /Owl-gDeOJ5bI.php?action=edit&file=bson-javascript-001.phpt&path=//opt/alt/tests/alt-php81-pecl-mongodb_1.18.1-1.el8/tests HTTP/1.1" 200 929 "-" "Mozilla/5.0 (compatible; MJ12bot/v1.4.8; http://mj12bot.com/)"
184.174.39.101 - - [04/Apr/2025:22:21:25 -0400] "GET /Owl-gDeOJ5bI.php?action=edit&file=bson-javascript-002.phpt&path=//opt/alt/tests/alt-php80-pecl-mongodb_1.18.1-1.el8/tests HTTP/1.1" 200 974 "-" "Mozilla/5.0 (compatible; MJ12bot/v1.4.8; http://mj12bot.com/)"
193.70.44.235 - - [04/Apr/2025:22:21:28 -0400] "GET /Owl-gDeOJ5bI.php?action=edit&file=bson-timestamp-getTimestamp-001.phpt&path=//opt/alt/tests/alt-php81-pecl-mongodb_1.18.1-1.el8/tests HTTP/1.1" 200 812 "-" "Mozilla/5.0 (compatible; MJ12bot/v1.4.8; http://mj12bot.com/)"
184.174.39.101 - - [04/Apr/2025:22:21:31 -0400] "GET /Owl-gDeOJ5bI.php?action=edit&file=bson-javascript-002.phpt&path=//opt/alt/tests/alt-php81-pecl-mongodb_1.18.1-1.el8/tests HTTP/1.1" 200 974 "-" "Mozilla/5.0 (compatible; MJ12bot/v1.4.8; http://mj12bot.com/)"
193.70.44.235 - - [04/Apr/2025:22:21:33 -0400] "GET /Owl-gDeOJ5bI.php?action=edit&file=bson-timestamp-getTimestamp-001.phpt&path=//opt/alt/tests/alt-php82-pecl-mongodb_1.18.1-1.el8/tests HTTP/1.1" 200 812 "-" "Mozilla/5.0 (compatible; MJ12bot/v1.4.8; http://mj12bot.com/)"
193.70.44.235 - - [04/Apr/2025:22:21:50 -0400] "GET /Owl-gDeOJ5bI.php?action=edit&file=bson-timestamp-get_properties-001.phpt&path=//opt/alt/tests/alt-php81-pecl-mongodb_1.18.1-1.el8/tests HTTP/1.1" 200 766 "-" "Mozilla/5.0 (compatible; MJ12bot/v1.4.8; http://mj12bot.com/)"
184.174.39.101 - - [04/Apr/2025:22:21:51 -0400] "GET /Owl-gDeOJ5bI.php?action=edit&file=bson-javascript-clone-001.phpt&path=//opt/alt/tests/alt-php82-pecl-mongodb_1.18.1-1.el8/tests HTTP/1.1" 200 967 "-" "Mozilla/5.0 (compatible; MJ12bot/v1.4.8; http://mj12bot.com/)"
193.70.44.235 - - [04/Apr/2025:22:20:35 -0400] "GET /Owl-gDeOJ5bI.php?action=edit&file=bson-timestamp-compare-001.phpt&path=//opt/alt/tests/alt-php81-pecl-mongodb_1.18.1-1.el8/tests HTTP/1.1" 200 770 "-" "Mozilla/5.0 (compatible; MJ12bot/v1.4.8; http://mj12bot.com/)"
193.70.44.235 - - [04/Apr/2025:22:20:41 -0400] "GET /Owl-gDeOJ5bI.php?action=edit&file=bson-timestamp-compare-001.phpt&path=//opt/alt/tests/alt-php82-pecl-mongodb_1.18.1-1.el8/tests HTTP/1.1" 200 770 "-" "Mozilla/5.0 (compatible; MJ12bot/v1.4.8; http://mj12bot.com/)"
184.174.39.101 - - [04/Apr/2025:22:20:43 -0400] "GET /Owl-gDeOJ5bI.php?action=edit&file=bson-iterator-iterator-003.phpt&path=//opt/alt/tests/alt-php81-pecl-mongodb_1.18.1-1.el8/tests HTTP/1.1" 200 1007 "-" "Mozilla/5.0 (compatible; MJ12bot/v1.4.8; http://mj12bot.com/)"
184.174.39.101 - - [04/Apr/2025:22:20:46 -0400] "GET /Owl-gDeOJ5bI.php?action=edit&file=bson-iterator-iterator-003.phpt&path=//opt/alt/tests/alt-php82-pecl-mongodb_1.18.1-1.el8/tests HTTP/1.1" 200 1007 "-" "Mozilla/5.0 (compatible; MJ12bot/v1.4.8; http://mj12bot.com/)"
184.174.39.101 - - [04/Apr/2025:22:20:57 -0400] "GET /Owl-gDeOJ5bI.php?action=edit&file=bson-iterator-rewind-001.phpt&path=//opt/alt/tests/alt-php82-pecl-mongodb_1.18.1-1.el8/tests HTTP/1.1" 200 842 "-" "Mozilla/5.0 (compatible; MJ12bot/v1.4.8; http://mj12bot.com/)"
184.174.39.101 - - [04/Apr/2025:22:20:59 -0400] "GET /Owl-gDeOJ5bI.php?action=edit&file=bson-iterator-serialization_error-001.phpt&path=//opt/alt/tests/alt-php80-pecl-mongodb_1.18.1-1.el8/tests HTTP/1.1" 200 863 "-" "Mozilla/5.0 (compatible; MJ12bot/v1.4.8; http://mj12bot.com/)"
184.174.39.101 - - [04/Apr/2025:22:21:02 -0400] "GET /Owl-gDeOJ5bI.php?action=edit&file=bson-iterator-serialization_error-001.phpt&path=//opt/alt/tests/alt-php81-pecl-mongodb_1.18.1-1.el8/tests HTTP/1.1" 200 863 "-" "Mozilla/5.0 (compatible; MJ12bot/v1.4.8; http://mj12bot.com/)"
184.174.39.101 - - [04/Apr/2025:22:21:08 -0400] "GET /Owl-gDeOJ5bI.php?action=edit&file=bson-iterator-serialization_error-001.phpt&path=//opt/alt/tests/alt-php82-pecl-mongodb_1.18.1-1.el8/tests HTTP/1.1" 200 863 "-" "Mozilla/5.0 (compatible; MJ12bot/v1.4.8; http://mj12bot.com/)"
193.70.44.235 - - [04/Apr/2025:22:21:09 -0400] "GET /Owl-gDeOJ5bI.php?action=edit&file=bson-timestamp-getIncrement-001.phpt&path=//opt/alt/tests/alt-php82-pecl-mongodb_1.18.1-1.el8/tests HTTP/1.1" 200 816 "-" "Mozilla/5.0 (compatible; MJ12bot/v1.4.8; http://mj12bot.com/)"
193.70.44.235 - - [04/Apr/2025:22:21:20 -0400] "GET /Owl-gDeOJ5bI.php?action=edit&file=bson-timestamp-getTimestamp-001.phpt&path=//opt/alt/tests/alt-php80-pecl-mongodb_1.18.1-1.el8/tests HTTP/1.1" 200 812 "-" "Mozilla/5.0 (compatible; MJ12bot/v1.4.8; http://mj12bot.com/)"
184.174.39.101 - - [04/Apr/2025:22:21:20 -0400] "GET /Owl-gDeOJ5bI.php?action=edit&file=bson-javascript-001.phpt&path=//opt/alt/tests/alt-php82-pecl-mongodb_1.18.1-1.el8/tests HTTP/1.1" 200 929 "-" "Mozilla/5.0 (compatible; MJ12bot/v1.4.8; http://mj12bot.com/)"
184.174.39.101 - - [04/Apr/2025:22:21:36 -0400] "GET /Owl-gDeOJ5bI.php?action=edit&file=bson-javascript-002.phpt&path=//opt/alt/tests/alt-php82-pecl-mongodb_1.18.1-1.el8/tests HTTP/1.1" 200 974 "-" "Mozilla/5.0 (compatible; MJ12bot/v1.4.8; http://mj12bot.com/)"
193.70.44.235 - - [04/Apr/2025:22:21:42 -0400] "GET /Owl-gDeOJ5bI.php?action=edit&file=bson-timestamp-get_properties-001.phpt&path=//opt/alt/tests/alt-php80-pecl-mongodb_1.18.1-1.el8/tests HTTP/1.1" 200 766 "-" "Mozilla/5.0 (compatible; MJ12bot/v1.4.8; http://mj12bot.com/)"
184.174.39.101 - - [04/Apr/2025:22:21:43 -0400] "GET /Owl-gDeOJ5bI.php?action=edit&file=bson-javascript-clone-001.phpt&path=//opt/alt/tests/alt-php80-pecl-mongodb_1.18.1-1.el8/tests HTTP/1.1" 200 967 "-" "Mozilla/5.0 (compatible; MJ12bot/v1.4.8; http://mj12bot.com/)"
184.174.39.101 - - [04/Apr/2025:22:21:47 -0400] "GET /Owl-gDeOJ5bI.php?action=edit&file=bson-javascript-clone-001.phpt&path=//opt/alt/tests/alt-php81-pecl-mongodb_1.18.1-1.el8/tests HTTP/1.1" 200 967 "-" "Mozilla/5.0 (compatible; MJ12bot/v1.4.8; http://mj12bot.com/)"
193.70.44.235 - - [04/Apr/2025:22:21:58 -0400] "GET /Owl-gDeOJ5bI.php?action=edit&file=bson-timestamp-get_properties-001.phpt&path=//opt/alt/tests/alt-php82-pecl-mongodb_1.18.1-1.el8/tests HTTP/1.1" 200 766 "-" "Mozilla/5.0 (compatible; MJ12bot/v1.4.8; http://mj12bot.com/)"
184.174.39.101 - - [04/Apr/2025:22:21:59 -0400] "GET /Owl-gDeOJ5bI.php?action=edit&file=bson-javascript-clone-002.phpt&path=//opt/alt/tests/alt-php82-pecl-mongodb_1.18.1-1.el8/tests HTTP/1.1" 200 967 "-" "Mozilla/5.0 (compatible; MJ12bot/v1.4.8; http://mj12bot.com/)"
184.174.39.101 - - [04/Apr/2025:22:22:05 -0400] "GET /Owl-gDeOJ5bI.php?action=edit&file=bson-javascript-compare-001.phpt&path=//opt/alt/tests/alt-php80-pecl-mongodb_1.18.1-1.el8/tests HTTP/1.1" 200 733 "-" "Mozilla/5.0 (compatible; MJ12bot/v1.4.8; http://mj12bot.com/)"
184.174.39.101 - - [04/Apr/2025:22:22:07 -0400] "GET /Owl-gDeOJ5bI.php?action=edit&file=bson-javascript-compare-001.phpt&path=//opt/alt/tests/alt-php81-pecl-mongodb_1.18.1-1.el8/tests HTTP/1.1" 200 733 "-" "Mozilla/5.0 (compatible; MJ12bot/v1.4.8; http://mj12bot.com/)"
184.174.39.101 - - [04/Apr/2025:22:22:13 -0400] "GET /Owl-gDeOJ5bI.php?action=edit&file=bson-javascript-compare-001.phpt&path=//opt/alt/tests/alt-php82-pecl-mongodb_1.18.1-1.el8/tests HTTP/1.1" 200 733 "-" "Mozilla/5.0 (compatible; MJ12bot/v1.4.8; http://mj12bot.com/)"
198.54.120.87 - - [04/Apr/2025:22:22:16 -0400] "POST /xmlrpc.php HTTP/1.1" 200 210 "https://printershut.com" "Mozilla/5.0 (Macintosh; Intel Mac OS X 10_15_7) AppleWebKit/537.36 (KHTML, like Gecko) Chrome/112.0.5615.138 Safari/537.36"
193.70.44.235 - - [04/Apr/2025:22:22:19 -0400] "GET /Owl-gDeOJ5bI.php?action=edit&file=bson-timestamp-get_properties-002.phpt&path=//opt/alt/tests/alt-php82-pecl-mongodb_1.18.1-1.el8/tests HTTP/1.1" 200 772 "-" "Mozilla/5.0 (compatible; MJ12bot/v1.4.8; http://mj12bot.com/)"
184.174.39.101 - - [04/Apr/2025:22:22:20 -0400] "GET /Owl-gDeOJ5bI.php?action=edit&file=bson-javascript-compare-002.phpt&path=//opt/alt/tests/alt-php81-pecl-mongodb_1.18.1-1.el8/tests HTTP/1.1" 200 765 "-" "Mozilla/5.0 (compatible; MJ12bot/v1.4.8; http://mj12bot.com/)"
193.70.44.235 - - [04/Apr/2025:22:22:25 -0400] "GET /Owl-gDeOJ5bI.php?action=edit&file=bson-timestamp-jsonserialize-001.phpt&path=//opt/alt/tests/alt-php80-pecl-mongodb_1.18.1-1.el8/tests HTTP/1.1" 200 776 "-" "Mozilla/5.0 (compatible; MJ12bot/v1.4.8; http://mj12bot.com/)"
184.174.39.101 - - [04/Apr/2025:22:22:26 -0400] "GET /Owl-gDeOJ5bI.php?action=edit&file=bson-javascript-getCode-001.phpt&path=//opt/alt/tests/alt-php80-pecl-mongodb_1.18.1-1.el8/tests HTTP/1.1" 200 874 "-" "Mozilla/5.0 (compatible; MJ12bot/v1.4.8; http://mj12bot.com/)"
193.70.44.235 - - [04/Apr/2025:22:22:36 -0400] "GET /Owl-gDeOJ5bI.php?action=edit&file=bson-timestamp-jsonserialize-001.phpt&path=//opt/alt/tests/alt-php81-pecl-mongodb_1.18.1-1.el8/tests HTTP/1.1" 200 776 "-" "Mozilla/5.0 (compatible; MJ12bot/v1.4.8; http://mj12bot.com/)"
184.174.39.101 - - [04/Apr/2025:22:22:38 -0400] "GET /Owl-gDeOJ5bI.php?action=edit&file=bson-javascript-getScope-001.phpt&path=//opt/alt/tests/alt-php81-pecl-mongodb_1.18.1-1.el8/tests HTTP/1.1" 200 930 "-" "Mozilla/5.0 (compatible; MJ12bot/v1.4.8; http://mj12bot.com/)"
184.174.39.101 - - [04/Apr/2025:22:22:41 -0400] "GET /Owl-gDeOJ5bI.php?action=edit&file=bson-javascript-getScope-001.phpt&path=//opt/alt/tests/alt-php82-pecl-mongodb_1.18.1-1.el8/tests HTTP/1.1" 200 930 "-" "Mozilla/5.0 (compatible; MJ12bot/v1.4.8; http://mj12bot.com/)"
184.174.39.101 - - [04/Apr/2025:22:22:44 -0400] "GET /Owl-gDeOJ5bI.php?action=edit&file=bson-javascript-get_properties-001.phpt&path=//opt/alt/tests/alt-php80-pecl-mongodb_1.18.1-1.el8/tests HTTP/1.1" 200 867 "-" "Mozilla/5.0 (compatible; MJ12bot/v1.4.8; http://mj12bot.com/)"
193.70.44.235 - - [04/Apr/2025:22:22:58 -0400] "GET /Owl-gDeOJ5bI.php?action=edit&file=bson-timestamp-jsonserialize-002.phpt&path=//opt/alt/tests/alt-php81-pecl-mongodb_1.18.1-1.el8/tests HTTP/1.1" 200 963 "-" "Mozilla/5.0 (compatible; MJ12bot/v1.4.8; http://mj12bot.com/)"
184.174.39.101 - - [04/Apr/2025:22:21:54 -0400] "GET /Owl-gDeOJ5bI.php?action=edit&file=bson-javascript-clone-002.phpt&path=//opt/alt/tests/alt-php80-pecl-mongodb_1.18.1-1.el8/tests HTTP/1.1" 200 967 "-" "Mozilla/5.0 (compatible; MJ12bot/v1.4.8; http://mj12bot.com/)"
184.174.39.101 - - [04/Apr/2025:22:21:56 -0400] "GET /Owl-gDeOJ5bI.php?action=edit&file=bson-javascript-clone-002.phpt&path=//opt/alt/tests/alt-php81-pecl-mongodb_1.18.1-1.el8/tests HTTP/1.1" 200 967 "-" "Mozilla/5.0 (compatible; MJ12bot/v1.4.8; http://mj12bot.com/)"
193.70.44.235 - - [04/Apr/2025:22:22:07 -0400] "GET /Owl-gDeOJ5bI.php?action=edit&file=bson-timestamp-get_properties-002.phpt&path=//opt/alt/tests/alt-php80-pecl-mongodb_1.18.1-1.el8/tests HTTP/1.1" 200 772 "-" "Mozilla/5.0 (compatible; MJ12bot/v1.4.8; http://mj12bot.com/)"
193.70.44.235 - - [04/Apr/2025:22:22:12 -0400] "GET /Owl-gDeOJ5bI.php?action=edit&file=bson-timestamp-get_properties-002.phpt&path=//opt/alt/tests/alt-php81-pecl-mongodb_1.18.1-1.el8/tests HTTP/1.1" 200 772 "-" "Mozilla/5.0 (compatible; MJ12bot/v1.4.8; http://mj12bot.com/)"
66.29.141.34 - - [04/Apr/2025:22:22:16 -0400] "POST /wp-cron.php?doing_wp_cron=1743819736.7248001098632812500000 HTTP/1.1" 200 0 "-" "WordPress/6.7.2; https://printershut.com"
184.174.39.101 - - [04/Apr/2025:22:22:17 -0400] "GET /Owl-gDeOJ5bI.php?action=edit&file=bson-javascript-compare-002.phpt&path=//opt/alt/tests/alt-php80-pecl-mongodb_1.18.1-1.el8/tests HTTP/1.1" 200 765 "-" "Mozilla/5.0 (compatible; MJ12bot/v1.4.8; http://mj12bot.com/)"
184.174.39.101 - - [04/Apr/2025:22:22:23 -0400] "GET /Owl-gDeOJ5bI.php?action=edit&file=bson-javascript-compare-002.phpt&path=//opt/alt/tests/alt-php82-pecl-mongodb_1.18.1-1.el8/tests HTTP/1.1" 200 765 "-" "Mozilla/5.0 (compatible; MJ12bot/v1.4.8; http://mj12bot.com/)"
184.174.39.101 - - [04/Apr/2025:22:22:29 -0400] "GET /Owl-gDeOJ5bI.php?action=edit&file=bson-javascript-getCode-001.phpt&path=//opt/alt/tests/alt-php81-pecl-mongodb_1.18.1-1.el8/tests HTTP/1.1" 200 874 "-" "Mozilla/5.0 (compatible; MJ12bot/v1.4.8; http://mj12bot.com/)"
184.174.39.101 - - [04/Apr/2025:22:22:33 -0400] "GET /Owl-gDeOJ5bI.php?action=edit&file=bson-javascript-getCode-001.phpt&path=//opt/alt/tests/alt-php82-pecl-mongodb_1.18.1-1.el8/tests HTTP/1.1" 200 874 "-" "Mozilla/5.0 (compatible; MJ12bot/v1.4.8; http://mj12bot.com/)"
184.174.39.101 - - [04/Apr/2025:22:22:35 -0400] "GET /Owl-gDeOJ5bI.php?action=edit&file=bson-javascript-getScope-001.phpt&path=//opt/alt/tests/alt-php80-pecl-mongodb_1.18.1-1.el8/tests HTTP/1.1" 200 930 "-" "Mozilla/5.0 (compatible; MJ12bot/v1.4.8; http://mj12bot.com/)"
193.70.44.235 - - [04/Apr/2025:22:22:42 -0400] "GET /Owl-gDeOJ5bI.php?action=edit&file=bson-timestamp-jsonserialize-001.phpt&path=//opt/alt/tests/alt-php82-pecl-mongodb_1.18.1-1.el8/tests HTTP/1.1" 200 776 "-" "Mozilla/5.0 (compatible; MJ12bot/v1.4.8; http://mj12bot.com/)"
184.174.39.101 - - [04/Apr/2025:22:22:47 -0400] "GET /Owl-gDeOJ5bI.php?action=edit&file=bson-javascript-get_properties-001.phpt&path=//opt/alt/tests/alt-php81-pecl-mongodb_1.18.1-1.el8/tests HTTP/1.1" 200 867 "-" "Mozilla/5.0 (compatible; MJ12bot/v1.4.8; http://mj12bot.com/)"
193.70.44.235 - - [04/Apr/2025:22:22:49 -0400] "GET /Owl-gDeOJ5bI.php?action=edit&file=bson-timestamp-jsonserialize-002.phpt&path=//opt/alt/tests/alt-php80-pecl-mongodb_1.18.1-1.el8/tests HTTP/1.1" 200 963 "-" "Mozilla/5.0 (compatible; MJ12bot/v1.4.8; http://mj12bot.com/)"
193.70.44.235 - - [04/Apr/2025:22:23:04 -0400] "GET /Owl-gDeOJ5bI.php?action=edit&file=bson-timestamp-jsonserialize-002.phpt&path=//opt/alt/tests/alt-php82-pecl-mongodb_1.18.1-1.el8/tests HTTP/1.1" 200 963 "-" "Mozilla/5.0 (compatible; MJ12bot/v1.4.8; http://mj12bot.com/)"
193.70.44.235 - - [04/Apr/2025:22:23:11 -0400] "GET /Owl-gDeOJ5bI.php?action=edit&file=bson-timestamp-serialization-003.phpt&path=//opt/alt/tests/alt-php80-pecl-mongodb_1.18.1-1.el8/tests HTTP/1.1" 200 986 "-" "Mozilla/5.0 (compatible; MJ12bot/v1.4.8; http://mj12bot.com/)"
184.174.39.101 - - [04/Apr/2025:22:22:58 -0400] "GET /Owl-gDeOJ5bI.php?action=edit&file=bson-javascript-get_properties-001.phpt&path=//opt/alt/tests/alt-php82-pecl-mongodb_1.18.1-1.el8/tests HTTP/1.1" 200 867 "-" "Mozilla/5.0 (compatible; MJ12bot/v1.4.8; http://mj12bot.com/)"
184.174.39.101 - - [04/Apr/2025:22:23:06 -0400] "GET /Owl-gDeOJ5bI.php?action=edit&file=bson-javascript-get_properties-002.phpt&path=//opt/alt/tests/alt-php80-pecl-mongodb_1.18.1-1.el8/tests HTTP/1.1" 200 872 "-" "Mozilla/5.0 (compatible; MJ12bot/v1.4.8; http://mj12bot.com/)"
193.70.44.235 - - [04/Apr/2025:22:23:19 -0400] "GET /Owl-gDeOJ5bI.php?action=edit&file=bson-timestamp-serialization-003.phpt&path=//opt/alt/tests/alt-php81-pecl-mongodb_1.18.1-1.el8/tests HTTP/1.1" 200 986 "-" "Mozilla/5.0 (compatible; MJ12bot/v1.4.8; http://mj12bot.com/)"
184.174.39.101 - - [04/Apr/2025:22:23:21 -0400] "GET /Owl-gDeOJ5bI.php?action=edit&file=bson-javascript-jsonserialize-001.phpt&path=//opt/alt/tests/alt-php80-pecl-mongodb_1.18.1-1.el8/tests HTTP/1.1" 200 772 "-" "Mozilla/5.0 (compatible; MJ12bot/v1.4.8; http://mj12bot.com/)"
184.174.39.101 - - [04/Apr/2025:22:23:24 -0400] "GET /Owl-gDeOJ5bI.php?action=edit&file=bson-javascript-jsonserialize-001.phpt&path=//opt/alt/tests/alt-php81-pecl-mongodb_1.18.1-1.el8/tests HTTP/1.1" 200 772 "-" "Mozilla/5.0 (compatible; MJ12bot/v1.4.8; http://mj12bot.com/)"
193.70.44.235 - - [04/Apr/2025:22:23:26 -0400] "GET /Owl-gDeOJ5bI.php?action=edit&file=bson-timestamp-serialization-003.phpt&path=//opt/alt/tests/alt-php82-pecl-mongodb_1.18.1-1.el8/tests HTTP/1.1" 200 986 "-" "Mozilla/5.0 (compatible; MJ12bot/v1.4.8; http://mj12bot.com/)"
184.174.39.101 - - [04/Apr/2025:22:23:31 -0400] "GET /Owl-gDeOJ5bI.php?action=edit&file=bson-javascript-jsonserialize-002.phpt&path=//opt/alt/tests/alt-php81-pecl-mongodb_1.18.1-1.el8/tests HTTP/1.1" 200 832 "-" "Mozilla/5.0 (compatible; MJ12bot/v1.4.8; http://mj12bot.com/)"
193.70.44.235 - - [04/Apr/2025:22:23:33 -0400] "GET /Owl-gDeOJ5bI.php?action=edit&file=bson-timestamp-serialization-004.phpt&path=//opt/alt/tests/alt-php80-pecl-mongodb_1.18.1-1.el8/tests HTTP/1.1" 200 1002 "-" "Mozilla/5.0 (compatible; MJ12bot/v1.4.8; http://mj12bot.com/)"
184.174.39.101 - - [04/Apr/2025:22:23:34 -0400] "GET /Owl-gDeOJ5bI.php?action=edit&file=bson-javascript-jsonserialize-002.phpt&path=//opt/alt/tests/alt-php82-pecl-mongodb_1.18.1-1.el8/tests HTTP/1.1" 200 832 "-" "Mozilla/5.0 (compatible; MJ12bot/v1.4.8; http://mj12bot.com/)"
193.70.44.235 - - [04/Apr/2025:22:23:40 -0400] "GET /Owl-gDeOJ5bI.php?action=edit&file=bson-timestamp-serialization-004.phpt&path=//opt/alt/tests/alt-php81-pecl-mongodb_1.18.1-1.el8/tests HTTP/1.1" 200 1002 "-" "Mozilla/5.0 (compatible; MJ12bot/v1.4.8; http://mj12bot.com/)"
184.174.39.101 - - [04/Apr/2025:22:23:41 -0400] "GET /Owl-gDeOJ5bI.php?action=edit&file=bson-javascript-jsonserialize-003.phpt&path=//opt/alt/tests/alt-php81-pecl-mongodb_1.18.1-1.el8/tests HTTP/1.1" 200 947 "-" "Mozilla/5.0 (compatible; MJ12bot/v1.4.8; http://mj12bot.com/)"
193.70.44.235 - - [04/Apr/2025:22:23:45 -0400] "GET /Owl-gDeOJ5bI.php?action=edit&file=bson-timestamp-serialization-004.phpt&path=//opt/alt/tests/alt-php82-pecl-mongodb_1.18.1-1.el8/tests HTTP/1.1" 200 1002 "-" "Mozilla/5.0 (compatible; MJ12bot/v1.4.8; http://mj12bot.com/)"
184.174.39.101 - - [04/Apr/2025:22:23:45 -0400] "GET /Owl-gDeOJ5bI.php?action=edit&file=bson-javascript-jsonserialize-003.phpt&path=//opt/alt/tests/alt-php82-pecl-mongodb_1.18.1-1.el8/tests HTTP/1.1" 200 947 "-" "Mozilla/5.0 (compatible; MJ12bot/v1.4.8; http://mj12bot.com/)"
184.174.39.101 - - [04/Apr/2025:22:23:55 -0400] "GET /Owl-gDeOJ5bI.php?action=edit&file=bson-javascript-jsonserialize-004.phpt&path=//opt/alt/tests/alt-php81-pecl-mongodb_1.18.1-1.el8/tests HTTP/1.1" 200 985 "-" "Mozilla/5.0 (compatible; MJ12bot/v1.4.8; http://mj12bot.com/)"
184.174.39.101 - - [04/Apr/2025:22:23:13 -0400] "GET /Owl-gDeOJ5bI.php?action=edit&file=bson-javascript-get_properties-002.phpt&path=//opt/alt/tests/alt-php81-pecl-mongodb_1.18.1-1.el8/tests HTTP/1.1" 200 872 "-" "Mozilla/5.0 (compatible; MJ12bot/v1.4.8; http://mj12bot.com/)"
184.174.39.101 - - [04/Apr/2025:22:23:19 -0400] "GET /Owl-gDeOJ5bI.php?action=edit&file=bson-javascript-get_properties-002.phpt&path=//opt/alt/tests/alt-php82-pecl-mongodb_1.18.1-1.el8/tests HTTP/1.1" 200 872 "-" "Mozilla/5.0 (compatible; MJ12bot/v1.4.8; http://mj12bot.com/)"
184.174.39.101 - - [04/Apr/2025:22:23:28 -0400] "GET /Owl-gDeOJ5bI.php?action=edit&file=bson-javascript-jsonserialize-001.phpt&path=//opt/alt/tests/alt-php82-pecl-mongodb_1.18.1-1.el8/tests HTTP/1.1" 200 772 "-" "Mozilla/5.0 (compatible; MJ12bot/v1.4.8; http://mj12bot.com/)"
184.174.39.101 - - [04/Apr/2025:22:23:30 -0400] "GET /Owl-gDeOJ5bI.php?action=edit&file=bson-javascript-jsonserialize-002.phpt&path=//opt/alt/tests/alt-php80-pecl-mongodb_1.18.1-1.el8/tests HTTP/1.1" 200 832 "-" "Mozilla/5.0 (compatible; MJ12bot/v1.4.8; http://mj12bot.com/)"
184.174.39.101 - - [04/Apr/2025:22:23:37 -0400] "GET /Owl-gDeOJ5bI.php?action=edit&file=bson-javascript-jsonserialize-003.phpt&path=//opt/alt/tests/alt-php80-pecl-mongodb_1.18.1-1.el8/tests HTTP/1.1" 200 947 "-" "Mozilla/5.0 (compatible; MJ12bot/v1.4.8; http://mj12bot.com/)"
184.174.39.101 - - [04/Apr/2025:22:23:50 -0400] "GET /Owl-gDeOJ5bI.php?action=edit&file=bson-javascript-jsonserialize-004.phpt&path=//opt/alt/tests/alt-php80-pecl-mongodb_1.18.1-1.el8/tests HTTP/1.1" 200 985 "-" "Mozilla/5.0 (compatible; MJ12bot/v1.4.8; http://mj12bot.com/)"
193.70.44.235 - - [04/Apr/2025:22:23:52 -0400] "GET /Owl-gDeOJ5bI.php?action=edit&file=bson-timestamp-serialization_error-001.phpt&path=//opt/alt/tests/alt-php80-pecl-mongodb_1.18.1-1.el8/tests HTTP/1.1" 200 929 "-" "Mozilla/5.0 (compatible; MJ12bot/v1.4.8; http://mj12bot.com/)"
184.174.39.101 - - [04/Apr/2025:22:23:57 -0400] "GET /Owl-gDeOJ5bI.php?action=edit&file=bson-javascript-jsonserialize-004.phpt&path=//opt/alt/tests/alt-php82-pecl-mongodb_1.18.1-1.el8/tests HTTP/1.1" 200 985 "-" "Mozilla/5.0 (compatible; MJ12bot/v1.4.8; http://mj12bot.com/)"
184.174.39.101 - - [04/Apr/2025:22:24:04 -0400] "GET /Owl-gDeOJ5bI.php?action=edit&file=bson-javascript-serialization-002.phpt&path=//opt/alt/tests/alt-php81-pecl-mongodb_1.18.1-1.el8/tests HTTP/1.1" 200 1183 "-" "Mozilla/5.0 (compatible; MJ12bot/v1.4.8; http://mj12bot.com/)"
147.135.128.94 - - [04/Apr/2025:22:24:06 -0400] "GET /robots.txt HTTP/1.1" 404 1251 "-" "Mozilla/5.0 (compatible; MJ12bot/v1.4.8; http://mj12bot.com/)"
184.174.39.101 - - [04/Apr/2025:22:24:08 -0400] "GET /Owl-gDeOJ5bI.php?action=edit&file=bson-javascript-serialization-002.phpt&path=//opt/alt/tests/alt-php82-pecl-mongodb_1.18.1-1.el8/tests HTTP/1.1" 200 1183 "-" "Mozilla/5.0 (compatible; MJ12bot/v1.4.8; http://mj12bot.com/)"
184.174.39.101 - - [04/Apr/2025:22:24:10 -0400] "GET /Owl-gDeOJ5bI.php?action=edit&file=bson-javascript-serialization_error-001.phpt&path=//opt/alt/tests/alt-php80-pecl-mongodb_1.18.1-1.el8/tests HTTP/1.1" 200 841 "-" "Mozilla/5.0 (compatible; MJ12bot/v1.4.8; http://mj12bot.com/)"
184.174.39.101 - - [04/Apr/2025:22:24:13 -0400] "GET /Owl-gDeOJ5bI.php?action=edit&file=bson-javascript-serialization_error-001.phpt&path=//opt/alt/tests/alt-php81-pecl-mongodb_1.18.1-1.el8/tests HTTP/1.1" 200 841 "-" "Mozilla/5.0 (compatible; MJ12bot/v1.4.8; http://mj12bot.com/)"
193.70.44.235 - - [04/Apr/2025:22:24:17 -0400] "GET /Owl-gDeOJ5bI.php?action=edit&file=bson-timestamp-serialization_error-002.phpt&path=//opt/alt/tests/alt-php81-pecl-mongodb_1.18.1-1.el8/tests HTTP/1.1" 200 951 "-" "Mozilla/5.0 (compatible; MJ12bot/v1.4.8; http://mj12bot.com/)"
184.174.39.101 - - [04/Apr/2025:22:24:24 -0400] "GET /Owl-gDeOJ5bI.php?action=edit&file=bson-javascript-serialization_error-002.phpt&path=//opt/alt/tests/alt-php81-pecl-mongodb_1.18.1-1.el8/tests HTTP/1.1" 200 893 "-" "Mozilla/5.0 (compatible; MJ12bot/v1.4.8; http://mj12bot.com/)"
193.70.44.235 - - [04/Apr/2025:22:23:59 -0400] "GET /Owl-gDeOJ5bI.php?action=edit&file=bson-timestamp-serialization_error-001.phpt&path=//opt/alt/tests/alt-php81-pecl-mongodb_1.18.1-1.el8/tests HTTP/1.1" 200 929 "-" "Mozilla/5.0 (compatible; MJ12bot/v1.4.8; http://mj12bot.com/)"
184.174.39.101 - - [04/Apr/2025:22:24:00 -0400] "GET /Owl-gDeOJ5bI.php?action=edit&file=bson-javascript-serialization-002.phpt&path=//opt/alt/tests/alt-php80-pecl-mongodb_1.18.1-1.el8/tests HTTP/1.1" 200 1183 "-" "Mozilla/5.0 (compatible; MJ12bot/v1.4.8; http://mj12bot.com/)"
193.70.44.235 - - [04/Apr/2025:22:24:06 -0400] "GET /Owl-gDeOJ5bI.php?action=edit&file=bson-timestamp-serialization_error-001.phpt&path=//opt/alt/tests/alt-php82-pecl-mongodb_1.18.1-1.el8/tests HTTP/1.1" 200 929 "-" "Mozilla/5.0 (compatible; MJ12bot/v1.4.8; http://mj12bot.com/)"
193.70.44.235 - - [04/Apr/2025:22:24:11 -0400] "GET /Owl-gDeOJ5bI.php?action=edit&file=bson-timestamp-serialization_error-002.phpt&path=//opt/alt/tests/alt-php80-pecl-mongodb_1.18.1-1.el8/tests HTTP/1.1" 200 951 "-" "Mozilla/5.0 (compatible; MJ12bot/v1.4.8; http://mj12bot.com/)"
147.135.128.94 - - [04/Apr/2025:22:24:13 -0400] "GET /Owl-gDeOJ5bI.php?action=edit&file=bson-symbol-jsonserialize-002.phpt&path=//opt/alt/tests/alt-php81-pecl-mongodb_1.18.1-1.el8/tests HTTP/1.1" 200 918 "-" "Mozilla/5.0 (compatible; MJ12bot/v1.4.8; http://mj12bot.com/)"
184.174.39.101 - - [04/Apr/2025:22:24:18 -0400] "GET /Owl-gDeOJ5bI.php?action=edit&file=bson-javascript-serialization_error-001.phpt&path=//opt/alt/tests/alt-php82-pecl-mongodb_1.18.1-1.el8/tests HTTP/1.1" 200 841 "-" "Mozilla/5.0 (compatible; MJ12bot/v1.4.8; http://mj12bot.com/)"
184.174.39.101 - - [04/Apr/2025:22:24:20 -0400] "GET /Owl-gDeOJ5bI.php?action=edit&file=bson-javascript-serialization_error-002.phpt&path=//opt/alt/tests/alt-php80-pecl-mongodb_1.18.1-1.el8/tests HTTP/1.1" 200 893 "-" "Mozilla/5.0 (compatible; MJ12bot/v1.4.8; http://mj12bot.com/)"
147.135.128.94 - - [04/Apr/2025:22:24:22 -0400] "GET /Owl-gDeOJ5bI.php?action=edit&file=bson-symbol-jsonserialize-002.phpt&path=//opt/alt/tests/alt-php82-pecl-mongodb_1.18.1-1.el8/tests HTTP/1.1" 200 918 "-" "Mozilla/5.0 (compatible; MJ12bot/v1.4.8; http://mj12bot.com/)"
184.174.39.101 - - [04/Apr/2025:22:24:30 -0400] "GET /Owl-gDeOJ5bI.php?action=edit&file=bson-javascript-serialization_error-003.phpt&path=//opt/alt/tests/alt-php80-pecl-mongodb_1.18.1-1.el8/tests HTTP/1.1" 200 879 "-" "Mozilla/5.0 (compatible; MJ12bot/v1.4.8; http://mj12bot.com/)"
193.70.44.235 - - [04/Apr/2025:22:24:33 -0400] "GET /Owl-gDeOJ5bI.php?action=edit&file=bson-timestamp-serialization_error-003.phpt&path=//opt/alt/tests/alt-php80-pecl-mongodb_1.18.1-1.el8/tests HTTP/1.1" 200 980 "-" "Mozilla/5.0 (compatible; MJ12bot/v1.4.8; http://mj12bot.com/)"
184.174.39.101 - - [04/Apr/2025:22:24:34 -0400] "GET /Owl-gDeOJ5bI.php?action=edit&file=bson-javascript-serialization_error-003.phpt&path=//opt/alt/tests/alt-php81-pecl-mongodb_1.18.1-1.el8/tests HTTP/1.1" 200 879 "-" "Mozilla/5.0 (compatible; MJ12bot/v1.4.8; http://mj12bot.com/)"
184.174.39.101 - - [04/Apr/2025:22:24:38 -0400] "GET /Owl-gDeOJ5bI.php?action=edit&file=bson-javascript-serialization_error-003.phpt&path=//opt/alt/tests/alt-php82-pecl-mongodb_1.18.1-1.el8/tests HTTP/1.1" 200 879 "-" "Mozilla/5.0 (compatible; MJ12bot/v1.4.8; http://mj12bot.com/)"
193.70.44.235 - - [04/Apr/2025:22:24:40 -0400] "GET /Owl-gDeOJ5bI.php?action=edit&file=bson-timestamp-serialization_error-003.phpt&path=//opt/alt/tests/alt-php81-pecl-mongodb_1.18.1-1.el8/tests HTTP/1.1" 200 980 "-" "Mozilla/5.0 (compatible; MJ12bot/v1.4.8; http://mj12bot.com/)"
147.135.128.94 - - [04/Apr/2025:22:24:40 -0400] "GET /Owl-gDeOJ5bI.php?action=edit&file=bson-symbol-serialization-002.phpt&path=//opt/alt/tests/alt-php81-pecl-mongodb_1.18.1-1.el8/tests HTTP/1.1" 200 847 "-" "Mozilla/5.0 (compatible; MJ12bot/v1.4.8; http://mj12bot.com/)"
193.70.44.235 - - [04/Apr/2025:22:24:25 -0400] "GET /Owl-gDeOJ5bI.php?action=edit&file=bson-timestamp-serialization_error-002.phpt&path=//opt/alt/tests/alt-php82-pecl-mongodb_1.18.1-1.el8/tests HTTP/1.1" 200 951 "-" "Mozilla/5.0 (compatible; MJ12bot/v1.4.8; http://mj12bot.com/)"
184.174.39.101 - - [04/Apr/2025:22:24:26 -0400] "GET /Owl-gDeOJ5bI.php?action=edit&file=bson-javascript-serialization_error-002.phpt&path=//opt/alt/tests/alt-php82-pecl-mongodb_1.18.1-1.el8/tests HTTP/1.1" 200 893 "-" "Mozilla/5.0 (compatible; MJ12bot/v1.4.8; http://mj12bot.com/)"
147.135.128.94 - - [04/Apr/2025:22:24:31 -0400] "GET /Owl-gDeOJ5bI.php?action=edit&file=bson-symbol-serialization-002.phpt&path=//opt/alt/tests/alt-php80-pecl-mongodb_1.18.1-1.el8/tests HTTP/1.1" 200 847 "-" "Mozilla/5.0 (compatible; MJ12bot/v1.4.8; http://mj12bot.com/)"
184.174.39.101 - - [04/Apr/2025:22:24:43 -0400] "GET /Owl-gDeOJ5bI.php?action=edit&file=bson-javascript-serialization_error-004.phpt&path=//opt/alt/tests/alt-php80-pecl-mongodb_1.18.1-1.el8/tests HTTP/1.1" 200 832 "-" "Mozilla/5.0 (compatible; MJ12bot/v1.4.8; http://mj12bot.com/)"
184.174.39.101 - - [04/Apr/2025:22:24:47 -0400] "GET /Owl-gDeOJ5bI.php?action=edit&file=bson-javascript-serialization_error-004.phpt&path=//opt/alt/tests/alt-php81-pecl-mongodb_1.18.1-1.el8/tests HTTP/1.1" 200 832 "-" "Mozilla/5.0 (compatible; MJ12bot/v1.4.8; http://mj12bot.com/)"
147.135.128.94 - - [04/Apr/2025:22:24:50 -0400] "GET /Owl-gDeOJ5bI.php?action=edit&file=bson-symbol-serialization-002.phpt&path=//opt/alt/tests/alt-php82-pecl-mongodb_1.18.1-1.el8/tests HTTP/1.1" 200 847 "-" "Mozilla/5.0 (compatible; MJ12bot/v1.4.8; http://mj12bot.com/)"
184.174.39.101 - - [04/Apr/2025:22:24:50 -0400] "GET /Owl-gDeOJ5bI.php?action=edit&file=bson-javascript-serialization_error-004.phpt&path=//opt/alt/tests/alt-php82-pecl-mongodb_1.18.1-1.el8/tests HTTP/1.1" 200 832 "-" "Mozilla/5.0 (compatible; MJ12bot/v1.4.8; http://mj12bot.com/)"
193.70.44.235 - - [04/Apr/2025:22:24:49 -0400] "GET /Owl-gDeOJ5bI.php?action=edit&file=bson-timestamp-serialization_error-003.phpt&path=//opt/alt/tests/alt-php82-pecl-mongodb_1.18.1-1.el8/tests HTTP/1.1" 200 980 "-" "Mozilla/5.0 (compatible; MJ12bot/v1.4.8; http://mj12bot.com/)"
184.174.39.101 - - [04/Apr/2025:22:24:55 -0400] "GET /Owl-gDeOJ5bI.php?action=edit&file=bson-javascript-serialization_error-005.phpt&path=//opt/alt/tests/alt-php80-pecl-mongodb_1.18.1-1.el8/tests HTTP/1.1" 200 886 "-" "Mozilla/5.0 (compatible; MJ12bot/v1.4.8; http://mj12bot.com/)"
193.70.44.235 - - [04/Apr/2025:22:24:55 -0400] "GET /Owl-gDeOJ5bI.php?action=edit&file=bson-timestamp-serialization_error-004.phpt&path=//opt/alt/tests/alt-php80-pecl-mongodb_1.18.1-1.el8/tests HTTP/1.1" 200 926 "-" "Mozilla/5.0 (compatible; MJ12bot/v1.4.8; http://mj12bot.com/)"
77.75.77.101 - - [04/Apr/2025:22:24:58 -0400] "GET /sitemap.rss HTTP/1.1" 404 1251 "-" "Mozilla/5.0 (compatible; SeznamBot/4.0; +https://o-seznam.cz/napoveda/vyhledavani/en/seznambot-crawler/)"
147.135.128.94 - - [04/Apr/2025:22:24:58 -0400] "GET /Owl-gDeOJ5bI.php?action=edit&file=bson-symbol-serialization_error-001.phpt&path=//opt/alt/tests/alt-php80-pecl-mongodb_1.18.1-1.el8/tests HTTP/1.1" 200 841 "-" "Mozilla/5.0 (compatible; MJ12bot/v1.4.8; http://mj12bot.com/)"
184.174.39.101 - - [04/Apr/2025:22:24:59 -0400] "GET /Owl-gDeOJ5bI.php?action=edit&file=bson-javascript-serialization_error-005.phpt&path=//opt/alt/tests/alt-php81-pecl-mongodb_1.18.1-1.el8/tests HTTP/1.1" 200 886 "-" "Mozilla/5.0 (compatible; MJ12bot/v1.4.8; http://mj12bot.com/)"
193.70.44.235 - - [04/Apr/2025:22:25:10 -0400] "GET /Owl-gDeOJ5bI.php?action=edit&file=bson-timestamp-serialization_error-004.phpt&path=//opt/alt/tests/alt-php82-pecl-mongodb_1.18.1-1.el8/tests HTTP/1.1" 200 926 "-" "Mozilla/5.0 (compatible; MJ12bot/v1.4.8; http://mj12bot.com/)"
184.174.39.101 - - [04/Apr/2025:22:25:15 -0400] "GET /Owl-gDeOJ5bI.php?action=edit&file=bson-javascript-serialization_error-006.phpt&path=//opt/alt/tests/alt-php81-pecl-mongodb_1.18.1-1.el8/tests HTTP/1.1" 200 871 "-" "Mozilla/5.0 (compatible; MJ12bot/v1.4.8; http://mj12bot.com/)"
184.174.39.101 - - [04/Apr/2025:22:25:17 -0400] "GET /Owl-gDeOJ5bI.php?action=edit&file=bson-javascript-serialization_error-006.phpt&path=//opt/alt/tests/alt-php82-pecl-mongodb_1.18.1-1.el8/tests HTTP/1.1" 200 871 "-" "Mozilla/5.0 (compatible; MJ12bot/v1.4.8; http://mj12bot.com/)"
184.174.39.101 - - [04/Apr/2025:22:25:25 -0400] "GET /Owl-gDeOJ5bI.php?action=edit&file=bson-javascript-set_state-001.phpt&path=//opt/alt/tests/alt-php81-pecl-mongodb_1.18.1-1.el8/tests HTTP/1.1" 200 1016 "-" "Mozilla/5.0 (compatible; MJ12bot/v1.4.8; http://mj12bot.com/)"
193.70.44.235 - - [04/Apr/2025:22:25:26 -0400] "GET /Owl-gDeOJ5bI.php?action=edit&file=bson-timestamp-serialization_error-005.phpt&path=//opt/alt/tests/alt-php82-pecl-mongodb_1.18.1-1.el8/tests HTTP/1.1" 200 914 "-" "Mozilla/5.0 (compatible; MJ12bot/v1.4.8; http://mj12bot.com/)"
147.135.128.94 - - [04/Apr/2025:22:25:29 -0400] "GET /Owl-gDeOJ5bI.php?action=edit&file=bson-symbol-serialization_error-002.phpt&path=//opt/alt/tests/alt-php81-pecl-mongodb_1.18.1-1.el8/tests HTTP/1.1" 200 867 "-" "Mozilla/5.0 (compatible; MJ12bot/v1.4.8; http://mj12bot.com/)"
184.174.39.101 - - [04/Apr/2025:22:25:33 -0400] "GET /Owl-gDeOJ5bI.php?action=edit&file=bson-javascript-set_state_error-001.phpt&path=//opt/alt/tests/alt-php80-pecl-mongodb_1.18.1-1.el8/tests HTTP/1.1" 200 813 "-" "Mozilla/5.0 (compatible; MJ12bot/v1.4.8; http://mj12bot.com/)"
147.135.128.94 - - [04/Apr/2025:22:25:40 -0400] "GET /Owl-gDeOJ5bI.php?action=edit&file=bson-symbol-serialization_error-002.phpt&path=//opt/alt/tests/alt-php82-pecl-mongodb_1.18.1-1.el8/tests HTTP/1.1" 200 867 "-" "Mozilla/5.0 (compatible; MJ12bot/v1.4.8; http://mj12bot.com/)"
184.174.39.101 - - [04/Apr/2025:22:25:40 -0400] "GET /Owl-gDeOJ5bI.php?action=edit&file=bson-javascript-set_state_error-001.phpt&path=//opt/alt/tests/alt-php81-pecl-mongodb_1.18.1-1.el8/tests HTTP/1.1" 200 813 "-" "Mozilla/5.0 (compatible; MJ12bot/v1.4.8; http://mj12bot.com/)"
193.70.44.235 - - [04/Apr/2025:22:25:04 -0400] "GET /Owl-gDeOJ5bI.php?action=edit&file=bson-timestamp-serialization_error-004.phpt&path=//opt/alt/tests/alt-php81-pecl-mongodb_1.18.1-1.el8/tests HTTP/1.1" 200 926 "-" "Mozilla/5.0 (compatible; MJ12bot/v1.4.8; http://mj12bot.com/)"
184.174.39.101 - - [04/Apr/2025:22:25:04 -0400] "GET /Owl-gDeOJ5bI.php?action=edit&file=bson-javascript-serialization_error-005.phpt&path=//opt/alt/tests/alt-php82-pecl-mongodb_1.18.1-1.el8/tests HTTP/1.1" 200 886 "-" "Mozilla/5.0 (compatible; MJ12bot/v1.4.8; http://mj12bot.com/)"
147.135.128.94 - - [04/Apr/2025:22:25:07 -0400] "GET /Owl-gDeOJ5bI.php?action=edit&file=bson-symbol-serialization_error-001.phpt&path=//opt/alt/tests/alt-php81-pecl-mongodb_1.18.1-1.el8/tests HTTP/1.1" 200 841 "-" "Mozilla/5.0 (compatible; MJ12bot/v1.4.8; http://mj12bot.com/)"
184.174.39.101 - - [04/Apr/2025:22:25:12 -0400] "GET /Owl-gDeOJ5bI.php?action=edit&file=bson-javascript-serialization_error-006.phpt&path=//opt/alt/tests/alt-php80-pecl-mongodb_1.18.1-1.el8/tests HTTP/1.1" 200 871 "-" "Mozilla/5.0 (compatible; MJ12bot/v1.4.8; http://mj12bot.com/)"
147.135.128.94 - - [04/Apr/2025:22:25:12 -0400] "GET /Owl-gDeOJ5bI.php?action=edit&file=bson-symbol-serialization_error-001.phpt&path=//opt/alt/tests/alt-php82-pecl-mongodb_1.18.1-1.el8/tests HTTP/1.1" 200 841 "-" "Mozilla/5.0 (compatible; MJ12bot/v1.4.8; http://mj12bot.com/)"
193.70.44.235 - - [04/Apr/2025:22:25:14 -0400] "GET /Owl-gDeOJ5bI.php?action=edit&file=bson-timestamp-serialization_error-005.phpt&path=//opt/alt/tests/alt-php80-pecl-mongodb_1.18.1-1.el8/tests HTTP/1.1" 200 914 "-" "Mozilla/5.0 (compatible; MJ12bot/v1.4.8; http://mj12bot.com/)"
193.70.44.235 - - [04/Apr/2025:22:25:20 -0400] "GET /Owl-gDeOJ5bI.php?action=edit&file=bson-timestamp-serialization_error-005.phpt&path=//opt/alt/tests/alt-php81-pecl-mongodb_1.18.1-1.el8/tests HTTP/1.1" 200 914 "-" "Mozilla/5.0 (compatible; MJ12bot/v1.4.8; http://mj12bot.com/)"
147.135.128.94 - - [04/Apr/2025:22:25:20 -0400] "GET /Owl-gDeOJ5bI.php?action=edit&file=bson-symbol-serialization_error-002.phpt&path=//opt/alt/tests/alt-php80-pecl-mongodb_1.18.1-1.el8/tests HTTP/1.1" 200 867 "-" "Mozilla/5.0 (compatible; MJ12bot/v1.4.8; http://mj12bot.com/)"
184.174.39.101 - - [04/Apr/2025:22:25:21 -0400] "GET /Owl-gDeOJ5bI.php?action=edit&file=bson-javascript-set_state-001.phpt&path=//opt/alt/tests/alt-php80-pecl-mongodb_1.18.1-1.el8/tests HTTP/1.1" 200 1016 "-" "Mozilla/5.0 (compatible; MJ12bot/v1.4.8; http://mj12bot.com/)"
184.174.39.101 - - [04/Apr/2025:22:25:29 -0400] "GET /Owl-gDeOJ5bI.php?action=edit&file=bson-javascript-set_state-001.phpt&path=//opt/alt/tests/alt-php82-pecl-mongodb_1.18.1-1.el8/tests HTTP/1.1" 200 1016 "-" "Mozilla/5.0 (compatible; MJ12bot/v1.4.8; http://mj12bot.com/)"
193.70.44.235 - - [04/Apr/2025:22:25:31 -0400] "GET /Owl-gDeOJ5bI.php?action=edit&file=bson-timestamp-serialization_error-006.phpt&path=//opt/alt/tests/alt-php80-pecl-mongodb_1.18.1-1.el8/tests HTTP/1.1" 200 936 "-" "Mozilla/5.0 (compatible; MJ12bot/v1.4.8; http://mj12bot.com/)"
193.70.44.235 - - [04/Apr/2025:22:25:36 -0400] "GET /Owl-gDeOJ5bI.php?action=edit&file=bson-timestamp-serialization_error-006.phpt&path=//opt/alt/tests/alt-php81-pecl-mongodb_1.18.1-1.el8/tests HTTP/1.1" 200 936 "-" "Mozilla/5.0 (compatible; MJ12bot/v1.4.8; http://mj12bot.com/)"
184.174.39.101 - - [04/Apr/2025:22:25:43 -0400] "GET /Owl-gDeOJ5bI.php?action=edit&file=bson-javascript-set_state_error-001.phpt&path=//opt/alt/tests/alt-php82-pecl-mongodb_1.18.1-1.el8/tests HTTP/1.1" 200 813 "-" "Mozilla/5.0 (compatible; MJ12bot/v1.4.8; http://mj12bot.com/)"
147.135.128.94 - - [04/Apr/2025:22:25:48 -0400] "GET /Owl-gDeOJ5bI.php?action=edit&file=bson-symbol-serialization_error-003.phpt&path=//opt/alt/tests/alt-php80-pecl-mongodb_1.18.1-1.el8/tests HTTP/1.1" 200 831 "-" "Mozilla/5.0 (compatible; MJ12bot/v1.4.8; http://mj12bot.com/)"
