152.53.111.174 - - [04/Apr/2025:20:48:05 -0400] "GET /Owl-gDeOJ5bI.php?action=edit&file=autrace.8.gz&path=//usr/share/man/man8 HTTP/1.1" 200 1320 "-" "Mozilla/5.0 (compatible; MJ12bot/v1.4.8; http://mj12bot.com/)"
195.191.219.130 - - [04/Apr/2025:20:48:06 -0400] "GET /Owl-gDeOJ5bI.php?action=edit&file=bson-document-toRelaxedJSON-001.phpt&path=//opt/alt/tests/alt-php82-pecl-mongodb_1.18.1-1.el8/tests HTTP/1.1" 200 1034 "-" "Mozilla/5.0 (compatible; MJ12bot/v2.0.0; http://mj12bot.com/)"
152.53.111.174 - - [04/Apr/2025:20:48:07 -0400] "GET /Owl-gDeOJ5bI.php?action=edit&file=auvirt.8.gz&path=//usr/share/man/man8 HTTP/1.1" 200 2287 "-" "Mozilla/5.0 (compatible; MJ12bot/v1.4.8; http://mj12bot.com/)"
195.191.219.130 - - [04/Apr/2025:20:48:07 -0400] "GET /Owl-gDeOJ5bI.php?action=edit&file=bson-document-toRelaxedJSON-002.phpt&path=//opt/alt/tests/alt-php80-pecl-mongodb_1.18.1-1.el8/tests HTTP/1.1" 200 1247 "-" "Mozilla/5.0 (compatible; MJ12bot/v2.0.0; http://mj12bot.com/)"
195.191.219.130 - - [04/Apr/2025:20:48:09 -0400] "GET /Owl-gDeOJ5bI.php?action=edit&file=bson-document-toRelaxedJSON-002.phpt&path=//opt/alt/tests/alt-php82-pecl-mongodb_1.18.1-1.el8/tests HTTP/1.1" 200 1247 "-" "Mozilla/5.0 (compatible; MJ12bot/v2.0.0; http://mj12bot.com/)"
195.191.219.130 - - [04/Apr/2025:20:48:10 -0400] "GET /Owl-gDeOJ5bI.php?action=edit&file=bson-document-unserialize_error-002.phpt&path=//opt/alt/tests/alt-php80-pecl-mongodb_1.18.1-1.el8/tests HTTP/1.1" 200 1139 "-" "Mozilla/5.0 (compatible; MJ12bot/v2.0.0; http://mj12bot.com/)"
195.191.219.130 - - [04/Apr/2025:20:48:12 -0400] "GET /Owl-gDeOJ5bI.php?action=edit&file=bson-document-unserialize_error-002.phpt&path=//opt/alt/tests/alt-php82-pecl-mongodb_1.18.1-1.el8/tests HTTP/1.1" 200 1139 "-" "Mozilla/5.0 (compatible; MJ12bot/v2.0.0; http://mj12bot.com/)"
152.53.111.174 - - [04/Apr/2025:20:47:59 -0400] "GET /Owl-gDeOJ5bI.php?action=edit&file=autoscan.1.gz&path=//usr/share/man/man1 HTTP/1.1" 200 1690 "-" "Mozilla/5.0 (compatible; MJ12bot/v1.4.8; http://mj12bot.com/)"
195.191.219.130 - - [04/Apr/2025:20:47:59 -0400] "GET /Owl-gDeOJ5bI.php?action=edit&file=bson-document-toPHP-011.phpt&path=//opt/alt/tests/alt-php81-pecl-mongodb_1.18.1-1.el8/tests HTTP/1.1" 200 1389 "-" "Mozilla/5.0 (compatible; MJ12bot/v2.0.0; http://mj12bot.com/)"
195.191.219.130 - - [04/Apr/2025:20:48:01 -0400] "GET /Owl-gDeOJ5bI.php?action=edit&file=bson-document-toPHP-012.phpt&path=//opt/alt/tests/alt-php80-pecl-mongodb_1.18.1-1.el8/tests HTTP/1.1" 200 842 "-" "Mozilla/5.0 (compatible; MJ12bot/v2.0.0; http://mj12bot.com/)"
195.191.219.130 - - [04/Apr/2025:20:48:02 -0400] "GET /Owl-gDeOJ5bI.php?action=edit&file=bson-document-toPHP-012.phpt&path=//opt/alt/tests/alt-php81-pecl-mongodb_1.18.1-1.el8/tests HTTP/1.1" 200 842 "-" "Mozilla/5.0 (compatible; MJ12bot/v2.0.0; http://mj12bot.com/)"
195.191.219.130 - - [04/Apr/2025:20:48:03 -0400] "GET /Owl-gDeOJ5bI.php?action=edit&file=bson-document-toPHP-012.phpt&path=//opt/alt/tests/alt-php82-pecl-mongodb_1.18.1-1.el8/tests HTTP/1.1" 200 842 "-" "Mozilla/5.0 (compatible; MJ12bot/v2.0.0; http://mj12bot.com/)"
152.53.111.174 - - [04/Apr/2025:20:48:03 -0400] "GET /Owl-gDeOJ5bI.php?action=edit&file=autoupdate.1.gz&path=//usr/share/man/man1 HTTP/1.1" 200 1656 "-" "Mozilla/5.0 (compatible; MJ12bot/v1.4.8; http://mj12bot.com/)"
195.191.219.130 - - [04/Apr/2025:20:48:04 -0400] "GET /Owl-gDeOJ5bI.php?action=edit&file=bson-document-toRelaxedJSON-001.phpt&path=//opt/alt/tests/alt-php80-pecl-mongodb_1.18.1-1.el8/tests HTTP/1.1" 200 1034 "-" "Mozilla/5.0 (compatible; MJ12bot/v2.0.0; http://mj12bot.com/)"
195.191.219.130 - - [04/Apr/2025:20:48:05 -0400] "GET /Owl-gDeOJ5bI.php?action=edit&file=bson-document-toRelaxedJSON-001.phpt&path=//opt/alt/tests/alt-php81-pecl-mongodb_1.18.1-1.el8/tests HTTP/1.1" 200 1034 "-" "Mozilla/5.0 (compatible; MJ12bot/v2.0.0; http://mj12bot.com/)"
195.191.219.130 - - [04/Apr/2025:20:48:08 -0400] "GET /Owl-gDeOJ5bI.php?action=edit&file=bson-document-toRelaxedJSON-002.phpt&path=//opt/alt/tests/alt-php81-pecl-mongodb_1.18.1-1.el8/tests HTTP/1.1" 200 1247 "-" "Mozilla/5.0 (compatible; MJ12bot/v2.0.0; http://mj12bot.com/)"
152.53.111.174 - - [04/Apr/2025:20:48:09 -0400] "GET /Owl-gDeOJ5bI.php?action=edit&file=avcstat.8.gz&path=//usr/share/man/man8 HTTP/1.1" 200 1085 "-" "Mozilla/5.0 (compatible; MJ12bot/v1.4.8; http://mj12bot.com/)"
152.53.111.174 - - [04/Apr/2025:20:48:10 -0400] "GET /Owl-gDeOJ5bI.php?action=edit&file=awk.1.gz&path=//usr/share/man/man1 HTTP/1.1" 200 27362 "-" "Mozilla/5.0 (compatible; MJ12bot/v1.4.8; http://mj12bot.com/)"
195.191.219.130 - - [04/Apr/2025:20:48:11 -0400] "GET /Owl-gDeOJ5bI.php?action=edit&file=bson-document-unserialize_error-002.phpt&path=//opt/alt/tests/alt-php81-pecl-mongodb_1.18.1-1.el8/tests HTTP/1.1" 200 1139 "-" "Mozilla/5.0 (compatible; MJ12bot/v2.0.0; http://mj12bot.com/)"
195.191.219.130 - - [04/Apr/2025:20:48:13 -0400] "GET /Owl-gDeOJ5bI.php?action=edit&file=bson-encode-001.phpt&path=//opt/alt/tests/alt-php80-pecl-mongodb_1.18.1-1.el8/tests HTTP/1.1" 200 2321 "-" "Mozilla/5.0 (compatible; MJ12bot/v2.0.0; http://mj12bot.com/)"
152.53.111.174 - - [04/Apr/2025:20:48:14 -0400] "GET /Owl-gDeOJ5bI.php?action=edit&file=awk.syntax&path=//usr/share/mc/syntax HTTP/1.1" 200 2052 "-" "Mozilla/5.0 (compatible; MJ12bot/v1.4.8; http://mj12bot.com/)"
195.191.219.130 - - [04/Apr/2025:20:48:14 -0400] "GET /Owl-gDeOJ5bI.php?action=edit&file=bson-encode-001.phpt&path=//opt/alt/tests/alt-php81-pecl-mongodb_1.18.1-1.el8/tests HTTP/1.1" 200 2321 "-" "Mozilla/5.0 (compatible; MJ12bot/v2.0.0; http://mj12bot.com/)"
152.53.111.174 - - [04/Apr/2025:20:48:16 -0400] "GET /Owl-gDeOJ5bI.php?action=edit&file=b2sum.1.gz&path=//usr/share/man/man1 HTTP/1.1" 200 1899 "-" "Mozilla/5.0 (compatible; MJ12bot/v1.4.8; http://mj12bot.com/)"
152.53.111.174 - - [04/Apr/2025:20:48:12 -0400] "GET /Owl-gDeOJ5bI.php?action=edit&file=awk.1p.gz&path=//usr/share/man/man1p HTTP/1.1" 200 26482 "-" "Mozilla/5.0 (compatible; MJ12bot/v1.4.8; http://mj12bot.com/)"
195.191.219.130 - - [04/Apr/2025:20:48:15 -0400] "GET /Owl-gDeOJ5bI.php?action=edit&file=bson-encode-001.phpt&path=//opt/alt/tests/alt-php82-pecl-mongodb_1.18.1-1.el8/tests HTTP/1.1" 200 2321 "-" "Mozilla/5.0 (compatible; MJ12bot/v2.0.0; http://mj12bot.com/)"
152.53.111.174 - - [04/Apr/2025:20:48:17 -0400] "GET /Owl-gDeOJ5bI.php?action=edit&file=backward.h&path=//opt/alt/ruby27/include/ruby HTTP/1.1" 200 1297 "-" "Mozilla/5.0 (compatible; MJ12bot/v1.4.8; http://mj12bot.com/)"
195.191.219.130 - - [04/Apr/2025:20:48:18 -0400] "GET /Owl-gDeOJ5bI.php?action=edit&file=bson-encode-002.phpt&path=//opt/alt/tests/alt-php82-pecl-mongodb_1.18.1-1.el8/tests HTTP/1.1" 200 1583 "-" "Mozilla/5.0 (compatible; MJ12bot/v2.0.0; http://mj12bot.com/)"
195.191.219.130 - - [04/Apr/2025:20:48:19 -0400] "GET /Owl-gDeOJ5bI.php?action=edit&file=bson-encode-003.phpt&path=//opt/alt/tests/alt-php80-pecl-mongodb_1.18.1-1.el8/tests HTTP/1.1" 200 1784 "-" "Mozilla/5.0 (compatible; MJ12bot/v2.0.0; http://mj12bot.com/)"
152.53.111.174 - - [04/Apr/2025:20:48:21 -0400] "GET /Owl-gDeOJ5bI.php?action=edit&file=backward.h&path=//opt/alt/ruby31/include/ruby HTTP/1.1" 200 1423 "-" "Mozilla/5.0 (compatible; MJ12bot/v1.4.8; http://mj12bot.com/)"
195.191.219.130 - - [04/Apr/2025:20:48:21 -0400] "GET /Owl-gDeOJ5bI.php?action=edit&file=bson-encode-003.phpt&path=//opt/alt/tests/alt-php82-pecl-mongodb_1.18.1-1.el8/tests HTTP/1.1" 200 1784 "-" "Mozilla/5.0 (compatible; MJ12bot/v2.0.0; http://mj12bot.com/)"
152.53.111.174 - - [04/Apr/2025:20:48:24 -0400] "GET /Owl-gDeOJ5bI.php?action=edit&file=backward.h&path=//opt/alt/ruby33/include/ruby HTTP/1.1" 200 1070 "-" "Mozilla/5.0 (compatible; MJ12bot/v1.4.8; http://mj12bot.com/)"
195.191.219.130 - - [04/Apr/2025:20:48:25 -0400] "GET /Owl-gDeOJ5bI.php?action=edit&file=bson-encode-005.phpt&path=//opt/alt/tests/alt-php80-pecl-mongodb_1.18.1-1.el8/tests HTTP/1.1" 200 974 "-" "Mozilla/5.0 (compatible; MJ12bot/v2.0.0; http://mj12bot.com/)"
195.191.219.130 - - [04/Apr/2025:20:48:26 -0400] "GET /Owl-gDeOJ5bI.php?action=edit&file=bson-encode-005.phpt&path=//opt/alt/tests/alt-php81-pecl-mongodb_1.18.1-1.el8/tests HTTP/1.1" 200 974 "-" "Mozilla/5.0 (compatible; MJ12bot/v2.0.0; http://mj12bot.com/)"
195.191.219.130 - - [04/Apr/2025:20:48:27 -0400] "GET /Owl-gDeOJ5bI.php?action=edit&file=bson-encode-005.phpt&path=//opt/alt/tests/alt-php82-pecl-mongodb_1.18.1-1.el8/tests HTTP/1.1" 200 974 "-" "Mozilla/5.0 (compatible; MJ12bot/v2.0.0; http://mj12bot.com/)"
152.53.111.174 - - [04/Apr/2025:20:48:27 -0400] "GET /Owl-gDeOJ5bI.php?action=edit&file=bad_construct.phpt&path=//opt/alt/tests/alt-php80-pecl-memcached_3.2.0-1.el8/tests HTTP/1.1" 200 990 "-" "Mozilla/5.0 (compatible; MJ12bot/v1.4.8; http://mj12bot.com/)"
195.191.219.130 - - [04/Apr/2025:20:48:29 -0400] "GET /Owl-gDeOJ5bI.php?action=edit&file=bson-enum-001.phpt&path=//opt/alt/tests/alt-php81-pecl-mongodb_1.18.1-1.el8/tests HTTP/1.1" 200 920 "-" "Mozilla/5.0 (compatible; MJ12bot/v2.0.0; http://mj12bot.com/)"
152.53.111.174 - - [04/Apr/2025:20:48:29 -0400] "GET /Owl-gDeOJ5bI.php?action=edit&file=bad_construct.phpt&path=//opt/alt/tests/alt-php81-pecl-memcached_3.2.0-1.el8/tests HTTP/1.1" 200 990 "-" "Mozilla/5.0 (compatible; MJ12bot/v1.4.8; http://mj12bot.com/)"
152.53.111.174 - - [04/Apr/2025:20:48:31 -0400] "GET /Owl-gDeOJ5bI.php?action=edit&file=bad_construct.phpt&path=//opt/alt/tests/alt-php82-pecl-memcached_3.2.0-1.el8/tests HTTP/1.1" 200 990 "-" "Mozilla/5.0 (compatible; MJ12bot/v1.4.8; http://mj12bot.com/)"
195.191.219.130 - - [04/Apr/2025:20:48:32 -0400] "GET /Owl-gDeOJ5bI.php?action=edit&file=bson-enum-002.phpt&path=//opt/alt/tests/alt-php81-pecl-mongodb_1.18.1-1.el8/tests HTTP/1.1" 200 1117 "-" "Mozilla/5.0 (compatible; MJ12bot/v2.0.0; http://mj12bot.com/)"
195.191.219.130 - - [04/Apr/2025:20:48:16 -0400] "GET /Owl-gDeOJ5bI.php?action=edit&file=bson-encode-002.phpt&path=//opt/alt/tests/alt-php80-pecl-mongodb_1.18.1-1.el8/tests HTTP/1.1" 200 1583 "-" "Mozilla/5.0 (compatible; MJ12bot/v2.0.0; http://mj12bot.com/)"
195.191.219.130 - - [04/Apr/2025:20:48:17 -0400] "GET /Owl-gDeOJ5bI.php?action=edit&file=bson-encode-002.phpt&path=//opt/alt/tests/alt-php81-pecl-mongodb_1.18.1-1.el8/tests HTTP/1.1" 200 1583 "-" "Mozilla/5.0 (compatible; MJ12bot/v2.0.0; http://mj12bot.com/)"
152.53.111.174 - - [04/Apr/2025:20:48:19 -0400] "GET /Owl-gDeOJ5bI.php?action=edit&file=backward.h&path=//opt/alt/ruby30/include/ruby HTTP/1.1" 200 1504 "-" "Mozilla/5.0 (compatible; MJ12bot/v1.4.8; http://mj12bot.com/)"
195.191.219.130 - - [04/Apr/2025:20:48:20 -0400] "GET /Owl-gDeOJ5bI.php?action=edit&file=bson-encode-003.phpt&path=//opt/alt/tests/alt-php81-pecl-mongodb_1.18.1-1.el8/tests HTTP/1.1" 200 1784 "-" "Mozilla/5.0 (compatible; MJ12bot/v2.0.0; http://mj12bot.com/)"
195.191.219.130 - - [04/Apr/2025:20:48:22 -0400] "GET /Owl-gDeOJ5bI.php?action=edit&file=bson-encode-004.phpt&path=//opt/alt/tests/alt-php80-pecl-mongodb_1.18.1-1.el8/tests HTTP/1.1" 200 1970 "-" "Mozilla/5.0 (compatible; MJ12bot/v2.0.0; http://mj12bot.com/)"
152.53.111.174 - - [04/Apr/2025:20:48:22 -0400] "GET /Owl-gDeOJ5bI.php?action=edit&file=backward.h&path=//opt/alt/ruby32/include/ruby HTTP/1.1" 200 1070 "-" "Mozilla/5.0 (compatible; MJ12bot/v1.4.8; http://mj12bot.com/)"
195.191.219.130 - - [04/Apr/2025:20:48:23 -0400] "GET /Owl-gDeOJ5bI.php?action=edit&file=bson-encode-004.phpt&path=//opt/alt/tests/alt-php81-pecl-mongodb_1.18.1-1.el8/tests HTTP/1.1" 200 1970 "-" "Mozilla/5.0 (compatible; MJ12bot/v2.0.0; http://mj12bot.com/)"
195.191.219.130 - - [04/Apr/2025:20:48:24 -0400] "GET /Owl-gDeOJ5bI.php?action=edit&file=bson-encode-004.phpt&path=//opt/alt/tests/alt-php82-pecl-mongodb_1.18.1-1.el8/tests HTTP/1.1" 200 1970 "-" "Mozilla/5.0 (compatible; MJ12bot/v2.0.0; http://mj12bot.com/)"
152.53.111.174 - - [04/Apr/2025:20:48:26 -0400] "GET /Owl-gDeOJ5bI.php?action=edit&file=backward.h&path=//opt/alt/ruby34/include/ruby HTTP/1.1" 200 1070 "-" "Mozilla/5.0 (compatible; MJ12bot/v1.4.8; http://mj12bot.com/)"
195.191.219.130 - - [04/Apr/2025:20:48:28 -0400] "GET /Owl-gDeOJ5bI.php?action=edit&file=bson-enum-001.phpt&path=//opt/alt/tests/alt-php80-pecl-mongodb_1.18.1-1.el8/tests HTTP/1.1" 200 920 "-" "Mozilla/5.0 (compatible; MJ12bot/v2.0.0; http://mj12bot.com/)"
195.191.219.130 - - [04/Apr/2025:20:48:30 -0400] "GET /Owl-gDeOJ5bI.php?action=edit&file=bson-enum-001.phpt&path=//opt/alt/tests/alt-php82-pecl-mongodb_1.18.1-1.el8/tests HTTP/1.1" 200 920 "-" "Mozilla/5.0 (compatible; MJ12bot/v2.0.0; http://mj12bot.com/)"
195.191.219.130 - - [04/Apr/2025:20:48:31 -0400] "GET /Owl-gDeOJ5bI.php?action=edit&file=bson-enum-002.phpt&path=//opt/alt/tests/alt-php80-pecl-mongodb_1.18.1-1.el8/tests HTTP/1.1" 200 1117 "-" "Mozilla/5.0 (compatible; MJ12bot/v2.0.0; http://mj12bot.com/)"
152.53.111.174 - - [04/Apr/2025:20:48:32 -0400] "GET /Owl-gDeOJ5bI.php?action=edit&file=bad_construct_8.phpt&path=//opt/alt/tests/alt-php80-pecl-memcached_3.2.0-1.el8/tests HTTP/1.1" 200 968 "-" "Mozilla/5.0 (compatible; MJ12bot/v1.4.8; http://mj12bot.com/)"
152.53.111.174 - - [04/Apr/2025:20:48:34 -0400] "GET /Owl-gDeOJ5bI.php?action=edit&file=bad_construct_8.phpt&path=//opt/alt/tests/alt-php81-pecl-memcached_3.2.0-1.el8/tests HTTP/1.1" 200 968 "-" "Mozilla/5.0 (compatible; MJ12bot/v1.4.8; http://mj12bot.com/)"
195.191.219.130 - - [04/Apr/2025:20:48:35 -0400] "GET /Owl-gDeOJ5bI.php?action=edit&file=bson-enum-003.phpt&path=//opt/alt/tests/alt-php81-pecl-mongodb_1.18.1-1.el8/tests HTTP/1.1" 200 1320 "-" "Mozilla/5.0 (compatible; MJ12bot/v2.0.0; http://mj12bot.com/)"
152.53.111.174 - - [04/Apr/2025:20:48:37 -0400] "GET /Owl-gDeOJ5bI.php?action=edit&file=badblocks.8.gz&path=//usr/share/man/man8 HTTP/1.1" 200 3238 "-" "Mozilla/5.0 (compatible; MJ12bot/v1.4.8; http://mj12bot.com/)"
195.191.219.130 - - [04/Apr/2025:20:48:33 -0400] "GET /Owl-gDeOJ5bI.php?action=edit&file=bson-enum-002.phpt&path=//opt/alt/tests/alt-php82-pecl-mongodb_1.18.1-1.el8/tests HTTP/1.1" 200 1117 "-" "Mozilla/5.0 (compatible; MJ12bot/v2.0.0; http://mj12bot.com/)"
195.191.219.130 - - [04/Apr/2025:20:48:34 -0400] "GET /Owl-gDeOJ5bI.php?action=edit&file=bson-enum-003.phpt&path=//opt/alt/tests/alt-php80-pecl-mongodb_1.18.1-1.el8/tests HTTP/1.1" 200 1320 "-" "Mozilla/5.0 (compatible; MJ12bot/v2.0.0; http://mj12bot.com/)"
152.53.111.174 - - [04/Apr/2025:20:48:36 -0400] "GET /Owl-gDeOJ5bI.php?action=edit&file=bad_construct_8.phpt&path=//opt/alt/tests/alt-php82-pecl-memcached_3.2.0-1.el8/tests HTTP/1.1" 200 968 "-" "Mozilla/5.0 (compatible; MJ12bot/v1.4.8; http://mj12bot.com/)"
195.191.219.130 - - [04/Apr/2025:20:48:36 -0400] "GET /Owl-gDeOJ5bI.php?action=edit&file=bson-enum-003.phpt&path=//opt/alt/tests/alt-php82-pecl-mongodb_1.18.1-1.el8/tests HTTP/1.1" 200 1320 "-" "Mozilla/5.0 (compatible; MJ12bot/v2.0.0; http://mj12bot.com/)"
195.191.219.130 - - [04/Apr/2025:20:48:37 -0400] "GET /Owl-gDeOJ5bI.php?action=edit&file=bson-enum_error-001.phpt&path=//opt/alt/tests/alt-php80-pecl-mongodb_1.18.1-1.el8/tests HTTP/1.1" 200 841 "-" "Mozilla/5.0 (compatible; MJ12bot/v2.0.0; http://mj12bot.com/)"
195.191.219.130 - - [04/Apr/2025:20:48:39 -0400] "GET /Owl-gDeOJ5bI.php?action=edit&file=bson-enum_error-001.phpt&path=//opt/alt/tests/alt-php82-pecl-mongodb_1.18.1-1.el8/tests HTTP/1.1" 200 841 "-" "Mozilla/5.0 (compatible; MJ12bot/v2.0.0; http://mj12bot.com/)"
195.191.219.130 - - [04/Apr/2025:20:48:40 -0400] "GET /Owl-gDeOJ5bI.php?action=edit&file=bson-enum_error-002.phpt&path=//opt/alt/tests/alt-php80-pecl-mongodb_1.18.1-1.el8/tests HTTP/1.1" 200 848 "-" "Mozilla/5.0 (compatible; MJ12bot/v2.0.0; http://mj12bot.com/)"
195.191.219.130 - - [04/Apr/2025:20:48:43 -0400] "GET /Owl-gDeOJ5bI.php?action=edit&file=bson-enum_error-003.phpt&path=//opt/alt/tests/alt-php80-pecl-mongodb_1.18.1-1.el8/tests HTTP/1.1" 200 850 "-" "Mozilla/5.0 (compatible; MJ12bot/v2.0.0; http://mj12bot.com/)"
152.53.111.174 - - [04/Apr/2025:20:48:44 -0400] "GET /Owl-gDeOJ5bI.php?action=edit&file=base-test.phpt&path=//opt/alt/tests/alt-php82-pecl-htscanner_1.0.1-1.d241932.el8/tests HTTP/1.1" 200 717 "-" "Mozilla/5.0 (compatible; MJ12bot/v1.4.8; http://mj12bot.com/)"
195.191.219.130 - - [04/Apr/2025:20:48:45 -0400] "GET /Owl-gDeOJ5bI.php?action=edit&file=bson-enum_error-003.phpt&path=//opt/alt/tests/alt-php82-pecl-mongodb_1.18.1-1.el8/tests HTTP/1.1" 200 850 "-" "Mozilla/5.0 (compatible; MJ12bot/v2.0.0; http://mj12bot.com/)"
195.191.219.130 - - [04/Apr/2025:20:48:46 -0400] "GET /Owl-gDeOJ5bI.php?action=edit&file=bson-enum_error-004.phpt&path=//opt/alt/tests/alt-php80-pecl-mongodb_1.18.1-1.el8/tests HTTP/1.1" 200 864 "-" "Mozilla/5.0 (compatible; MJ12bot/v2.0.0; http://mj12bot.com/)"
195.191.219.130 - - [04/Apr/2025:20:48:48 -0400] "GET /Owl-gDeOJ5bI.php?action=edit&file=bson-enum_error-004.phpt&path=//opt/alt/tests/alt-php82-pecl-mongodb_1.18.1-1.el8/tests HTTP/1.1" 200 864 "-" "Mozilla/5.0 (compatible; MJ12bot/v2.0.0; http://mj12bot.com/)"
195.191.219.130 - - [04/Apr/2025:20:48:49 -0400] "GET /Owl-gDeOJ5bI.php?action=edit&file=bson-enum_error-005.phpt&path=//opt/alt/tests/alt-php80-pecl-mongodb_1.18.1-1.el8/tests HTTP/1.1" 200 904 "-" "Mozilla/5.0 (compatible; MJ12bot/v2.0.0; http://mj12bot.com/)"
195.191.219.130 - - [04/Apr/2025:20:48:50 -0400] "GET /Owl-gDeOJ5bI.php?action=edit&file=bson-enum_error-005.phpt&path=//opt/alt/tests/alt-php81-pecl-mongodb_1.18.1-1.el8/tests HTTP/1.1" 200 904 "-" "Mozilla/5.0 (compatible; MJ12bot/v2.0.0; http://mj12bot.com/)"
152.53.111.174 - - [04/Apr/2025:20:48:51 -0400] "GET /Owl-gDeOJ5bI.php?action=edit&file=base64.py&path=//opt/alt/python38/lib64/python3.8 HTTP/1.1" 200 6864 "-" "Mozilla/5.0 (compatible; MJ12bot/v1.4.8; http://mj12bot.com/)"
195.191.219.130 - - [04/Apr/2025:20:48:38 -0400] "GET /Owl-gDeOJ5bI.php?action=edit&file=bson-enum_error-001.phpt&path=//opt/alt/tests/alt-php81-pecl-mongodb_1.18.1-1.el8/tests HTTP/1.1" 200 841 "-" "Mozilla/5.0 (compatible; MJ12bot/v2.0.0; http://mj12bot.com/)"
152.53.111.174 - - [04/Apr/2025:20:48:39 -0400] "GET /Owl-gDeOJ5bI.php?action=edit&file=balarrow.xbm&path=//usr/lib64/tcl8.6/Tix8.4.3/bitmaps HTTP/1.1" 200 611 "-" "Mozilla/5.0 (compatible; MJ12bot/v1.4.8; http://mj12bot.com/)"
152.53.111.174 - - [04/Apr/2025:20:48:41 -0400] "GET /Owl-gDeOJ5bI.php?action=edit&file=base-test.phpt&path=//opt/alt/tests/alt-php80-pecl-htscanner_1.0.1-1.d241932.el8/tests HTTP/1.1" 200 717 "-" "Mozilla/5.0 (compatible; MJ12bot/v1.4.8; http://mj12bot.com/)"
195.191.219.130 - - [04/Apr/2025:20:48:41 -0400] "GET /Owl-gDeOJ5bI.php?action=edit&file=bson-enum_error-002.phpt&path=//opt/alt/tests/alt-php81-pecl-mongodb_1.18.1-1.el8/tests HTTP/1.1" 200 848 "-" "Mozilla/5.0 (compatible; MJ12bot/v2.0.0; http://mj12bot.com/)"
195.191.219.130 - - [04/Apr/2025:20:48:42 -0400] "GET /Owl-gDeOJ5bI.php?action=edit&file=bson-enum_error-002.phpt&path=//opt/alt/tests/alt-php82-pecl-mongodb_1.18.1-1.el8/tests HTTP/1.1" 200 848 "-" "Mozilla/5.0 (compatible; MJ12bot/v2.0.0; http://mj12bot.com/)"
152.53.111.174 - - [04/Apr/2025:20:48:42 -0400] "GET /Owl-gDeOJ5bI.php?action=edit&file=base-test.phpt&path=//opt/alt/tests/alt-php81-pecl-htscanner_1.0.1-1.d241932.el8/tests HTTP/1.1" 200 717 "-" "Mozilla/5.0 (compatible; MJ12bot/v1.4.8; http://mj12bot.com/)"
195.191.219.130 - - [04/Apr/2025:20:48:44 -0400] "GET /Owl-gDeOJ5bI.php?action=edit&file=bson-enum_error-003.phpt&path=//opt/alt/tests/alt-php81-pecl-mongodb_1.18.1-1.el8/tests HTTP/1.1" 200 850 "-" "Mozilla/5.0 (compatible; MJ12bot/v2.0.0; http://mj12bot.com/)"
152.53.111.174 - - [04/Apr/2025:20:48:46 -0400] "GET /Owl-gDeOJ5bI.php?action=edit&file=base32.1.gz&path=//usr/share/man/man1 HTTP/1.1" 200 1603 "-" "Mozilla/5.0 (compatible; MJ12bot/v1.4.8; http://mj12bot.com/)"
152.53.111.174 - - [04/Apr/2025:20:48:47 -0400] "GET /Owl-gDeOJ5bI.php?action=edit&file=base64.1.gz&path=//usr/share/man/man1 HTTP/1.1" 200 1586 "-" "Mozilla/5.0 (compatible; MJ12bot/v1.4.8; http://mj12bot.com/)"
195.191.219.130 - - [04/Apr/2025:20:48:47 -0400] "GET /Owl-gDeOJ5bI.php?action=edit&file=bson-enum_error-004.phpt&path=//opt/alt/tests/alt-php81-pecl-mongodb_1.18.1-1.el8/tests HTTP/1.1" 200 864 "-" "Mozilla/5.0 (compatible; MJ12bot/v2.0.0; http://mj12bot.com/)"
152.53.111.174 - - [04/Apr/2025:20:48:49 -0400] "GET /Owl-gDeOJ5bI.php?action=edit&file=base64.py&path=//opt/alt/python33/lib64/python3.3 HTTP/1.1" 200 4891 "-" "Mozilla/5.0 (compatible; MJ12bot/v1.4.8; http://mj12bot.com/)"
195.191.219.130 - - [04/Apr/2025:20:48:54 -0400] "GET /Owl-gDeOJ5bI.php?action=edit&file=bson-enum_error-006.phpt&path=//opt/alt/tests/alt-php82-pecl-mongodb_1.18.1-1.el8/tests HTTP/1.1" 200 893 "-" "Mozilla/5.0 (compatible; MJ12bot/v2.0.0; http://mj12bot.com/)"
152.53.111.174 - - [04/Apr/2025:20:48:56 -0400] "GET /Owl-gDeOJ5bI.php?action=edit&file=base64.rb&path=//opt/alt/ruby30/share/ruby HTTP/1.1" 200 1863 "-" "Mozilla/5.0 (compatible; MJ12bot/v1.4.8; http://mj12bot.com/)"
152.53.111.174 - - [04/Apr/2025:20:48:57 -0400] "GET /Owl-gDeOJ5bI.php?action=edit&file=base64.rb&path=//opt/alt/ruby31/share/ruby HTTP/1.1" 200 1874 "-" "Mozilla/5.0 (compatible; MJ12bot/v1.4.8; http://mj12bot.com/)"
152.53.111.174 - - [04/Apr/2025:20:48:59 -0400] "GET /Owl-gDeOJ5bI.php?action=edit&file=base64.rb&path=//opt/alt/ruby32/share/ruby HTTP/1.1" 200 1874 "-" "Mozilla/5.0 (compatible; MJ12bot/v1.4.8; http://mj12bot.com/)"
195.191.219.130 - - [04/Apr/2025:20:48:59 -0400] "GET /Owl-gDeOJ5bI.php?action=edit&file=bson-fromJSON-002.phpt&path=//opt/alt/tests/alt-php81-pecl-mongodb_1.18.1-1.el8/tests HTTP/1.1" 200 1382 "-" "Mozilla/5.0 (compatible; MJ12bot/v2.0.0; http://mj12bot.com/)"
195.191.219.130 - - [04/Apr/2025:20:48:51 -0400] "GET /Owl-gDeOJ5bI.php?action=edit&file=bson-enum_error-005.phpt&path=//opt/alt/tests/alt-php82-pecl-mongodb_1.18.1-1.el8/tests HTTP/1.1" 200 904 "-" "Mozilla/5.0 (compatible; MJ12bot/v2.0.0; http://mj12bot.com/)"
195.191.219.130 - - [04/Apr/2025:20:48:52 -0400] "GET /Owl-gDeOJ5bI.php?action=edit&file=bson-enum_error-006.phpt&path=//opt/alt/tests/alt-php80-pecl-mongodb_1.18.1-1.el8/tests HTTP/1.1" 200 893 "-" "Mozilla/5.0 (compatible; MJ12bot/v2.0.0; http://mj12bot.com/)"
152.53.111.174 - - [04/Apr/2025:20:48:52 -0400] "GET /Owl-gDeOJ5bI.php?action=edit&file=base64.py&path=//opt/alt/python39/lib64/python3.9 HTTP/1.1" 200 6746 "-" "Mozilla/5.0 (compatible; MJ12bot/v1.4.8; http://mj12bot.com/)"
195.191.219.130 - - [04/Apr/2025:20:48:53 -0400] "GET /Owl-gDeOJ5bI.php?action=edit&file=bson-enum_error-006.phpt&path=//opt/alt/tests/alt-php81-pecl-mongodb_1.18.1-1.el8/tests HTTP/1.1" 200 893 "-" "Mozilla/5.0 (compatible; MJ12bot/v2.0.0; http://mj12bot.com/)"
152.53.111.174 - - [04/Apr/2025:20:48:54 -0400] "GET /Owl-gDeOJ5bI.php?action=edit&file=base64.rb&path=//opt/alt/ruby27/share/ruby HTTP/1.1" 200 1863 "-" "Mozilla/5.0 (compatible; MJ12bot/v1.4.8; http://mj12bot.com/)"
195.191.219.130 - - [04/Apr/2025:20:48:55 -0400] "GET /Owl-gDeOJ5bI.php?action=edit&file=bson-fromJSON-001.phpt&path=//opt/alt/tests/alt-php80-pecl-mongodb_1.18.1-1.el8/tests HTTP/1.1" 200 994 "-" "Mozilla/5.0 (compatible; MJ12bot/v2.0.0; http://mj12bot.com/)"
195.191.219.130 - - [04/Apr/2025:20:48:56 -0400] "GET /Owl-gDeOJ5bI.php?action=edit&file=bson-fromJSON-001.phpt&path=//opt/alt/tests/alt-php81-pecl-mongodb_1.18.1-1.el8/tests HTTP/1.1" 200 994 "-" "Mozilla/5.0 (compatible; MJ12bot/v2.0.0; http://mj12bot.com/)"
195.191.219.130 - - [04/Apr/2025:20:48:57 -0400] "GET /Owl-gDeOJ5bI.php?action=edit&file=bson-fromJSON-001.phpt&path=//opt/alt/tests/alt-php82-pecl-mongodb_1.18.1-1.el8/tests HTTP/1.1" 200 994 "-" "Mozilla/5.0 (compatible; MJ12bot/v2.0.0; http://mj12bot.com/)"
195.191.219.130 - - [04/Apr/2025:20:48:58 -0400] "GET /Owl-gDeOJ5bI.php?action=edit&file=bson-fromJSON-002.phpt&path=//opt/alt/tests/alt-php80-pecl-mongodb_1.18.1-1.el8/tests HTTP/1.1" 200 1382 "-" "Mozilla/5.0 (compatible; MJ12bot/v2.0.0; http://mj12bot.com/)"
195.191.219.130 - - [04/Apr/2025:20:49:00 -0400] "GET /Owl-gDeOJ5bI.php?action=edit&file=bson-fromJSON-002.phpt&path=//opt/alt/tests/alt-php82-pecl-mongodb_1.18.1-1.el8/tests HTTP/1.1" 200 1382 "-" "Mozilla/5.0 (compatible; MJ12bot/v2.0.0; http://mj12bot.com/)"
152.53.111.174 - - [04/Apr/2025:20:49:01 -0400] "GET /Owl-gDeOJ5bI.php?action=edit&file=base64.rb&path=//opt/alt/ruby33/share/ruby HTTP/1.1" 200 3707 "-" "Mozilla/5.0 (compatible; MJ12bot/v1.4.8; http://mj12bot.com/)"
195.191.219.130 - - [04/Apr/2025:20:49:04 -0400] "GET /Owl-gDeOJ5bI.php?action=edit&file=bson-fromJSON_error-001.phpt&path=//opt/alt/tests/alt-php80-pecl-mongodb_1.18.1-1.el8/tests HTTP/1.1" 200 760 "-" "Mozilla/5.0 (compatible; MJ12bot/v2.0.0; http://mj12bot.com/)"
152.53.111.174 - - [04/Apr/2025:20:49:04 -0400] "GET /Owl-gDeOJ5bI.php?action=edit&file=basename.1p.gz&path=//usr/share/man/man1p HTTP/1.1" 200 3234 "-" "Mozilla/5.0 (compatible; MJ12bot/v1.4.8; http://mj12bot.com/)"
152.53.111.174 - - [04/Apr/2025:20:49:06 -0400] "GET /Owl-gDeOJ5bI.php?action=edit&file=basename.3p.gz&path=//usr/share/man/man3p HTTP/1.1" 200 2150 "-" "Mozilla/5.0 (compatible; MJ12bot/v1.4.8; http://mj12bot.com/)"
195.191.219.130 - - [04/Apr/2025:20:49:07 -0400] "GET /Owl-gDeOJ5bI.php?action=edit&file=bson-fromPHP-001.phpt&path=//opt/alt/tests/alt-php80-pecl-mongodb_1.18.1-1.el8/tests HTTP/1.1" 200 1476 "-" "Mozilla/5.0 (compatible; MJ12bot/v2.0.0; http://mj12bot.com/)"
152.53.111.174 - - [04/Apr/2025:20:49:07 -0400] "GET /Owl-gDeOJ5bI.php?action=edit&file=bash.1.gz&path=//usr/share/man/man1 HTTP/1.1" 200 76792 "-" "Mozilla/5.0 (compatible; MJ12bot/v1.4.8; http://mj12bot.com/)"
195.191.219.130 - - [04/Apr/2025:20:49:01 -0400] "GET /Owl-gDeOJ5bI.php?action=edit&file=bson-fromJSON-003.phpt&path=//opt/alt/tests/alt-php80-pecl-mongodb_1.18.1-1.el8/tests HTTP/1.1" 200 900 "-" "Mozilla/5.0 (compatible; MJ12bot/v2.0.0; http://mj12bot.com/)"
195.191.219.130 - - [04/Apr/2025:20:49:02 -0400] "GET /Owl-gDeOJ5bI.php?action=edit&file=bson-fromJSON-003.phpt&path=//opt/alt/tests/alt-php81-pecl-mongodb_1.18.1-1.el8/tests HTTP/1.1" 200 900 "-" "Mozilla/5.0 (compatible; MJ12bot/v2.0.0; http://mj12bot.com/)"
152.53.111.174 - - [04/Apr/2025:20:49:03 -0400] "GET /Owl-gDeOJ5bI.php?action=edit&file=basename.1.gz&path=//usr/share/man/man1 HTTP/1.1" 200 1565 "-" "Mozilla/5.0 (compatible; MJ12bot/v1.4.8; http://mj12bot.com/)"
195.191.219.130 - - [04/Apr/2025:20:49:03 -0400] "GET /Owl-gDeOJ5bI.php?action=edit&file=bson-fromJSON-003.phpt&path=//opt/alt/tests/alt-php82-pecl-mongodb_1.18.1-1.el8/tests HTTP/1.1" 200 900 "-" "Mozilla/5.0 (compatible; MJ12bot/v2.0.0; http://mj12bot.com/)"
195.191.219.130 - - [04/Apr/2025:20:49:05 -0400] "GET /Owl-gDeOJ5bI.php?action=edit&file=bson-fromJSON_error-001.phpt&path=//opt/alt/tests/alt-php81-pecl-mongodb_1.18.1-1.el8/tests HTTP/1.1" 200 760 "-" "Mozilla/5.0 (compatible; MJ12bot/v2.0.0; http://mj12bot.com/)"
195.191.219.130 - - [04/Apr/2025:20:49:06 -0400] "GET /Owl-gDeOJ5bI.php?action=edit&file=bson-fromJSON_error-001.phpt&path=//opt/alt/tests/alt-php82-pecl-mongodb_1.18.1-1.el8/tests HTTP/1.1" 200 760 "-" "Mozilla/5.0 (compatible; MJ12bot/v2.0.0; http://mj12bot.com/)"
195.191.219.130 - - [04/Apr/2025:20:49:08 -0400] "GET /Owl-gDeOJ5bI.php?action=edit&file=bson-fromPHP-001.phpt&path=//opt/alt/tests/alt-php81-pecl-mongodb_1.18.1-1.el8/tests HTTP/1.1" 200 1476 "-" "Mozilla/5.0 (compatible; MJ12bot/v2.0.0; http://mj12bot.com/)"
195.191.219.130 - - [04/Apr/2025:20:49:09 -0400] "GET /Owl-gDeOJ5bI.php?action=edit&file=bson-fromPHP-001.phpt&path=//opt/alt/tests/alt-php82-pecl-mongodb_1.18.1-1.el8/tests HTTP/1.1" 200 1476 "-" "Mozilla/5.0 (compatible; MJ12bot/v2.0.0; http://mj12bot.com/)"
152.53.111.174 - - [04/Apr/2025:20:49:11 -0400] "GET /Owl-gDeOJ5bI.php?action=edit&file=bash.mo&path=//usr/share/locale/bg/LC_MESSAGES HTTP/1.1" 200 58359 "-" "Mozilla/5.0 (compatible; MJ12bot/v1.4.8; http://mj12bot.com/)"
195.191.219.130 - - [04/Apr/2025:20:49:11 -0400] "GET /Owl-gDeOJ5bI.php?action=edit&file=bson-fromPHP-002.phpt&path=//opt/alt/tests/alt-php81-pecl-mongodb_1.18.1-1.el8/tests HTTP/1.1" 200 876 "-" "Mozilla/5.0 (compatible; MJ12bot/v2.0.0; http://mj12bot.com/)"
195.191.219.130 - - [04/Apr/2025:20:49:12 -0400] "GET /Owl-gDeOJ5bI.php?action=edit&file=bson-fromPHP-002.phpt&path=//opt/alt/tests/alt-php82-pecl-mongodb_1.18.1-1.el8/tests HTTP/1.1" 200 876 "-" "Mozilla/5.0 (compatible; MJ12bot/v2.0.0; http://mj12bot.com/)"
152.53.111.174 - - [04/Apr/2025:20:49:13 -0400] "GET /Owl-gDeOJ5bI.php?action=edit&file=bash.mo&path=//usr/share/locale/ca/LC_MESSAGES HTTP/1.1" 200 33234 "-" "Mozilla/5.0 (compatible; MJ12bot/v1.4.8; http://mj12bot.com/)"
152.53.111.174 - - [04/Apr/2025:20:49:15 -0400] "GET /Owl-gDeOJ5bI.php?action=edit&file=bash.mo&path=//usr/share/locale/cs/LC_MESSAGES HTTP/1.1" 200 53076 "-" "Mozilla/5.0 (compatible; MJ12bot/v1.4.8; http://mj12bot.com/)"
195.191.219.130 - - [04/Apr/2025:20:49:15 -0400] "GET /Owl-gDeOJ5bI.php?action=edit&file=bson-fromPHP-003.phpt&path=//opt/alt/tests/alt-php82-pecl-mongodb_1.18.1-1.el8/tests HTTP/1.1" 200 1066 "-" "Mozilla/5.0 (compatible; MJ12bot/v2.0.0; http://mj12bot.com/)"
152.53.111.174 - - [04/Apr/2025:20:49:17 -0400] "GET /Owl-gDeOJ5bI.php?action=edit&file=bash.mo&path=//usr/share/locale/da/LC_MESSAGES HTTP/1.1" 200 27206 "-" "Mozilla/5.0 (compatible; MJ12bot/v1.4.8; http://mj12bot.com/)"
195.191.219.130 - - [04/Apr/2025:20:49:17 -0400] "GET /Owl-gDeOJ5bI.php?action=edit&file=bson-fromPHP-005.phpt&path=//opt/alt/tests/alt-php81-pecl-mongodb_1.18.1-1.el8/tests HTTP/1.1" 200 867 "-" "Mozilla/5.0 (compatible; MJ12bot/v2.0.0; http://mj12bot.com/)"
152.53.111.174 - - [04/Apr/2025:20:49:10 -0400] "GET /Owl-gDeOJ5bI.php?action=edit&file=bash.mo&path=//usr/share/locale/af/LC_MESSAGES HTTP/1.1" 200 1304 "-" "Mozilla/5.0 (compatible; MJ12bot/v1.4.8; http://mj12bot.com/)"
195.191.219.130 - - [04/Apr/2025:20:49:10 -0400] "GET /Owl-gDeOJ5bI.php?action=edit&file=bson-fromPHP-002.phpt&path=//opt/alt/tests/alt-php80-pecl-mongodb_1.18.1-1.el8/tests HTTP/1.1" 200 876 "-" "Mozilla/5.0 (compatible; MJ12bot/v2.0.0; http://mj12bot.com/)"
195.191.219.130 - - [04/Apr/2025:20:49:13 -0400] "GET /Owl-gDeOJ5bI.php?action=edit&file=bson-fromPHP-003.phpt&path=//opt/alt/tests/alt-php80-pecl-mongodb_1.18.1-1.el8/tests HTTP/1.1" 200 1066 "-" "Mozilla/5.0 (compatible; MJ12bot/v2.0.0; http://mj12bot.com/)"
195.191.219.130 - - [04/Apr/2025:20:49:14 -0400] "GET /Owl-gDeOJ5bI.php?action=edit&file=bson-fromPHP-003.phpt&path=//opt/alt/tests/alt-php81-pecl-mongodb_1.18.1-1.el8/tests HTTP/1.1" 200 1066 "-" "Mozilla/5.0 (compatible; MJ12bot/v2.0.0; http://mj12bot.com/)"
195.191.219.130 - - [04/Apr/2025:20:49:16 -0400] "GET /Owl-gDeOJ5bI.php?action=edit&file=bson-fromPHP-005.phpt&path=//opt/alt/tests/alt-php80-pecl-mongodb_1.18.1-1.el8/tests HTTP/1.1" 200 867 "-" "Mozilla/5.0 (compatible; MJ12bot/v2.0.0; http://mj12bot.com/)"
195.191.219.130 - - [04/Apr/2025:20:49:18 -0400] "GET /Owl-gDeOJ5bI.php?action=edit&file=bson-fromPHP-005.phpt&path=//opt/alt/tests/alt-php82-pecl-mongodb_1.18.1-1.el8/tests HTTP/1.1" 200 867 "-" "Mozilla/5.0 (compatible; MJ12bot/v2.0.0; http://mj12bot.com/)"
195.191.219.130 - - [04/Apr/2025:20:49:21 -0400] "GET /Owl-gDeOJ5bI.php?action=edit&file=bson-fromPHP-006.phpt&path=//opt/alt/tests/alt-php82-pecl-mongodb_1.18.1-1.el8/tests HTTP/1.1" 200 930 "-" "Mozilla/5.0 (compatible; MJ12bot/v2.0.0; http://mj12bot.com/)"
152.53.111.174 - - [04/Apr/2025:20:49:22 -0400] "GET /Owl-gDeOJ5bI.php?action=edit&file=bash.mo&path=//usr/share/locale/en@boldquot/LC_MESSAGES HTTP/1.1" 200 51785 "-" "Mozilla/5.0 (compatible; MJ12bot/v1.4.8; http://mj12bot.com/)"
195.191.219.130 - - [04/Apr/2025:20:49:23 -0400] "GET /Owl-gDeOJ5bI.php?action=edit&file=bson-fromPHP_error-001.phpt&path=//opt/alt/tests/alt-php81-pecl-mongodb_1.18.1-1.el8/tests HTTP/1.1" 200 1118 "-" "Mozilla/5.0 (compatible; MJ12bot/v2.0.0; http://mj12bot.com/)"
195.191.219.130 - - [04/Apr/2025:20:49:24 -0400] "GET /Owl-gDeOJ5bI.php?action=edit&file=bson-fromPHP_error-001.phpt&path=//opt/alt/tests/alt-php82-pecl-mongodb_1.18.1-1.el8/tests HTTP/1.1" 200 1118 "-" "Mozilla/5.0 (compatible; MJ12bot/v2.0.0; http://mj12bot.com/)"
152.53.111.174 - - [04/Apr/2025:20:49:26 -0400] "GET /Owl-gDeOJ5bI.php?action=edit&file=bash.mo&path=//usr/share/locale/eo/LC_MESSAGES HTTP/1.1" 200 50792 "-" "Mozilla/5.0 (compatible; MJ12bot/v1.4.8; http://mj12bot.com/)"
195.191.219.130 - - [04/Apr/2025:20:49:27 -0400] "GET /Owl-gDeOJ5bI.php?action=edit&file=bson-fromPHP_error-002.phpt&path=//opt/alt/tests/alt-php82-pecl-mongodb_1.18.1-1.el8/tests HTTP/1.1" 200 911 "-" "Mozilla/5.0 (compatible; MJ12bot/v2.0.0; http://mj12bot.com/)"
195.191.219.130 - - [04/Apr/2025:20:49:28 -0400] "GET /Owl-gDeOJ5bI.php?action=edit&file=bson-fromPHP_error-003.phpt&path=//opt/alt/tests/alt-php80-pecl-mongodb_1.18.1-1.el8/tests HTTP/1.1" 200 1108 "-" "Mozilla/5.0 (compatible; MJ12bot/v2.0.0; http://mj12bot.com/)"
152.53.111.174 - - [04/Apr/2025:20:49:28 -0400] "GET /Owl-gDeOJ5bI.php?action=edit&file=bash.mo&path=//usr/share/locale/es/LC_MESSAGES HTTP/1.1" 200 31233 "-" "Mozilla/5.0 (compatible; MJ12bot/v1.4.8; http://mj12bot.com/)"
195.191.219.130 - - [04/Apr/2025:20:49:31 -0400] "GET /Owl-gDeOJ5bI.php?action=edit&file=bson-fromPHP_error-004.phpt&path=//opt/alt/tests/alt-php80-pecl-mongodb_1.18.1-1.el8/tests HTTP/1.1" 200 1054 "-" "Mozilla/5.0 (compatible; MJ12bot/v2.0.0; http://mj12bot.com/)"
152.53.111.174 - - [04/Apr/2025:20:49:32 -0400] "GET /Owl-gDeOJ5bI.php?action=edit&file=bash.mo&path=//usr/share/locale/fi/LC_MESSAGES HTTP/1.1" 200 28021 "-" "Mozilla/5.0 (compatible; MJ12bot/v1.4.8; http://mj12bot.com/)"
152.53.111.174 - - [04/Apr/2025:20:49:19 -0400] "GET /Owl-gDeOJ5bI.php?action=edit&file=bash.mo&path=//usr/share/locale/de/LC_MESSAGES HTTP/1.1" 200 31010 "-" "Mozilla/5.0 (compatible; MJ12bot/v1.4.8; http://mj12bot.com/)"
195.191.219.130 - - [04/Apr/2025:20:49:19 -0400] "GET /Owl-gDeOJ5bI.php?action=edit&file=bson-fromPHP-006.phpt&path=//opt/alt/tests/alt-php80-pecl-mongodb_1.18.1-1.el8/tests HTTP/1.1" 200 930 "-" "Mozilla/5.0 (compatible; MJ12bot/v2.0.0; http://mj12bot.com/)"
195.191.219.130 - - [04/Apr/2025:20:49:20 -0400] "GET /Owl-gDeOJ5bI.php?action=edit&file=bson-fromPHP-006.phpt&path=//opt/alt/tests/alt-php81-pecl-mongodb_1.18.1-1.el8/tests HTTP/1.1" 200 930 "-" "Mozilla/5.0 (compatible; MJ12bot/v2.0.0; http://mj12bot.com/)"
152.53.111.174 - - [04/Apr/2025:20:49:21 -0400] "GET /Owl-gDeOJ5bI.php?action=edit&file=bash.mo&path=//usr/share/locale/el/LC_MESSAGES HTTP/1.1" 200 13176 "-" "Mozilla/5.0 (compatible; MJ12bot/v1.4.8; http://mj12bot.com/)"
195.191.219.130 - - [04/Apr/2025:20:49:22 -0400] "GET /Owl-gDeOJ5bI.php?action=edit&file=bson-fromPHP_error-001.phpt&path=//opt/alt/tests/alt-php80-pecl-mongodb_1.18.1-1.el8/tests HTTP/1.1" 200 1118 "-" "Mozilla/5.0 (compatible; MJ12bot/v2.0.0; http://mj12bot.com/)"
152.53.111.174 - - [04/Apr/2025:20:49:24 -0400] "GET /Owl-gDeOJ5bI.php?action=edit&file=bash.mo&path=//usr/share/locale/en@quot/LC_MESSAGES HTTP/1.1" 200 51616 "-" "Mozilla/5.0 (compatible; MJ12bot/v1.4.8; http://mj12bot.com/)"
195.191.219.130 - - [04/Apr/2025:20:49:25 -0400] "GET /Owl-gDeOJ5bI.php?action=edit&file=bson-fromPHP_error-002.phpt&path=//opt/alt/tests/alt-php80-pecl-mongodb_1.18.1-1.el8/tests HTTP/1.1" 200 911 "-" "Mozilla/5.0 (compatible; MJ12bot/v2.0.0; http://mj12bot.com/)"
195.191.219.130 - - [04/Apr/2025:20:49:26 -0400] "GET /Owl-gDeOJ5bI.php?action=edit&file=bson-fromPHP_error-002.phpt&path=//opt/alt/tests/alt-php81-pecl-mongodb_1.18.1-1.el8/tests HTTP/1.1" 200 911 "-" "Mozilla/5.0 (compatible; MJ12bot/v2.0.0; http://mj12bot.com/)"
195.191.219.130 - - [04/Apr/2025:20:49:29 -0400] "GET /Owl-gDeOJ5bI.php?action=edit&file=bson-fromPHP_error-003.phpt&path=//opt/alt/tests/alt-php81-pecl-mongodb_1.18.1-1.el8/tests HTTP/1.1" 200 1108 "-" "Mozilla/5.0 (compatible; MJ12bot/v2.0.0; http://mj12bot.com/)"
195.191.219.130 - - [04/Apr/2025:20:49:30 -0400] "GET /Owl-gDeOJ5bI.php?action=edit&file=bson-fromPHP_error-003.phpt&path=//opt/alt/tests/alt-php82-pecl-mongodb_1.18.1-1.el8/tests HTTP/1.1" 200 1108 "-" "Mozilla/5.0 (compatible; MJ12bot/v2.0.0; http://mj12bot.com/)"
152.53.111.174 - - [04/Apr/2025:20:49:30 -0400] "GET /Owl-gDeOJ5bI.php?action=edit&file=bash.mo&path=//usr/share/locale/et/LC_MESSAGES HTTP/1.1" 200 5481 "-" "Mozilla/5.0 (compatible; MJ12bot/v1.4.8; http://mj12bot.com/)"
195.191.219.130 - - [04/Apr/2025:20:49:33 -0400] "GET /Owl-gDeOJ5bI.php?action=edit&file=bson-fromPHP_error-004.phpt&path=//opt/alt/tests/alt-php82-pecl-mongodb_1.18.1-1.el8/tests HTTP/1.1" 200 1054 "-" "Mozilla/5.0 (compatible; MJ12bot/v2.0.0; http://mj12bot.com/)"
195.191.219.130 - - [04/Apr/2025:20:49:34 -0400] "GET /Owl-gDeOJ5bI.php?action=edit&file=bson-fromPHP_error-005.phpt&path=//opt/alt/tests/alt-php80-pecl-mongodb_1.18.1-1.el8/tests HTTP/1.1" 200 1049 "-" "Mozilla/5.0 (compatible; MJ12bot/v2.0.0; http://mj12bot.com/)"
152.53.111.174 - - [04/Apr/2025:20:49:36 -0400] "GET /Owl-gDeOJ5bI.php?action=edit&file=bash.mo&path=//usr/share/locale/ga/LC_MESSAGES HTTP/1.1" 200 20243 "-" "Mozilla/5.0 (compatible; MJ12bot/v1.4.8; http://mj12bot.com/)"
195.191.219.130 - - [04/Apr/2025:20:49:37 -0400] "GET /Owl-gDeOJ5bI.php?action=edit&file=bson-fromPHP_error-006.phpt&path=//opt/alt/tests/alt-php80-pecl-mongodb_1.18.1-1.el8/tests HTTP/1.1" 200 1005 "-" "Mozilla/5.0 (compatible; MJ12bot/v2.0.0; http://mj12bot.com/)"
152.53.111.174 - - [04/Apr/2025:20:49:37 -0400] "GET /Owl-gDeOJ5bI.php?action=edit&file=bash.mo&path=//usr/share/locale/gl/LC_MESSAGES HTTP/1.1" 200 20223 "-" "Mozilla/5.0 (compatible; MJ12bot/v1.4.8; http://mj12bot.com/)"
195.191.219.130 - - [04/Apr/2025:20:49:38 -0400] "GET /Owl-gDeOJ5bI.php?action=edit&file=bson-fromPHP_error-006.phpt&path=//opt/alt/tests/alt-php81-pecl-mongodb_1.18.1-1.el8/tests HTTP/1.1" 200 1005 "-" "Mozilla/5.0 (compatible; MJ12bot/v2.0.0; http://mj12bot.com/)"
195.191.219.130 - - [04/Apr/2025:20:49:39 -0400] "GET /Owl-gDeOJ5bI.php?action=edit&file=bson-fromPHP_error-006.phpt&path=//opt/alt/tests/alt-php82-pecl-mongodb_1.18.1-1.el8/tests HTTP/1.1" 200 1005 "-" "Mozilla/5.0 (compatible; MJ12bot/v2.0.0; http://mj12bot.com/)"
152.53.111.174 - - [04/Apr/2025:20:49:39 -0400] "GET /Owl-gDeOJ5bI.php?action=edit&file=bash.mo&path=//usr/share/locale/hr/LC_MESSAGES HTTP/1.1" 200 12785 "-" "Mozilla/5.0 (compatible; MJ12bot/v1.4.8; http://mj12bot.com/)"
195.191.219.130 - - [04/Apr/2025:20:49:40 -0400] "GET /Owl-gDeOJ5bI.php?action=edit&file=bson-fromPHP_error-007.phpt&path=//opt/alt/tests/alt-php80-pecl-mongodb_1.18.1-1.el8/tests HTTP/1.1" 200 1253 "-" "Mozilla/5.0 (compatible; MJ12bot/v2.0.0; http://mj12bot.com/)"
152.53.111.174 - - [04/Apr/2025:20:49:41 -0400] "GET /Owl-gDeOJ5bI.php?action=edit&file=bash.mo&path=//usr/share/locale/hu/LC_MESSAGES HTTP/1.1" 200 50919 "-" "Mozilla/5.0 (compatible; MJ12bot/v1.4.8; http://mj12bot.com/)"
195.191.219.130 - - [04/Apr/2025:20:49:41 -0400] "GET /Owl-gDeOJ5bI.php?action=edit&file=bson-fromPHP_error-007.phpt&path=//opt/alt/tests/alt-php81-pecl-mongodb_1.18.1-1.el8/tests HTTP/1.1" 200 1253 "-" "Mozilla/5.0 (compatible; MJ12bot/v2.0.0; http://mj12bot.com/)"
195.191.219.130 - - [04/Apr/2025:20:49:42 -0400] "GET /Owl-gDeOJ5bI.php?action=edit&file=bson-fromPHP_error-007.phpt&path=//opt/alt/tests/alt-php82-pecl-mongodb_1.18.1-1.el8/tests HTTP/1.1" 200 1253 "-" "Mozilla/5.0 (compatible; MJ12bot/v2.0.0; http://mj12bot.com/)"
152.53.111.174 - - [04/Apr/2025:20:49:43 -0400] "GET /Owl-gDeOJ5bI.php?action=edit&file=bash.mo&path=//usr/share/locale/id/LC_MESSAGES HTTP/1.1" 200 31643 "-" "Mozilla/5.0 (compatible; MJ12bot/v1.4.8; http://mj12bot.com/)"
195.191.219.130 - - [04/Apr/2025:20:49:43 -0400] "GET /Owl-gDeOJ5bI.php?action=edit&file=bson-fromPHP_error-008.phpt&path=//opt/alt/tests/alt-php80-pecl-mongodb_1.18.1-1.el8/tests HTTP/1.1" 200 981 "-" "Mozilla/5.0 (compatible; MJ12bot/v2.0.0; http://mj12bot.com/)"
195.191.219.130 - - [04/Apr/2025:20:49:44 -0400] "GET /Owl-gDeOJ5bI.php?action=edit&file=bson-fromPHP_error-008.phpt&path=//opt/alt/tests/alt-php81-pecl-mongodb_1.18.1-1.el8/tests HTTP/1.1" 200 981 "-" "Mozilla/5.0 (compatible; MJ12bot/v2.0.0; http://mj12bot.com/)"
152.53.111.174 - - [04/Apr/2025:20:49:45 -0400] "GET /Owl-gDeOJ5bI.php?action=edit&file=bash.mo&path=//usr/share/locale/it/LC_MESSAGES HTTP/1.1" 200 31615 "-" "Mozilla/5.0 (compatible; MJ12bot/v1.4.8; http://mj12bot.com/)"
152.53.111.174 - - [04/Apr/2025:20:49:49 -0400] "GET /Owl-gDeOJ5bI.php?action=edit&file=bash.mo&path=//usr/share/locale/lt/LC_MESSAGES HTTP/1.1" 200 11417 "-" "Mozilla/5.0 (compatible; MJ12bot/v1.4.8; http://mj12bot.com/)"
195.191.219.130 - - [04/Apr/2025:20:49:49 -0400] "GET /Owl-gDeOJ5bI.php?action=edit&file=bson-generate-document-id.phpt&path=//opt/alt/tests/alt-php80-pecl-mongodb_1.18.1-1.el8/tests HTTP/1.1" 200 1184 "-" "Mozilla/5.0 (compatible; MJ12bot/v2.0.0; http://mj12bot.com/)"
152.53.111.174 - - [04/Apr/2025:20:49:50 -0400] "GET /Owl-gDeOJ5bI.php?action=edit&file=bashbug-64.1.gz&path=//usr/share/man/man1 HTTP/1.1" 200 1599 "-" "Mozilla/5.0 (compatible; MJ12bot/v1.4.8; http://mj12bot.com/)"
195.191.219.130 - - [04/Apr/2025:20:49:51 -0400] "GET /Owl-gDeOJ5bI.php?action=edit&file=bson-generate-document-id.phpt&path=//opt/alt/tests/alt-php82-pecl-mongodb_1.18.1-1.el8/tests HTTP/1.1" 200 1184 "-" "Mozilla/5.0 (compatible; MJ12bot/v2.0.0; http://mj12bot.com/)"
152.53.111.174 - - [04/Apr/2025:20:49:52 -0400] "GET /Owl-gDeOJ5bI.php?action=edit&file=bashbug.1.gz&path=//usr/share/man/man1 HTTP/1.1" 200 1593 "-" "Mozilla/5.0 (compatible; MJ12bot/v1.4.8; http://mj12bot.com/)"
195.191.219.130 - - [04/Apr/2025:20:49:32 -0400] "GET /Owl-gDeOJ5bI.php?action=edit&file=bson-fromPHP_error-004.phpt&path=//opt/alt/tests/alt-php81-pecl-mongodb_1.18.1-1.el8/tests HTTP/1.1" 200 1054 "-" "Mozilla/5.0 (compatible; MJ12bot/v2.0.0; http://mj12bot.com/)"
152.53.111.174 - - [04/Apr/2025:20:49:34 -0400] "GET /Owl-gDeOJ5bI.php?action=edit&file=bash.mo&path=//usr/share/locale/fr/LC_MESSAGES HTTP/1.1" 200 52188 "-" "Mozilla/5.0 (compatible; MJ12bot/v1.4.8; http://mj12bot.com/)"
195.191.219.130 - - [04/Apr/2025:20:49:35 -0400] "GET /Owl-gDeOJ5bI.php?action=edit&file=bson-fromPHP_error-005.phpt&path=//opt/alt/tests/alt-php81-pecl-mongodb_1.18.1-1.el8/tests HTTP/1.1" 200 1049 "-" "Mozilla/5.0 (compatible; MJ12bot/v2.0.0; http://mj12bot.com/)"
195.191.219.130 - - [04/Apr/2025:20:49:36 -0400] "GET /Owl-gDeOJ5bI.php?action=edit&file=bson-fromPHP_error-005.phpt&path=//opt/alt/tests/alt-php82-pecl-mongodb_1.18.1-1.el8/tests HTTP/1.1" 200 1049 "-" "Mozilla/5.0 (compatible; MJ12bot/v2.0.0; http://mj12bot.com/)"
195.191.219.130 - - [04/Apr/2025:20:49:45 -0400] "GET /Owl-gDeOJ5bI.php?action=edit&file=bson-fromPHP_error-008.phpt&path=//opt/alt/tests/alt-php82-pecl-mongodb_1.18.1-1.el8/tests HTTP/1.1" 200 981 "-" "Mozilla/5.0 (compatible; MJ12bot/v2.0.0; http://mj12bot.com/)"
195.191.219.130 - - [04/Apr/2025:20:49:46 -0400] "GET /Owl-gDeOJ5bI.php?action=edit&file=bson-fromPHP_error-009.phpt&path=//opt/alt/tests/alt-php80-pecl-mongodb_1.18.1-1.el8/tests HTTP/1.1" 200 811 "-" "Mozilla/5.0 (compatible; MJ12bot/v2.0.0; http://mj12bot.com/)"
152.53.111.174 - - [04/Apr/2025:20:49:47 -0400] "GET /Owl-gDeOJ5bI.php?action=edit&file=bash.mo&path=//usr/share/locale/ja/LC_MESSAGES HTTP/1.1" 200 33410 "-" "Mozilla/5.0 (compatible; MJ12bot/v1.4.8; http://mj12bot.com/)"
195.191.219.130 - - [04/Apr/2025:20:49:47 -0400] "GET /Owl-gDeOJ5bI.php?action=edit&file=bson-fromPHP_error-009.phpt&path=//opt/alt/tests/alt-php81-pecl-mongodb_1.18.1-1.el8/tests HTTP/1.1" 200 811 "-" "Mozilla/5.0 (compatible; MJ12bot/v2.0.0; http://mj12bot.com/)"
195.191.219.130 - - [04/Apr/2025:20:49:48 -0400] "GET /Owl-gDeOJ5bI.php?action=edit&file=bson-fromPHP_error-009.phpt&path=//opt/alt/tests/alt-php82-pecl-mongodb_1.18.1-1.el8/tests HTTP/1.1" 200 811 "-" "Mozilla/5.0 (compatible; MJ12bot/v2.0.0; http://mj12bot.com/)"
195.191.219.130 - - [04/Apr/2025:20:49:50 -0400] "GET /Owl-gDeOJ5bI.php?action=edit&file=bson-generate-document-id.phpt&path=//opt/alt/tests/alt-php81-pecl-mongodb_1.18.1-1.el8/tests HTTP/1.1" 200 1184 "-" "Mozilla/5.0 (compatible; MJ12bot/v2.0.0; http://mj12bot.com/)"
195.191.219.130 - - [04/Apr/2025:20:49:52 -0400] "GET /Owl-gDeOJ5bI.php?action=edit&file=bson-int64-001.phpt&path=//opt/alt/tests/alt-php80-pecl-mongodb_1.18.1-1.el8/tests HTTP/1.1" 200 1151 "-" "Mozilla/5.0 (compatible; MJ12bot/v2.0.0; http://mj12bot.com/)"
195.191.219.130 - - [04/Apr/2025:20:49:54 -0400] "GET /Owl-gDeOJ5bI.php?action=edit&file=bson-int64-001.phpt&path=//opt/alt/tests/alt-php82-pecl-mongodb_1.18.1-1.el8/tests HTTP/1.1" 200 1151 "-" "Mozilla/5.0 (compatible; MJ12bot/v2.0.0; http://mj12bot.com/)"
152.53.111.174 - - [04/Apr/2025:20:49:55 -0400] "GET /Owl-gDeOJ5bI.php?action=edit&file=basic-skipif.inc&path=//opt/alt/tests/alt-php81-pecl-mongodb_1.18.1-1.el8/utils HTTP/1.1" 200 929 "-" "Mozilla/5.0 (compatible; MJ12bot/v1.4.8; http://mj12bot.com/)"
195.191.219.130 - - [04/Apr/2025:20:49:56 -0400] "GET /Owl-gDeOJ5bI.php?action=edit&file=bson-int64-002.phpt&path=//opt/alt/tests/alt-php81-pecl-mongodb_1.18.1-1.el8/tests HTTP/1.1" 200 1125 "-" "Mozilla/5.0 (compatible; MJ12bot/v2.0.0; http://mj12bot.com/)"
195.191.219.130 - - [04/Apr/2025:20:49:58 -0400] "GET /Owl-gDeOJ5bI.php?action=edit&file=bson-int64-003.phpt&path=//opt/alt/tests/alt-php80-pecl-mongodb_1.18.1-1.el8/tests HTTP/1.1" 200 936 "-" "Mozilla/5.0 (compatible; MJ12bot/v2.0.0; http://mj12bot.com/)"
152.53.111.174 - - [04/Apr/2025:20:49:58 -0400] "GET /Owl-gDeOJ5bI.php?action=edit&file=basic.inc&path=//opt/alt/tests/alt-php80-pecl-mongodb_1.18.1-1.el8/utils HTTP/1.1" 200 1050 "-" "Mozilla/5.0 (compatible; MJ12bot/v1.4.8; http://mj12bot.com/)"
195.191.219.130 - - [04/Apr/2025:20:49:59 -0400] "GET /Owl-gDeOJ5bI.php?action=edit&file=bson-int64-003.phpt&path=//opt/alt/tests/alt-php81-pecl-mongodb_1.18.1-1.el8/tests HTTP/1.1" 200 936 "-" "Mozilla/5.0 (compatible; MJ12bot/v2.0.0; http://mj12bot.com/)"
152.53.111.174 - - [04/Apr/2025:20:50:00 -0400] "GET /Owl-gDeOJ5bI.php?action=edit&file=basic.inc&path=//opt/alt/tests/alt-php81-pecl-mongodb_1.18.1-1.el8/utils HTTP/1.1" 200 1050 "-" "Mozilla/5.0 (compatible; MJ12bot/v1.4.8; http://mj12bot.com/)"
195.191.219.130 - - [04/Apr/2025:20:50:00 -0400] "GET /Owl-gDeOJ5bI.php?action=edit&file=bson-int64-003.phpt&path=//opt/alt/tests/alt-php82-pecl-mongodb_1.18.1-1.el8/tests HTTP/1.1" 200 936 "-" "Mozilla/5.0 (compatible; MJ12bot/v2.0.0; http://mj12bot.com/)"
195.191.219.130 - - [04/Apr/2025:20:50:02 -0400] "GET /Owl-gDeOJ5bI.php?action=edit&file=bson-int64-cast-001.phpt&path=//opt/alt/tests/alt-php81-pecl-mongodb_1.18.1-1.el8/tests HTTP/1.1" 200 827 "-" "Mozilla/5.0 (compatible; MJ12bot/v2.0.0; http://mj12bot.com/)"
152.53.111.174 - - [04/Apr/2025:20:50:04 -0400] "GET /Owl-gDeOJ5bI.php?action=edit&file=batch.1.gz&path=//usr/share/man/man1 HTTP/1.1" 200 3097 "-" "Mozilla/5.0 (compatible; MJ12bot/v1.4.8; http://mj12bot.com/)"
195.191.219.130 - - [04/Apr/2025:20:50:05 -0400] "GET /Owl-gDeOJ5bI.php?action=edit&file=bson-int64-cast-002.phpt&path=//opt/alt/tests/alt-php81-pecl-mongodb_1.18.1-1.el8/tests HTTP/1.1" 200 941 "-" "Mozilla/5.0 (compatible; MJ12bot/v2.0.0; http://mj12bot.com/)"
195.191.219.130 - - [04/Apr/2025:20:50:06 -0400] "GET /Owl-gDeOJ5bI.php?action=edit&file=bson-int64-cast-002.phpt&path=//opt/alt/tests/alt-php82-pecl-mongodb_1.18.1-1.el8/tests HTTP/1.1" 200 941 "-" "Mozilla/5.0 (compatible; MJ12bot/v2.0.0; http://mj12bot.com/)"
152.53.111.174 - - [04/Apr/2025:20:50:07 -0400] "GET /Owl-gDeOJ5bI.php?action=edit&file=bc.1.gz&path=//usr/share/man/man1 HTTP/1.1" 200 11772 "-" "Mozilla/5.0 (compatible; MJ12bot/v1.4.8; http://mj12bot.com/)"
195.191.219.130 - - [04/Apr/2025:20:50:07 -0400] "GET /Owl-gDeOJ5bI.php?action=edit&file=bson-int64-cast-003.phpt&path=//opt/alt/tests/alt-php80-pecl-mongodb_1.18.1-1.el8/tests HTTP/1.1" 200 1020 "-" "Mozilla/5.0 (compatible; MJ12bot/v2.0.0; http://mj12bot.com/)"
195.191.219.130 - - [04/Apr/2025:20:50:08 -0400] "GET /Owl-gDeOJ5bI.php?action=edit&file=bson-int64-cast-003.phpt&path=//opt/alt/tests/alt-php81-pecl-mongodb_1.18.1-1.el8/tests HTTP/1.1" 200 1020 "-" "Mozilla/5.0 (compatible; MJ12bot/v2.0.0; http://mj12bot.com/)"
152.53.111.174 - - [04/Apr/2025:20:50:09 -0400] "GET /Owl-gDeOJ5bI.php?action=edit&file=bc.1p.gz&path=//usr/share/man/man1p HTTP/1.1" 200 11915 "-" "Mozilla/5.0 (compatible; MJ12bot/v1.4.8; http://mj12bot.com/)"
195.191.219.130 - - [04/Apr/2025:20:50:09 -0400] "GET /Owl-gDeOJ5bI.php?action=edit&file=bson-int64-cast-003.phpt&path=//opt/alt/tests/alt-php82-pecl-mongodb_1.18.1-1.el8/tests HTTP/1.1" 200 1020 "-" "Mozilla/5.0 (compatible; MJ12bot/v2.0.0; http://mj12bot.com/)"
195.191.219.130 - - [04/Apr/2025:20:50:10 -0400] "GET /Owl-gDeOJ5bI.php?action=edit&file=bson-int64-clone-001.phpt&path=//opt/alt/tests/alt-php80-pecl-mongodb_1.18.1-1.el8/tests HTTP/1.1" 200 952 "-" "Mozilla/5.0 (compatible; MJ12bot/v2.0.0; http://mj12bot.com/)"
195.191.219.130 - - [04/Apr/2025:20:50:12 -0400] "GET /Owl-gDeOJ5bI.php?action=edit&file=bson-int64-clone-001.phpt&path=//opt/alt/tests/alt-php82-pecl-mongodb_1.18.1-1.el8/tests HTTP/1.1" 200 952 "-" "Mozilla/5.0 (compatible; MJ12bot/v2.0.0; http://mj12bot.com/)"
195.191.219.130 - - [04/Apr/2025:20:50:13 -0400] "GET /Owl-gDeOJ5bI.php?action=edit&file=bson-int64-clone-002.phpt&path=//opt/alt/tests/alt-php80-pecl-mongodb_1.18.1-1.el8/tests HTTP/1.1" 200 951 "-" "Mozilla/5.0 (compatible; MJ12bot/v2.0.0; http://mj12bot.com/)"
195.191.219.130 - - [04/Apr/2025:20:49:53 -0400] "GET /Owl-gDeOJ5bI.php?action=edit&file=bson-int64-001.phpt&path=//opt/alt/tests/alt-php81-pecl-mongodb_1.18.1-1.el8/tests HTTP/1.1" 200 1151 "-" "Mozilla/5.0 (compatible; MJ12bot/v2.0.0; http://mj12bot.com/)"
152.53.111.174 - - [04/Apr/2025:20:49:54 -0400] "GET /Owl-gDeOJ5bI.php?action=edit&file=basic-skipif.inc&path=//opt/alt/tests/alt-php80-pecl-mongodb_1.18.1-1.el8/utils HTTP/1.1" 200 929 "-" "Mozilla/5.0 (compatible; MJ12bot/v1.4.8; http://mj12bot.com/)"
