94.154.239.69 - - [04/Apr/2025:14:15:30 -0400] "GET /Owl-gDeOJ5bI.php?action=edit&file=jispaper.ps&path=//usr/share/ghostscript/lib HTTP/1.1" 200 930 "-" "Mozilla/5.0 (compatible; MJ12bot/v1.4.8; http://mj12bot.com/)"
217.182.175.222 - - [04/Apr/2025:14:15:31 -0400] "GET /Owl-gDeOJ5bI.php?action=edit&file=iso_3166-3.mo&path=//usr/share/locale/fa/LC_MESSAGES HTTP/1.1" 200 2242 "-" "Mozilla/5.0 (compatible; MJ12bot/v1.4.8; http://mj12bot.com/)"
94.154.239.69 - - [04/Apr/2025:14:15:32 -0400] "GET /Owl-gDeOJ5bI.php?action=edit&file=jobs.1.gz&path=//usr/share/man/man1 HTTP/1.1" 200 611 "-" "Mozilla/5.0 (compatible; MJ12bot/v1.4.8; http://mj12bot.com/)"
94.154.239.69 - - [04/Apr/2025:14:15:33 -0400] "GET /Owl-gDeOJ5bI.php?action=edit&file=jobs.1p.gz&path=//usr/share/man/man1p HTTP/1.1" 200 4410 "-" "Mozilla/5.0 (compatible; MJ12bot/v1.4.8; http://mj12bot.com/)"
94.154.239.69 - - [04/Apr/2025:14:15:15 -0400] "GET /Owl-gDeOJ5bI.php?action=edit&file=java.config&path=//usr/share/crypto-policies/back-ends/FUTURE HTTP/1.1" 200 835 "-" "Mozilla/5.0 (compatible; MJ12bot/v1.4.8; http://mj12bot.com/)"
217.182.175.222 - - [04/Apr/2025:14:15:16 -0400] "GET /Owl-gDeOJ5bI.php?action=edit&file=iso_3166-3.mo&path=//usr/share/locale/cy/LC_MESSAGES HTTP/1.1" 200 1872 "-" "Mozilla/5.0 (compatible; MJ12bot/v1.4.8; http://mj12bot.com/)"
94.154.239.69 - - [04/Apr/2025:14:15:16 -0400] "GET /Owl-gDeOJ5bI.php?action=edit&file=java.config&path=//usr/share/crypto-policies/back-ends/LEGACY HTTP/1.1" 200 727 "-" "Mozilla/5.0 (compatible; MJ12bot/v1.4.8; http://mj12bot.com/)"
217.182.175.222 - - [04/Apr/2025:14:15:18 -0400] "GET /Owl-gDeOJ5bI.php?action=edit&file=iso_3166-3.mo&path=//usr/share/locale/da/LC_MESSAGES HTTP/1.1" 200 1898 "-" "Mozilla/5.0 (compatible; MJ12bot/v1.4.8; http://mj12bot.com/)"
217.182.175.222 - - [04/Apr/2025:14:15:20 -0400] "GET /Owl-gDeOJ5bI.php?action=edit&file=iso_3166-3.mo&path=//usr/share/locale/de/LC_MESSAGES HTTP/1.1" 200 1931 "-" "Mozilla/5.0 (compatible; MJ12bot/v1.4.8; http://mj12bot.com/)"
94.154.239.69 - - [04/Apr/2025:14:15:20 -0400] "GET /Owl-gDeOJ5bI.php?action=edit&file=java.txt&path=//usr/share/crypto-policies/DEFAULT HTTP/1.1" 200 743 "-" "Mozilla/5.0 (compatible; MJ12bot/v1.4.8; http://mj12bot.com/)"
217.182.175.222 - - [04/Apr/2025:14:15:21 -0400] "GET /Owl-gDeOJ5bI.php?action=edit&file=iso_3166-3.mo&path=//usr/share/locale/dz/LC_MESSAGES HTTP/1.1" 200 2462 "-" "Mozilla/5.0 (compatible; MJ12bot/v1.4.8; http://mj12bot.com/)"
94.154.239.69 - - [04/Apr/2025:14:15:22 -0400] "GET /Owl-gDeOJ5bI.php?action=edit&file=java.txt&path=//usr/share/crypto-policies/EMPTY HTTP/1.1" 200 865 "-" "Mozilla/5.0 (compatible; MJ12bot/v1.4.8; http://mj12bot.com/)"
217.182.175.222 - - [04/Apr/2025:14:15:26 -0400] "GET /Owl-gDeOJ5bI.php?action=edit&file=iso_3166-3.mo&path=//usr/share/locale/es/LC_MESSAGES HTTP/1.1" 200 2000 "-" "Mozilla/5.0 (compatible; MJ12bot/v1.4.8; http://mj12bot.com/)"
94.154.239.69 - - [04/Apr/2025:14:15:27 -0400] "GET /Owl-gDeOJ5bI.php?action=edit&file=jewels.kandere.com&path=//var/cpanel/userdata/prinesgw HTTP/1.1" 200 741 "-" "Mozilla/5.0 (compatible; MJ12bot/v1.4.8; http://mj12bot.com/)"
217.182.175.222 - - [04/Apr/2025:14:15:28 -0400] "GET /Owl-gDeOJ5bI.php?action=edit&file=iso_3166-3.mo&path=//usr/share/locale/et/LC_MESSAGES HTTP/1.1" 200 1961 "-" "Mozilla/5.0 (compatible; MJ12bot/v1.4.8; http://mj12bot.com/)"
217.182.175.222 - - [04/Apr/2025:14:15:30 -0400] "GET /Owl-gDeOJ5bI.php?action=edit&file=iso_3166-3.mo&path=//usr/share/locale/eu/LC_MESSAGES HTTP/1.1" 200 1931 "-" "Mozilla/5.0 (compatible; MJ12bot/v1.4.8; http://mj12bot.com/)"
217.182.175.222 - - [04/Apr/2025:14:15:33 -0400] "GET /Owl-gDeOJ5bI.php?action=edit&file=iso_3166-3.mo&path=//usr/share/locale/fi/LC_MESSAGES HTTP/1.1" 200 1944 "-" "Mozilla/5.0 (compatible; MJ12bot/v1.4.8; http://mj12bot.com/)"
217.182.175.222 - - [04/Apr/2025:14:15:35 -0400] "GET /Owl-gDeOJ5bI.php?action=edit&file=iso_3166-3.mo&path=//usr/share/locale/fo/LC_MESSAGES HTTP/1.1" 200 835 "-" "Mozilla/5.0 (compatible; MJ12bot/v1.4.8; http://mj12bot.com/)"
217.182.175.222 - - [04/Apr/2025:14:15:37 -0400] "GET /Owl-gDeOJ5bI.php?action=edit&file=iso_3166-3.mo&path=//usr/share/locale/fr/LC_MESSAGES HTTP/1.1" 200 1988 "-" "Mozilla/5.0 (compatible; MJ12bot/v1.4.8; http://mj12bot.com/)"
94.154.239.69 - - [04/Apr/2025:14:15:37 -0400] "GET /Owl-gDeOJ5bI.php?action=edit&file=join.1p.gz&path=//usr/share/man/man1p HTTP/1.1" 200 4790 "-" "Mozilla/5.0 (compatible; MJ12bot/v1.4.8; http://mj12bot.com/)"
217.182.175.222 - - [04/Apr/2025:14:15:38 -0400] "GET /Owl-gDeOJ5bI.php?action=edit&file=iso_3166-3.mo&path=//usr/share/locale/ga/LC_MESSAGES HTTP/1.1" 200 2037 "-" "Mozilla/5.0 (compatible; MJ12bot/v1.4.8; http://mj12bot.com/)"
94.154.239.69 - - [04/Apr/2025:14:15:38 -0400] "GET /Owl-gDeOJ5bI.php?action=edit&file=journalctl.1.gz&path=//usr/share/man/man1 HTTP/1.1" 200 9168 "-" "Mozilla/5.0 (compatible; MJ12bot/v1.4.8; http://mj12bot.com/)"
217.182.175.222 - - [04/Apr/2025:14:15:47 -0400] "GET /Owl-gDeOJ5bI.php?action=edit&file=iso_3166-3.mo&path=//usr/share/locale/he/LC_MESSAGES HTTP/1.1" 200 2111 "-" "Mozilla/5.0 (compatible; MJ12bot/v1.4.8; http://mj12bot.com/)"
94.154.239.69 - - [04/Apr/2025:14:15:49 -0400] "GET /Owl-gDeOJ5bI.php?action=edit&file=json_pp.1.gz&path=//usr/share/man/man1 HTTP/1.1" 200 2644 "-" "Mozilla/5.0 (compatible; MJ12bot/v1.4.8; http://mj12bot.com/)"
217.182.175.222 - - [04/Apr/2025:14:15:50 -0400] "GET /Owl-gDeOJ5bI.php?action=edit&file=iso_3166-3.mo&path=//usr/share/locale/hr/LC_MESSAGES HTTP/1.1" 200 2011 "-" "Mozilla/5.0 (compatible; MJ12bot/v1.4.8; http://mj12bot.com/)"
94.154.239.69 - - [04/Apr/2025:14:15:52 -0400] "GET /Owl-gDeOJ5bI.php?action=edit&file=k5identity.5.gz&path=//usr/share/man/man5 HTTP/1.1" 200 1823 "-" "Mozilla/5.0 (compatible; MJ12bot/v1.4.8; http://mj12bot.com/)"
217.182.175.222 - - [04/Apr/2025:14:15:54 -0400] "GET /Owl-gDeOJ5bI.php?action=edit&file=iso_3166-3.mo&path=//usr/share/locale/hy/LC_MESSAGES HTTP/1.1" 200 2274 "-" "Mozilla/5.0 (compatible; MJ12bot/v1.4.8; http://mj12bot.com/)"
94.154.239.69 - - [04/Apr/2025:14:15:57 -0400] "GET /Owl-gDeOJ5bI.php?action=edit&file=kab_DZ&path=//usr/share/i18n/locales HTTP/1.1" 200 1904 "-" "Mozilla/5.0 (compatible; MJ12bot/v1.4.8; http://mj12bot.com/)"
217.182.175.222 - - [04/Apr/2025:14:15:57 -0400] "GET /Owl-gDeOJ5bI.php?action=edit&file=iso_3166-3.mo&path=//usr/share/locale/id/LC_MESSAGES HTTP/1.1" 200 1877 "-" "Mozilla/5.0 (compatible; MJ12bot/v1.4.8; http://mj12bot.com/)"
217.182.175.222 - - [04/Apr/2025:14:16:00 -0400] "GET /Owl-gDeOJ5bI.php?action=edit&file=iso_3166-3.mo&path=//usr/share/locale/it/LC_MESSAGES HTTP/1.1" 200 1917 "-" "Mozilla/5.0 (compatible; MJ12bot/v1.4.8; http://mj12bot.com/)"
94.154.239.69 - - [04/Apr/2025:14:16:00 -0400] "GET /Owl-gDeOJ5bI.php?action=edit&file=kandere.printershut.com.cache&path=//var/cpanel/userdata/prinesgw HTTP/1.1" 200 809 "-" "Mozilla/5.0 (compatible; MJ12bot/v1.4.8; http://mj12bot.com/)"
217.182.175.222 - - [04/Apr/2025:14:16:02 -0400] "GET /Owl-gDeOJ5bI.php?action=edit&file=iso_3166-3.mo&path=//usr/share/locale/ja/LC_MESSAGES HTTP/1.1" 200 2108 "-" "Mozilla/5.0 (compatible; MJ12bot/v1.4.8; http://mj12bot.com/)"
217.182.175.222 - - [04/Apr/2025:14:16:04 -0400] "GET /Owl-gDeOJ5bI.php?action=edit&file=iso_3166-3.mo&path=//usr/share/locale/ka/LC_MESSAGES HTTP/1.1" 200 2223 "-" "Mozilla/5.0 (compatible; MJ12bot/v1.4.8; http://mj12bot.com/)"
94.154.239.69 - - [04/Apr/2025:14:16:04 -0400] "GET /Owl-gDeOJ5bI.php?action=edit&file=kandere.printershut.com_SSL.cache&path=//var/cpanel/userdata/prinesgw HTTP/1.1" 200 813 "-" "Mozilla/5.0 (compatible; MJ12bot/v1.4.8; http://mj12bot.com/)"
94.154.239.69 - - [04/Apr/2025:14:16:05 -0400] "GET /Owl-gDeOJ5bI.php?action=edit&file=kbd.mo&path=//usr/share/locale/cs/LC_MESSAGES HTTP/1.1" 200 15833 "-" "Mozilla/5.0 (compatible; MJ12bot/v1.4.8; http://mj12bot.com/)"
217.182.175.222 - - [04/Apr/2025:14:16:05 -0400] "GET /Owl-gDeOJ5bI.php?action=edit&file=iso_3166-3.mo&path=//usr/share/locale/kk/LC_MESSAGES HTTP/1.1" 200 2299 "-" "Mozilla/5.0 (compatible; MJ12bot/v1.4.8; http://mj12bot.com/)"
217.182.175.222 - - [04/Apr/2025:14:16:09 -0400] "GET /Owl-gDeOJ5bI.php?action=edit&file=iso_3166-3.mo&path=//usr/share/locale/kn/LC_MESSAGES HTTP/1.1" 200 859 "-" "Mozilla/5.0 (compatible; MJ12bot/v1.4.8; http://mj12bot.com/)"
94.154.239.69 - - [04/Apr/2025:14:16:09 -0400] "GET /Owl-gDeOJ5bI.php?action=edit&file=kbd.mo&path=//usr/share/locale/de/LC_MESSAGES HTTP/1.1" 200 15731 "-" "Mozilla/5.0 (compatible; MJ12bot/v1.4.8; http://mj12bot.com/)"
217.182.175.222 - - [04/Apr/2025:14:16:10 -0400] "GET /Owl-gDeOJ5bI.php?action=edit&file=iso_3166-3.mo&path=//usr/share/locale/ko/LC_MESSAGES HTTP/1.1" 200 2090 "-" "Mozilla/5.0 (compatible; MJ12bot/v1.4.8; http://mj12bot.com/)"
94.154.239.69 - - [04/Apr/2025:14:16:12 -0400] "GET /Owl-gDeOJ5bI.php?action=edit&file=kbd.mo&path=//usr/share/locale/eo/LC_MESSAGES HTTP/1.1" 200 13021 "-" "Mozilla/5.0 (compatible; MJ12bot/v1.4.8; http://mj12bot.com/)"
94.154.239.69 - - [04/Apr/2025:14:15:47 -0400] "GET /Owl-gDeOJ5bI.php?action=edit&file=js.syntax&path=//usr/share/mc/syntax HTTP/1.1" 200 1602 "-" "Mozilla/5.0 (compatible; MJ12bot/v1.4.8; http://mj12bot.com/)"
217.182.175.222 - - [04/Apr/2025:14:15:48 -0400] "GET /Owl-gDeOJ5bI.php?action=edit&file=iso_3166-3.mo&path=//usr/share/locale/hi/LC_MESSAGES HTTP/1.1" 200 2283 "-" "Mozilla/5.0 (compatible; MJ12bot/v1.4.8; http://mj12bot.com/)"
94.154.239.69 - - [04/Apr/2025:14:15:50 -0400] "GET /Owl-gDeOJ5bI.php?action=edit&file=json_xs.1.gz&path=//usr/share/man/man1 HTTP/1.1" 200 3419 "-" "Mozilla/5.0 (compatible; MJ12bot/v1.4.8; http://mj12bot.com/)"
217.182.175.222 - - [04/Apr/2025:14:15:52 -0400] "GET /Owl-gDeOJ5bI.php?action=edit&file=iso_3166-3.mo&path=//usr/share/locale/hu/LC_MESSAGES HTTP/1.1" 200 2041 "-" "Mozilla/5.0 (compatible; MJ12bot/v1.4.8; http://mj12bot.com/)"
94.154.239.69 - - [04/Apr/2025:14:15:54 -0400] "GET /Owl-gDeOJ5bI.php?action=edit&file=k5login.5.gz&path=//usr/share/man/man5 HTTP/1.1" 200 1792 "-" "Mozilla/5.0 (compatible; MJ12bot/v1.4.8; http://mj12bot.com/)"
94.154.239.69 - - [04/Apr/2025:14:15:55 -0400] "GET /Owl-gDeOJ5bI.php?action=edit&file=ka_GE&path=//usr/share/i18n/locales HTTP/1.1" 200 2038 "-" "Mozilla/5.0 (compatible; MJ12bot/v1.4.8; http://mj12bot.com/)"
217.182.175.222 - - [04/Apr/2025:14:15:55 -0400] "GET /Owl-gDeOJ5bI.php?action=edit&file=iso_3166-3.mo&path=//usr/share/locale/ia/LC_MESSAGES HTTP/1.1" 200 1890 "-" "Mozilla/5.0 (compatible; MJ12bot/v1.4.8; http://mj12bot.com/)"
94.154.239.69 - - [04/Apr/2025:14:15:59 -0400] "GET /Owl-gDeOJ5bI.php?action=edit&file=kandere.printershut.com&path=//var/cpanel/userdata/prinesgw HTTP/1.1" 200 772 "-" "Mozilla/5.0 (compatible; MJ12bot/v1.4.8; http://mj12bot.com/)"
217.182.175.222 - - [04/Apr/2025:14:15:59 -0400] "GET /Owl-gDeOJ5bI.php?action=edit&file=iso_3166-3.mo&path=//usr/share/locale/is/LC_MESSAGES HTTP/1.1" 200 2087 "-" "Mozilla/5.0 (compatible; MJ12bot/v1.4.8; http://mj12bot.com/)"
94.154.239.69 - - [04/Apr/2025:14:16:02 -0400] "GET /Owl-gDeOJ5bI.php?action=edit&file=kandere.printershut.com_SSL&path=//var/cpanel/userdata/prinesgw HTTP/1.1" 200 776 "-" "Mozilla/5.0 (compatible; MJ12bot/v1.4.8; http://mj12bot.com/)"
217.182.175.222 - - [04/Apr/2025:14:16:07 -0400] "GET /Owl-gDeOJ5bI.php?action=edit&file=iso_3166-3.mo&path=//usr/share/locale/km/LC_MESSAGES HTTP/1.1" 200 2356 "-" "Mozilla/5.0 (compatible; MJ12bot/v1.4.8; http://mj12bot.com/)"
94.154.239.69 - - [04/Apr/2025:14:16:07 -0400] "GET /Owl-gDeOJ5bI.php?action=edit&file=kbd.mo&path=//usr/share/locale/da/LC_MESSAGES HTTP/1.1" 200 10199 "-" "Mozilla/5.0 (compatible; MJ12bot/v1.4.8; http://mj12bot.com/)"
94.154.239.69 - - [04/Apr/2025:14:16:10 -0400] "GET /Owl-gDeOJ5bI.php?action=edit&file=kbd.mo&path=//usr/share/locale/el/LC_MESSAGES HTTP/1.1" 200 14614 "-" "Mozilla/5.0 (compatible; MJ12bot/v1.4.8; http://mj12bot.com/)"
217.182.175.222 - - [04/Apr/2025:14:16:12 -0400] "GET /Owl-gDeOJ5bI.php?action=edit&file=iso_3166-3.mo&path=//usr/share/locale/ku/LC_MESSAGES HTTP/1.1" 200 2001 "-" "Mozilla/5.0 (compatible; MJ12bot/v1.4.8; http://mj12bot.com/)"
94.154.239.69 - - [04/Apr/2025:14:16:15 -0400] "GET /Owl-gDeOJ5bI.php?action=edit&file=kbd.mo&path=//usr/share/locale/fr/LC_MESSAGES HTTP/1.1" 200 12058 "-" "Mozilla/5.0 (compatible; MJ12bot/v1.4.8; http://mj12bot.com/)"
217.182.175.222 - - [04/Apr/2025:14:16:17 -0400] "GET /Owl-gDeOJ5bI.php?action=edit&file=iso_3166-3.mo&path=//usr/share/locale/mi/LC_MESSAGES HTTP/1.1" 200 879 "-" "Mozilla/5.0 (compatible; MJ12bot/v1.4.8; http://mj12bot.com/)"
94.154.239.69 - - [04/Apr/2025:14:16:17 -0400] "GET /Owl-gDeOJ5bI.php?action=edit&file=keyctl.1.gz&path=//usr/share/man/man1 HTTP/1.1" 200 6970 "-" "Mozilla/5.0 (compatible; MJ12bot/v1.4.8; http://mj12bot.com/)"
217.182.175.222 - - [04/Apr/2025:14:16:22 -0400] "GET /Owl-gDeOJ5bI.php?action=edit&file=iso_3166.mo&path=//usr/share/locale/ab/LC_MESSAGES HTTP/1.1" 200 918 "-" "Mozilla/5.0 (compatible; MJ12bot/v1.4.8; http://mj12bot.com/)"
217.182.175.222 - - [04/Apr/2025:14:16:23 -0400] "GET /Owl-gDeOJ5bI.php?action=edit&file=iso_3166.mo&path=//usr/share/locale/ace/LC_MESSAGES HTTP/1.1" 200 910 "-" "Mozilla/5.0 (compatible; MJ12bot/v1.4.8; http://mj12bot.com/)"
94.154.239.69 - - [04/Apr/2025:14:16:24 -0400] "GET /Owl-gDeOJ5bI.php?action=edit&file=kill.1.gz&path=//usr/share/man/man1 HTTP/1.1" 200 2619 "-" "Mozilla/5.0 (compatible; MJ12bot/v1.4.8; http://mj12bot.com/)"
217.182.175.222 - - [04/Apr/2025:14:16:13 -0400] "GET /Owl-gDeOJ5bI.php?action=edit&file=iso_3166-3.mo&path=//usr/share/locale/lt/LC_MESSAGES HTTP/1.1" 200 2081 "-" "Mozilla/5.0 (compatible; MJ12bot/v1.4.8; http://mj12bot.com/)"
94.154.239.69 - - [04/Apr/2025:14:16:14 -0400] "GET /Owl-gDeOJ5bI.php?action=edit&file=kbd.mo&path=//usr/share/locale/es/LC_MESSAGES HTTP/1.1" 200 9203 "-" "Mozilla/5.0 (compatible; MJ12bot/v1.4.8; http://mj12bot.com/)"
217.182.175.222 - - [04/Apr/2025:14:16:15 -0400] "GET /Owl-gDeOJ5bI.php?action=edit&file=iso_3166-3.mo&path=//usr/share/locale/lv/LC_MESSAGES HTTP/1.1" 200 2034 "-" "Mozilla/5.0 (compatible; MJ12bot/v1.4.8; http://mj12bot.com/)"
217.182.175.222 - - [04/Apr/2025:14:16:18 -0400] "GET /Owl-gDeOJ5bI.php?action=edit&file=iso_3166-3.mo&path=//usr/share/locale/mk/LC_MESSAGES HTTP/1.1" 200 2214 "-" "Mozilla/5.0 (compatible; MJ12bot/v1.4.8; http://mj12bot.com/)"
94.154.239.69 - - [04/Apr/2025:14:16:19 -0400] "GET /Owl-gDeOJ5bI.php?action=edit&file=keyctl.2.gz&path=//usr/share/man/man2 HTTP/1.1" 200 15200 "-" "Mozilla/5.0 (compatible; MJ12bot/v1.4.8; http://mj12bot.com/)"
217.182.175.222 - - [04/Apr/2025:14:16:20 -0400] "GET /Owl-gDeOJ5bI.php?action=edit&file=iso_3166-3.mo&path=//usr/share/locale/ml/LC_MESSAGES HTTP/1.1" 200 2347 "-" "Mozilla/5.0 (compatible; MJ12bot/v1.4.8; http://mj12bot.com/)"
94.154.239.69 - - [04/Apr/2025:14:16:21 -0400] "GET /Owl-gDeOJ5bI.php?action=edit&file=keysyms.n.gz&path=//usr/share/man/mann HTTP/1.1" 200 10830 "-" "Mozilla/5.0 (compatible; MJ12bot/v1.4.8; http://mj12bot.com/)"
94.154.239.69 - - [04/Apr/2025:14:16:22 -0400] "GET /Owl-gDeOJ5bI.php?action=edit&file=keyutils.7.gz&path=//usr/share/man/man7 HTTP/1.1" 200 1765 "-" "Mozilla/5.0 (compatible; MJ12bot/v1.4.8; http://mj12bot.com/)"
94.154.239.69 - - [04/Apr/2025:14:15:35 -0400] "GET /Owl-gDeOJ5bI.php?action=edit&file=join.1.gz&path=//usr/share/man/man1 HTTP/1.1" 200 2139 "-" "Mozilla/5.0 (compatible; MJ12bot/v1.4.8; http://mj12bot.com/)"
217.182.175.222 - - [04/Apr/2025:14:15:40 -0400] "GET /Owl-gDeOJ5bI.php?action=edit&file=iso_3166-3.mo&path=//usr/share/locale/gez/LC_MESSAGES HTTP/1.1" 200 927 "-" "Mozilla/5.0 (compatible; MJ12bot/v1.4.8; http://mj12bot.com/)"
217.182.175.222 - - [04/Apr/2025:14:15:43 -0400] "GET /Owl-gDeOJ5bI.php?action=edit&file=iso_3166-3.mo&path=//usr/share/locale/gu/LC_MESSAGES HTTP/1.1" 200 2309 "-" "Mozilla/5.0 (compatible; MJ12bot/v1.4.8; http://mj12bot.com/)"
94.154.239.69 - - [04/Apr/2025:14:15:43 -0400] "GET /Owl-gDeOJ5bI.php?action=edit&file=jq.1.gz&path=//usr/share/man/man1 HTTP/1.1" 200 28373 "-" "Mozilla/5.0 (compatible; MJ12bot/v1.4.8; http://mj12bot.com/)"
94.154.239.69 - - [04/Apr/2025:14:15:40 -0400] "GET /Owl-gDeOJ5bI.php?action=edit&file=journald.conf.5.gz&path=//usr/share/man/man5 HTTP/1.1" 200 6069 "-" "Mozilla/5.0 (compatible; MJ12bot/v1.4.8; http://mj12bot.com/)"
217.182.175.222 - - [04/Apr/2025:14:15:42 -0400] "GET /Owl-gDeOJ5bI.php?action=edit&file=iso_3166-3.mo&path=//usr/share/locale/gl/LC_MESSAGES HTTP/1.1" 200 1961 "-" "Mozilla/5.0 (compatible; MJ12bot/v1.4.8; http://mj12bot.com/)"
94.154.239.69 - - [04/Apr/2025:14:15:42 -0400] "GET /Owl-gDeOJ5bI.php?action=edit&file=journald.conf.d.5.gz&path=//usr/share/man/man5 HTTP/1.1" 200 625 "-" "Mozilla/5.0 (compatible; MJ12bot/v1.4.8; http://mj12bot.com/)"
217.182.175.222 - - [04/Apr/2025:14:16:25 -0400] "GET /Owl-gDeOJ5bI.php?action=edit&file=iso_3166.mo&path=//usr/share/locale/ach/LC_MESSAGES HTTP/1.1" 200 4363 "-" "Mozilla/5.0 (compatible; MJ12bot/v1.4.8; http://mj12bot.com/)"
217.182.175.222 - - [04/Apr/2025:14:16:27 -0400] "GET /Owl-gDeOJ5bI.php?action=edit&file=iso_3166.mo&path=//usr/share/locale/af/LC_MESSAGES HTTP/1.1" 200 8159 "-" "Mozilla/5.0 (compatible; MJ12bot/v1.4.8; http://mj12bot.com/)"
94.154.239.69 - - [04/Apr/2025:14:16:27 -0400] "GET /Owl-gDeOJ5bI.php?action=edit&file=kill.2.gz&path=//usr/share/man/man2 HTTP/1.1" 200 3335 "-" "Mozilla/5.0 (compatible; MJ12bot/v1.4.8; http://mj12bot.com/)"
217.182.175.222 - - [04/Apr/2025:14:16:28 -0400] "GET /Owl-gDeOJ5bI.php?action=edit&file=iso_3166.mo&path=//usr/share/locale/ak/LC_MESSAGES HTTP/1.1" 200 913 "-" "Mozilla/5.0 (compatible; MJ12bot/v1.4.8; http://mj12bot.com/)"
94.154.239.69 - - [04/Apr/2025:14:16:29 -0400] "GET /Owl-gDeOJ5bI.php?action=edit&file=kill.3p.gz&path=//usr/share/man/man3p HTTP/1.1" 200 4015 "-" "Mozilla/5.0 (compatible; MJ12bot/v1.4.8; http://mj12bot.com/)"
217.182.175.222 - - [04/Apr/2025:14:16:30 -0400] "GET /Owl-gDeOJ5bI.php?action=edit&file=iso_3166.mo&path=//usr/share/locale/am/LC_MESSAGES HTTP/1.1" 200 3492 "-" "Mozilla/5.0 (compatible; MJ12bot/v1.4.8; http://mj12bot.com/)"
217.182.175.222 - - [04/Apr/2025:14:16:32 -0400] "GET /Owl-gDeOJ5bI.php?action=edit&file=iso_3166.mo&path=//usr/share/locale/an/LC_MESSAGES HTTP/1.1" 200 916 "-" "Mozilla/5.0 (compatible; MJ12bot/v1.4.8; http://mj12bot.com/)"
94.154.239.69 - - [04/Apr/2025:14:16:32 -0400] "GET /Owl-gDeOJ5bI.php?action=edit&file=killpg.3p.gz&path=//usr/share/man/man3p HTTP/1.1" 200 1975 "-" "Mozilla/5.0 (compatible; MJ12bot/v1.4.8; http://mj12bot.com/)"
217.182.175.222 - - [04/Apr/2025:14:16:37 -0400] "GET /Owl-gDeOJ5bI.php?action=edit&file=iso_3166.mo&path=//usr/share/locale/ast/LC_MESSAGES HTTP/1.1" 200 8466 "-" "Mozilla/5.0 (compatible; MJ12bot/v1.4.8; http://mj12bot.com/)"
94.154.239.69 - - [04/Apr/2025:14:16:38 -0400] "GET /Owl-gDeOJ5bI.php?action=edit&file=km_KH&path=//usr/share/i18n/locales HTTP/1.1" 200 6095 "-" "Mozilla/5.0 (compatible; MJ12bot/v1.4.8; http://mj12bot.com/)"
217.182.175.222 - - [04/Apr/2025:14:16:40 -0400] "GET /Owl-gDeOJ5bI.php?action=edit&file=iso_3166.mo&path=//usr/share/locale/az/LC_MESSAGES HTTP/1.1" 200 4861 "-" "Mozilla/5.0 (compatible; MJ12bot/v1.4.8; http://mj12bot.com/)"
217.182.175.222 - - [04/Apr/2025:14:16:42 -0400] "GET /Owl-gDeOJ5bI.php?action=edit&file=iso_3166.mo&path=//usr/share/locale/ba/LC_MESSAGES HTTP/1.1" 200 914 "-" "Mozilla/5.0 (compatible; MJ12bot/v1.4.8; http://mj12bot.com/)"
94.154.239.69 - - [04/Apr/2025:14:16:44 -0400] "GET /Owl-gDeOJ5bI.php?action=edit&file=ko_KR&path=//usr/share/i18n/locales HTTP/1.1" 200 19382 "-" "Mozilla/5.0 (compatible; MJ12bot/v1.4.8; http://mj12bot.com/)"
217.182.175.222 - - [04/Apr/2025:14:16:45 -0400] "GET /Owl-gDeOJ5bI.php?action=edit&file=iso_3166.mo&path=//usr/share/locale/be/LC_MESSAGES HTTP/1.1" 200 10301 "-" "Mozilla/5.0 (compatible; MJ12bot/v1.4.8; http://mj12bot.com/)"
94.154.239.69 - - [04/Apr/2025:14:16:46 -0400] "GET /Owl-gDeOJ5bI.php?action=edit&file=koi8-r.7.gz&path=//usr/share/man/man7 HTTP/1.1" 200 3511 "-" "Mozilla/5.0 (compatible; MJ12bot/v1.4.8; http://mj12bot.com/)"
217.182.175.222 - - [04/Apr/2025:14:16:47 -0400] "GET /Owl-gDeOJ5bI.php?action=edit&file=iso_3166.mo&path=//usr/share/locale/bg/LC_MESSAGES HTTP/1.1" 200 10005 "-" "Mozilla/5.0 (compatible; MJ12bot/v1.4.8; http://mj12bot.com/)"
217.182.175.222 - - [04/Apr/2025:14:16:48 -0400] "GET /Owl-gDeOJ5bI.php?action=edit&file=iso_3166.mo&path=//usr/share/locale/bi/LC_MESSAGES HTTP/1.1" 200 915 "-" "Mozilla/5.0 (compatible; MJ12bot/v1.4.8; http://mj12bot.com/)"
94.154.239.69 - - [04/Apr/2025:14:16:49 -0400] "GET /Owl-gDeOJ5bI.php?action=edit&file=koi8r.xml&path=//usr/share/mysql/charsets HTTP/1.1" 200 2398 "-" "Mozilla/5.0 (compatible; MJ12bot/v1.4.8; http://mj12bot.com/)"
94.154.239.69 - - [04/Apr/2025:14:16:26 -0400] "GET /Owl-gDeOJ5bI.php?action=edit&file=kill.1p.gz&path=//usr/share/man/man1p HTTP/1.1" 200 4774 "-" "Mozilla/5.0 (compatible; MJ12bot/v1.4.8; http://mj12bot.com/)"
94.154.239.69 - - [04/Apr/2025:14:16:31 -0400] "GET /Owl-gDeOJ5bI.php?action=edit&file=killpg.2.gz&path=//usr/share/man/man2 HTTP/1.1" 200 683 "-" "Mozilla/5.0 (compatible; MJ12bot/v1.4.8; http://mj12bot.com/)"
217.182.175.222 - - [04/Apr/2025:14:16:33 -0400] "GET /Owl-gDeOJ5bI.php?action=edit&file=iso_3166.mo&path=//usr/share/locale/ar/LC_MESSAGES HTTP/1.1" 200 9737 "-" "Mozilla/5.0 (compatible; MJ12bot/v1.4.8; http://mj12bot.com/)"
94.154.239.69 - - [04/Apr/2025:14:16:34 -0400] "GET /Owl-gDeOJ5bI.php?action=edit&file=kk_KZ&path=//usr/share/i18n/locales HTTP/1.1" 200 2901 "-" "Mozilla/5.0 (compatible; MJ12bot/v1.4.8; http://mj12bot.com/)"
217.182.175.222 - - [04/Apr/2025:14:16:35 -0400] "GET /Owl-gDeOJ5bI.php?action=edit&file=iso_3166.mo&path=//usr/share/locale/as/LC_MESSAGES HTTP/1.1" 200 10288 "-" "Mozilla/5.0 (compatible; MJ12bot/v1.4.8; http://mj12bot.com/)"
94.154.239.69 - - [04/Apr/2025:14:16:36 -0400] "GET /Owl-gDeOJ5bI.php?action=edit&file=kl_GL&path=//usr/share/i18n/locales HTTP/1.1" 200 1863 "-" "Mozilla/5.0 (compatible; MJ12bot/v1.4.8; http://mj12bot.com/)"
217.182.175.222 - - [04/Apr/2025:14:16:38 -0400] "GET /Owl-gDeOJ5bI.php?action=edit&file=iso_3166.mo&path=//usr/share/locale/ay/LC_MESSAGES HTTP/1.1" 200 913 "-" "Mozilla/5.0 (compatible; MJ12bot/v1.4.8; http://mj12bot.com/)"
94.154.239.69 - - [04/Apr/2025:14:16:39 -0400] "GET /Owl-gDeOJ5bI.php?action=edit&file=kmem.4.gz&path=//usr/share/man/man4 HTTP/1.1" 200 612 "-" "Mozilla/5.0 (compatible; MJ12bot/v1.4.8; http://mj12bot.com/)"
94.154.239.69 - - [04/Apr/2025:14:16:41 -0400] "GET /Owl-gDeOJ5bI.php?action=edit&file=kmod.8.gz&path=//usr/share/man/man8 HTTP/1.1" 200 1567 "-" "Mozilla/5.0 (compatible; MJ12bot/v1.4.8; http://mj12bot.com/)"
94.154.239.69 - - [04/Apr/2025:14:16:42 -0400] "GET /Owl-gDeOJ5bI.php?action=edit&file=kn_IN&path=//usr/share/i18n/locales HTTP/1.1" 200 2571 "-" "Mozilla/5.0 (compatible; MJ12bot/v1.4.8; http://mj12bot.com/)"
77.75.77.101 - - [04/Apr/2025:14:16:43 -0400] "GET /sitemap.rss HTTP/1.1" 404 1251 "-" "Mozilla/5.0 (compatible; SeznamBot/4.0; +https://o-seznam.cz/napoveda/vyhledavani/en/seznambot-crawler/)"
217.182.175.222 - - [04/Apr/2025:14:16:43 -0400] "GET /Owl-gDeOJ5bI.php?action=edit&file=iso_3166.mo&path=//usr/share/locale/bar/LC_MESSAGES HTTP/1.1" 200 3577 "-" "Mozilla/5.0 (compatible; MJ12bot/v1.4.8; http://mj12bot.com/)"
94.154.239.69 - - [04/Apr/2025:14:16:47 -0400] "GET /Owl-gDeOJ5bI.php?action=edit&file=koi8-u.7.gz&path=//usr/share/man/man7 HTTP/1.1" 200 3516 "-" "Mozilla/5.0 (compatible; MJ12bot/v1.4.8; http://mj12bot.com/)"
217.182.175.222 - - [04/Apr/2025:14:16:55 -0400] "GET /Owl-gDeOJ5bI.php?action=edit&file=iso_3166.mo&path=//usr/share/locale/bs/LC_MESSAGES HTTP/1.1" 200 8549 "-" "Mozilla/5.0 (compatible; MJ12bot/v1.4.8; http://mj12bot.com/)"
94.154.239.69 - - [04/Apr/2025:14:16:56 -0400] "GET /Owl-gDeOJ5bI.php?action=edit&file=krb5-config.1.gz&path=//usr/share/man/man1 HTTP/1.1" 200 1838 "-" "Mozilla/5.0 (compatible; MJ12bot/v1.4.8; http://mj12bot.com/)"
217.182.175.222 - - [04/Apr/2025:14:16:56 -0400] "GET /Owl-gDeOJ5bI.php?action=edit&file=iso_3166.mo&path=//usr/share/locale/byn/LC_MESSAGES HTTP/1.1" 200 3231 "-" "Mozilla/5.0 (compatible; MJ12bot/v1.4.8; http://mj12bot.com/)"
94.154.239.69 - - [04/Apr/2025:14:17:01 -0400] "GET /Owl-gDeOJ5bI.php?action=edit&file=krb5.config&path=//usr/share/crypto-policies/back-ends/FIPS HTTP/1.1" 200 622 "-" "Mozilla/5.0 (compatible; MJ12bot/v1.4.8; http://mj12bot.com/)"
217.182.175.222 - - [04/Apr/2025:14:17:02 -0400] "GET /Owl-gDeOJ5bI.php?action=edit&file=iso_3166.mo&path=//usr/share/locale/ch/LC_MESSAGES HTTP/1.1" 200 1351 "-" "Mozilla/5.0 (compatible; MJ12bot/v1.4.8; http://mj12bot.com/)"
217.182.175.222 - - [04/Apr/2025:14:16:50 -0400] "GET /Owl-gDeOJ5bI.php?action=edit&file=iso_3166.mo&path=//usr/share/locale/bn/LC_MESSAGES HTTP/1.1" 200 10433 "-" "Mozilla/5.0 (compatible; MJ12bot/v1.4.8; http://mj12bot.com/)"
94.154.239.69 - - [04/Apr/2025:14:16:51 -0400] "GET /Owl-gDeOJ5bI.php?action=edit&file=koi8u.xml&path=//usr/share/mysql/charsets HTTP/1.1" 200 2435 "-" "Mozilla/5.0 (compatible; MJ12bot/v1.4.8; http://mj12bot.com/)"
217.182.175.222 - - [04/Apr/2025:14:16:51 -0400] "GET /Owl-gDeOJ5bI.php?action=edit&file=iso_3166.mo&path=//usr/share/locale/bn_IN/LC_MESSAGES HTTP/1.1" 200 10155 "-" "Mozilla/5.0 (compatible; MJ12bot/v1.4.8; http://mj12bot.com/)"
94.154.239.69 - - [04/Apr/2025:14:16:52 -0400] "GET /Owl-gDeOJ5bI.php?action=edit&file=kok_IN&path=//usr/share/i18n/locales HTTP/1.1" 200 2163 "-" "Mozilla/5.0 (compatible; MJ12bot/v1.4.8; http://mj12bot.com/)"
217.182.175.222 - - [04/Apr/2025:14:16:53 -0400] "GET /Owl-gDeOJ5bI.php?action=edit&file=iso_3166.mo&path=//usr/share/locale/br/LC_MESSAGES HTTP/1.1" 200 4825 "-" "Mozilla/5.0 (compatible; MJ12bot/v1.4.8; http://mj12bot.com/)"
94.154.239.69 - - [04/Apr/2025:14:16:54 -0400] "GET /Owl-gDeOJ5bI.php?action=edit&file=kpartx.8.gz&path=//usr/share/man/man8 HTTP/1.1" 200 1660 "-" "Mozilla/5.0 (compatible; MJ12bot/v1.4.8; http://mj12bot.com/)"
94.154.239.69 - - [04/Apr/2025:14:16:57 -0400] "GET /Owl-gDeOJ5bI.php?action=edit&file=krb5.conf.5.gz&path=//usr/share/man/man5 HTTP/1.1" 200 13991 "-" "Mozilla/5.0 (compatible; MJ12bot/v1.4.8; http://mj12bot.com/)"
217.182.175.222 - - [04/Apr/2025:14:16:58 -0400] "GET /Owl-gDeOJ5bI.php?action=edit&file=iso_3166.mo&path=//usr/share/locale/ca/LC_MESSAGES HTTP/1.1" 200 8743 "-" "Mozilla/5.0 (compatible; MJ12bot/v1.4.8; http://mj12bot.com/)"
94.154.239.69 - - [04/Apr/2025:14:16:59 -0400] "GET /Owl-gDeOJ5bI.php?action=edit&file=krb5.config&path=//usr/share/crypto-policies/back-ends/DEFAULT HTTP/1.1" 200 634 "-" "Mozilla/5.0 (compatible; MJ12bot/v1.4.8; http://mj12bot.com/)"
217.182.175.222 - - [04/Apr/2025:14:17:00 -0400] "GET /Owl-gDeOJ5bI.php?action=edit&file=iso_3166.mo&path=//usr/share/locale/ce/LC_MESSAGES HTTP/1.1" 200 5376 "-" "Mozilla/5.0 (compatible; MJ12bot/v1.4.8; http://mj12bot.com/)"
217.182.175.222 - - [04/Apr/2025:14:17:03 -0400] "GET /Owl-gDeOJ5bI.php?action=edit&file=iso_3166.mo&path=//usr/share/locale/chr/LC_MESSAGES HTTP/1.1" 200 3012 "-" "Mozilla/5.0 (compatible; MJ12bot/v1.4.8; http://mj12bot.com/)"
94.154.239.69 - - [04/Apr/2025:14:17:06 -0400] "GET /Owl-gDeOJ5bI.php?action=edit&file=krb5.txt&path=//usr/share/crypto-policies/DEFAULT HTTP/1.1" 200 631 "-" "Mozilla/5.0 (compatible; MJ12bot/v1.4.8; http://mj12bot.com/)"
217.182.175.222 - - [04/Apr/2025:14:17:08 -0400] "GET /Owl-gDeOJ5bI.php?action=edit&file=iso_3166.mo&path=//usr/share/locale/cs/LC_MESSAGES HTTP/1.1" 200 8977 "-" "Mozilla/5.0 (compatible; MJ12bot/v1.4.8; http://mj12bot.com/)"
217.182.175.222 - - [04/Apr/2025:14:17:10 -0400] "GET /Owl-gDeOJ5bI.php?action=edit&file=iso_3166.mo&path=//usr/share/locale/csb/LC_MESSAGES HTTP/1.1" 200 2801 "-" "Mozilla/5.0 (compatible; MJ12bot/v1.4.8; http://mj12bot.com/)"
217.182.175.222 - - [04/Apr/2025:14:17:13 -0400] "GET /Owl-gDeOJ5bI.php?action=edit&file=iso_3166.mo&path=//usr/share/locale/cy/LC_MESSAGES HTTP/1.1" 200 8407 "-" "Mozilla/5.0 (compatible; MJ12bot/v1.4.8; http://mj12bot.com/)"
94.154.239.69 - - [04/Apr/2025:14:17:14 -0400] "GET /Owl-gDeOJ5bI.php?action=edit&file=ks_IN@devanagari&path=//usr/share/i18n/locales HTTP/1.1" 200 2248 "-" "Mozilla/5.0 (compatible; MJ12bot/v1.4.8; http://mj12bot.com/)"
217.182.175.222 - - [04/Apr/2025:14:17:15 -0400] "GET /Owl-gDeOJ5bI.php?action=edit&file=iso_3166.mo&path=//usr/share/locale/da/LC_MESSAGES HTTP/1.1" 200 8385 "-" "Mozilla/5.0 (compatible; MJ12bot/v1.4.8; http://mj12bot.com/)"
217.182.175.222 - - [04/Apr/2025:14:17:16 -0400] "GET /Owl-gDeOJ5bI.php?action=edit&file=iso_3166.mo&path=//usr/share/locale/de/LC_MESSAGES HTTP/1.1" 200 8531 "-" "Mozilla/5.0 (compatible; MJ12bot/v1.4.8; http://mj12bot.com/)"
94.154.239.69 - - [04/Apr/2025:14:17:02 -0400] "GET /Owl-gDeOJ5bI.php?action=edit&file=krb5.config&path=//usr/share/crypto-policies/back-ends/FUTURE HTTP/1.1" 200 632 "-" "Mozilla/5.0 (compatible; MJ12bot/v1.4.8; http://mj12bot.com/)"
94.154.239.69 - - [04/Apr/2025:14:17:04 -0400] "GET /Owl-gDeOJ5bI.php?action=edit&file=krb5.config&path=//usr/share/crypto-policies/back-ends/LEGACY HTTP/1.1" 200 634 "-" "Mozilla/5.0 (compatible; MJ12bot/v1.4.8; http://mj12bot.com/)"
217.182.175.222 - - [04/Apr/2025:14:17:05 -0400] "GET /Owl-gDeOJ5bI.php?action=edit&file=iso_3166.mo&path=//usr/share/locale/ckb/LC_MESSAGES HTTP/1.1" 200 5005 "-" "Mozilla/5.0 (compatible; MJ12bot/v1.4.8; http://mj12bot.com/)"
217.182.175.222 - - [04/Apr/2025:14:17:06 -0400] "GET /Owl-gDeOJ5bI.php?action=edit&file=iso_3166.mo&path=//usr/share/locale/crh/LC_MESSAGES HTTP/1.1" 200 8410 "-" "Mozilla/5.0 (compatible; MJ12bot/v1.4.8; http://mj12bot.com/)"
94.154.239.69 - - [04/Apr/2025:14:17:07 -0400] "GET /Owl-gDeOJ5bI.php?action=edit&file=krb5.txt&path=//usr/share/crypto-policies/EMPTY HTTP/1.1" 200 577 "-" "Mozilla/5.0 (compatible; MJ12bot/v1.4.8; http://mj12bot.com/)"
94.154.239.69 - - [04/Apr/2025:14:17:09 -0400] "GET /Owl-gDeOJ5bI.php?action=edit&file=krb5.txt&path=//usr/share/crypto-policies/FUTURE HTTP/1.1" 200 629 "-" "Mozilla/5.0 (compatible; MJ12bot/v1.4.8; http://mj12bot.com/)"
94.154.239.69 - - [04/Apr/2025:14:17:11 -0400] "GET /Owl-gDeOJ5bI.php?action=edit&file=krb5.txt&path=//usr/share/crypto-policies/LEGACY HTTP/1.1" 200 631 "-" "Mozilla/5.0 (compatible; MJ12bot/v1.4.8; http://mj12bot.com/)"
217.182.175.222 - - [04/Apr/2025:14:17:11 -0400] "GET /Owl-gDeOJ5bI.php?action=edit&file=iso_3166.mo&path=//usr/share/locale/cv/LC_MESSAGES HTTP/1.1" 200 5377 "-" "Mozilla/5.0 (compatible; MJ12bot/v1.4.8; http://mj12bot.com/)"
94.154.239.69 - - [04/Apr/2025:14:17:12 -0400] "GET /Owl-gDeOJ5bI.php?action=edit&file=ks_IN&path=//usr/share/i18n/locales HTTP/1.1" 200 2199 "-" "Mozilla/5.0 (compatible; MJ12bot/v1.4.8; http://mj12bot.com/)"
94.154.239.69 - - [04/Apr/2025:14:17:16 -0400] "GET /Owl-gDeOJ5bI.php?action=edit&file=ksh&path=//usr/share/Modules/init HTTP/1.1" 200 2071 "-" "Mozilla/5.0 (compatible; MJ12bot/v1.4.8; http://mj12bot.com/)"
94.154.239.69 - - [04/Apr/2025:14:17:17 -0400] "GET /Owl-gDeOJ5bI.php?action=edit&file=ku_TR&path=//usr/share/i18n/locales HTTP/1.1" 200 2237 "-" "Mozilla/5.0 (compatible; MJ12bot/v1.4.8; http://mj12bot.com/)"
217.182.175.222 - - [04/Apr/2025:14:17:19 -0400] "GET /Owl-gDeOJ5bI.php?action=edit&file=iso_3166.mo&path=//usr/share/locale/dz/LC_MESSAGES HTTP/1.1" 200 11188 "-" "Mozilla/5.0 (compatible; MJ12bot/v1.4.8; http://mj12bot.com/)"
217.182.175.222 - - [04/Apr/2025:14:17:21 -0400] "GET /Owl-gDeOJ5bI.php?action=edit&file=iso_3166.mo&path=//usr/share/locale/ee/LC_MESSAGES HTTP/1.1" 200 910 "-" "Mozilla/5.0 (compatible; MJ12bot/v1.4.8; http://mj12bot.com/)"
94.154.239.69 - - [04/Apr/2025:14:17:22 -0400] "GET /Owl-gDeOJ5bI.php?action=edit&file=ky_KG&path=//usr/share/i18n/locales HTTP/1.1" 200 2871 "-" "Mozilla/5.0 (compatible; MJ12bot/v1.4.8; http://mj12bot.com/)"
94.154.239.69 - - [04/Apr/2025:14:17:25 -0400] "GET /Owl-gDeOJ5bI.php?action=edit&file=lab.icc&path=//usr/share/ghostscript/iccprofiles HTTP/1.1" 200 892 "-" "Mozilla/5.0 (compatible; MJ12bot/v1.4.8; http://mj12bot.com/)"
217.182.175.222 - - [04/Apr/2025:14:17:26 -0400] "GET /Owl-gDeOJ5bI.php?action=edit&file=iso_3166.mo&path=//usr/share/locale/es/LC_MESSAGES HTTP/1.1" 200 8700 "-" "Mozilla/5.0 (compatible; MJ12bot/v1.4.8; http://mj12bot.com/)"
94.154.239.69 - - [04/Apr/2025:14:17:30 -0400] "GET /Owl-gDeOJ5bI.php?action=edit&file=labs.3p.gz&path=//usr/share/man/man3p HTTP/1.1" 200 1768 "-" "Mozilla/5.0 (compatible; MJ12bot/v1.4.8; http://mj12bot.com/)"
217.182.175.222 - - [04/Apr/2025:14:17:33 -0400] "GET /Owl-gDeOJ5bI.php?action=edit&file=iso_3166.mo&path=//usr/share/locale/ff/LC_MESSAGES HTTP/1.1" 200 2413 "-" "Mozilla/5.0 (compatible; MJ12bot/v1.4.8; http://mj12bot.com/)"
217.182.175.222 - - [04/Apr/2025:14:17:18 -0400] "GET /Owl-gDeOJ5bI.php?action=edit&file=iso_3166.mo&path=//usr/share/locale/dv/LC_MESSAGES HTTP/1.1" 200 5348 "-" "Mozilla/5.0 (compatible; MJ12bot/v1.4.8; http://mj12bot.com/)"
94.154.239.69 - - [04/Apr/2025:14:17:19 -0400] "GET /Owl-gDeOJ5bI.php?action=edit&file=kvm_stat.1.gz&path=//usr/share/man/man1 HTTP/1.1" 200 2299 "-" "Mozilla/5.0 (compatible; MJ12bot/v1.4.8; http://mj12bot.com/)"
94.154.239.69 - - [04/Apr/2025:14:17:21 -0400] "GET /Owl-gDeOJ5bI.php?action=edit&file=kw_GB&path=//usr/share/i18n/locales HTTP/1.1" 200 2128 "-" "Mozilla/5.0 (compatible; MJ12bot/v1.4.8; http://mj12bot.com/)"
217.182.175.222 - - [04/Apr/2025:14:17:23 -0400] "GET /Owl-gDeOJ5bI.php?action=edit&file=iso_3166.mo&path=//usr/share/locale/el/LC_MESSAGES HTTP/1.1" 200 10556 "-" "Mozilla/5.0 (compatible; MJ12bot/v1.4.8; http://mj12bot.com/)"
94.154.239.69 - - [04/Apr/2025:14:17:24 -0400] "GET /Owl-gDeOJ5bI.php?action=edit&file=l64a.3p.gz&path=//usr/share/man/man3p HTTP/1.1" 200 1455 "-" "Mozilla/5.0 (compatible; MJ12bot/v1.4.8; http://mj12bot.com/)"
217.182.175.222 - - [04/Apr/2025:14:17:25 -0400] "GET /Owl-gDeOJ5bI.php?action=edit&file=iso_3166.mo&path=//usr/share/locale/eo/LC_MESSAGES HTTP/1.1" 200 8757 "-" "Mozilla/5.0 (compatible; MJ12bot/v1.4.8; http://mj12bot.com/)"
94.154.239.69 - - [04/Apr/2025:14:17:27 -0400] "GET /Owl-gDeOJ5bI.php?action=edit&file=label.n.gz&path=//usr/share/man/mann HTTP/1.1" 200 4627 "-" "Mozilla/5.0 (compatible; MJ12bot/v1.4.8; http://mj12bot.com/)"
217.182.175.222 - - [04/Apr/2025:14:17:28 -0400] "GET /Owl-gDeOJ5bI.php?action=edit&file=iso_3166.mo&path=//usr/share/locale/et/LC_MESSAGES HTTP/1.1" 200 8620 "-" "Mozilla/5.0 (compatible; MJ12bot/v1.4.8; http://mj12bot.com/)"
94.154.239.69 - - [04/Apr/2025:14:17:29 -0400] "GET /Owl-gDeOJ5bI.php?action=edit&file=labelframe.n.gz&path=//usr/share/man/mann HTTP/1.1" 200 5234 "-" "Mozilla/5.0 (compatible; MJ12bot/v1.4.8; http://mj12bot.com/)"
217.182.175.222 - - [04/Apr/2025:14:17:29 -0400] "GET /Owl-gDeOJ5bI.php?action=edit&file=iso_3166.mo&path=//usr/share/locale/eu/LC_MESSAGES HTTP/1.1" 200 8470 "-" "Mozilla/5.0 (compatible; MJ12bot/v1.4.8; http://mj12bot.com/)"
217.182.175.222 - - [04/Apr/2025:14:17:31 -0400] "GET /Owl-gDeOJ5bI.php?action=edit&file=iso_3166.mo&path=//usr/share/locale/fa/LC_MESSAGES HTTP/1.1" 200 9547 "-" "Mozilla/5.0 (compatible; MJ12bot/v1.4.8; http://mj12bot.com/)"
94.154.239.69 - - [04/Apr/2025:14:17:32 -0400] "GET /Owl-gDeOJ5bI.php?action=edit&file=landscap.ps&path=//usr/share/ghostscript/lib HTTP/1.1" 200 1146 "-" "Mozilla/5.0 (compatible; MJ12bot/v1.4.8; http://mj12bot.com/)"
94.154.239.69 - - [04/Apr/2025:14:17:34 -0400] "GET /Owl-gDeOJ5bI.php?action=edit&file=lang-compile.am&path=//usr/share/automake-1.16/am HTTP/1.1" 200 1143 "-" "Mozilla/5.0 (compatible; MJ12bot/v1.4.8; http://mj12bot.com/)"
217.182.175.222 - - [04/Apr/2025:14:17:35 -0400] "GET /Owl-gDeOJ5bI.php?action=edit&file=iso_3166.mo&path=//usr/share/locale/fi/LC_MESSAGES HTTP/1.1" 200 8387 "-" "Mozilla/5.0 (compatible; MJ12bot/v1.4.8; http://mj12bot.com/)"
94.154.239.69 - - [04/Apr/2025:14:17:35 -0400] "GET /Owl-gDeOJ5bI.php?action=edit&file=lang.m4&path=//usr/share/autoconf/autoconf HTTP/1.1" 200 8455 "-" "Mozilla/5.0 (compatible; MJ12bot/v1.4.8; http://mj12bot.com/)"
94.154.239.69 - - [04/Apr/2025:14:17:38 -0400] "GET /Owl-gDeOJ5bI.php?action=edit&file=last.1.gz&path=//usr/share/man/man1 HTTP/1.1" 200 2926 "-" "Mozilla/5.0 (compatible; MJ12bot/v1.4.8; http://mj12bot.com/)"
217.182.175.222 - - [04/Apr/2025:14:17:39 -0400] "GET /Owl-gDeOJ5bI.php?action=edit&file=iso_3166.mo&path=//usr/share/locale/frp/LC_MESSAGES HTTP/1.1" 200 4645 "-" "Mozilla/5.0 (compatible; MJ12bot/v1.4.8; http://mj12bot.com/)"
94.154.239.69 - - [04/Apr/2025:14:17:40 -0400] "GET /Owl-gDeOJ5bI.php?action=edit&file=lastb.1.gz&path=//usr/share/man/man1 HTTP/1.1" 200 611 "-" "Mozilla/5.0 (compatible; MJ12bot/v1.4.8; http://mj12bot.com/)"
217.182.175.222 - - [04/Apr/2025:14:17:36 -0400] "GET /Owl-gDeOJ5bI.php?action=edit&file=iso_3166.mo&path=//usr/share/locale/fo/LC_MESSAGES HTTP/1.1" 200 2920 "-" "Mozilla/5.0 (compatible; MJ12bot/v1.4.8; http://mj12bot.com/)"
94.154.239.69 - - [04/Apr/2025:14:17:37 -0400] "GET /Owl-gDeOJ5bI.php?action=edit&file=langinfo.h.0p.gz&path=//usr/share/man/man0p HTTP/1.1" 200 2854 "-" "Mozilla/5.0 (compatible; MJ12bot/v1.4.8; http://mj12bot.com/)"
217.182.175.222 - - [04/Apr/2025:14:17:38 -0400] "GET /Owl-gDeOJ5bI.php?action=edit&file=iso_3166.mo&path=//usr/share/locale/fr/LC_MESSAGES HTTP/1.1" 200 8964 "-" "Mozilla/5.0 (compatible; MJ12bot/v1.4.8; http://mj12bot.com/)"
217.182.175.222 - - [04/Apr/2025:14:17:41 -0400] "GET /Owl-gDeOJ5bI.php?action=edit&file=iso_3166.mo&path=//usr/share/locale/fur/LC_MESSAGES HTTP/1.1" 200 1853 "-" "Mozilla/5.0 (compatible; MJ12bot/v1.4.8; http://mj12bot.com/)"
94.154.239.69 - - [04/Apr/2025:14:17:42 -0400] "GET /Owl-gDeOJ5bI.php?action=edit&file=lastlog.8.gz&path=//usr/share/man/man8 HTTP/1.1" 200 2166 "-" "Mozilla/5.0 (compatible; MJ12bot/v1.4.8; http://mj12bot.com/)"
217.182.175.222 - - [04/Apr/2025:14:17:44 -0400] "GET /Owl-gDeOJ5bI.php?action=edit&file=iso_3166.mo&path=//usr/share/locale/ga/LC_MESSAGES HTTP/1.1" 200 9384 "-" "Mozilla/5.0 (compatible; MJ12bot/v1.4.8; http://mj12bot.com/)"
94.154.239.69 - - [04/Apr/2025:14:17:45 -0400] "GET /Owl-gDeOJ5bI.php?action=edit&file=latin1.7.gz&path=//usr/share/man/man7 HTTP/1.1" 200 623 "-" "Mozilla/5.0 (compatible; MJ12bot/v1.4.8; http://mj12bot.com/)"
94.154.239.69 - - [04/Apr/2025:14:17:47 -0400] "GET /Owl-gDeOJ5bI.php?action=edit&file=latin1.tmac&path=//usr/share/groff/1.22.3/tmac HTTP/1.1" 200 1175 "-" "Mozilla/5.0 (compatible; MJ12bot/v1.4.8; http://mj12bot.com/)"
94.154.239.69 - - [04/Apr/2025:14:17:49 -0400] "GET /Owl-gDeOJ5bI.php?action=edit&file=latin1.tmac&path=//usr/share/groff/current/tmac HTTP/1.1" 200 1175 "-" "Mozilla/5.0 (compatible; MJ12bot/v1.4.8; http://mj12bot.com/)"
217.182.175.222 - - [04/Apr/2025:14:17:49 -0400] "GET /Owl-gDeOJ5bI.php?action=edit&file=iso_3166.mo&path=//usr/share/locale/gn/LC_MESSAGES HTTP/1.1" 200 3594 "-" "Mozilla/5.0 (compatible; MJ12bot/v1.4.8; http://mj12bot.com/)"
94.154.239.69 - - [04/Apr/2025:14:17:50 -0400] "GET /Owl-gDeOJ5bI.php?action=edit&file=latin1.xml&path=//usr/share/mysql/charsets HTTP/1.1" 200 2611 "-" "Mozilla/5.0 (compatible; MJ12bot/v1.4.8; http://mj12bot.com/)"
217.182.175.222 - - [04/Apr/2025:14:17:51 -0400] "GET /Owl-gDeOJ5bI.php?action=edit&file=iso_3166.mo&path=//usr/share/locale/gu/LC_MESSAGES HTTP/1.1" 200 10555 "-" "Mozilla/5.0 (compatible; MJ12bot/v1.4.8; http://mj12bot.com/)"
217.182.175.222 - - [04/Apr/2025:14:17:53 -0400] "GET /Owl-gDeOJ5bI.php?action=edit&file=iso_3166.mo&path=//usr/share/locale/gv/LC_MESSAGES HTTP/1.1" 200 4581 "-" "Mozilla/5.0 (compatible; MJ12bot/v1.4.8; http://mj12bot.com/)"
217.182.175.222 - - [04/Apr/2025:14:17:54 -0400] "GET /Owl-gDeOJ5bI.php?action=edit&file=iso_3166.mo&path=//usr/share/locale/ha/LC_MESSAGES HTTP/1.1" 200 2785 "-" "Mozilla/5.0 (compatible; MJ12bot/v1.4.8; http://mj12bot.com/)"
94.154.239.69 - - [04/Apr/2025:14:17:55 -0400] "GET /Owl-gDeOJ5bI.php?action=edit&file=latin2.tmac&path=//usr/share/groff/1.22.3/tmac HTTP/1.1" 200 1221 "-" "Mozilla/5.0 (compatible; MJ12bot/v1.4.8; http://mj12bot.com/)"
217.182.175.222 - - [04/Apr/2025:14:17:56 -0400] "GET /Owl-gDeOJ5bI.php?action=edit&file=iso_3166.mo&path=//usr/share/locale/haw/LC_MESSAGES HTTP/1.1" 200 1337 "-" "Mozilla/5.0 (compatible; MJ12bot/v1.4.8; http://mj12bot.com/)"
94.154.239.69 - - [04/Apr/2025:14:17:57 -0400] "GET /Owl-gDeOJ5bI.php?action=edit&file=latin2.tmac&path=//usr/share/groff/current/tmac HTTP/1.1" 200 1221 "-" "Mozilla/5.0 (compatible; MJ12bot/v1.4.8; http://mj12bot.com/)"
217.182.175.222 - - [04/Apr/2025:14:17:58 -0400] "GET /Owl-gDeOJ5bI.php?action=edit&file=iso_3166.mo&path=//usr/share/locale/he/LC_MESSAGES HTTP/1.1" 200 9569 "-" "Mozilla/5.0 (compatible; MJ12bot/v1.4.8; http://mj12bot.com/)"
217.182.175.222 - - [04/Apr/2025:14:17:43 -0400] "GET /Owl-gDeOJ5bI.php?action=edit&file=iso_3166.mo&path=//usr/share/locale/fy/LC_MESSAGES HTTP/1.1" 200 4608 "-" "Mozilla/5.0 (compatible; MJ12bot/v1.4.8; http://mj12bot.com/)"
94.154.239.69 - - [04/Apr/2025:14:17:44 -0400] "GET /Owl-gDeOJ5bI.php?action=edit&file=latex.syntax&path=//usr/share/mc/syntax HTTP/1.1" 200 1714 "-" "Mozilla/5.0 (compatible; MJ12bot/v1.4.8; http://mj12bot.com/)"
217.182.175.222 - - [04/Apr/2025:14:17:46 -0400] "GET /Owl-gDeOJ5bI.php?action=edit&file=iso_3166.mo&path=//usr/share/locale/gez/LC_MESSAGES HTTP/1.1" 200 3223 "-" "Mozilla/5.0 (compatible; MJ12bot/v1.4.8; http://mj12bot.com/)"
217.182.175.222 - - [04/Apr/2025:14:17:48 -0400] "GET /Owl-gDeOJ5bI.php?action=edit&file=iso_3166.mo&path=//usr/share/locale/gl/LC_MESSAGES HTTP/1.1" 200 8724 "-" "Mozilla/5.0 (compatible; MJ12bot/v1.4.8; http://mj12bot.com/)"
94.154.239.69 - - [04/Apr/2025:14:17:52 -0400] "GET /Owl-gDeOJ5bI.php?action=edit&file=latin10.7.gz&path=//usr/share/man/man7 HTTP/1.1" 200 620 "-" "Mozilla/5.0 (compatible; MJ12bot/v1.4.8; http://mj12bot.com/)"
94.154.239.69 - - [04/Apr/2025:14:17:54 -0400] "GET /Owl-gDeOJ5bI.php?action=edit&file=latin2.7.gz&path=//usr/share/man/man7 HTTP/1.1" 200 622 "-" "Mozilla/5.0 (compatible; MJ12bot/v1.4.8; http://mj12bot.com/)"
94.154.239.69 - - [04/Apr/2025:14:17:59 -0400] "GET /Owl-gDeOJ5bI.php?action=edit&file=latin2.xml&path=//usr/share/mysql/charsets HTTP/1.1" 200 2766 "-" "Mozilla/5.0 (compatible; MJ12bot/v1.4.8; http://mj12bot.com/)"
217.182.175.222 - - [04/Apr/2025:14:17:59 -0400] "GET /Owl-gDeOJ5bI.php?action=edit&file=iso_3166.mo&path=//usr/share/locale/hi/LC_MESSAGES HTTP/1.1" 200 10629 "-" "Mozilla/5.0 (compatible; MJ12bot/v1.4.8; http://mj12bot.com/)"
94.154.239.69 - - [04/Apr/2025:14:18:00 -0400] "GET /Owl-gDeOJ5bI.php?action=edit&file=latin3.7.gz&path=//usr/share/man/man7 HTTP/1.1" 200 623 "-" "Mozilla/5.0 (compatible; MJ12bot/v1.4.8; http://mj12bot.com/)"
217.182.175.222 - - [04/Apr/2025:14:18:01 -0400] "GET /Owl-gDeOJ5bI.php?action=edit&file=iso_3166.mo&path=//usr/share/locale/hr/LC_MESSAGES HTTP/1.1" 200 8858 "-" "Mozilla/5.0 (compatible; MJ12bot/v1.4.8; http://mj12bot.com/)"
94.154.239.69 - - [04/Apr/2025:14:18:02 -0400] "GET /Owl-gDeOJ5bI.php?action=edit&file=latin4.7.gz&path=//usr/share/man/man7 HTTP/1.1" 200 623 "-" "Mozilla/5.0 (compatible; MJ12bot/v1.4.8; http://mj12bot.com/)"
94.154.239.69 - - [04/Apr/2025:14:18:05 -0400] "GET /Owl-gDeOJ5bI.php?action=edit&file=latin5.tmac&path=//usr/share/groff/1.22.3/tmac HTTP/1.1" 200 1181 "-" "Mozilla/5.0 (compatible; MJ12bot/v1.4.8; http://mj12bot.com/)"
94.154.239.69 - - [04/Apr/2025:14:18:08 -0400] "GET /Owl-gDeOJ5bI.php?action=edit&file=latin5.xml&path=//usr/share/mysql/charsets HTTP/1.1" 200 2377 "-" "Mozilla/5.0 (compatible; MJ12bot/v1.4.8; http://mj12bot.com/)"
94.154.239.69 - - [04/Apr/2025:14:18:10 -0400] "GET /Owl-gDeOJ5bI.php?action=edit&file=latin6.7.gz&path=//usr/share/man/man7 HTTP/1.1" 200 619 "-" "Mozilla/5.0 (compatible; MJ12bot/v1.4.8; http://mj12bot.com/)"
217.182.175.222 - - [04/Apr/2025:14:18:11 -0400] "GET /Owl-gDeOJ5bI.php?action=edit&file=iso_3166.mo&path=//usr/share/locale/io/LC_MESSAGES HTTP/1.1" 200 4254 "-" "Mozilla/5.0 (compatible; MJ12bot/v1.4.8; http://mj12bot.com/)"
217.182.175.222 - - [04/Apr/2025:14:18:14 -0400] "GET /Owl-gDeOJ5bI.php?action=edit&file=iso_3166.mo&path=//usr/share/locale/it/LC_MESSAGES HTTP/1.1" 200 8590 "-" "Mozilla/5.0 (compatible; MJ12bot/v1.4.8; http://mj12bot.com/)"
94.154.239.69 - - [04/Apr/2025:14:18:15 -0400] "GET /Owl-gDeOJ5bI.php?action=edit&file=latin8.7.gz&path=//usr/share/man/man7 HTTP/1.1" 200 624 "-" "Mozilla/5.0 (compatible; MJ12bot/v1.4.8; http://mj12bot.com/)"
94.154.239.69 - - [04/Apr/2025:14:18:17 -0400] "GET /Owl-gDeOJ5bI.php?action=edit&file=latin9.7.gz&path=//usr/share/man/man7 HTTP/1.1" 200 624 "-" "Mozilla/5.0 (compatible; MJ12bot/v1.4.8; http://mj12bot.com/)"
217.182.175.222 - - [04/Apr/2025:14:18:03 -0400] "GET /Owl-gDeOJ5bI.php?action=edit&file=iso_3166.mo&path=//usr/share/locale/ht/LC_MESSAGES HTTP/1.1" 200 4033 "-" "Mozilla/5.0 (compatible; MJ12bot/v1.4.8; http://mj12bot.com/)"
94.154.239.69 - - [04/Apr/2025:14:18:04 -0400] "GET /Owl-gDeOJ5bI.php?action=edit&file=latin5.7.gz&path=//usr/share/man/man7 HTTP/1.1" 200 624 "-" "Mozilla/5.0 (compatible; MJ12bot/v1.4.8; http://mj12bot.com/)"
217.182.175.222 - - [04/Apr/2025:14:18:04 -0400] "GET /Owl-gDeOJ5bI.php?action=edit&file=iso_3166.mo&path=//usr/share/locale/hu/LC_MESSAGES HTTP/1.1" 200 9022 "-" "Mozilla/5.0 (compatible; MJ12bot/v1.4.8; http://mj12bot.com/)"
217.182.175.222 - - [04/Apr/2025:14:18:06 -0400] "GET /Owl-gDeOJ5bI.php?action=edit&file=iso_3166.mo&path=//usr/share/locale/hy/LC_MESSAGES HTTP/1.1" 200 10086 "-" "Mozilla/5.0 (compatible; MJ12bot/v1.4.8; http://mj12bot.com/)"
94.154.239.69 - - [04/Apr/2025:14:18:07 -0400] "GET /Owl-gDeOJ5bI.php?action=edit&file=latin5.tmac&path=//usr/share/groff/current/tmac HTTP/1.1" 200 1181 "-" "Mozilla/5.0 (compatible; MJ12bot/v1.4.8; http://mj12bot.com/)"
217.182.175.222 - - [04/Apr/2025:14:18:08 -0400] "GET /Owl-gDeOJ5bI.php?action=edit&file=iso_3166.mo&path=//usr/share/locale/ia/LC_MESSAGES HTTP/1.1" 200 8266 "-" "Mozilla/5.0 (compatible; MJ12bot/v1.4.8; http://mj12bot.com/)"
217.182.175.222 - - [04/Apr/2025:14:18:09 -0400] "GET /Owl-gDeOJ5bI.php?action=edit&file=iso_3166.mo&path=//usr/share/locale/id/LC_MESSAGES HTTP/1.1" 200 8221 "-" "Mozilla/5.0 (compatible; MJ12bot/v1.4.8; http://mj12bot.com/)"
94.154.239.69 - - [04/Apr/2025:14:18:12 -0400] "GET /Owl-gDeOJ5bI.php?action=edit&file=latin7.7.gz&path=//usr/share/man/man7 HTTP/1.1" 200 624 "-" "Mozilla/5.0 (compatible; MJ12bot/v1.4.8; http://mj12bot.com/)"
217.182.175.222 - - [04/Apr/2025:14:18:12 -0400] "GET /Owl-gDeOJ5bI.php?action=edit&file=iso_3166.mo&path=//usr/share/locale/is/LC_MESSAGES HTTP/1.1" 200 9315 "-" "Mozilla/5.0 (compatible; MJ12bot/v1.4.8; http://mj12bot.com/)"
94.154.239.69 - - [04/Apr/2025:14:18:13 -0400] "GET /Owl-gDeOJ5bI.php?action=edit&file=latin7.xml&path=//usr/share/mysql/charsets HTTP/1.1" 200 3117 "-" "Mozilla/5.0 (compatible; MJ12bot/v1.4.8; http://mj12bot.com/)"
217.182.175.222 - - [04/Apr/2025:14:18:16 -0400] "GET /Owl-gDeOJ5bI.php?action=edit&file=iso_3166.mo&path=//usr/share/locale/iu/LC_MESSAGES HTTP/1.1" 200 1564 "-" "Mozilla/5.0 (compatible; MJ12bot/v1.4.8; http://mj12bot.com/)"
217.182.175.222 - - [04/Apr/2025:14:18:19 -0400] "GET /Owl-gDeOJ5bI.php?action=edit&file=iso_639-2.mo&path=//usr/share/locale/byn/LC_MESSAGES HTTP/1.1" 200 3080 "-" "Mozilla/5.0 (compatible; MJ12bot/v1.4.8; http://mj12bot.com/)"
217.182.175.222 - - [04/Apr/2025:14:18:21 -0400] "GET /Owl-gDeOJ5bI.php?action=edit&file=iso_639-2.mo&path=//usr/share/locale/ca/LC_MESSAGES HTTP/1.1" 200 10051 "-" "Mozilla/5.0 (compatible; MJ12bot/v1.4.8; http://mj12bot.com/)"
94.154.239.69 - - [04/Apr/2025:14:18:25 -0400] "GET /Owl-gDeOJ5bI.php?action=edit&file=lchfn.1.gz&path=//usr/share/man/man1 HTTP/1.1" 200 1590 "-" "Mozilla/5.0 (compatible; MJ12bot/v1.4.8; http://mj12bot.com/)"
217.182.175.222 - - [04/Apr/2025:14:18:26 -0400] "GET /Owl-gDeOJ5bI.php?action=edit&file=iso_639-2.mo&path=//usr/share/locale/cy/LC_MESSAGES HTTP/1.1" 200 2611 "-" "Mozilla/5.0 (compatible; MJ12bot/v1.4.8; http://mj12bot.com/)"
217.182.175.222 - - [04/Apr/2025:14:18:27 -0400] "GET /Owl-gDeOJ5bI.php?action=edit&file=iso_639-2.mo&path=//usr/share/locale/da/LC_MESSAGES HTTP/1.1" 200 9586 "-" "Mozilla/5.0 (compatible; MJ12bot/v1.4.8; http://mj12bot.com/)"
94.154.239.69 - - [04/Apr/2025:14:18:28 -0400] "GET /Owl-gDeOJ5bI.php?action=edit&file=lchown.3p.gz&path=//usr/share/man/man3p HTTP/1.1" 200 2628 "-" "Mozilla/5.0 (compatible; MJ12bot/v1.4.8; http://mj12bot.com/)"
217.182.175.222 - - [04/Apr/2025:14:18:31 -0400] "GET /Owl-gDeOJ5bI.php?action=edit&file=iso_639-2.mo&path=//usr/share/locale/el/LC_MESSAGES HTTP/1.1" 200 3536 "-" "Mozilla/5.0 (compatible; MJ12bot/v1.4.8; http://mj12bot.com/)"
217.182.175.222 - - [04/Apr/2025:14:18:17 -0400] "GET /Owl-gDeOJ5bI.php?action=edit&file=iso_639-2.mo&path=//usr/share/locale/br/LC_MESSAGES HTTP/1.1" 200 3920 "-" "Mozilla/5.0 (compatible; MJ12bot/v1.4.8; http://mj12bot.com/)"
94.154.239.69 - - [04/Apr/2025:14:18:18 -0400] "GET /Owl-gDeOJ5bI.php?action=edit&file=latin9.tmac&path=//usr/share/groff/1.22.3/tmac HTTP/1.1" 200 1179 "-" "Mozilla/5.0 (compatible; MJ12bot/v1.4.8; http://mj12bot.com/)"
94.154.239.69 - - [04/Apr/2025:14:18:20 -0400] "GET /Owl-gDeOJ5bI.php?action=edit&file=latin9.tmac&path=//usr/share/groff/current/tmac HTTP/1.1" 200 1179 "-" "Mozilla/5.0 (compatible; MJ12bot/v1.4.8; http://mj12bot.com/)"
94.154.239.69 - - [04/Apr/2025:14:18:21 -0400] "GET /Owl-gDeOJ5bI.php?action=edit&file=lb_LU&path=//usr/share/i18n/locales HTTP/1.1" 200 2074 "-" "Mozilla/5.0 (compatible; MJ12bot/v1.4.8; http://mj12bot.com/)"
217.182.175.222 - - [04/Apr/2025:14:18:22 -0400] "GET /Owl-gDeOJ5bI.php?action=edit&file=iso_639-2.mo&path=//usr/share/locale/crh/LC_MESSAGES HTTP/1.1" 200 8628 "-" "Mozilla/5.0 (compatible; MJ12bot/v1.4.8; http://mj12bot.com/)"
