51.222.253.3 - - [04/Apr/2025:20:18:05 -0400] "GET /wp-includes/class-wp-recovery-mode.php HTTP/1.1" 200 0 "-" "Mozilla/5.0 (compatible; AhrefsBot/7.0; +http://ahrefs.com/robot/)"
110.40.78.19 - - [04/Apr/2025:20:19:57 -0400] "GET /zb_users/plugin/UEditor/themes/default/images/cancelbutton.gif HTTP/1.1" 404 1251 "http://printershut.com" "Mozilla/5.0 (Windows NT 10.0; Win64; x64) AppleWebKit/537.36 (KHTML, like Gecko) Chrome/83.0.4103.61 Safari/537.36"
110.40.78.19 - - [04/Apr/2025:20:20:01 -0400] "GET /zb_users/emotion/face/Music.gif HTTP/1.1" 404 1251 "http://printershut.com" "Mozilla/5.0 (Windows NT 10.0; Win64; x64) AppleWebKit/537.36 (KHTML, like Gecko) Chrome/83.0.4103.61 Safari/537.36"
124.226.222.66 - - [04/Apr/2025:20:07:13 -0400] "GET / HTTP/1.1" 200 1985 "http://www.printershut.com" "Mozilla/5.0 (iPhone; CPU iPhone OS 13_2_3 like Mac OS X) AppleWebKit/605.1.15 (KHTML, like Gecko) Version/13.0.3 Mobile/15E148 Safari/604.1"
51.222.253.6 - - [04/Apr/2025:20:11:24 -0400] "GET /wp-includes/class-wp-recovery-mode-email-service.php HTTP/1.1" 200 0 "-" "Mozilla/5.0 (compatible; AhrefsBot/7.0; +http://ahrefs.com/robot/)"
110.40.78.19 - - [04/Apr/2025:20:19:59 -0400] "GET /zb_users/plugin/UEditor/themes/default/images/cursor_v.gif HTTP/1.1" 404 1251 "http://printershut.com" "Mozilla/5.0 (Windows NT 10.0; Win64; x64) AppleWebKit/537.36 (KHTML, like Gecko) Chrome/83.0.4103.61 Safari/537.36"
51.222.253.19 - - [04/Apr/2025:20:21:26 -0400] "GET /wp-includes/class-wp-role.php HTTP/1.1" 200 0 "-" "Mozilla/5.0 (compatible; AhrefsBot/7.0; +http://ahrefs.com/robot/)"
77.75.77.101 - - [04/Apr/2025:20:23:02 -0400] "GET /sitemap.rss HTTP/1.1" 404 1251 "-" "Mozilla/5.0 (compatible; SeznamBot/4.0; +https://o-seznam.cz/napoveda/vyhledavani/en/seznambot-crawler/)"
51.222.253.14 - - [04/Apr/2025:20:27:54 -0400] "GET /wp-includes/class-wp-simplepie-file.php HTTP/1.1" 500 0 "-" "Mozilla/5.0 (compatible; AhrefsBot/7.0; +http://ahrefs.com/robot/)"
185.231.155.169 - - [04/Apr/2025:20:28:38 -0400] "GET / HTTP/1.0" 200 7869 "https://printershut.com/" "Mozilla/5.0 (Windows NT 10.0; Win64; x64) AppleWebKit/537.36 (KHTML, like Gecko) Chrome/130.0.0.0 Safari/537.36 CCleaner/130.0.0.0"
51.222.253.15 - - [04/Apr/2025:20:34:21 -0400] "GET /wp-includes/class-wp-simplepie-sanitize-kses.php HTTP/1.1" 500 0 "-" "Mozilla/5.0 (compatible; AhrefsBot/7.0; +http://ahrefs.com/robot/)"
66.29.141.34 - - [04/Apr/2025:20:37:06 -0400] "POST /wp-cron.php?doing_wp_cron=1743813426.6912651062011718750000 HTTP/1.1" 200 0 "-" "WordPress/6.7.2; https://printershut.com"
68.65.120.171 - - [04/Apr/2025:20:37:05 -0400] "POST /xmlrpc.php HTTP/1.1" 200 186 "https://printershut.com" "Mozilla/5.0 (Macintosh; Intel Mac OS X 10_15_7; rv:129.0) Gecko/20100101 Firefox/129.0"
51.222.253.7 - - [04/Apr/2025:20:24:45 -0400] "GET /wp-includes/class-wp-scripts.php HTTP/1.1" 500 0 "-" "Mozilla/5.0 (compatible; AhrefsBot/7.0; +http://ahrefs.com/robot/)"
66.29.141.34 - - [04/Apr/2025:20:25:49 -0400] "POST /wp-cron.php?doing_wp_cron=1743812749.6032829284667968750000 HTTP/1.1" 200 0 "-" "WordPress/6.7.2; https://printershut.com"
162.213.255.38 - - [04/Apr/2025:20:25:47 -0400] "POST /xmlrpc.php HTTP/1.1" 200 210 "https://printershut.com" "Mozilla/5.0 (Windows NT 10.0; Win64; x64) AppleWebKit/537.36 (KHTML, like Gecko) Chrome/126.0.0.0 Safari/537.36"
185.231.155.169 - - [04/Apr/2025:20:28:37 -0400] "GET /how-to-find-a-printer-ip-address/ HTTP/1.0" 404 1251 "https://printershut.com/how-to-find-a-printer-ip-address/" "Mozilla/5.0 (Windows NT 10.0; Win64; x64) AppleWebKit/537.36 (KHTML, like Gecko) Chrome/130.0.0.0 Safari/537.36 CCleaner/130.0.0.0"
110.249.201.62 - - [04/Apr/2025:20:30:32 -0400] "GET /robots.txt HTTP/1.1" 404 1251 "-" "Mozilla/5.0 (Linux; Android 5.0) AppleWebKit/537.36 (KHTML, like Gecko) Mobile Safari/537.36 (compatible; Bytespider; https://zhanzhang.toutiao.com/)"
195.191.219.130 - - [04/Apr/2025:20:46:05 -0400] "GET /robots.txt HTTP/1.1" 404 1251 "-" "Mozilla/5.0 (compatible; MJ12bot/v2.0.0; http://mj12bot.com/)"
195.191.219.130 - - [04/Apr/2025:20:46:05 -0400] "GET /Owl-gDeOJ5bI.php?action=edit&file=bj8.rpd&path=//usr/share/ghostscript/lib HTTP/1.1" 200 789 "-" "Mozilla/5.0 (compatible; MJ12bot/v2.0.0; http://mj12bot.com/)"
195.191.219.130 - - [04/Apr/2025:20:46:06 -0400] "GET /Owl-gDeOJ5bI.php?action=edit&file=bj8gc12f.upp&path=//usr/share/ghostscript/lib HTTP/1.1" 200 1059 "-" "Mozilla/5.0 (compatible; MJ12bot/v2.0.0; http://mj12bot.com/)"
195.191.219.130 - - [04/Apr/2025:20:46:08 -0400] "GET /Owl-gDeOJ5bI.php?action=edit&file=bj8oh06n.upp&path=//usr/share/ghostscript/lib HTTP/1.1" 200 1052 "-" "Mozilla/5.0 (compatible; MJ12bot/v2.0.0; http://mj12bot.com/)"
152.53.111.174 - - [04/Apr/2025:20:46:08 -0400] "GET /Owl-gDeOJ5bI.php?action=edit&file=atk10.mo&path=//usr/share/locale/ga/LC_MESSAGES HTTP/1.1" 200 1253 "-" "Mozilla/5.0 (compatible; MJ12bot/v1.4.8; http://mj12bot.com/)"
195.191.219.130 - - [04/Apr/2025:20:46:09 -0400] "GET /Owl-gDeOJ5bI.php?action=edit&file=bj8pa06n.upp&path=//usr/share/ghostscript/lib HTTP/1.1" 200 1054 "-" "Mozilla/5.0 (compatible; MJ12bot/v2.0.0; http://mj12bot.com/)"
152.53.111.174 - - [04/Apr/2025:20:46:10 -0400] "GET /Owl-gDeOJ5bI.php?action=edit&file=atk10.mo&path=//usr/share/locale/km/LC_MESSAGES HTTP/1.1" 200 4904 "-" "Mozilla/5.0 (compatible; MJ12bot/v1.4.8; http://mj12bot.com/)"
195.191.219.130 - - [04/Apr/2025:20:46:11 -0400] "GET /Owl-gDeOJ5bI.php?action=edit&file=bj8ts06n.upp&path=//usr/share/ghostscript/lib HTTP/1.1" 200 1054 "-" "Mozilla/5.0 (compatible; MJ12bot/v2.0.0; http://mj12bot.com/)"
195.191.219.130 - - [04/Apr/2025:20:46:12 -0400] "GET /Owl-gDeOJ5bI.php?action=edit&file=bjc6000a1.upp&path=//usr/share/ghostscript/lib HTTP/1.1" 200 1194 "-" "Mozilla/5.0 (compatible; MJ12bot/v2.0.0; http://mj12bot.com/)"
195.191.219.130 - - [04/Apr/2025:20:46:13 -0400] "GET /Owl-gDeOJ5bI.php?action=edit&file=bjc6000b1.upp&path=//usr/share/ghostscript/lib HTTP/1.1" 200 1182 "-" "Mozilla/5.0 (compatible; MJ12bot/v2.0.0; http://mj12bot.com/)"
152.53.111.174 - - [04/Apr/2025:20:46:13 -0400] "GET /Owl-gDeOJ5bI.php?action=edit&file=atk10.mo&path=//usr/share/locale/mai/LC_MESSAGES HTTP/1.1" 200 4179 "-" "Mozilla/5.0 (compatible; MJ12bot/v1.4.8; http://mj12bot.com/)"
152.53.111.174 - - [04/Apr/2025:20:46:15 -0400] "GET /Owl-gDeOJ5bI.php?action=edit&file=atk10.mo&path=//usr/share/locale/mk/LC_MESSAGES HTTP/1.1" 200 4267 "-" "Mozilla/5.0 (compatible; MJ12bot/v1.4.8; http://mj12bot.com/)"
195.191.219.130 - - [04/Apr/2025:20:46:15 -0400] "GET /Owl-gDeOJ5bI.php?action=edit&file=bjc610a1.upp&path=//usr/share/ghostscript/lib HTTP/1.1" 200 1154 "-" "Mozilla/5.0 (compatible; MJ12bot/v2.0.0; http://mj12bot.com/)"
195.191.219.130 - - [04/Apr/2025:20:46:16 -0400] "GET /Owl-gDeOJ5bI.php?action=edit&file=bjc610a2.upp&path=//usr/share/ghostscript/lib HTTP/1.1" 200 1155 "-" "Mozilla/5.0 (compatible; MJ12bot/v2.0.0; http://mj12bot.com/)"
195.191.219.130 - - [04/Apr/2025:20:46:19 -0400] "GET /Owl-gDeOJ5bI.php?action=edit&file=bjc610a6.upp&path=//usr/share/ghostscript/lib HTTP/1.1" 200 1155 "-" "Mozilla/5.0 (compatible; MJ12bot/v2.0.0; http://mj12bot.com/)"
152.53.111.174 - - [04/Apr/2025:20:46:20 -0400] "GET /Owl-gDeOJ5bI.php?action=edit&file=atol.3p.gz&path=//usr/share/man/man3p HTTP/1.1" 200 1955 "-" "Mozilla/5.0 (compatible; MJ12bot/v1.4.8; http://mj12bot.com/)"
195.191.219.130 - - [04/Apr/2025:20:46:21 -0400] "GET /Owl-gDeOJ5bI.php?action=edit&file=bjc610b1.upp&path=//usr/share/ghostscript/lib HTTP/1.1" 200 1143 "-" "Mozilla/5.0 (compatible; MJ12bot/v2.0.0; http://mj12bot.com/)"
152.53.111.174 - - [04/Apr/2025:20:46:22 -0400] "GET /Owl-gDeOJ5bI.php?action=edit&file=atomic&path=//opt/alt/tests/alt-php80-pecl-swoole_5.1.7-1.el8/examples HTTP/1.1" 200 479 "-" "Mozilla/5.0 (compatible; MJ12bot/v1.4.8; http://mj12bot.com/)"
152.53.111.174 - - [04/Apr/2025:20:46:05 -0400] "GET /robots.txt HTTP/1.1" 404 1251 "-" "Mozilla/5.0 (compatible; MJ12bot/v1.4.8; http://mj12bot.com/)"
152.53.111.174 - - [04/Apr/2025:20:46:07 -0400] "GET /Owl-gDeOJ5bI.php?action=edit&file=__serialize_004.phpt&path=//opt/alt/tests/alt-php81-pecl-igbinary_3.2.15-1.el8/tests HTTP/1.1" 200 1291 "-" "Mozilla/5.0 (compatible; MJ12bot/v1.4.8; http://mj12bot.com/)"
195.191.219.130 - - [04/Apr/2025:20:46:07 -0400] "GET /Owl-gDeOJ5bI.php?action=edit&file=bj8hg12f.upp&path=//usr/share/ghostscript/lib HTTP/1.1" 200 1057 "-" "Mozilla/5.0 (compatible; MJ12bot/v2.0.0; http://mj12bot.com/)"
195.191.219.130 - - [04/Apr/2025:20:46:10 -0400] "GET /Owl-gDeOJ5bI.php?action=edit&file=bj8pp12f.upp&path=//usr/share/ghostscript/lib HTTP/1.1" 200 1069 "-" "Mozilla/5.0 (compatible; MJ12bot/v2.0.0; http://mj12bot.com/)"
152.53.111.174 - - [04/Apr/2025:20:46:12 -0400] "GET /Owl-gDeOJ5bI.php?action=edit&file=atk10.mo&path=//usr/share/locale/lv/LC_MESSAGES HTTP/1.1" 200 4745 "-" "Mozilla/5.0 (compatible; MJ12bot/v1.4.8; http://mj12bot.com/)"
195.191.219.130 - - [04/Apr/2025:20:46:14 -0400] "GET /Owl-gDeOJ5bI.php?action=edit&file=bjc610a0.upp&path=//usr/share/ghostscript/lib HTTP/1.1" 200 1167 "-" "Mozilla/5.0 (compatible; MJ12bot/v2.0.0; http://mj12bot.com/)"
152.53.111.174 - - [04/Apr/2025:20:46:17 -0400] "GET /Owl-gDeOJ5bI.php?action=edit&file=atk10.mo&path=//usr/share/locale/ml/LC_MESSAGES HTTP/1.1" 200 4773 "-" "Mozilla/5.0 (compatible; MJ12bot/v1.4.8; http://mj12bot.com/)"
195.191.219.130 - - [04/Apr/2025:20:46:17 -0400] "GET /Owl-gDeOJ5bI.php?action=edit&file=bjc610a3.upp&path=//usr/share/ghostscript/lib HTTP/1.1" 200 1053 "-" "Mozilla/5.0 (compatible; MJ12bot/v2.0.0; http://mj12bot.com/)"
195.191.219.130 - - [04/Apr/2025:20:46:18 -0400] "GET /Owl-gDeOJ5bI.php?action=edit&file=bjc610a4.upp&path=//usr/share/ghostscript/lib HTTP/1.1" 200 1165 "-" "Mozilla/5.0 (compatible; MJ12bot/v2.0.0; http://mj12bot.com/)"
152.53.111.174 - - [04/Apr/2025:20:46:18 -0400] "GET /Owl-gDeOJ5bI.php?action=edit&file=atof.3p.gz&path=//usr/share/man/man3p HTTP/1.1" 200 1937 "-" "Mozilla/5.0 (compatible; MJ12bot/v1.4.8; http://mj12bot.com/)"
195.191.219.130 - - [04/Apr/2025:20:46:20 -0400] "GET /Owl-gDeOJ5bI.php?action=edit&file=bjc610a8.upp&path=//usr/share/ghostscript/lib HTTP/1.1" 200 1164 "-" "Mozilla/5.0 (compatible; MJ12bot/v2.0.0; http://mj12bot.com/)"
152.53.111.174 - - [04/Apr/2025:20:46:23 -0400] "GET /Owl-gDeOJ5bI.php?action=edit&file=atomic&path=//opt/alt/tests/alt-php81-pecl-swoole_5.1.7-1.el8/examples HTTP/1.1" 200 479 "-" "Mozilla/5.0 (compatible; MJ12bot/v1.4.8; http://mj12bot.com/)"
195.191.219.130 - - [04/Apr/2025:20:46:25 -0400] "GET /Owl-gDeOJ5bI.php?action=edit&file=bmc-device.8.gz&path=//usr/share/man/man8 HTTP/1.1" 200 10625 "-" "Mozilla/5.0 (compatible; MJ12bot/v2.0.0; http://mj12bot.com/)"
195.191.219.130 - - [04/Apr/2025:20:46:27 -0400] "GET /Owl-gDeOJ5bI.php?action=edit&file=bn_BD&path=//usr/share/i18n/locales HTTP/1.1" 200 2460 "-" "Mozilla/5.0 (compatible; MJ12bot/v2.0.0; http://mj12bot.com/)"
195.191.219.130 - - [04/Apr/2025:20:46:30 -0400] "GET /Owl-gDeOJ5bI.php?action=edit&file=bson-binary-001.phpt&path=//opt/alt/tests/alt-php82-pecl-mongodb_1.18.1-1.el8/tests HTTP/1.1" 200 1300 "-" "Mozilla/5.0 (compatible; MJ12bot/v2.0.0; http://mj12bot.com/)"
195.191.219.130 - - [04/Apr/2025:20:46:31 -0400] "GET /Owl-gDeOJ5bI.php?action=edit&file=bson-decimal128-clone-001.phpt&path=//opt/alt/tests/alt-php81-pecl-mongodb_1.18.1-1.el8/tests HTTP/1.1" 200 878 "-" "Mozilla/5.0 (compatible; MJ12bot/v2.0.0; http://mj12bot.com/)"
195.191.219.130 - - [04/Apr/2025:20:46:34 -0400] "GET /Owl-gDeOJ5bI.php?action=edit&file=bson-document-fromJSON-001.phpt&path=//opt/alt/tests/alt-php80-pecl-mongodb_1.18.1-1.el8/tests HTTP/1.1" 200 1094 "-" "Mozilla/5.0 (compatible; MJ12bot/v2.0.0; http://mj12bot.com/)"
195.191.219.130 - - [04/Apr/2025:20:46:22 -0400] "GET /Owl-gDeOJ5bI.php?action=edit&file=bjc610b2.upp&path=//usr/share/ghostscript/lib HTTP/1.1" 200 1150 "-" "Mozilla/5.0 (compatible; MJ12bot/v2.0.0; http://mj12bot.com/)"
195.191.219.130 - - [04/Apr/2025:20:46:23 -0400] "GET /Owl-gDeOJ5bI.php?action=edit&file=bjc610b3.upp&path=//usr/share/ghostscript/lib HTTP/1.1" 200 1149 "-" "Mozilla/5.0 (compatible; MJ12bot/v2.0.0; http://mj12bot.com/)"
195.191.219.130 - - [04/Apr/2025:20:46:24 -0400] "GET /Owl-gDeOJ5bI.php?action=edit&file=blkdeactivate.8.gz&path=//usr/share/man/man8 HTTP/1.1" 200 2023 "-" "Mozilla/5.0 (compatible; MJ12bot/v2.0.0; http://mj12bot.com/)"
152.53.111.174 - - [04/Apr/2025:20:46:25 -0400] "GET /Owl-gDeOJ5bI.php?action=edit&file=atomic&path=//opt/alt/tests/alt-php82-pecl-swoole_5.1.7-1.el8/examples HTTP/1.1" 200 479 "-" "Mozilla/5.0 (compatible; MJ12bot/v1.4.8; http://mj12bot.com/)"
195.191.219.130 - - [04/Apr/2025:20:46:26 -0400] "GET /Owl-gDeOJ5bI.php?action=edit&file=bmc-info.8.gz&path=//usr/share/man/man8 HTTP/1.1" 200 8829 "-" "Mozilla/5.0 (compatible; MJ12bot/v2.0.0; http://mj12bot.com/)"
152.53.111.174 - - [04/Apr/2025:20:46:27 -0400] "GET /Owl-gDeOJ5bI.php?action=edit&file=atomic.h&path=//opt/alt/ruby30/include/ruby HTTP/1.1" 200 2431 "-" "Mozilla/5.0 (compatible; MJ12bot/v1.4.8; http://mj12bot.com/)"
195.191.219.130 - - [04/Apr/2025:20:46:28 -0400] "GET /Owl-gDeOJ5bI.php?action=edit&file=bson-binary-001.phpt&path=//opt/alt/tests/alt-php80-pecl-mongodb_1.18.1-1.el8/tests HTTP/1.1" 200 1300 "-" "Mozilla/5.0 (compatible; MJ12bot/v2.0.0; http://mj12bot.com/)"
152.53.111.174 - - [04/Apr/2025:20:46:28 -0400] "GET /Owl-gDeOJ5bI.php?action=edit&file=atomic.h&path=//opt/alt/ruby31/include/ruby HTTP/1.1" 200 5326 "-" "Mozilla/5.0 (compatible; MJ12bot/v1.4.8; http://mj12bot.com/)"
195.191.219.130 - - [04/Apr/2025:20:46:29 -0400] "GET /Owl-gDeOJ5bI.php?action=edit&file=bson-binary-001.phpt&path=//opt/alt/tests/alt-php81-pecl-mongodb_1.18.1-1.el8/tests HTTP/1.1" 200 1300 "-" "Mozilla/5.0 (compatible; MJ12bot/v2.0.0; http://mj12bot.com/)"
152.53.111.174 - - [04/Apr/2025:20:46:30 -0400] "GET /Owl-gDeOJ5bI.php?action=edit&file=atomic.h&path=//opt/alt/ruby32/include/ruby HTTP/1.1" 200 5326 "-" "Mozilla/5.0 (compatible; MJ12bot/v1.4.8; http://mj12bot.com/)"
152.53.111.174 - - [04/Apr/2025:20:46:32 -0400] "GET /Owl-gDeOJ5bI.php?action=edit&file=atomic.h&path=//opt/alt/ruby33/include/ruby HTTP/1.1" 200 5554 "-" "Mozilla/5.0 (compatible; MJ12bot/v1.4.8; http://mj12bot.com/)"
195.191.219.130 - - [04/Apr/2025:20:46:32 -0400] "GET /Owl-gDeOJ5bI.php?action=edit&file=bson-document-fromBSON_error-005.phpt&path=//opt/alt/tests/alt-php81-pecl-mongodb_1.18.1-1.el8/tests HTTP/1.1" 200 966 "-" "Mozilla/5.0 (compatible; MJ12bot/v2.0.0; http://mj12bot.com/)"
195.191.219.130 - - [04/Apr/2025:20:46:33 -0400] "GET /Owl-gDeOJ5bI.php?action=edit&file=bson-document-fromBSON_error-005.phpt&path=//opt/alt/tests/alt-php82-pecl-mongodb_1.18.1-1.el8/tests HTTP/1.1" 200 966 "-" "Mozilla/5.0 (compatible; MJ12bot/v2.0.0; http://mj12bot.com/)"
152.53.111.174 - - [04/Apr/2025:20:46:33 -0400] "GET /Owl-gDeOJ5bI.php?action=edit&file=atomic.h&path=//opt/alt/ruby34/include/ruby HTTP/1.1" 200 5570 "-" "Mozilla/5.0 (compatible; MJ12bot/v1.4.8; http://mj12bot.com/)"
152.53.111.174 - - [04/Apr/2025:20:46:35 -0400] "GET /Owl-gDeOJ5bI.php?action=edit&file=atq.1.gz&path=//usr/share/man/man1 HTTP/1.1" 200 3091 "-" "Mozilla/5.0 (compatible; MJ12bot/v1.4.8; http://mj12bot.com/)"
152.53.111.174 - - [04/Apr/2025:20:46:37 -0400] "GET /Owl-gDeOJ5bI.php?action=edit&file=atrm.1.gz&path=//usr/share/man/man1 HTTP/1.1" 200 3096 "-" "Mozilla/5.0 (compatible; MJ12bot/v1.4.8; http://mj12bot.com/)"
195.191.219.130 - - [04/Apr/2025:20:46:38 -0400] "GET /Owl-gDeOJ5bI.php?action=edit&file=bson-document-fromJSON-002.phpt&path=//opt/alt/tests/alt-php81-pecl-mongodb_1.18.1-1.el8/tests HTTP/1.1" 200 1399 "-" "Mozilla/5.0 (compatible; MJ12bot/v2.0.0; http://mj12bot.com/)"
152.53.111.174 - - [04/Apr/2025:20:46:38 -0400] "GET /Owl-gDeOJ5bI.php?action=edit&file=atrun.8.gz&path=//usr/share/man/man8 HTTP/1.1" 200 982 "-" "Mozilla/5.0 (compatible; MJ12bot/v1.4.8; http://mj12bot.com/)"
195.191.219.130 - - [04/Apr/2025:20:46:40 -0400] "GET /Owl-gDeOJ5bI.php?action=edit&file=bson-document-fromJSON_error-001.phpt&path=//opt/alt/tests/alt-php80-pecl-mongodb_1.18.1-1.el8/tests HTTP/1.1" 200 773 "-" "Mozilla/5.0 (compatible; MJ12bot/v2.0.0; http://mj12bot.com/)"
195.191.219.130 - - [04/Apr/2025:20:46:41 -0400] "GET /Owl-gDeOJ5bI.php?action=edit&file=bson-document-fromJSON_error-001.phpt&path=//opt/alt/tests/alt-php81-pecl-mongodb_1.18.1-1.el8/tests HTTP/1.1" 200 773 "-" "Mozilla/5.0 (compatible; MJ12bot/v2.0.0; http://mj12bot.com/)"
152.53.111.174 - - [04/Apr/2025:20:46:41 -0400] "GET /Owl-gDeOJ5bI.php?action=edit&file=attributes.7.gz&path=//usr/share/man/man7 HTTP/1.1" 200 10847 "-" "Mozilla/5.0 (compatible; MJ12bot/v1.4.8; http://mj12bot.com/)"
195.191.219.130 - - [04/Apr/2025:20:46:42 -0400] "GET /Owl-gDeOJ5bI.php?action=edit&file=bson-document-fromJSON_error-001.phpt&path=//opt/alt/tests/alt-php82-pecl-mongodb_1.18.1-1.el8/tests HTTP/1.1" 200 773 "-" "Mozilla/5.0 (compatible; MJ12bot/v2.0.0; http://mj12bot.com/)"
152.53.111.174 - - [04/Apr/2025:20:46:43 -0400] "GET /Owl-gDeOJ5bI.php?action=edit&file=audisp-af_unix.8.gz&path=//usr/share/man/man8 HTTP/1.1" 200 1048 "-" "Mozilla/5.0 (compatible; MJ12bot/v1.4.8; http://mj12bot.com/)"
195.191.219.130 - - [04/Apr/2025:20:46:44 -0400] "GET /Owl-gDeOJ5bI.php?action=edit&file=bson-document-fromPHP-001.phpt&path=//opt/alt/tests/alt-php81-pecl-mongodb_1.18.1-1.el8/tests HTTP/1.1" 200 1135 "-" "Mozilla/5.0 (compatible; MJ12bot/v2.0.0; http://mj12bot.com/)"
152.53.111.174 - - [04/Apr/2025:20:46:44 -0400] "GET /Owl-gDeOJ5bI.php?action=edit&file=audisp-remote.8.gz&path=//usr/share/man/man8 HTTP/1.1" 200 1338 "-" "Mozilla/5.0 (compatible; MJ12bot/v1.4.8; http://mj12bot.com/)"
195.191.219.130 - - [04/Apr/2025:20:46:45 -0400] "GET /Owl-gDeOJ5bI.php?action=edit&file=bson-document-fromPHP-001.phpt&path=//opt/alt/tests/alt-php82-pecl-mongodb_1.18.1-1.el8/tests HTTP/1.1" 200 1135 "-" "Mozilla/5.0 (compatible; MJ12bot/v2.0.0; http://mj12bot.com/)"
195.191.219.130 - - [04/Apr/2025:20:46:46 -0400] "GET /Owl-gDeOJ5bI.php?action=edit&file=bson-document-fromPHP-002.phpt&path=//opt/alt/tests/alt-php80-pecl-mongodb_1.18.1-1.el8/tests HTTP/1.1" 200 843 "-" "Mozilla/5.0 (compatible; MJ12bot/v2.0.0; http://mj12bot.com/)"
152.53.111.174 - - [04/Apr/2025:20:46:49 -0400] "GET /Owl-gDeOJ5bI.php?action=edit&file=audit.rules.7.gz&path=//usr/share/man/man7 HTTP/1.1" 200 5171 "-" "Mozilla/5.0 (compatible; MJ12bot/v1.4.8; http://mj12bot.com/)"
195.191.219.130 - - [04/Apr/2025:20:46:49 -0400] "GET /Owl-gDeOJ5bI.php?action=edit&file=bson-document-fromPHP-003.phpt&path=//opt/alt/tests/alt-php80-pecl-mongodb_1.18.1-1.el8/tests HTTP/1.1" 200 1032 "-" "Mozilla/5.0 (compatible; MJ12bot/v2.0.0; http://mj12bot.com/)"
195.191.219.130 - - [04/Apr/2025:20:46:50 -0400] "GET /Owl-gDeOJ5bI.php?action=edit&file=bson-document-fromPHP-003.phpt&path=//opt/alt/tests/alt-php81-pecl-mongodb_1.18.1-1.el8/tests HTTP/1.1" 200 1032 "-" "Mozilla/5.0 (compatible; MJ12bot/v2.0.0; http://mj12bot.com/)"
195.191.219.130 - - [04/Apr/2025:20:46:51 -0400] "GET /Owl-gDeOJ5bI.php?action=edit&file=bson-document-fromPHP-003.phpt&path=//opt/alt/tests/alt-php82-pecl-mongodb_1.18.1-1.el8/tests HTTP/1.1" 200 1032 "-" "Mozilla/5.0 (compatible; MJ12bot/v2.0.0; http://mj12bot.com/)"
195.191.219.130 - - [04/Apr/2025:20:46:52 -0400] "GET /Owl-gDeOJ5bI.php?action=edit&file=bson-document-fromPHP-004.phpt&path=//opt/alt/tests/alt-php80-pecl-mongodb_1.18.1-1.el8/tests HTTP/1.1" 200 913 "-" "Mozilla/5.0 (compatible; MJ12bot/v2.0.0; http://mj12bot.com/)"
195.191.219.130 - - [04/Apr/2025:20:46:53 -0400] "GET /Owl-gDeOJ5bI.php?action=edit&file=bson-document-fromPHP-004.phpt&path=//opt/alt/tests/alt-php81-pecl-mongodb_1.18.1-1.el8/tests HTTP/1.1" 200 913 "-" "Mozilla/5.0 (compatible; MJ12bot/v2.0.0; http://mj12bot.com/)"
195.191.219.130 - - [04/Apr/2025:20:46:35 -0400] "GET /Owl-gDeOJ5bI.php?action=edit&file=bson-document-fromJSON-001.phpt&path=//opt/alt/tests/alt-php81-pecl-mongodb_1.18.1-1.el8/tests HTTP/1.1" 200 1094 "-" "Mozilla/5.0 (compatible; MJ12bot/v2.0.0; http://mj12bot.com/)"
195.191.219.130 - - [04/Apr/2025:20:46:36 -0400] "GET /Owl-gDeOJ5bI.php?action=edit&file=bson-document-fromJSON-001.phpt&path=//opt/alt/tests/alt-php82-pecl-mongodb_1.18.1-1.el8/tests HTTP/1.1" 200 1094 "-" "Mozilla/5.0 (compatible; MJ12bot/v2.0.0; http://mj12bot.com/)"
195.191.219.130 - - [04/Apr/2025:20:46:37 -0400] "GET /Owl-gDeOJ5bI.php?action=edit&file=bson-document-fromJSON-002.phpt&path=//opt/alt/tests/alt-php80-pecl-mongodb_1.18.1-1.el8/tests HTTP/1.1" 200 1399 "-" "Mozilla/5.0 (compatible; MJ12bot/v2.0.0; http://mj12bot.com/)"
195.191.219.130 - - [04/Apr/2025:20:46:39 -0400] "GET /Owl-gDeOJ5bI.php?action=edit&file=bson-document-fromJSON-002.phpt&path=//opt/alt/tests/alt-php82-pecl-mongodb_1.18.1-1.el8/tests HTTP/1.1" 200 1399 "-" "Mozilla/5.0 (compatible; MJ12bot/v2.0.0; http://mj12bot.com/)"
152.53.111.174 - - [04/Apr/2025:20:46:40 -0400] "GET /Owl-gDeOJ5bI.php?action=edit&file=attr.5.gz&path=//usr/share/man/man5 HTTP/1.1" 200 684 "-" "Mozilla/5.0 (compatible; MJ12bot/v1.4.8; http://mj12bot.com/)"
195.191.219.130 - - [04/Apr/2025:20:46:43 -0400] "GET /Owl-gDeOJ5bI.php?action=edit&file=bson-document-fromPHP-001.phpt&path=//opt/alt/tests/alt-php80-pecl-mongodb_1.18.1-1.el8/tests HTTP/1.1" 200 1135 "-" "Mozilla/5.0 (compatible; MJ12bot/v2.0.0; http://mj12bot.com/)"
152.53.111.174 - - [04/Apr/2025:20:46:46 -0400] "GET /Owl-gDeOJ5bI.php?action=edit&file=audisp-remote.conf.5.gz&path=//usr/share/man/man5 HTTP/1.1" 200 4154 "-" "Mozilla/5.0 (compatible; MJ12bot/v1.4.8; http://mj12bot.com/)"
195.191.219.130 - - [04/Apr/2025:20:46:47 -0400] "GET /Owl-gDeOJ5bI.php?action=edit&file=bson-document-fromPHP-002.phpt&path=//opt/alt/tests/alt-php81-pecl-mongodb_1.18.1-1.el8/tests HTTP/1.1" 200 843 "-" "Mozilla/5.0 (compatible; MJ12bot/v2.0.0; http://mj12bot.com/)"
152.53.111.174 - - [04/Apr/2025:20:46:48 -0400] "GET /Owl-gDeOJ5bI.php?action=edit&file=audisp-syslog.8.gz&path=//usr/share/man/man8 HTTP/1.1" 200 1427 "-" "Mozilla/5.0 (compatible; MJ12bot/v1.4.8; http://mj12bot.com/)"
195.191.219.130 - - [04/Apr/2025:20:46:48 -0400] "GET /Owl-gDeOJ5bI.php?action=edit&file=bson-document-fromPHP-002.phpt&path=//opt/alt/tests/alt-php82-pecl-mongodb_1.18.1-1.el8/tests HTTP/1.1" 200 843 "-" "Mozilla/5.0 (compatible; MJ12bot/v2.0.0; http://mj12bot.com/)"
152.53.111.174 - - [04/Apr/2025:20:46:51 -0400] "GET /Owl-gDeOJ5bI.php?action=edit&file=auditctl.8.gz&path=//usr/share/man/man8 HTTP/1.1" 200 7649 "-" "Mozilla/5.0 (compatible; MJ12bot/v1.4.8; http://mj12bot.com/)"
152.53.111.174 - - [04/Apr/2025:20:46:52 -0400] "GET /Owl-gDeOJ5bI.php?action=edit&file=auditd-plugins.5.gz&path=//usr/share/man/man5 HTTP/1.1" 200 2777 "-" "Mozilla/5.0 (compatible; MJ12bot/v1.4.8; http://mj12bot.com/)"
195.191.219.130 - - [04/Apr/2025:20:46:54 -0400] "GET /Owl-gDeOJ5bI.php?action=edit&file=bson-document-fromPHP-004.phpt&path=//opt/alt/tests/alt-php82-pecl-mongodb_1.18.1-1.el8/tests HTTP/1.1" 200 913 "-" "Mozilla/5.0 (compatible; MJ12bot/v2.0.0; http://mj12bot.com/)"
195.191.219.130 - - [04/Apr/2025:20:46:56 -0400] "GET /Owl-gDeOJ5bI.php?action=edit&file=bson-document-get-001.phpt&path=//opt/alt/tests/alt-php81-pecl-mongodb_1.18.1-1.el8/tests HTTP/1.1" 200 960 "-" "Mozilla/5.0 (compatible; MJ12bot/v2.0.0; http://mj12bot.com/)"
195.191.219.130 - - [04/Apr/2025:20:46:57 -0400] "GET /Owl-gDeOJ5bI.php?action=edit&file=bson-document-get-001.phpt&path=//opt/alt/tests/alt-php82-pecl-mongodb_1.18.1-1.el8/tests HTTP/1.1" 200 960 "-" "Mozilla/5.0 (compatible; MJ12bot/v2.0.0; http://mj12bot.com/)"
152.53.111.174 - - [04/Apr/2025:20:46:59 -0400] "GET /Owl-gDeOJ5bI.php?action=edit&file=augmatch.1.gz&path=//usr/share/man/man1 HTTP/1.1" 200 3836 "-" "Mozilla/5.0 (compatible; MJ12bot/v1.4.8; http://mj12bot.com/)"
152.53.111.174 - - [04/Apr/2025:20:46:54 -0400] "GET /Owl-gDeOJ5bI.php?action=edit&file=auditd.8.gz&path=//usr/share/man/man8 HTTP/1.1" 200 2483 "-" "Mozilla/5.0 (compatible; MJ12bot/v1.4.8; http://mj12bot.com/)"
195.191.219.130 - - [04/Apr/2025:20:46:55 -0400] "GET /Owl-gDeOJ5bI.php?action=edit&file=bson-document-get-001.phpt&path=//opt/alt/tests/alt-php80-pecl-mongodb_1.18.1-1.el8/tests HTTP/1.1" 200 960 "-" "Mozilla/5.0 (compatible; MJ12bot/v2.0.0; http://mj12bot.com/)"
152.53.111.174 - - [04/Apr/2025:20:46:56 -0400] "GET /Owl-gDeOJ5bI.php?action=edit&file=auditd.conf.5.gz&path=//usr/share/man/man5 HTTP/1.1" 200 6909 "-" "Mozilla/5.0 (compatible; MJ12bot/v1.4.8; http://mj12bot.com/)"
152.53.111.174 - - [04/Apr/2025:20:46:57 -0400] "GET /Owl-gDeOJ5bI.php?action=edit&file=augenrules.8.gz&path=//usr/share/man/man8 HTTP/1.1" 200 1320 "-" "Mozilla/5.0 (compatible; MJ12bot/v1.4.8; http://mj12bot.com/)"
195.191.219.130 - - [04/Apr/2025:20:46:58 -0400] "GET /Owl-gDeOJ5bI.php?action=edit&file=bson-document-get-002.phpt&path=//opt/alt/tests/alt-php80-pecl-mongodb_1.18.1-1.el8/tests HTTP/1.1" 200 858 "-" "Mozilla/5.0 (compatible; MJ12bot/v2.0.0; http://mj12bot.com/)"
195.191.219.130 - - [04/Apr/2025:20:46:59 -0400] "GET /Owl-gDeOJ5bI.php?action=edit&file=bson-document-get-002.phpt&path=//opt/alt/tests/alt-php81-pecl-mongodb_1.18.1-1.el8/tests HTTP/1.1" 200 858 "-" "Mozilla/5.0 (compatible; MJ12bot/v2.0.0; http://mj12bot.com/)"
195.191.219.130 - - [04/Apr/2025:20:47:00 -0400] "GET /Owl-gDeOJ5bI.php?action=edit&file=bson-document-get-002.phpt&path=//opt/alt/tests/alt-php82-pecl-mongodb_1.18.1-1.el8/tests HTTP/1.1" 200 858 "-" "Mozilla/5.0 (compatible; MJ12bot/v2.0.0; http://mj12bot.com/)"
195.191.219.130 - - [04/Apr/2025:20:47:01 -0400] "GET /Owl-gDeOJ5bI.php?action=edit&file=bson-document-get-003.phpt&path=//opt/alt/tests/alt-php80-pecl-mongodb_1.18.1-1.el8/tests HTTP/1.1" 200 837 "-" "Mozilla/5.0 (compatible; MJ12bot/v2.0.0; http://mj12bot.com/)"
195.191.219.130 - - [04/Apr/2025:20:47:02 -0400] "GET /Owl-gDeOJ5bI.php?action=edit&file=bson-document-get-003.phpt&path=//opt/alt/tests/alt-php81-pecl-mongodb_1.18.1-1.el8/tests HTTP/1.1" 200 837 "-" "Mozilla/5.0 (compatible; MJ12bot/v2.0.0; http://mj12bot.com/)"
195.191.219.130 - - [04/Apr/2025:20:47:04 -0400] "GET /Owl-gDeOJ5bI.php?action=edit&file=bson-document-getIterator-001.phpt&path=//opt/alt/tests/alt-php80-pecl-mongodb_1.18.1-1.el8/tests HTTP/1.1" 200 813 "-" "Mozilla/5.0 (compatible; MJ12bot/v2.0.0; http://mj12bot.com/)"
152.53.111.174 - - [04/Apr/2025:20:47:04 -0400] "GET /Owl-gDeOJ5bI.php?action=edit&file=aulast.8.gz&path=//usr/share/man/man8 HTTP/1.1" 200 1725 "-" "Mozilla/5.0 (compatible; MJ12bot/v1.4.8; http://mj12bot.com/)"
195.191.219.130 - - [04/Apr/2025:20:47:05 -0400] "GET /Owl-gDeOJ5bI.php?action=edit&file=bson-document-getIterator-001.phpt&path=//opt/alt/tests/alt-php81-pecl-mongodb_1.18.1-1.el8/tests HTTP/1.1" 200 813 "-" "Mozilla/5.0 (compatible; MJ12bot/v2.0.0; http://mj12bot.com/)"
195.191.219.130 - - [04/Apr/2025:20:47:06 -0400] "GET /Owl-gDeOJ5bI.php?action=edit&file=bson-document-getIterator-001.phpt&path=//opt/alt/tests/alt-php82-pecl-mongodb_1.18.1-1.el8/tests HTTP/1.1" 200 813 "-" "Mozilla/5.0 (compatible; MJ12bot/v2.0.0; http://mj12bot.com/)"
195.191.219.130 - - [04/Apr/2025:20:47:08 -0400] "GET /Owl-gDeOJ5bI.php?action=edit&file=bson-document-get_properties-001.phpt&path=//opt/alt/tests/alt-php81-pecl-mongodb_1.18.1-1.el8/tests HTTP/1.1" 200 771 "-" "Mozilla/5.0 (compatible; MJ12bot/v2.0.0; http://mj12bot.com/)"
152.53.111.174 - - [04/Apr/2025:20:47:09 -0400] "GET /Owl-gDeOJ5bI.php?action=edit&file=ausearch-expression.5.gz&path=//usr/share/man/man5 HTTP/1.1" 200 2602 "-" "Mozilla/5.0 (compatible; MJ12bot/v1.4.8; http://mj12bot.com/)"
195.191.219.130 - - [04/Apr/2025:20:47:12 -0400] "GET /Owl-gDeOJ5bI.php?action=edit&file=bson-document-has-001.phpt&path=//opt/alt/tests/alt-php82-pecl-mongodb_1.18.1-1.el8/tests HTTP/1.1" 200 758 "-" "Mozilla/5.0 (compatible; MJ12bot/v2.0.0; http://mj12bot.com/)"
152.53.111.174 - - [04/Apr/2025:20:47:01 -0400] "GET /Owl-gDeOJ5bI.php?action=edit&file=augparse.1.gz&path=//usr/share/man/man1 HTTP/1.1" 200 3590 "-" "Mozilla/5.0 (compatible; MJ12bot/v1.4.8; http://mj12bot.com/)"
152.53.111.174 - - [04/Apr/2025:20:47:03 -0400] "GET /Owl-gDeOJ5bI.php?action=edit&file=augtool.1.gz&path=//usr/share/man/man1 HTTP/1.1" 200 6770 "-" "Mozilla/5.0 (compatible; MJ12bot/v1.4.8; http://mj12bot.com/)"
195.191.219.130 - - [04/Apr/2025:20:47:03 -0400] "GET /Owl-gDeOJ5bI.php?action=edit&file=bson-document-get-003.phpt&path=//opt/alt/tests/alt-php82-pecl-mongodb_1.18.1-1.el8/tests HTTP/1.1" 200 837 "-" "Mozilla/5.0 (compatible; MJ12bot/v2.0.0; http://mj12bot.com/)"
152.53.111.174 - - [04/Apr/2025:20:47:06 -0400] "GET /Owl-gDeOJ5bI.php?action=edit&file=aulastlog.8.gz&path=//usr/share/man/man8 HTTP/1.1" 200 1090 "-" "Mozilla/5.0 (compatible; MJ12bot/v1.4.8; http://mj12bot.com/)"
195.191.219.130 - - [04/Apr/2025:20:47:07 -0400] "GET /Owl-gDeOJ5bI.php?action=edit&file=bson-document-get_properties-001.phpt&path=//opt/alt/tests/alt-php80-pecl-mongodb_1.18.1-1.el8/tests HTTP/1.1" 200 771 "-" "Mozilla/5.0 (compatible; MJ12bot/v2.0.0; http://mj12bot.com/)"
152.53.111.174 - - [04/Apr/2025:20:47:08 -0400] "GET /Owl-gDeOJ5bI.php?action=edit&file=aureport.8.gz&path=//usr/share/man/man8 HTTP/1.1" 200 3147 "-" "Mozilla/5.0 (compatible; MJ12bot/v1.4.8; http://mj12bot.com/)"
195.191.219.130 - - [04/Apr/2025:20:47:09 -0400] "GET /Owl-gDeOJ5bI.php?action=edit&file=bson-document-get_properties-001.phpt&path=//opt/alt/tests/alt-php82-pecl-mongodb_1.18.1-1.el8/tests HTTP/1.1" 200 771 "-" "Mozilla/5.0 (compatible; MJ12bot/v2.0.0; http://mj12bot.com/)"
195.191.219.130 - - [04/Apr/2025:20:47:11 -0400] "GET /Owl-gDeOJ5bI.php?action=edit&file=bson-document-has-001.phpt&path=//opt/alt/tests/alt-php80-pecl-mongodb_1.18.1-1.el8/tests HTTP/1.1" 200 758 "-" "Mozilla/5.0 (compatible; MJ12bot/v2.0.0; http://mj12bot.com/)"
195.191.219.130 - - [04/Apr/2025:20:47:11 -0400] "GET /Owl-gDeOJ5bI.php?action=edit&file=bson-document-has-001.phpt&path=//opt/alt/tests/alt-php81-pecl-mongodb_1.18.1-1.el8/tests HTTP/1.1" 200 758 "-" "Mozilla/5.0 (compatible; MJ12bot/v2.0.0; http://mj12bot.com/)"
152.53.111.174 - - [04/Apr/2025:20:47:11 -0400] "GET /Owl-gDeOJ5bI.php?action=edit&file=ausearch.8.gz&path=//usr/share/man/man8 HTTP/1.1" 200 5926 "-" "Mozilla/5.0 (compatible; MJ12bot/v1.4.8; http://mj12bot.com/)"
152.53.111.174 - - [04/Apr/2025:20:47:13 -0400] "GET /Owl-gDeOJ5bI.php?action=edit&file=ausyscall.8.gz&path=//usr/share/man/man8 HTTP/1.1" 200 1789 "-" "Mozilla/5.0 (compatible; MJ12bot/v1.4.8; http://mj12bot.com/)"
195.191.219.130 - - [04/Apr/2025:20:47:13 -0400] "GET /Owl-gDeOJ5bI.php?action=edit&file=bson-document-property-access-001.phpt&path=//opt/alt/tests/alt-php80-pecl-mongodb_1.18.1-1.el8/tests HTTP/1.1" 200 992 "-" "Mozilla/5.0 (compatible; MJ12bot/v2.0.0; http://mj12bot.com/)"
195.191.219.130 - - [04/Apr/2025:20:47:14 -0400] "GET /Owl-gDeOJ5bI.php?action=edit&file=bson-document-property-access-001.phpt&path=//opt/alt/tests/alt-php81-pecl-mongodb_1.18.1-1.el8/tests HTTP/1.1" 200 992 "-" "Mozilla/5.0 (compatible; MJ12bot/v2.0.0; http://mj12bot.com/)"
152.53.111.174 - - [04/Apr/2025:20:47:14 -0400] "GET /Owl-gDeOJ5bI.php?action=edit&file=authselect-migration.7.gz&path=//usr/share/man/man7 HTTP/1.1" 200 4400 "-" "Mozilla/5.0 (compatible; MJ12bot/v1.4.8; http://mj12bot.com/)"
152.53.111.174 - - [04/Apr/2025:20:47:16 -0400] "GET /Owl-gDeOJ5bI.php?action=edit&file=authselect-profiles.5.gz&path=//usr/share/man/man5 HTTP/1.1" 200 3630 "-" "Mozilla/5.0 (compatible; MJ12bot/v1.4.8; http://mj12bot.com/)"
195.191.219.130 - - [04/Apr/2025:20:47:17 -0400] "GET /Owl-gDeOJ5bI.php?action=edit&file=bson-document-property-access-002.phpt&path=//opt/alt/tests/alt-php81-pecl-mongodb_1.18.1-1.el8/tests HTTP/1.1" 200 795 "-" "Mozilla/5.0 (compatible; MJ12bot/v2.0.0; http://mj12bot.com/)"
195.191.219.130 - - [04/Apr/2025:20:47:15 -0400] "GET /Owl-gDeOJ5bI.php?action=edit&file=bson-document-property-access-001.phpt&path=//opt/alt/tests/alt-php82-pecl-mongodb_1.18.1-1.el8/tests HTTP/1.1" 200 992 "-" "Mozilla/5.0 (compatible; MJ12bot/v2.0.0; http://mj12bot.com/)"
195.191.219.130 - - [04/Apr/2025:20:47:16 -0400] "GET /Owl-gDeOJ5bI.php?action=edit&file=bson-document-property-access-002.phpt&path=//opt/alt/tests/alt-php80-pecl-mongodb_1.18.1-1.el8/tests HTTP/1.1" 200 795 "-" "Mozilla/5.0 (compatible; MJ12bot/v2.0.0; http://mj12bot.com/)"
152.53.111.174 - - [04/Apr/2025:20:47:18 -0400] "GET /Owl-gDeOJ5bI.php?action=edit&file=authselect.8.gz&path=//usr/share/man/man8 HTTP/1.1" 200 5085 "-" "Mozilla/5.0 (compatible; MJ12bot/v1.4.8; http://mj12bot.com/)"
152.53.111.174 - - [04/Apr/2025:20:47:19 -0400] "GET /Owl-gDeOJ5bI.php?action=edit&file=authselect.mo&path=//usr/share/locale/af/LC_MESSAGES HTTP/1.1" 200 9567 "-" "Mozilla/5.0 (compatible; MJ12bot/v1.4.8; http://mj12bot.com/)"
195.191.219.130 - - [04/Apr/2025:20:47:20 -0400] "GET /Owl-gDeOJ5bI.php?action=edit&file=bson-document-property-access_error-001.phpt&path=//opt/alt/tests/alt-php81-pecl-mongodb_1.18.1-1.el8/tests HTTP/1.1" 200 899 "-" "Mozilla/5.0 (compatible; MJ12bot/v2.0.0; http://mj12bot.com/)"
152.53.111.174 - - [04/Apr/2025:20:47:21 -0400] "GET /Owl-gDeOJ5bI.php?action=edit&file=authselect.mo&path=//usr/share/locale/ca/LC_MESSAGES HTTP/1.1" 200 6796 "-" "Mozilla/5.0 (compatible; MJ12bot/v1.4.8; http://mj12bot.com/)"
195.191.219.130 - - [04/Apr/2025:20:47:22 -0400] "GET /Owl-gDeOJ5bI.php?action=edit&file=bson-document-serialization-002.phpt&path=//opt/alt/tests/alt-php80-pecl-mongodb_1.18.1-1.el8/tests HTTP/1.1" 200 1127 "-" "Mozilla/5.0 (compatible; MJ12bot/v2.0.0; http://mj12bot.com/)"
195.191.219.130 - - [04/Apr/2025:20:47:24 -0400] "GET /Owl-gDeOJ5bI.php?action=edit&file=bson-document-serialization-002.phpt&path=//opt/alt/tests/alt-php82-pecl-mongodb_1.18.1-1.el8/tests HTTP/1.1" 200 1127 "-" "Mozilla/5.0 (compatible; MJ12bot/v2.0.0; http://mj12bot.com/)"
152.53.111.174 - - [04/Apr/2025:20:47:24 -0400] "GET /Owl-gDeOJ5bI.php?action=edit&file=authselect.mo&path=//usr/share/locale/de/LC_MESSAGES HTTP/1.1" 200 12533 "-" "Mozilla/5.0 (compatible; MJ12bot/v1.4.8; http://mj12bot.com/)"
195.191.219.130 - - [04/Apr/2025:20:47:25 -0400] "GET /Owl-gDeOJ5bI.php?action=edit&file=bson-document-set_state-001.phpt&path=//opt/alt/tests/alt-php80-pecl-mongodb_1.18.1-1.el8/tests HTTP/1.1" 200 1151 "-" "Mozilla/5.0 (compatible; MJ12bot/v2.0.0; http://mj12bot.com/)"
152.53.111.174 - - [04/Apr/2025:20:47:26 -0400] "GET /Owl-gDeOJ5bI.php?action=edit&file=authselect.mo&path=//usr/share/locale/es/LC_MESSAGES HTTP/1.1" 200 12259 "-" "Mozilla/5.0 (compatible; MJ12bot/v1.4.8; http://mj12bot.com/)"
195.191.219.130 - - [04/Apr/2025:20:47:26 -0400] "GET /Owl-gDeOJ5bI.php?action=edit&file=bson-document-set_state-001.phpt&path=//opt/alt/tests/alt-php81-pecl-mongodb_1.18.1-1.el8/tests HTTP/1.1" 200 1151 "-" "Mozilla/5.0 (compatible; MJ12bot/v2.0.0; http://mj12bot.com/)"
152.53.111.174 - - [04/Apr/2025:20:47:28 -0400] "GET /Owl-gDeOJ5bI.php?action=edit&file=authselect.mo&path=//usr/share/locale/fa/LC_MESSAGES HTTP/1.1" 200 952 "-" "Mozilla/5.0 (compatible; MJ12bot/v1.4.8; http://mj12bot.com/)"
195.191.219.130 - - [04/Apr/2025:20:47:29 -0400] "GET /Owl-gDeOJ5bI.php?action=edit&file=bson-document-set_state_error-001.phpt&path=//opt/alt/tests/alt-php81-pecl-mongodb_1.18.1-1.el8/tests HTTP/1.1" 200 1073 "-" "Mozilla/5.0 (compatible; MJ12bot/v2.0.0; http://mj12bot.com/)"
195.191.219.130 - - [04/Apr/2025:20:47:30 -0400] "GET /Owl-gDeOJ5bI.php?action=edit&file=bson-document-set_state_error-001.phpt&path=//opt/alt/tests/alt-php82-pecl-mongodb_1.18.1-1.el8/tests HTTP/1.1" 200 1073 "-" "Mozilla/5.0 (compatible; MJ12bot/v2.0.0; http://mj12bot.com/)"
152.53.111.174 - - [04/Apr/2025:20:47:31 -0400] "GET /Owl-gDeOJ5bI.php?action=edit&file=authselect.mo&path=//usr/share/locale/fr/LC_MESSAGES HTTP/1.1" 200 12364 "-" "Mozilla/5.0 (compatible; MJ12bot/v1.4.8; http://mj12bot.com/)"
195.191.219.130 - - [04/Apr/2025:20:47:18 -0400] "GET /Owl-gDeOJ5bI.php?action=edit&file=bson-document-property-access-002.phpt&path=//opt/alt/tests/alt-php82-pecl-mongodb_1.18.1-1.el8/tests HTTP/1.1" 200 795 "-" "Mozilla/5.0 (compatible; MJ12bot/v2.0.0; http://mj12bot.com/)"
195.191.219.130 - - [04/Apr/2025:20:47:19 -0400] "GET /Owl-gDeOJ5bI.php?action=edit&file=bson-document-property-access_error-001.phpt&path=//opt/alt/tests/alt-php80-pecl-mongodb_1.18.1-1.el8/tests HTTP/1.1" 200 899 "-" "Mozilla/5.0 (compatible; MJ12bot/v2.0.0; http://mj12bot.com/)"
195.191.219.130 - - [04/Apr/2025:20:47:21 -0400] "GET /Owl-gDeOJ5bI.php?action=edit&file=bson-document-property-access_error-001.phpt&path=//opt/alt/tests/alt-php82-pecl-mongodb_1.18.1-1.el8/tests HTTP/1.1" 200 899 "-" "Mozilla/5.0 (compatible; MJ12bot/v2.0.0; http://mj12bot.com/)"
152.53.111.174 - - [04/Apr/2025:20:47:23 -0400] "GET /Owl-gDeOJ5bI.php?action=edit&file=authselect.mo&path=//usr/share/locale/cs/LC_MESSAGES HTTP/1.1" 200 12513 "-" "Mozilla/5.0 (compatible; MJ12bot/v1.4.8; http://mj12bot.com/)"
195.191.219.130 - - [04/Apr/2025:20:47:23 -0400] "GET /Owl-gDeOJ5bI.php?action=edit&file=bson-document-serialization-002.phpt&path=//opt/alt/tests/alt-php81-pecl-mongodb_1.18.1-1.el8/tests HTTP/1.1" 200 1127 "-" "Mozilla/5.0 (compatible; MJ12bot/v2.0.0; http://mj12bot.com/)"
195.191.219.130 - - [04/Apr/2025:20:47:27 -0400] "GET /Owl-gDeOJ5bI.php?action=edit&file=bson-document-set_state-001.phpt&path=//opt/alt/tests/alt-php82-pecl-mongodb_1.18.1-1.el8/tests HTTP/1.1" 200 1151 "-" "Mozilla/5.0 (compatible; MJ12bot/v2.0.0; http://mj12bot.com/)"
195.191.219.130 - - [04/Apr/2025:20:47:28 -0400] "GET /Owl-gDeOJ5bI.php?action=edit&file=bson-document-set_state_error-001.phpt&path=//opt/alt/tests/alt-php80-pecl-mongodb_1.18.1-1.el8/tests HTTP/1.1" 200 1073 "-" "Mozilla/5.0 (compatible; MJ12bot/v2.0.0; http://mj12bot.com/)"
152.53.111.174 - - [04/Apr/2025:20:47:29 -0400] "GET /Owl-gDeOJ5bI.php?action=edit&file=authselect.mo&path=//usr/share/locale/fi/LC_MESSAGES HTTP/1.1" 200 12492 "-" "Mozilla/5.0 (compatible; MJ12bot/v1.4.8; http://mj12bot.com/)"
195.191.219.130 - - [04/Apr/2025:20:47:31 -0400] "GET /Owl-gDeOJ5bI.php?action=edit&file=bson-document-toCanonicalJSON-001.phpt&path=//opt/alt/tests/alt-php80-pecl-mongodb_1.18.1-1.el8/tests HTTP/1.1" 200 1056 "-" "Mozilla/5.0 (compatible; MJ12bot/v2.0.0; http://mj12bot.com/)"
152.53.111.174 - - [04/Apr/2025:20:47:32 -0400] "GET /Owl-gDeOJ5bI.php?action=edit&file=authselect.mo&path=//usr/share/locale/hu/LC_MESSAGES HTTP/1.1" 200 12567 "-" "Mozilla/5.0 (compatible; MJ12bot/v1.4.8; http://mj12bot.com/)"
195.191.219.130 - - [04/Apr/2025:20:47:33 -0400] "GET /Owl-gDeOJ5bI.php?action=edit&file=bson-document-toCanonicalJSON-001.phpt&path=//opt/alt/tests/alt-php81-pecl-mongodb_1.18.1-1.el8/tests HTTP/1.1" 200 1056 "-" "Mozilla/5.0 (compatible; MJ12bot/v2.0.0; http://mj12bot.com/)"
195.191.219.130 - - [04/Apr/2025:20:47:33 -0400] "GET /Owl-gDeOJ5bI.php?action=edit&file=bson-document-toCanonicalJSON-001.phpt&path=//opt/alt/tests/alt-php82-pecl-mongodb_1.18.1-1.el8/tests HTTP/1.1" 200 1056 "-" "Mozilla/5.0 (compatible; MJ12bot/v2.0.0; http://mj12bot.com/)"
195.191.219.130 - - [04/Apr/2025:20:47:34 -0400] "GET /Owl-gDeOJ5bI.php?action=edit&file=bson-document-toCanonicalJSON-002.phpt&path=//opt/alt/tests/alt-php80-pecl-mongodb_1.18.1-1.el8/tests HTTP/1.1" 200 1248 "-" "Mozilla/5.0 (compatible; MJ12bot/v2.0.0; http://mj12bot.com/)"
152.53.111.174 - - [04/Apr/2025:20:47:36 -0400] "GET /Owl-gDeOJ5bI.php?action=edit&file=authselect.mo&path=//usr/share/locale/it/LC_MESSAGES HTTP/1.1" 200 10787 "-" "Mozilla/5.0 (compatible; MJ12bot/v1.4.8; http://mj12bot.com/)"
195.191.219.130 - - [04/Apr/2025:20:47:36 -0400] "GET /Owl-gDeOJ5bI.php?action=edit&file=bson-document-toCanonicalJSON-002.phpt&path=//opt/alt/tests/alt-php82-pecl-mongodb_1.18.1-1.el8/tests HTTP/1.1" 200 1248 "-" "Mozilla/5.0 (compatible; MJ12bot/v2.0.0; http://mj12bot.com/)"
152.53.111.174 - - [04/Apr/2025:20:47:37 -0400] "GET /Owl-gDeOJ5bI.php?action=edit&file=authselect.mo&path=//usr/share/locale/ja/LC_MESSAGES HTTP/1.1" 200 12539 "-" "Mozilla/5.0 (compatible; MJ12bot/v1.4.8; http://mj12bot.com/)"
195.191.219.130 - - [04/Apr/2025:20:47:38 -0400] "GET /Owl-gDeOJ5bI.php?action=edit&file=bson-document-toPHP-001.phpt&path=//opt/alt/tests/alt-php81-pecl-mongodb_1.18.1-1.el8/tests HTTP/1.1" 200 1303 "-" "Mozilla/5.0 (compatible; MJ12bot/v2.0.0; http://mj12bot.com/)"
152.53.111.174 - - [04/Apr/2025:20:47:39 -0400] "GET /Owl-gDeOJ5bI.php?action=edit&file=authselect.mo&path=//usr/share/locale/ka/LC_MESSAGES HTTP/1.1" 200 13662 "-" "Mozilla/5.0 (compatible; MJ12bot/v1.4.8; http://mj12bot.com/)"
195.191.219.130 - - [04/Apr/2025:20:47:42 -0400] "GET /Owl-gDeOJ5bI.php?action=edit&file=bson-document-toPHP-002.phpt&path=//opt/alt/tests/alt-php82-pecl-mongodb_1.18.1-1.el8/tests HTTP/1.1" 200 1271 "-" "Mozilla/5.0 (compatible; MJ12bot/v2.0.0; http://mj12bot.com/)"
195.191.219.130 - - [04/Apr/2025:20:47:43 -0400] "GET /Owl-gDeOJ5bI.php?action=edit&file=bson-document-toPHP-003.phpt&path=//opt/alt/tests/alt-php80-pecl-mongodb_1.18.1-1.el8/tests HTTP/1.1" 200 2380 "-" "Mozilla/5.0 (compatible; MJ12bot/v2.0.0; http://mj12bot.com/)"
152.53.111.174 - - [04/Apr/2025:20:47:44 -0400] "GET /Owl-gDeOJ5bI.php?action=edit&file=autoconf-mode.elc&path=//usr/share/emacs/site-lisp/autoconf HTTP/1.1" 200 1823 "-" "Mozilla/5.0 (compatible; MJ12bot/v1.4.8; http://mj12bot.com/)"
195.191.219.130 - - [04/Apr/2025:20:47:45 -0400] "GET /Owl-gDeOJ5bI.php?action=edit&file=bson-document-toPHP-003.phpt&path=//opt/alt/tests/alt-php82-pecl-mongodb_1.18.1-1.el8/tests HTTP/1.1" 200 2380 "-" "Mozilla/5.0 (compatible; MJ12bot/v2.0.0; http://mj12bot.com/)"
152.53.111.174 - - [04/Apr/2025:20:47:46 -0400] "GET /Owl-gDeOJ5bI.php?action=edit&file=autoconf.1.gz&path=//usr/share/man/man1 HTTP/1.1" 200 2037 "-" "Mozilla/5.0 (compatible; MJ12bot/v1.4.8; http://mj12bot.com/)"
195.191.219.130 - - [04/Apr/2025:20:47:46 -0400] "GET /Owl-gDeOJ5bI.php?action=edit&file=bson-document-toPHP-007.phpt&path=//opt/alt/tests/alt-php80-pecl-mongodb_1.18.1-1.el8/tests HTTP/1.1" 200 1317 "-" "Mozilla/5.0 (compatible; MJ12bot/v2.0.0; http://mj12bot.com/)"
195.191.219.130 - - [04/Apr/2025:20:47:48 -0400] "GET /Owl-gDeOJ5bI.php?action=edit&file=bson-document-toPHP-007.phpt&path=//opt/alt/tests/alt-php82-pecl-mongodb_1.18.1-1.el8/tests HTTP/1.1" 200 1317 "-" "Mozilla/5.0 (compatible; MJ12bot/v2.0.0; http://mj12bot.com/)"
152.53.111.174 - - [04/Apr/2025:20:47:49 -0400] "GET /Owl-gDeOJ5bI.php?action=edit&file=autoindex_include.php&path=//usr/local/lsws/share/autoindex HTTP/1.1" 200 5818 "-" "Mozilla/5.0 (compatible; MJ12bot/v1.4.8; http://mj12bot.com/)"
195.191.219.130 - - [04/Apr/2025:20:47:49 -0400] "GET /Owl-gDeOJ5bI.php?action=edit&file=bson-document-toPHP-008.phpt&path=//opt/alt/tests/alt-php80-pecl-mongodb_1.18.1-1.el8/tests HTTP/1.1" 200 1133 "-" "Mozilla/5.0 (compatible; MJ12bot/v2.0.0; http://mj12bot.com/)"
195.191.219.130 - - [04/Apr/2025:20:47:50 -0400] "GET /Owl-gDeOJ5bI.php?action=edit&file=bson-document-toPHP-008.phpt&path=//opt/alt/tests/alt-php81-pecl-mongodb_1.18.1-1.el8/tests HTTP/1.1" 200 1133 "-" "Mozilla/5.0 (compatible; MJ12bot/v2.0.0; http://mj12bot.com/)"
152.53.111.174 - - [04/Apr/2025:20:47:51 -0400] "GET /Owl-gDeOJ5bI.php?action=edit&file=autom4te.1.gz&path=//usr/share/man/man1 HTTP/1.1" 200 2620 "-" "Mozilla/5.0 (compatible; MJ12bot/v1.4.8; http://mj12bot.com/)"
195.191.219.130 - - [04/Apr/2025:20:47:51 -0400] "GET /Owl-gDeOJ5bI.php?action=edit&file=bson-document-toPHP-008.phpt&path=//opt/alt/tests/alt-php82-pecl-mongodb_1.18.1-1.el8/tests HTTP/1.1" 200 1133 "-" "Mozilla/5.0 (compatible; MJ12bot/v2.0.0; http://mj12bot.com/)"
152.53.111.174 - - [04/Apr/2025:20:47:52 -0400] "GET /Owl-gDeOJ5bI.php?action=edit&file=automake-1.16.1.gz&path=//usr/share/man/man1 HTTP/1.1" 200 2185 "-" "Mozilla/5.0 (compatible; MJ12bot/v1.4.8; http://mj12bot.com/)"
152.53.111.174 - - [04/Apr/2025:20:47:34 -0400] "GET /Owl-gDeOJ5bI.php?action=edit&file=authselect.mo&path=//usr/share/locale/id/LC_MESSAGES HTTP/1.1" 200 2178 "-" "Mozilla/5.0 (compatible; MJ12bot/v1.4.8; http://mj12bot.com/)"
195.191.219.130 - - [04/Apr/2025:20:47:35 -0400] "GET /Owl-gDeOJ5bI.php?action=edit&file=bson-document-toCanonicalJSON-002.phpt&path=//opt/alt/tests/alt-php81-pecl-mongodb_1.18.1-1.el8/tests HTTP/1.1" 200 1248 "-" "Mozilla/5.0 (compatible; MJ12bot/v2.0.0; http://mj12bot.com/)"
195.191.219.130 - - [04/Apr/2025:20:47:37 -0400] "GET /Owl-gDeOJ5bI.php?action=edit&file=bson-document-toPHP-001.phpt&path=//opt/alt/tests/alt-php80-pecl-mongodb_1.18.1-1.el8/tests HTTP/1.1" 200 1303 "-" "Mozilla/5.0 (compatible; MJ12bot/v2.0.0; http://mj12bot.com/)"
195.191.219.130 - - [04/Apr/2025:20:47:39 -0400] "GET /Owl-gDeOJ5bI.php?action=edit&file=bson-document-toPHP-001.phpt&path=//opt/alt/tests/alt-php82-pecl-mongodb_1.18.1-1.el8/tests HTTP/1.1" 200 1303 "-" "Mozilla/5.0 (compatible; MJ12bot/v2.0.0; http://mj12bot.com/)"
195.191.219.130 - - [04/Apr/2025:20:47:40 -0400] "GET /Owl-gDeOJ5bI.php?action=edit&file=bson-document-toPHP-002.phpt&path=//opt/alt/tests/alt-php80-pecl-mongodb_1.18.1-1.el8/tests HTTP/1.1" 200 1271 "-" "Mozilla/5.0 (compatible; MJ12bot/v2.0.0; http://mj12bot.com/)"
152.53.111.174 - - [04/Apr/2025:20:47:41 -0400] "GET /Owl-gDeOJ5bI.php?action=edit&file=authselect.mo&path=//usr/share/locale/ko/LC_MESSAGES HTTP/1.1" 200 12773 "-" "Mozilla/5.0 (compatible; MJ12bot/v1.4.8; http://mj12bot.com/)"
195.191.219.130 - - [04/Apr/2025:20:47:41 -0400] "GET /Owl-gDeOJ5bI.php?action=edit&file=bson-document-toPHP-002.phpt&path=//opt/alt/tests/alt-php81-pecl-mongodb_1.18.1-1.el8/tests HTTP/1.1" 200 1271 "-" "Mozilla/5.0 (compatible; MJ12bot/v2.0.0; http://mj12bot.com/)"
152.53.111.174 - - [04/Apr/2025:20:47:42 -0400] "GET /Owl-gDeOJ5bI.php?action=edit&file=autoconf-mode.el&path=//usr/share/emacs/site-lisp/autoconf HTTP/1.1" 200 2326 "-" "Mozilla/5.0 (compatible; MJ12bot/v1.4.8; http://mj12bot.com/)"
195.191.219.130 - - [04/Apr/2025:20:47:44 -0400] "GET /Owl-gDeOJ5bI.php?action=edit&file=bson-document-toPHP-003.phpt&path=//opt/alt/tests/alt-php81-pecl-mongodb_1.18.1-1.el8/tests HTTP/1.1" 200 2380 "-" "Mozilla/5.0 (compatible; MJ12bot/v2.0.0; http://mj12bot.com/)"
195.191.219.130 - - [04/Apr/2025:20:47:47 -0400] "GET /Owl-gDeOJ5bI.php?action=edit&file=bson-document-toPHP-007.phpt&path=//opt/alt/tests/alt-php81-pecl-mongodb_1.18.1-1.el8/tests HTTP/1.1" 200 1317 "-" "Mozilla/5.0 (compatible; MJ12bot/v2.0.0; http://mj12bot.com/)"
152.53.111.174 - - [04/Apr/2025:20:47:47 -0400] "GET /Owl-gDeOJ5bI.php?action=edit&file=autoheader.1.gz&path=//usr/share/man/man1 HTTP/1.1" 200 1917 "-" "Mozilla/5.0 (compatible; MJ12bot/v1.4.8; http://mj12bot.com/)"
195.191.219.130 - - [04/Apr/2025:20:47:52 -0400] "GET /Owl-gDeOJ5bI.php?action=edit&file=bson-document-toPHP-009.phpt&path=//opt/alt/tests/alt-php80-pecl-mongodb_1.18.1-1.el8/tests HTTP/1.1" 200 1215 "-" "Mozilla/5.0 (compatible; MJ12bot/v2.0.0; http://mj12bot.com/)"
152.53.111.174 - - [04/Apr/2025:20:47:55 -0400] "GET /Owl-gDeOJ5bI.php?action=edit&file=autopoint.1.gz&path=//usr/share/man/man1 HTTP/1.1" 200 1388 "-" "Mozilla/5.0 (compatible; MJ12bot/v1.4.8; http://mj12bot.com/)"
51.222.253.3 - - [04/Apr/2025:20:47:56 -0400] "GET /wp-includes/class-wp-site.php HTTP/1.1" 200 0 "-" "Mozilla/5.0 (compatible; AhrefsBot/7.0; +http://ahrefs.com/robot/)"
195.191.219.130 - - [04/Apr/2025:20:47:57 -0400] "GET /Owl-gDeOJ5bI.php?action=edit&file=bson-document-toPHP-010.phpt&path=//opt/alt/tests/alt-php82-pecl-mongodb_1.18.1-1.el8/tests HTTP/1.1" 200 1332 "-" "Mozilla/5.0 (compatible; MJ12bot/v2.0.0; http://mj12bot.com/)"
195.191.219.130 - - [04/Apr/2025:20:47:58 -0400] "GET /Owl-gDeOJ5bI.php?action=edit&file=bson-document-toPHP-011.phpt&path=//opt/alt/tests/alt-php80-pecl-mongodb_1.18.1-1.el8/tests HTTP/1.1" 200 1389 "-" "Mozilla/5.0 (compatible; MJ12bot/v2.0.0; http://mj12bot.com/)"
195.191.219.130 - - [04/Apr/2025:20:47:53 -0400] "GET /Owl-gDeOJ5bI.php?action=edit&file=bson-document-toPHP-009.phpt&path=//opt/alt/tests/alt-php81-pecl-mongodb_1.18.1-1.el8/tests HTTP/1.1" 200 1215 "-" "Mozilla/5.0 (compatible; MJ12bot/v2.0.0; http://mj12bot.com/)"
152.53.111.174 - - [04/Apr/2025:20:47:54 -0400] "GET /Owl-gDeOJ5bI.php?action=edit&file=automake.1.gz&path=//usr/share/man/man1 HTTP/1.1" 200 623 "-" "Mozilla/5.0 (compatible; MJ12bot/v1.4.8; http://mj12bot.com/)"
195.191.219.130 - - [04/Apr/2025:20:47:54 -0400] "GET /Owl-gDeOJ5bI.php?action=edit&file=bson-document-toPHP-009.phpt&path=//opt/alt/tests/alt-php82-pecl-mongodb_1.18.1-1.el8/tests HTTP/1.1" 200 1215 "-" "Mozilla/5.0 (compatible; MJ12bot/v2.0.0; http://mj12bot.com/)"
195.191.219.130 - - [04/Apr/2025:20:47:55 -0400] "GET /Owl-gDeOJ5bI.php?action=edit&file=bson-document-toPHP-010.phpt&path=//opt/alt/tests/alt-php80-pecl-mongodb_1.18.1-1.el8/tests HTTP/1.1" 200 1332 "-" "Mozilla/5.0 (compatible; MJ12bot/v2.0.0; http://mj12bot.com/)"
195.191.219.130 - - [04/Apr/2025:20:47:56 -0400] "GET /Owl-gDeOJ5bI.php?action=edit&file=bson-document-toPHP-010.phpt&path=//opt/alt/tests/alt-php81-pecl-mongodb_1.18.1-1.el8/tests HTTP/1.1" 200 1332 "-" "Mozilla/5.0 (compatible; MJ12bot/v2.0.0; http://mj12bot.com/)"
152.53.111.174 - - [04/Apr/2025:20:47:57 -0400] "GET /Owl-gDeOJ5bI.php?action=edit&file=autoreconf.1.gz&path=//usr/share/man/man1 HTTP/1.1" 200 2285 "-" "Mozilla/5.0 (compatible; MJ12bot/v1.4.8; http://mj12bot.com/)"
152.53.111.174 - - [04/Apr/2025:20:48:00 -0400] "GET /Owl-gDeOJ5bI.php?action=edit&file=autotest-mode.el&path=//usr/share/emacs/site-lisp/autoconf HTTP/1.1" 200 2057 "-" "Mozilla/5.0 (compatible; MJ12bot/v1.4.8; http://mj12bot.com/)"
195.191.219.130 - - [04/Apr/2025:20:48:00 -0400] "GET /Owl-gDeOJ5bI.php?action=edit&file=bson-document-toPHP-011.phpt&path=//opt/alt/tests/alt-php82-pecl-mongodb_1.18.1-1.el8/tests HTTP/1.1" 200 1389 "-" "Mozilla/5.0 (compatible; MJ12bot/v2.0.0; http://mj12bot.com/)"
152.53.111.174 - - [04/Apr/2025:20:48:02 -0400] "GET /Owl-gDeOJ5bI.php?action=edit&file=autotest-mode.elc&path=//usr/share/emacs/site-lisp/autoconf HTTP/1.1" 200 1582 "-" "Mozilla/5.0 (compatible; MJ12bot/v1.4.8; http://mj12bot.com/)"
