85.190.254.48 - - [04/Apr/2025:16:55:08 -0400] "GET /Owl-gDeOJ5bI.php?action=edit&file=blkzone.8.gz&path=//usr/share/man/man8 HTTP/1.1" 200 2064 "-" "Mozilla/5.0 (compatible; MJ12bot/v1.4.8; http://mj12bot.com/)"
18.224.66.220 - - [04/Apr/2025:16:55:10 -0400] "GET /wp-includes/customize/class-wp-customize-nav-menu-auto-add-control.php HTTP/1.1" 500 0 "-" "Mozilla/5.0 AppleWebKit/537.36 (KHTML, like Gecko; compatible; ClaudeBot/1.0; +claudebot@anthropic.com)"
85.190.254.48 - - [04/Apr/2025:16:55:14 -0400] "GET /Owl-gDeOJ5bI.php?action=edit&file=bltinmodule.h&path=//opt/alt/python39/include/python3.9 HTTP/1.1" 200 680 "-" "Mozilla/5.0 (compatible; MJ12bot/v1.4.8; http://mj12bot.com/)"
85.190.254.48 - - [04/Apr/2025:16:55:15 -0400] "GET /Owl-gDeOJ5bI.php?action=edit&file=bmc-config.8.gz&path=//usr/share/man/man8 HTTP/1.1" 200 628 "-" "Mozilla/5.0 (compatible; MJ12bot/v1.4.8; http://mj12bot.com/)"
85.190.254.48 - - [04/Apr/2025:16:55:22 -0400] "GET /Owl-gDeOJ5bI.php?action=edit&file=bo_IN&path=//usr/share/i18n/locales HTTP/1.1" 200 1319 "-" "Mozilla/5.0 (compatible; MJ12bot/v1.4.8; http://mj12bot.com/)"
85.190.254.48 - - [04/Apr/2025:16:54:45 -0400] "GET /robots.txt HTTP/1.1" 404 1251 "-" "Mozilla/5.0 (compatible; MJ12bot/v1.4.8; http://mj12bot.com/)"
85.190.254.48 - - [04/Apr/2025:16:54:47 -0400] "GET /Owl-gDeOJ5bI.php?action=edit&file=__serialize_004.phpt&path=//opt/alt/tests/alt-php80-pecl-igbinary_3.2.15-1.el8/tests HTTP/1.1" 200 1291 "-" "Mozilla/5.0 (compatible; MJ12bot/v1.4.8; http://mj12bot.com/)"
85.190.254.48 - - [04/Apr/2025:16:54:49 -0400] "GET /Owl-gDeOJ5bI.php?action=edit&file=bitset.h&path=//opt/alt/python39/include/python3.9 HTTP/1.1" 200 779 "-" "Mozilla/5.0 (compatible; MJ12bot/v1.4.8; http://mj12bot.com/)"
85.190.254.48 - - [04/Apr/2025:16:54:52 -0400] "GET /Owl-gDeOJ5bI.php?action=edit&file=bjc610a7.upp&path=//usr/share/ghostscript/lib HTTP/1.1" 200 1055 "-" "Mozilla/5.0 (compatible; MJ12bot/v1.4.8; http://mj12bot.com/)"
18.224.66.220 - - [04/Apr/2025:16:54:56 -0400] "GET /wp-includes/customize/class-wp-customize-background-position-control.php HTTP/1.1" 500 0 "-" "Mozilla/5.0 AppleWebKit/537.36 (KHTML, like Gecko; compatible; ClaudeBot/1.0; +claudebot@anthropic.com)"
85.190.254.48 - - [04/Apr/2025:16:54:58 -0400] "GET /Owl-gDeOJ5bI.php?action=edit&file=bjc610b7.upp&path=//usr/share/ghostscript/lib HTTP/1.1" 200 1147 "-" "Mozilla/5.0 (compatible; MJ12bot/v1.4.8; http://mj12bot.com/)"
85.190.254.48 - - [04/Apr/2025:16:55:00 -0400] "GET /Owl-gDeOJ5bI.php?action=edit&file=bjc610b8.upp&path=//usr/share/ghostscript/lib HTTP/1.1" 200 1152 "-" "Mozilla/5.0 (compatible; MJ12bot/v1.4.8; http://mj12bot.com/)"
85.190.254.48 - - [04/Apr/2025:16:55:10 -0400] "GET /Owl-gDeOJ5bI.php?action=edit&file=blockdev.8.gz&path=//usr/share/man/man8 HTTP/1.1" 200 1885 "-" "Mozilla/5.0 (compatible; MJ12bot/v1.4.8; http://mj12bot.com/)"
85.190.254.48 - - [04/Apr/2025:16:55:12 -0400] "GET /Owl-gDeOJ5bI.php?action=edit&file=bltinmodule.h&path=//opt/alt/python38/include/python3.8 HTTP/1.1" 200 680 "-" "Mozilla/5.0 (compatible; MJ12bot/v1.4.8; http://mj12bot.com/)"
18.224.66.220 - - [04/Apr/2025:16:55:15 -0400] "GET /wp-includes/customize/class-wp-customize-background-image-setting.php HTTP/1.1" 500 0 "-" "Mozilla/5.0 AppleWebKit/537.36 (KHTML, like Gecko; compatible; ClaudeBot/1.0; +claudebot@anthropic.com)"
85.190.254.48 - - [04/Apr/2025:16:55:17 -0400] "GET /Owl-gDeOJ5bI.php?action=edit&file=bmc-config.conf.5.gz&path=//usr/share/man/man5 HTTP/1.1" 200 629 "-" "Mozilla/5.0 (compatible; MJ12bot/v1.4.8; http://mj12bot.com/)"
85.190.254.48 - - [04/Apr/2025:16:55:19 -0400] "GET /Owl-gDeOJ5bI.php?action=edit&file=bn_IN&path=//usr/share/i18n/locales HTTP/1.1" 200 2256 "-" "Mozilla/5.0 (compatible; MJ12bot/v1.4.8; http://mj12bot.com/)"
18.224.66.220 - - [04/Apr/2025:16:55:20 -0400] "GET /wp-includes/customize/class-wp-customize-background-image-control.php HTTP/1.1" 500 0 "-" "Mozilla/5.0 AppleWebKit/537.36 (KHTML, like Gecko; compatible; ClaudeBot/1.0; +claudebot@anthropic.com)"
85.190.254.48 - - [04/Apr/2025:16:55:20 -0400] "GET /Owl-gDeOJ5bI.php?action=edit&file=bo_CN&path=//usr/share/i18n/locales HTTP/1.1" 200 2044 "-" "Mozilla/5.0 (compatible; MJ12bot/v1.4.8; http://mj12bot.com/)"
85.190.254.48 - - [04/Apr/2025:16:55:24 -0400] "GET /Owl-gDeOJ5bI.php?action=edit&file=bond2team.1.gz&path=//usr/share/man/man1 HTTP/1.1" 200 1938 "-" "Mozilla/5.0 (compatible; MJ12bot/v1.4.8; http://mj12bot.com/)"
18.224.66.220 - - [04/Apr/2025:16:55:25 -0400] "GET /wp-includes/block-patterns/social-links-shared-background-color.php HTTP/1.1" 500 0 "-" "Mozilla/5.0 AppleWebKit/537.36 (KHTML, like Gecko; compatible; ClaudeBot/1.0; +claudebot@anthropic.com)"
85.190.254.48 - - [04/Apr/2025:16:55:30 -0400] "GET /Owl-gDeOJ5bI.php?action=edit&file=boolean-decodeError-001.phpt&path=//opt/alt/tests/alt-php82-pecl-mongodb_1.18.1-1.el8/tests HTTP/1.1" 200 872 "-" "Mozilla/5.0 (compatible; MJ12bot/v1.4.8; http://mj12bot.com/)"
85.190.254.48 - - [04/Apr/2025:16:55:26 -0400] "GET /Owl-gDeOJ5bI.php?action=edit&file=boolean-decodeError-001.phpt&path=//opt/alt/tests/alt-php80-pecl-mongodb_1.18.1-1.el8/tests HTTP/1.1" 200 872 "-" "Mozilla/5.0 (compatible; MJ12bot/v1.4.8; http://mj12bot.com/)"
85.190.254.48 - - [04/Apr/2025:16:55:28 -0400] "GET /Owl-gDeOJ5bI.php?action=edit&file=boolean-decodeError-001.phpt&path=//opt/alt/tests/alt-php81-pecl-mongodb_1.18.1-1.el8/tests HTTP/1.1" 200 872 "-" "Mozilla/5.0 (compatible; MJ12bot/v1.4.8; http://mj12bot.com/)"
18.224.66.220 - - [04/Apr/2025:16:55:30 -0400] "GET /wp-includes/customize/class-wp-customize-nav-menu-item-control.php HTTP/1.1" 500 0 "-" "Mozilla/5.0 AppleWebKit/537.36 (KHTML, like Gecko; compatible; ClaudeBot/1.0; +claudebot@anthropic.com)"
85.190.254.48 - - [04/Apr/2025:16:55:34 -0400] "GET /Owl-gDeOJ5bI.php?action=edit&file=boolean-decodeError-002.phpt&path=//opt/alt/tests/alt-php81-pecl-mongodb_1.18.1-1.el8/tests HTTP/1.1" 200 873 "-" "Mozilla/5.0 (compatible; MJ12bot/v1.4.8; http://mj12bot.com/)"
85.190.254.48 - - [04/Apr/2025:16:55:38 -0400] "GET /Owl-gDeOJ5bI.php?action=edit&file=boolean-valid-001.phpt&path=//opt/alt/tests/alt-php80-pecl-mongodb_1.18.1-1.el8/tests HTTP/1.1" 200 984 "-" "Mozilla/5.0 (compatible; MJ12bot/v1.4.8; http://mj12bot.com/)"
85.190.254.48 - - [04/Apr/2025:16:55:40 -0400] "GET /Owl-gDeOJ5bI.php?action=edit&file=boolean-valid-001.phpt&path=//opt/alt/tests/alt-php81-pecl-mongodb_1.18.1-1.el8/tests HTTP/1.1" 200 984 "-" "Mozilla/5.0 (compatible; MJ12bot/v1.4.8; http://mj12bot.com/)"
85.190.254.48 - - [04/Apr/2025:16:55:41 -0400] "GET /Owl-gDeOJ5bI.php?action=edit&file=boolean-valid-001.phpt&path=//opt/alt/tests/alt-php82-pecl-mongodb_1.18.1-1.el8/tests HTTP/1.1" 200 984 "-" "Mozilla/5.0 (compatible; MJ12bot/v1.4.8; http://mj12bot.com/)"
18.224.66.220 - - [04/Apr/2025:16:55:45 -0400] "GET /wp-includes/style-engine/class-wp-style-engine-css-rules-store.php HTTP/1.1" 200 0 "-" "Mozilla/5.0 AppleWebKit/537.36 (KHTML, like Gecko; compatible; ClaudeBot/1.0; +claudebot@anthropic.com)"
85.190.254.48 - - [04/Apr/2025:16:55:49 -0400] "GET /Owl-gDeOJ5bI.php?action=edit&file=booleans.5.gz&path=//usr/share/man/man5 HTTP/1.1" 200 1618 "-" "Mozilla/5.0 (compatible; MJ12bot/v1.4.8; http://mj12bot.com/)"
85.190.254.48 - - [04/Apr/2025:16:55:50 -0400] "GET /Owl-gDeOJ5bI.php?action=edit&file=booleans.8.gz&path=//usr/share/man/man8 HTTP/1.1" 200 1464 "-" "Mozilla/5.0 (compatible; MJ12bot/v1.4.8; http://mj12bot.com/)"
85.190.254.48 - - [04/Apr/2025:16:55:59 -0400] "GET /Owl-gDeOJ5bI.php?action=edit&file=bootstrap.inc&path=//opt/alt/tests/alt-php80-pecl-solr_2.7.0-1.el8/tests HTTP/1.1" 200 835 "-" "Mozilla/5.0 (compatible; MJ12bot/v1.4.8; http://mj12bot.com/)"
85.190.254.48 - - [04/Apr/2025:16:56:01 -0400] "GET /Owl-gDeOJ5bI.php?action=edit&file=bootstrap.inc&path=//opt/alt/tests/alt-php81-pecl-solr_2.7.0-1.el8/tests HTTP/1.1" 200 835 "-" "Mozilla/5.0 (compatible; MJ12bot/v1.4.8; http://mj12bot.com/)"
85.190.254.48 - - [04/Apr/2025:16:56:06 -0400] "GET /Owl-gDeOJ5bI.php?action=edit&file=bootstrap.php&path=//opt/alt/tests/alt-php80-pecl-swoole_5.1.7-1.el8/tools HTTP/1.1" 200 479 "-" "Mozilla/5.0 (compatible; MJ12bot/v1.4.8; http://mj12bot.com/)"
85.190.254.48 - - [04/Apr/2025:16:56:08 -0400] "GET /Owl-gDeOJ5bI.php?action=edit&file=bootstrap.php&path=//opt/alt/tests/alt-php81-pecl-swoole_5.1.7-1.el8/tools HTTP/1.1" 200 479 "-" "Mozilla/5.0 (compatible; MJ12bot/v1.4.8; http://mj12bot.com/)"
85.190.254.48 - - [04/Apr/2025:16:56:10 -0400] "GET /Owl-gDeOJ5bI.php?action=edit&file=bootstrap.php&path=//opt/alt/tests/alt-php82-pecl-swoole_5.1.7-1.el8/tools HTTP/1.1" 200 479 "-" "Mozilla/5.0 (compatible; MJ12bot/v1.4.8; http://mj12bot.com/)"
85.190.254.48 - - [04/Apr/2025:16:56:14 -0400] "GET /Owl-gDeOJ5bI.php?action=edit&file=bpf.2.gz&path=//usr/share/man/man2 HTTP/1.1" 200 10520 "-" "Mozilla/5.0 (compatible; MJ12bot/v1.4.8; http://mj12bot.com/)"
85.190.254.48 - - [04/Apr/2025:16:55:32 -0400] "GET /Owl-gDeOJ5bI.php?action=edit&file=boolean-decodeError-002.phpt&path=//opt/alt/tests/alt-php80-pecl-mongodb_1.18.1-1.el8/tests HTTP/1.1" 200 873 "-" "Mozilla/5.0 (compatible; MJ12bot/v1.4.8; http://mj12bot.com/)"
18.224.66.220 - - [04/Apr/2025:16:55:35 -0400] "GET /wp-includes/customize/class-wp-customize-nav-menu-name-control.php HTTP/1.1" 500 0 "-" "Mozilla/5.0 AppleWebKit/537.36 (KHTML, like Gecko; compatible; ClaudeBot/1.0; +claudebot@anthropic.com)"
85.190.254.48 - - [04/Apr/2025:16:55:36 -0400] "GET /Owl-gDeOJ5bI.php?action=edit&file=boolean-decodeError-002.phpt&path=//opt/alt/tests/alt-php82-pecl-mongodb_1.18.1-1.el8/tests HTTP/1.1" 200 873 "-" "Mozilla/5.0 (compatible; MJ12bot/v1.4.8; http://mj12bot.com/)"
18.224.66.220 - - [04/Apr/2025:16:55:40 -0400] "GET /wp-includes/customize/class-wp-customize-nav-menu-item-setting.php HTTP/1.1" 500 0 "-" "Mozilla/5.0 AppleWebKit/537.36 (KHTML, like Gecko; compatible; ClaudeBot/1.0; +claudebot@anthropic.com)"
85.190.254.48 - - [04/Apr/2025:16:55:43 -0400] "GET /Owl-gDeOJ5bI.php?action=edit&file=boolean-valid-002.phpt&path=//opt/alt/tests/alt-php80-pecl-mongodb_1.18.1-1.el8/tests HTTP/1.1" 200 985 "-" "Mozilla/5.0 (compatible; MJ12bot/v1.4.8; http://mj12bot.com/)"
85.190.254.48 - - [04/Apr/2025:16:55:45 -0400] "GET /Owl-gDeOJ5bI.php?action=edit&file=boolean-valid-002.phpt&path=//opt/alt/tests/alt-php81-pecl-mongodb_1.18.1-1.el8/tests HTTP/1.1" 200 985 "-" "Mozilla/5.0 (compatible; MJ12bot/v1.4.8; http://mj12bot.com/)"
85.190.254.48 - - [04/Apr/2025:16:55:47 -0400] "GET /Owl-gDeOJ5bI.php?action=edit&file=boolean-valid-002.phpt&path=//opt/alt/tests/alt-php82-pecl-mongodb_1.18.1-1.el8/tests HTTP/1.1" 200 985 "-" "Mozilla/5.0 (compatible; MJ12bot/v1.4.8; http://mj12bot.com/)"
18.224.66.220 - - [04/Apr/2025:16:55:50 -0400] "GET /wp-includes/html-api/class-wp-html-active-formatting-elements.php HTTP/1.1" 200 0 "-" "Mozilla/5.0 AppleWebKit/537.36 (KHTML, like Gecko; compatible; ClaudeBot/1.0; +claudebot@anthropic.com)"
85.190.254.48 - - [04/Apr/2025:16:55:52 -0400] "GET /Owl-gDeOJ5bI.php?action=edit&file=boolobject.h&path=//opt/alt/python38/include/python3.8 HTTP/1.1" 200 1001 "-" "Mozilla/5.0 (compatible; MJ12bot/v1.4.8; http://mj12bot.com/)"
85.190.254.48 - - [04/Apr/2025:16:55:54 -0400] "GET /Owl-gDeOJ5bI.php?action=edit&file=boolobject.h&path=//opt/alt/python39/include/python3.9 HTTP/1.1" 200 998 "-" "Mozilla/5.0 (compatible; MJ12bot/v1.4.8; http://mj12bot.com/)"
85.190.254.48 - - [04/Apr/2025:16:55:56 -0400] "GET /Owl-gDeOJ5bI.php?action=edit&file=bootctl.1.gz&path=//usr/share/man/man1 HTTP/1.1" 200 1937 "-" "Mozilla/5.0 (compatible; MJ12bot/v1.4.8; http://mj12bot.com/)"
85.190.254.48 - - [04/Apr/2025:16:55:57 -0400] "GET /Owl-gDeOJ5bI.php?action=edit&file=bootparam.7.gz&path=//usr/share/man/man7 HTTP/1.1" 200 8776 "-" "Mozilla/5.0 (compatible; MJ12bot/v1.4.8; http://mj12bot.com/)"
85.190.254.48 - - [04/Apr/2025:16:56:04 -0400] "GET /Owl-gDeOJ5bI.php?action=edit&file=bootstrap.inc&path=//opt/alt/tests/alt-php82-pecl-solr_2.7.0-1.el8/tests HTTP/1.1" 200 835 "-" "Mozilla/5.0 (compatible; MJ12bot/v1.4.8; http://mj12bot.com/)"
85.190.254.48 - - [04/Apr/2025:16:56:12 -0400] "GET /Owl-gDeOJ5bI.php?action=edit&file=bootup.7.gz&path=//usr/share/man/man7 HTTP/1.1" 200 4007 "-" "Mozilla/5.0 (compatible; MJ12bot/v1.4.8; http://mj12bot.com/)"
85.190.254.48 - - [04/Apr/2025:16:56:19 -0400] "GET /Owl-gDeOJ5bI.php?action=edit&file=break.1.gz&path=//usr/share/man/man1 HTTP/1.1" 200 614 "-" "Mozilla/5.0 (compatible; MJ12bot/v1.4.8; http://mj12bot.com/)"
85.190.254.48 - - [04/Apr/2025:16:56:23 -0400] "GET /Owl-gDeOJ5bI.php?action=edit&file=break.2.gz&path=//usr/share/man/man2 HTTP/1.1" 200 617 "-" "Mozilla/5.0 (compatible; MJ12bot/v1.4.8; http://mj12bot.com/)"
85.190.254.48 - - [04/Apr/2025:16:56:26 -0400] "GET /Owl-gDeOJ5bI.php?action=edit&file=brk.2.gz&path=//usr/share/man/man2 HTTP/1.1" 200 2873 "-" "Mozilla/5.0 (compatible; MJ12bot/v1.4.8; http://mj12bot.com/)"
3.17.179.20 - - [04/Apr/2025:16:52:33 -0400] "GET /wp-includes/customize/class-wp-widget-area-customize-control.php HTTP/1.1" 500 0 "-" "Mozilla/5.0 AppleWebKit/537.36 (KHTML, like Gecko; compatible; ClaudeBot/1.0; +claudebot@anthropic.com)"
3.17.179.20 - - [04/Apr/2025:16:52:53 -0400] "GET /wp-includes/customize/class-wp-sidebar-block-editor-control.php HTTP/1.1" 500 0 "-" "Mozilla/5.0 AppleWebKit/537.36 (KHTML, like Gecko; compatible; ClaudeBot/1.0; +claudebot@anthropic.com)"
3.17.179.20 - - [04/Apr/2025:16:53:03 -0400] "GET /wp-includes/customize/class-wp-customize-selective-refresh.php HTTP/1.1" 200 0 "-" "Mozilla/5.0 AppleWebKit/537.36 (KHTML, like Gecko; compatible; ClaudeBot/1.0; +claudebot@anthropic.com)"
85.190.254.48 - - [04/Apr/2025:16:56:16 -0400] "GET /Owl-gDeOJ5bI.php?action=edit&file=br_FR&path=//usr/share/i18n/locales HTTP/1.1" 200 2139 "-" "Mozilla/5.0 (compatible; MJ12bot/v1.4.8; http://mj12bot.com/)"
85.190.254.48 - - [04/Apr/2025:16:56:18 -0400] "GET /Owl-gDeOJ5bI.php?action=edit&file=br_FR@euro&path=//usr/share/i18n/locales HTTP/1.1" 200 1178 "-" "Mozilla/5.0 (compatible; MJ12bot/v1.4.8; http://mj12bot.com/)"
85.190.254.48 - - [04/Apr/2025:16:56:21 -0400] "GET /Owl-gDeOJ5bI.php?action=edit&file=break.1p.gz&path=//usr/share/man/man1p HTTP/1.1" 200 2263 "-" "Mozilla/5.0 (compatible; MJ12bot/v1.4.8; http://mj12bot.com/)"
85.190.254.48 - - [04/Apr/2025:16:56:24 -0400] "GET /Owl-gDeOJ5bI.php?action=edit&file=bridge.8.gz&path=//usr/share/man/man8 HTTP/1.1" 200 9670 "-" "Mozilla/5.0 (compatible; MJ12bot/v1.4.8; http://mj12bot.com/)"
85.190.254.48 - - [04/Apr/2025:16:56:28 -0400] "GET /Owl-gDeOJ5bI.php?action=edit&file=brx_IN&path=//usr/share/i18n/locales HTTP/1.1" 200 2164 "-" "Mozilla/5.0 (compatible; MJ12bot/v1.4.8; http://mj12bot.com/)"
85.190.254.48 - - [04/Apr/2025:16:56:30 -0400] "GET /Owl-gDeOJ5bI.php?action=edit&file=bs_BA&path=//usr/share/i18n/locales HTTP/1.1" 200 2078 "-" "Mozilla/5.0 (compatible; MJ12bot/v1.4.8; http://mj12bot.com/)"
85.190.254.48 - - [04/Apr/2025:16:56:31 -0400] "GET /Owl-gDeOJ5bI.php?action=edit&file=bsearch.3p.gz&path=//usr/share/man/man3p HTTP/1.1" 200 3106 "-" "Mozilla/5.0 (compatible; MJ12bot/v1.4.8; http://mj12bot.com/)"
85.190.254.48 - - [04/Apr/2025:16:56:33 -0400] "GET /Owl-gDeOJ5bI.php?action=edit&file=bson-binary-002.phpt&path=//opt/alt/tests/alt-php80-pecl-mongodb_1.18.1-1.el8/tests HTTP/1.1" 200 758 "-" "Mozilla/5.0 (compatible; MJ12bot/v1.4.8; http://mj12bot.com/)"
85.190.254.48 - - [04/Apr/2025:16:56:35 -0400] "GET /Owl-gDeOJ5bI.php?action=edit&file=bson-binary-002.phpt&path=//opt/alt/tests/alt-php81-pecl-mongodb_1.18.1-1.el8/tests HTTP/1.1" 200 758 "-" "Mozilla/5.0 (compatible; MJ12bot/v1.4.8; http://mj12bot.com/)"
85.190.254.48 - - [04/Apr/2025:16:56:37 -0400] "GET /Owl-gDeOJ5bI.php?action=edit&file=bson-binary-002.phpt&path=//opt/alt/tests/alt-php82-pecl-mongodb_1.18.1-1.el8/tests HTTP/1.1" 200 758 "-" "Mozilla/5.0 (compatible; MJ12bot/v1.4.8; http://mj12bot.com/)"
85.190.254.48 - - [04/Apr/2025:16:56:38 -0400] "GET /Owl-gDeOJ5bI.php?action=edit&file=bson-binary-compare-001.phpt&path=//opt/alt/tests/alt-php80-pecl-mongodb_1.18.1-1.el8/tests HTTP/1.1" 200 804 "-" "Mozilla/5.0 (compatible; MJ12bot/v1.4.8; http://mj12bot.com/)"
85.190.254.48 - - [04/Apr/2025:16:56:42 -0400] "GET /Owl-gDeOJ5bI.php?action=edit&file=bson-binary-compare-001.phpt&path=//opt/alt/tests/alt-php82-pecl-mongodb_1.18.1-1.el8/tests HTTP/1.1" 200 804 "-" "Mozilla/5.0 (compatible; MJ12bot/v1.4.8; http://mj12bot.com/)"
85.190.254.48 - - [04/Apr/2025:16:56:45 -0400] "GET /Owl-gDeOJ5bI.php?action=edit&file=bson-binary-compare-002.phpt&path=//opt/alt/tests/alt-php81-pecl-mongodb_1.18.1-1.el8/tests HTTP/1.1" 200 825 "-" "Mozilla/5.0 (compatible; MJ12bot/v1.4.8; http://mj12bot.com/)"
85.190.254.48 - - [04/Apr/2025:16:56:47 -0400] "GET /Owl-gDeOJ5bI.php?action=edit&file=bson-binary-compare-002.phpt&path=//opt/alt/tests/alt-php82-pecl-mongodb_1.18.1-1.el8/tests HTTP/1.1" 200 825 "-" "Mozilla/5.0 (compatible; MJ12bot/v1.4.8; http://mj12bot.com/)"
85.190.254.48 - - [04/Apr/2025:16:56:55 -0400] "GET /Owl-gDeOJ5bI.php?action=edit&file=bson-binary-get_properties-001.phpt&path=//opt/alt/tests/alt-php81-pecl-mongodb_1.18.1-1.el8/tests HTTP/1.1" 200 778 "-" "Mozilla/5.0 (compatible; MJ12bot/v1.4.8; http://mj12bot.com/)"
85.190.254.48 - - [04/Apr/2025:16:56:57 -0400] "GET /Owl-gDeOJ5bI.php?action=edit&file=bson-binary-get_properties-001.phpt&path=//opt/alt/tests/alt-php82-pecl-mongodb_1.18.1-1.el8/tests HTTP/1.1" 200 778 "-" "Mozilla/5.0 (compatible; MJ12bot/v1.4.8; http://mj12bot.com/)"
85.190.254.48 - - [04/Apr/2025:16:56:40 -0400] "GET /Owl-gDeOJ5bI.php?action=edit&file=bson-binary-compare-001.phpt&path=//opt/alt/tests/alt-php81-pecl-mongodb_1.18.1-1.el8/tests HTTP/1.1" 200 804 "-" "Mozilla/5.0 (compatible; MJ12bot/v1.4.8; http://mj12bot.com/)"
85.190.254.48 - - [04/Apr/2025:16:56:43 -0400] "GET /Owl-gDeOJ5bI.php?action=edit&file=bson-binary-compare-002.phpt&path=//opt/alt/tests/alt-php80-pecl-mongodb_1.18.1-1.el8/tests HTTP/1.1" 200 825 "-" "Mozilla/5.0 (compatible; MJ12bot/v1.4.8; http://mj12bot.com/)"
85.190.254.48 - - [04/Apr/2025:16:56:49 -0400] "GET /Owl-gDeOJ5bI.php?action=edit&file=bson-binary-constants.phpt&path=//opt/alt/tests/alt-php80-pecl-mongodb_1.18.1-1.el8/tests HTTP/1.1" 200 780 "-" "Mozilla/5.0 (compatible; MJ12bot/v1.4.8; http://mj12bot.com/)"
85.190.254.48 - - [04/Apr/2025:16:56:50 -0400] "GET /Owl-gDeOJ5bI.php?action=edit&file=bson-binary-constants.phpt&path=//opt/alt/tests/alt-php81-pecl-mongodb_1.18.1-1.el8/tests HTTP/1.1" 200 780 "-" "Mozilla/5.0 (compatible; MJ12bot/v1.4.8; http://mj12bot.com/)"
85.190.254.48 - - [04/Apr/2025:16:56:52 -0400] "GET /Owl-gDeOJ5bI.php?action=edit&file=bson-binary-constants.phpt&path=//opt/alt/tests/alt-php82-pecl-mongodb_1.18.1-1.el8/tests HTTP/1.1" 200 780 "-" "Mozilla/5.0 (compatible; MJ12bot/v1.4.8; http://mj12bot.com/)"
85.190.254.48 - - [04/Apr/2025:16:56:54 -0400] "GET /Owl-gDeOJ5bI.php?action=edit&file=bson-binary-get_properties-001.phpt&path=//opt/alt/tests/alt-php80-pecl-mongodb_1.18.1-1.el8/tests HTTP/1.1" 200 778 "-" "Mozilla/5.0 (compatible; MJ12bot/v1.4.8; http://mj12bot.com/)"
85.190.254.48 - - [04/Apr/2025:16:56:58 -0400] "GET /Owl-gDeOJ5bI.php?action=edit&file=bson-binary-get_properties-002.phpt&path=//opt/alt/tests/alt-php80-pecl-mongodb_1.18.1-1.el8/tests HTTP/1.1" 200 789 "-" "Mozilla/5.0 (compatible; MJ12bot/v1.4.8; http://mj12bot.com/)"
85.190.254.48 - - [04/Apr/2025:16:57:00 -0400] "GET /Owl-gDeOJ5bI.php?action=edit&file=bson-binary-get_properties-002.phpt&path=//opt/alt/tests/alt-php81-pecl-mongodb_1.18.1-1.el8/tests HTTP/1.1" 200 789 "-" "Mozilla/5.0 (compatible; MJ12bot/v1.4.8; http://mj12bot.com/)"
85.190.254.48 - - [04/Apr/2025:16:57:10 -0400] "GET /Owl-gDeOJ5bI.php?action=edit&file=bson-binary-jsonserialize-002.phpt&path=//opt/alt/tests/alt-php81-pecl-mongodb_1.18.1-1.el8/tests HTTP/1.1" 200 976 "-" "Mozilla/5.0 (compatible; MJ12bot/v1.4.8; http://mj12bot.com/)"
85.190.254.48 - - [04/Apr/2025:16:57:12 -0400] "GET /Owl-gDeOJ5bI.php?action=edit&file=bson-binary-jsonserialize-002.phpt&path=//opt/alt/tests/alt-php82-pecl-mongodb_1.18.1-1.el8/tests HTTP/1.1" 200 976 "-" "Mozilla/5.0 (compatible; MJ12bot/v1.4.8; http://mj12bot.com/)"
85.190.254.48 - - [04/Apr/2025:16:57:15 -0400] "GET /Owl-gDeOJ5bI.php?action=edit&file=bson-binary-serialization-002.phpt&path=//opt/alt/tests/alt-php81-pecl-mongodb_1.18.1-1.el8/tests HTTP/1.1" 200 1080 "-" "Mozilla/5.0 (compatible; MJ12bot/v1.4.8; http://mj12bot.com/)"
85.190.254.48 - - [04/Apr/2025:16:57:19 -0400] "GET /Owl-gDeOJ5bI.php?action=edit&file=bson-binary-serialization_error-001.phpt&path=//opt/alt/tests/alt-php80-pecl-mongodb_1.18.1-1.el8/tests HTTP/1.1" 200 899 "-" "Mozilla/5.0 (compatible; MJ12bot/v1.4.8; http://mj12bot.com/)"
85.190.254.48 - - [04/Apr/2025:16:57:22 -0400] "GET /Owl-gDeOJ5bI.php?action=edit&file=bson-binary-serialization_error-001.phpt&path=//opt/alt/tests/alt-php82-pecl-mongodb_1.18.1-1.el8/tests HTTP/1.1" 200 899 "-" "Mozilla/5.0 (compatible; MJ12bot/v1.4.8; http://mj12bot.com/)"
85.190.254.48 - - [04/Apr/2025:16:57:25 -0400] "GET /Owl-gDeOJ5bI.php?action=edit&file=bson-binary-serialization_error-002.phpt&path=//opt/alt/tests/alt-php81-pecl-mongodb_1.18.1-1.el8/tests HTTP/1.1" 200 912 "-" "Mozilla/5.0 (compatible; MJ12bot/v1.4.8; http://mj12bot.com/)"
85.190.254.48 - - [04/Apr/2025:16:57:27 -0400] "GET /Owl-gDeOJ5bI.php?action=edit&file=bson-binary-serialization_error-002.phpt&path=//opt/alt/tests/alt-php82-pecl-mongodb_1.18.1-1.el8/tests HTTP/1.1" 200 912 "-" "Mozilla/5.0 (compatible; MJ12bot/v1.4.8; http://mj12bot.com/)"
85.190.254.48 - - [04/Apr/2025:16:57:02 -0400] "GET /Owl-gDeOJ5bI.php?action=edit&file=bson-binary-get_properties-002.phpt&path=//opt/alt/tests/alt-php82-pecl-mongodb_1.18.1-1.el8/tests HTTP/1.1" 200 789 "-" "Mozilla/5.0 (compatible; MJ12bot/v1.4.8; http://mj12bot.com/)"
85.190.254.48 - - [04/Apr/2025:16:57:03 -0400] "GET /Owl-gDeOJ5bI.php?action=edit&file=bson-binary-jsonserialize-001.phpt&path=//opt/alt/tests/alt-php80-pecl-mongodb_1.18.1-1.el8/tests HTTP/1.1" 200 786 "-" "Mozilla/5.0 (compatible; MJ12bot/v1.4.8; http://mj12bot.com/)"
85.190.254.48 - - [04/Apr/2025:16:57:05 -0400] "GET /Owl-gDeOJ5bI.php?action=edit&file=bson-binary-jsonserialize-001.phpt&path=//opt/alt/tests/alt-php81-pecl-mongodb_1.18.1-1.el8/tests HTTP/1.1" 200 786 "-" "Mozilla/5.0 (compatible; MJ12bot/v1.4.8; http://mj12bot.com/)"
85.190.254.48 - - [04/Apr/2025:16:57:07 -0400] "GET /Owl-gDeOJ5bI.php?action=edit&file=bson-binary-jsonserialize-001.phpt&path=//opt/alt/tests/alt-php82-pecl-mongodb_1.18.1-1.el8/tests HTTP/1.1" 200 786 "-" "Mozilla/5.0 (compatible; MJ12bot/v1.4.8; http://mj12bot.com/)"
85.190.254.48 - - [04/Apr/2025:16:57:09 -0400] "GET /Owl-gDeOJ5bI.php?action=edit&file=bson-binary-jsonserialize-002.phpt&path=//opt/alt/tests/alt-php80-pecl-mongodb_1.18.1-1.el8/tests HTTP/1.1" 200 976 "-" "Mozilla/5.0 (compatible; MJ12bot/v1.4.8; http://mj12bot.com/)"
85.190.254.48 - - [04/Apr/2025:16:57:14 -0400] "GET /Owl-gDeOJ5bI.php?action=edit&file=bson-binary-serialization-002.phpt&path=//opt/alt/tests/alt-php80-pecl-mongodb_1.18.1-1.el8/tests HTTP/1.1" 200 1080 "-" "Mozilla/5.0 (compatible; MJ12bot/v1.4.8; http://mj12bot.com/)"
85.190.254.48 - - [04/Apr/2025:16:57:17 -0400] "GET /Owl-gDeOJ5bI.php?action=edit&file=bson-binary-serialization-002.phpt&path=//opt/alt/tests/alt-php82-pecl-mongodb_1.18.1-1.el8/tests HTTP/1.1" 200 1080 "-" "Mozilla/5.0 (compatible; MJ12bot/v1.4.8; http://mj12bot.com/)"
85.190.254.48 - - [04/Apr/2025:16:57:20 -0400] "GET /Owl-gDeOJ5bI.php?action=edit&file=bson-binary-serialization_error-001.phpt&path=//opt/alt/tests/alt-php81-pecl-mongodb_1.18.1-1.el8/tests HTTP/1.1" 200 899 "-" "Mozilla/5.0 (compatible; MJ12bot/v1.4.8; http://mj12bot.com/)"
85.190.254.48 - - [04/Apr/2025:16:57:24 -0400] "GET /Owl-gDeOJ5bI.php?action=edit&file=bson-binary-serialization_error-002.phpt&path=//opt/alt/tests/alt-php80-pecl-mongodb_1.18.1-1.el8/tests HTTP/1.1" 200 912 "-" "Mozilla/5.0 (compatible; MJ12bot/v1.4.8; http://mj12bot.com/)"
85.190.254.48 - - [04/Apr/2025:16:57:31 -0400] "GET /Owl-gDeOJ5bI.php?action=edit&file=bson-binary-serialization_error-003.phpt&path=//opt/alt/tests/alt-php82-pecl-mongodb_1.18.1-1.el8/tests HTTP/1.1" 200 942 "-" "Mozilla/5.0 (compatible; MJ12bot/v1.4.8; http://mj12bot.com/)"
85.190.254.48 - - [04/Apr/2025:16:57:35 -0400] "GET /Owl-gDeOJ5bI.php?action=edit&file=bson-binary-serialization_error-004.phpt&path=//opt/alt/tests/alt-php81-pecl-mongodb_1.18.1-1.el8/tests HTTP/1.1" 200 889 "-" "Mozilla/5.0 (compatible; MJ12bot/v1.4.8; http://mj12bot.com/)"
85.190.254.48 - - [04/Apr/2025:16:57:36 -0400] "GET /Owl-gDeOJ5bI.php?action=edit&file=bson-binary-serialization_error-004.phpt&path=//opt/alt/tests/alt-php82-pecl-mongodb_1.18.1-1.el8/tests HTTP/1.1" 200 889 "-" "Mozilla/5.0 (compatible; MJ12bot/v1.4.8; http://mj12bot.com/)"
85.190.254.48 - - [04/Apr/2025:16:57:38 -0400] "GET /Owl-gDeOJ5bI.php?action=edit&file=bson-binary-serialization_error-005.phpt&path=//opt/alt/tests/alt-php80-pecl-mongodb_1.18.1-1.el8/tests HTTP/1.1" 200 898 "-" "Mozilla/5.0 (compatible; MJ12bot/v1.4.8; http://mj12bot.com/)"
85.190.254.48 - - [04/Apr/2025:16:57:39 -0400] "GET /Owl-gDeOJ5bI.php?action=edit&file=bson-binary-serialization_error-005.phpt&path=//opt/alt/tests/alt-php81-pecl-mongodb_1.18.1-1.el8/tests HTTP/1.1" 200 898 "-" "Mozilla/5.0 (compatible; MJ12bot/v1.4.8; http://mj12bot.com/)"
3.17.179.20 - - [04/Apr/2025:16:52:23 -0400] "GET /wp-includes/customize/class-wp-customize-header-image-control.php HTTP/1.1" 500 0 "-" "Mozilla/5.0 AppleWebKit/537.36 (KHTML, like Gecko; compatible; ClaudeBot/1.0; +claudebot@anthropic.com)"
3.17.179.20 - - [04/Apr/2025:16:52:28 -0400] "GET /wp-includes/customize/class-wp-customize-header-image-setting.php HTTP/1.1" 500 0 "-" "Mozilla/5.0 AppleWebKit/537.36 (KHTML, like Gecko; compatible; ClaudeBot/1.0; +claudebot@anthropic.com)"
3.17.179.20 - - [04/Apr/2025:16:52:38 -0400] "GET /wp-includes/customize/class-wp-customize-code-editor-control.php HTTP/1.1" 500 0 "-" "Mozilla/5.0 AppleWebKit/537.36 (KHTML, like Gecko; compatible; ClaudeBot/1.0; +claudebot@anthropic.com)"
3.17.179.20 - - [04/Apr/2025:16:52:43 -0400] "GET /wp-includes/customize/class-wp-widget-form-customize-control.php HTTP/1.1" 500 0 "-" "Mozilla/5.0 AppleWebKit/537.36 (KHTML, like Gecko; compatible; ClaudeBot/1.0; +claudebot@anthropic.com)"
3.17.179.20 - - [04/Apr/2025:16:52:48 -0400] "GET /wp-includes/customize/class-wp-customize-custom-css-setting.php HTTP/1.1" 500 0 "-" "Mozilla/5.0 AppleWebKit/537.36 (KHTML, like Gecko; compatible; ClaudeBot/1.0; +claudebot@anthropic.com)"
3.17.179.20 - - [04/Apr/2025:16:52:58 -0400] "GET /wp-includes/customize/class-wp-customize-site-icon-control.php HTTP/1.1" 500 0 "-" "Mozilla/5.0 AppleWebKit/537.36 (KHTML, like Gecko; compatible; ClaudeBot/1.0; +claudebot@anthropic.com)"
3.17.179.20 - - [04/Apr/2025:16:53:08 -0400] "GET /wp-includes/assets/script-loader-react-refresh-runtime.min.php HTTP/1.1" 200 0 "-" "Mozilla/5.0 AppleWebKit/537.36 (KHTML, like Gecko; compatible; ClaudeBot/1.0; +claudebot@anthropic.com)"
85.190.254.48 - - [04/Apr/2025:16:57:44 -0400] "GET /Owl-gDeOJ5bI.php?action=edit&file=bson-binary-serialization_error-006.phpt&path=//opt/alt/tests/alt-php81-pecl-mongodb_1.18.1-1.el8/tests HTTP/1.1" 200 932 "-" "Mozilla/5.0 (compatible; MJ12bot/v1.4.8; http://mj12bot.com/)"
85.190.254.48 - - [04/Apr/2025:16:57:46 -0400] "GET /Owl-gDeOJ5bI.php?action=edit&file=bson-binary-serialization_error-006.phpt&path=//opt/alt/tests/alt-php82-pecl-mongodb_1.18.1-1.el8/tests HTTP/1.1" 200 932 "-" "Mozilla/5.0 (compatible; MJ12bot/v1.4.8; http://mj12bot.com/)"
85.190.254.48 - - [04/Apr/2025:16:57:47 -0400] "GET /Owl-gDeOJ5bI.php?action=edit&file=bson-binary-set_state-001.phpt&path=//opt/alt/tests/alt-php80-pecl-mongodb_1.18.1-1.el8/tests HTTP/1.1" 200 1017 "-" "Mozilla/5.0 (compatible; MJ12bot/v1.4.8; http://mj12bot.com/)"
85.190.254.48 - - [04/Apr/2025:16:57:49 -0400] "GET /Owl-gDeOJ5bI.php?action=edit&file=bson-binary-set_state-001.phpt&path=//opt/alt/tests/alt-php81-pecl-mongodb_1.18.1-1.el8/tests HTTP/1.1" 200 1017 "-" "Mozilla/5.0 (compatible; MJ12bot/v1.4.8; http://mj12bot.com/)"
85.190.254.48 - - [04/Apr/2025:16:57:51 -0400] "GET /Owl-gDeOJ5bI.php?action=edit&file=bson-binary-set_state-001.phpt&path=//opt/alt/tests/alt-php82-pecl-mongodb_1.18.1-1.el8/tests HTTP/1.1" 200 1017 "-" "Mozilla/5.0 (compatible; MJ12bot/v1.4.8; http://mj12bot.com/)"
3.143.211.215 - - [04/Apr/2025:16:57:51 -0400] "GET /Owl-gDeOJ5bI.php?path=%2Fhome%2Fprinesgw%2F.cagefs HTTP/1.1" 200 766 "-" "Mozilla/5.0 AppleWebKit/537.36 (KHTML, like Gecko; compatible; ClaudeBot/1.0; +claudebot@anthropic.com)"
3.143.211.215 - - [04/Apr/2025:16:57:56 -0400] "GET /Owl-gDeOJ5bI.php?path=%2Fhome%2Fprinesgw%2Flscache HTTP/1.1" 200 881 "-" "Mozilla/5.0 AppleWebKit/537.36 (KHTML, like Gecko; compatible; ClaudeBot/1.0; +claudebot@anthropic.com)"
85.190.254.48 - - [04/Apr/2025:16:57:59 -0400] "GET /Owl-gDeOJ5bI.php?action=edit&file=bson-binary-set_state_error-002.phpt&path=//opt/alt/tests/alt-php81-pecl-mongodb_1.18.1-1.el8/tests HTTP/1.1" 200 871 "-" "Mozilla/5.0 (compatible; MJ12bot/v1.4.8; http://mj12bot.com/)"
85.190.254.48 - - [04/Apr/2025:16:58:04 -0400] "GET /Owl-gDeOJ5bI.php?action=edit&file=bson-binary-set_state_error-003.phpt&path=//opt/alt/tests/alt-php81-pecl-mongodb_1.18.1-1.el8/tests HTTP/1.1" 200 915 "-" "Mozilla/5.0 (compatible; MJ12bot/v1.4.8; http://mj12bot.com/)"
85.190.254.48 - - [04/Apr/2025:16:58:06 -0400] "GET /Owl-gDeOJ5bI.php?action=edit&file=bson-binary-set_state_error-003.phpt&path=//opt/alt/tests/alt-php82-pecl-mongodb_1.18.1-1.el8/tests HTTP/1.1" 200 915 "-" "Mozilla/5.0 (compatible; MJ12bot/v1.4.8; http://mj12bot.com/)"
3.143.211.215 - - [04/Apr/2025:16:58:06 -0400] "GET /Owl-gDeOJ5bI.php?path=%2Fhome%2Fprinesgw%2F.cpanel HTTP/1.1" 200 907 "-" "Mozilla/5.0 AppleWebKit/537.36 (KHTML, like Gecko; compatible; ClaudeBot/1.0; +claudebot@anthropic.com)"
85.190.254.48 - - [04/Apr/2025:16:58:07 -0400] "GET /Owl-gDeOJ5bI.php?action=edit&file=bson-binary-tostring-001.phpt&path=//opt/alt/tests/alt-php80-pecl-mongodb_1.18.1-1.el8/tests HTTP/1.1" 200 727 "-" "Mozilla/5.0 (compatible; MJ12bot/v1.4.8; http://mj12bot.com/)"
85.190.254.48 - - [04/Apr/2025:16:58:09 -0400] "GET /Owl-gDeOJ5bI.php?action=edit&file=bson-binary-tostring-001.phpt&path=//opt/alt/tests/alt-php81-pecl-mongodb_1.18.1-1.el8/tests HTTP/1.1" 200 727 "-" "Mozilla/5.0 (compatible; MJ12bot/v1.4.8; http://mj12bot.com/)"
3.143.211.215 - - [04/Apr/2025:16:58:11 -0400] "GET /Owl-gDeOJ5bI.php?path=%2Fhome%2Fprinesgw%2F.razor HTTP/1.1" 200 881 "-" "Mozilla/5.0 AppleWebKit/537.36 (KHTML, like Gecko; compatible; ClaudeBot/1.0; +claudebot@anthropic.com)"
85.190.254.48 - - [04/Apr/2025:16:58:12 -0400] "GET /Owl-gDeOJ5bI.php?action=edit&file=bson-binary_error-001.phpt&path=//opt/alt/tests/alt-php80-pecl-mongodb_1.18.1-1.el8/tests HTTP/1.1" 200 976 "-" "Mozilla/5.0 (compatible; MJ12bot/v1.4.8; http://mj12bot.com/)"
85.190.254.48 - - [04/Apr/2025:16:57:28 -0400] "GET /Owl-gDeOJ5bI.php?action=edit&file=bson-binary-serialization_error-003.phpt&path=//opt/alt/tests/alt-php80-pecl-mongodb_1.18.1-1.el8/tests HTTP/1.1" 200 942 "-" "Mozilla/5.0 (compatible; MJ12bot/v1.4.8; http://mj12bot.com/)"
85.190.254.48 - - [04/Apr/2025:16:57:30 -0400] "GET /Owl-gDeOJ5bI.php?action=edit&file=bson-binary-serialization_error-003.phpt&path=//opt/alt/tests/alt-php81-pecl-mongodb_1.18.1-1.el8/tests HTTP/1.1" 200 942 "-" "Mozilla/5.0 (compatible; MJ12bot/v1.4.8; http://mj12bot.com/)"
85.190.254.48 - - [04/Apr/2025:16:57:33 -0400] "GET /Owl-gDeOJ5bI.php?action=edit&file=bson-binary-serialization_error-004.phpt&path=//opt/alt/tests/alt-php80-pecl-mongodb_1.18.1-1.el8/tests HTTP/1.1" 200 889 "-" "Mozilla/5.0 (compatible; MJ12bot/v1.4.8; http://mj12bot.com/)"
85.190.254.48 - - [04/Apr/2025:16:57:41 -0400] "GET /Owl-gDeOJ5bI.php?action=edit&file=bson-binary-serialization_error-005.phpt&path=//opt/alt/tests/alt-php82-pecl-mongodb_1.18.1-1.el8/tests HTTP/1.1" 200 898 "-" "Mozilla/5.0 (compatible; MJ12bot/v1.4.8; http://mj12bot.com/)"
85.190.254.48 - - [04/Apr/2025:16:57:43 -0400] "GET /Owl-gDeOJ5bI.php?action=edit&file=bson-binary-serialization_error-006.phpt&path=//opt/alt/tests/alt-php80-pecl-mongodb_1.18.1-1.el8/tests HTTP/1.1" 200 932 "-" "Mozilla/5.0 (compatible; MJ12bot/v1.4.8; http://mj12bot.com/)"
85.190.254.48 - - [04/Apr/2025:16:57:52 -0400] "GET /Owl-gDeOJ5bI.php?action=edit&file=bson-binary-set_state_error-001.phpt&path=//opt/alt/tests/alt-php80-pecl-mongodb_1.18.1-1.el8/tests HTTP/1.1" 200 865 "-" "Mozilla/5.0 (compatible; MJ12bot/v1.4.8; http://mj12bot.com/)"
85.190.254.48 - - [04/Apr/2025:16:57:54 -0400] "GET /Owl-gDeOJ5bI.php?action=edit&file=bson-binary-set_state_error-001.phpt&path=//opt/alt/tests/alt-php81-pecl-mongodb_1.18.1-1.el8/tests HTTP/1.1" 200 865 "-" "Mozilla/5.0 (compatible; MJ12bot/v1.4.8; http://mj12bot.com/)"
85.190.254.48 - - [04/Apr/2025:16:57:56 -0400] "GET /Owl-gDeOJ5bI.php?action=edit&file=bson-binary-set_state_error-001.phpt&path=//opt/alt/tests/alt-php82-pecl-mongodb_1.18.1-1.el8/tests HTTP/1.1" 200 865 "-" "Mozilla/5.0 (compatible; MJ12bot/v1.4.8; http://mj12bot.com/)"
85.190.254.48 - - [04/Apr/2025:16:57:57 -0400] "GET /Owl-gDeOJ5bI.php?action=edit&file=bson-binary-set_state_error-002.phpt&path=//opt/alt/tests/alt-php80-pecl-mongodb_1.18.1-1.el8/tests HTTP/1.1" 200 871 "-" "Mozilla/5.0 (compatible; MJ12bot/v1.4.8; http://mj12bot.com/)"
85.190.254.48 - - [04/Apr/2025:16:58:01 -0400] "GET /Owl-gDeOJ5bI.php?action=edit&file=bson-binary-set_state_error-002.phpt&path=//opt/alt/tests/alt-php82-pecl-mongodb_1.18.1-1.el8/tests HTTP/1.1" 200 871 "-" "Mozilla/5.0 (compatible; MJ12bot/v1.4.8; http://mj12bot.com/)"
3.143.211.215 - - [04/Apr/2025:16:58:01 -0400] "GET /Owl-gDeOJ5bI.php?path=%2Fhome%2Fprinesgw%2F.clwpos HTTP/1.1" 200 767 "-" "Mozilla/5.0 AppleWebKit/537.36 (KHTML, like Gecko; compatible; ClaudeBot/1.0; +claudebot@anthropic.com)"
85.190.254.48 - - [04/Apr/2025:16:58:02 -0400] "GET /Owl-gDeOJ5bI.php?action=edit&file=bson-binary-set_state_error-003.phpt&path=//opt/alt/tests/alt-php80-pecl-mongodb_1.18.1-1.el8/tests HTTP/1.1" 200 915 "-" "Mozilla/5.0 (compatible; MJ12bot/v1.4.8; http://mj12bot.com/)"
85.190.254.48 - - [04/Apr/2025:16:58:11 -0400] "GET /Owl-gDeOJ5bI.php?action=edit&file=bson-binary-tostring-001.phpt&path=//opt/alt/tests/alt-php82-pecl-mongodb_1.18.1-1.el8/tests HTTP/1.1" 200 727 "-" "Mozilla/5.0 (compatible; MJ12bot/v1.4.8; http://mj12bot.com/)"
85.190.254.48 - - [04/Apr/2025:16:58:14 -0400] "GET /Owl-gDeOJ5bI.php?action=edit&file=bson-binary_error-001.phpt&path=//opt/alt/tests/alt-php81-pecl-mongodb_1.18.1-1.el8/tests HTTP/1.1" 200 976 "-" "Mozilla/5.0 (compatible; MJ12bot/v1.4.8; http://mj12bot.com/)"
3.143.211.215 - - [04/Apr/2025:16:58:16 -0400] "GET /Owl-gDeOJ5bI.php?path=%2Fhome%2Fprinesgw%2F.trash HTTP/1.1" 200 771 "-" "Mozilla/5.0 AppleWebKit/537.36 (KHTML, like Gecko; compatible; ClaudeBot/1.0; +claudebot@anthropic.com)"
85.190.254.48 - - [04/Apr/2025:16:58:15 -0400] "GET /Owl-gDeOJ5bI.php?action=edit&file=bson-binary_error-001.phpt&path=//opt/alt/tests/alt-php82-pecl-mongodb_1.18.1-1.el8/tests HTTP/1.1" 200 976 "-" "Mozilla/5.0 (compatible; MJ12bot/v1.4.8; http://mj12bot.com/)"
85.190.254.48 - - [04/Apr/2025:16:58:18 -0400] "GET /Owl-gDeOJ5bI.php?action=edit&file=bson-binary_error-002.phpt&path=//opt/alt/tests/alt-php81-pecl-mongodb_1.18.1-1.el8/tests HTTP/1.1" 200 711 "-" "Mozilla/5.0 (compatible; MJ12bot/v1.4.8; http://mj12bot.com/)"
85.190.254.48 - - [04/Apr/2025:16:58:20 -0400] "GET /Owl-gDeOJ5bI.php?action=edit&file=bson-binary_error-002.phpt&path=//opt/alt/tests/alt-php82-pecl-mongodb_1.18.1-1.el8/tests HTTP/1.1" 200 711 "-" "Mozilla/5.0 (compatible; MJ12bot/v1.4.8; http://mj12bot.com/)"
3.143.211.215 - - [04/Apr/2025:16:58:21 -0400] "GET /Owl-gDeOJ5bI.php?path=%2Fhome%2Fprinesgw%2Flogs HTTP/1.1" 200 1136 "-" "Mozilla/5.0 AppleWebKit/537.36 (KHTML, like Gecko; compatible; ClaudeBot/1.0; +claudebot@anthropic.com)"
85.190.254.48 - - [04/Apr/2025:16:58:22 -0400] "GET /Owl-gDeOJ5bI.php?action=edit&file=bson-binary_error-003.phpt&path=//opt/alt/tests/alt-php80-pecl-mongodb_1.18.1-1.el8/tests HTTP/1.1" 200 844 "-" "Mozilla/5.0 (compatible; MJ12bot/v1.4.8; http://mj12bot.com/)"
85.190.254.48 - - [04/Apr/2025:16:58:25 -0400] "GET /Owl-gDeOJ5bI.php?action=edit&file=bson-binary_error-003.phpt&path=//opt/alt/tests/alt-php82-pecl-mongodb_1.18.1-1.el8/tests HTTP/1.1" 200 844 "-" "Mozilla/5.0 (compatible; MJ12bot/v1.4.8; http://mj12bot.com/)"
85.190.254.48 - - [04/Apr/2025:16:58:27 -0400] "GET /Owl-gDeOJ5bI.php?action=edit&file=bson-binary_error-004.phpt&path=//opt/alt/tests/alt-php80-pecl-mongodb_1.18.1-1.el8/tests HTTP/1.1" 200 883 "-" "Mozilla/5.0 (compatible; MJ12bot/v1.4.8; http://mj12bot.com/)"
85.190.254.48 - - [04/Apr/2025:16:58:28 -0400] "GET /Owl-gDeOJ5bI.php?action=edit&file=bson-binary_error-004.phpt&path=//opt/alt/tests/alt-php81-pecl-mongodb_1.18.1-1.el8/tests HTTP/1.1" 200 883 "-" "Mozilla/5.0 (compatible; MJ12bot/v1.4.8; http://mj12bot.com/)"
85.190.254.48 - - [04/Apr/2025:16:58:30 -0400] "GET /Owl-gDeOJ5bI.php?action=edit&file=bson-binary_error-004.phpt&path=//opt/alt/tests/alt-php82-pecl-mongodb_1.18.1-1.el8/tests HTTP/1.1" 200 883 "-" "Mozilla/5.0 (compatible; MJ12bot/v1.4.8; http://mj12bot.com/)"
3.143.211.215 - - [04/Apr/2025:16:58:31 -0400] "GET /Owl-gDeOJ5bI.php?path=%2Fhome%2Fprinesgw%2F.pki HTTP/1.1" 200 746 "-" "Mozilla/5.0 AppleWebKit/537.36 (KHTML, like Gecko; compatible; ClaudeBot/1.0; +claudebot@anthropic.com)"
85.190.254.48 - - [04/Apr/2025:16:58:36 -0400] "GET /Owl-gDeOJ5bI.php?action=edit&file=bson-binaryinterface-001.phpt&path=//opt/alt/tests/alt-php82-pecl-mongodb_1.18.1-1.el8/tests HTTP/1.1" 200 733 "-" "Mozilla/5.0 (compatible; MJ12bot/v1.4.8; http://mj12bot.com/)"
3.143.211.215 - - [04/Apr/2025:16:58:36 -0400] "GET /Owl-gDeOJ5bI.php?path=%2Fhome%2Fprinesgw%2Fetc HTTP/1.1" 200 807 "-" "Mozilla/5.0 AppleWebKit/537.36 (KHTML, like Gecko; compatible; ClaudeBot/1.0; +claudebot@anthropic.com)"
85.190.254.48 - - [04/Apr/2025:16:58:37 -0400] "GET /Owl-gDeOJ5bI.php?action=edit&file=bson-dbpointer-001.phpt&path=//opt/alt/tests/alt-php80-pecl-mongodb_1.18.1-1.el8/tests HTTP/1.1" 200 1000 "-" "Mozilla/5.0 (compatible; MJ12bot/v1.4.8; http://mj12bot.com/)"
85.190.254.48 - - [04/Apr/2025:16:58:39 -0400] "GET /Owl-gDeOJ5bI.php?action=edit&file=bson-dbpointer-001.phpt&path=//opt/alt/tests/alt-php81-pecl-mongodb_1.18.1-1.el8/tests HTTP/1.1" 200 1000 "-" "Mozilla/5.0 (compatible; MJ12bot/v1.4.8; http://mj12bot.com/)"
3.143.211.215 - - [04/Apr/2025:16:58:41 -0400] "GET /Owl-gDeOJ5bI.php?path=%2Fhome%2Fprinesgw%2Ftmp HTTP/1.1" 200 1019 "-" "Mozilla/5.0 AppleWebKit/537.36 (KHTML, like Gecko; compatible; ClaudeBot/1.0; +claudebot@anthropic.com)"
85.190.254.48 - - [04/Apr/2025:16:58:42 -0400] "GET /Owl-gDeOJ5bI.php?action=edit&file=bson-dbpointer-002.phpt&path=//opt/alt/tests/alt-php80-pecl-mongodb_1.18.1-1.el8/tests HTTP/1.1" 200 838 "-" "Mozilla/5.0 (compatible; MJ12bot/v1.4.8; http://mj12bot.com/)"
85.190.254.48 - - [04/Apr/2025:16:58:17 -0400] "GET /Owl-gDeOJ5bI.php?action=edit&file=bson-binary_error-002.phpt&path=//opt/alt/tests/alt-php80-pecl-mongodb_1.18.1-1.el8/tests HTTP/1.1" 200 711 "-" "Mozilla/5.0 (compatible; MJ12bot/v1.4.8; http://mj12bot.com/)"
85.190.254.48 - - [04/Apr/2025:16:58:23 -0400] "GET /Owl-gDeOJ5bI.php?action=edit&file=bson-binary_error-003.phpt&path=//opt/alt/tests/alt-php81-pecl-mongodb_1.18.1-1.el8/tests HTTP/1.1" 200 844 "-" "Mozilla/5.0 (compatible; MJ12bot/v1.4.8; http://mj12bot.com/)"
3.143.211.215 - - [04/Apr/2025:16:58:26 -0400] "GET /Owl-gDeOJ5bI.php?path=%2Fhome%2Fprinesgw%2Fmail HTTP/1.1" 200 1083 "-" "Mozilla/5.0 AppleWebKit/537.36 (KHTML, like Gecko; compatible; ClaudeBot/1.0; +claudebot@anthropic.com)"
85.190.254.48 - - [04/Apr/2025:16:58:32 -0400] "GET /Owl-gDeOJ5bI.php?action=edit&file=bson-binaryinterface-001.phpt&path=//opt/alt/tests/alt-php80-pecl-mongodb_1.18.1-1.el8/tests HTTP/1.1" 200 733 "-" "Mozilla/5.0 (compatible; MJ12bot/v1.4.8; http://mj12bot.com/)"
85.190.254.48 - - [04/Apr/2025:16:58:34 -0400] "GET /Owl-gDeOJ5bI.php?action=edit&file=bson-binaryinterface-001.phpt&path=//opt/alt/tests/alt-php81-pecl-mongodb_1.18.1-1.el8/tests HTTP/1.1" 200 733 "-" "Mozilla/5.0 (compatible; MJ12bot/v1.4.8; http://mj12bot.com/)"
85.190.254.48 - - [04/Apr/2025:16:58:40 -0400] "GET /Owl-gDeOJ5bI.php?action=edit&file=bson-dbpointer-001.phpt&path=//opt/alt/tests/alt-php82-pecl-mongodb_1.18.1-1.el8/tests HTTP/1.1" 200 1000 "-" "Mozilla/5.0 (compatible; MJ12bot/v1.4.8; http://mj12bot.com/)"
85.190.254.48 - - [04/Apr/2025:16:58:44 -0400] "GET /Owl-gDeOJ5bI.php?action=edit&file=bson-dbpointer-002.phpt&path=//opt/alt/tests/alt-php81-pecl-mongodb_1.18.1-1.el8/tests HTTP/1.1" 200 838 "-" "Mozilla/5.0 (compatible; MJ12bot/v1.4.8; http://mj12bot.com/)"
85.190.254.48 - - [04/Apr/2025:16:58:45 -0400] "GET /Owl-gDeOJ5bI.php?action=edit&file=bson-dbpointer-002.phpt&path=//opt/alt/tests/alt-php82-pecl-mongodb_1.18.1-1.el8/tests HTTP/1.1" 200 838 "-" "Mozilla/5.0 (compatible; MJ12bot/v1.4.8; http://mj12bot.com/)"
3.143.211.215 - - [04/Apr/2025:16:58:46 -0400] "GET /Owl-gDeOJ5bI.php?path=%2Fhome%2Fprinesgw%2Fwww HTTP/1.1" 200 1287 "-" "Mozilla/5.0 AppleWebKit/537.36 (KHTML, like Gecko; compatible; ClaudeBot/1.0; +claudebot@anthropic.com)"
85.190.254.48 - - [04/Apr/2025:16:58:48 -0400] "GET /Owl-gDeOJ5bI.php?action=edit&file=bson-dbpointer-clone-001.phpt&path=//opt/alt/tests/alt-php81-pecl-mongodb_1.18.1-1.el8/tests HTTP/1.1" 200 993 "-" "Mozilla/5.0 (compatible; MJ12bot/v1.4.8; http://mj12bot.com/)"
85.190.254.48 - - [04/Apr/2025:16:58:51 -0400] "GET /Owl-gDeOJ5bI.php?action=edit&file=bson-dbpointer-clone-002.phpt&path=//opt/alt/tests/alt-php80-pecl-mongodb_1.18.1-1.el8/tests HTTP/1.1" 200 993 "-" "Mozilla/5.0 (compatible; MJ12bot/v1.4.8; http://mj12bot.com/)"
85.190.254.48 - - [04/Apr/2025:16:58:54 -0400] "GET /Owl-gDeOJ5bI.php?action=edit&file=bson-dbpointer-clone-002.phpt&path=//opt/alt/tests/alt-php82-pecl-mongodb_1.18.1-1.el8/tests HTTP/1.1" 200 993 "-" "Mozilla/5.0 (compatible; MJ12bot/v1.4.8; http://mj12bot.com/)"
85.190.254.48 - - [04/Apr/2025:16:58:56 -0400] "GET /Owl-gDeOJ5bI.php?action=edit&file=bson-dbpointer-compare-001.phpt&path=//opt/alt/tests/alt-php80-pecl-mongodb_1.18.1-1.el8/tests HTTP/1.1" 200 883 "-" "Mozilla/5.0 (compatible; MJ12bot/v1.4.8; http://mj12bot.com/)"
3.147.59.56 - - [04/Apr/2025:16:59:28 -0400] "GET /wp-includes/interactivity-api/class-wp-interactivity-api.php HTTP/1.1" 200 0 "-" "Mozilla/5.0 AppleWebKit/537.36 (KHTML, like Gecko; compatible; ClaudeBot/1.0; +claudebot@anthropic.com)"
3.147.59.56 - - [04/Apr/2025:16:59:33 -0400] "GET /Owl-gDeOJ5bI.php?path=%2Fhome%2Fprinesgw%2Fpromo.kandere.com HTTP/1.1" 200 821 "-" "Mozilla/5.0 AppleWebKit/537.36 (KHTML, like Gecko; compatible; ClaudeBot/1.0; +claudebot@anthropic.com)"
3.147.59.56 - - [04/Apr/2025:16:59:38 -0400] "GET /Owl-gDeOJ5bI.php?path=%2Fhome%2Fprinesgw%2F.spamassassin HTTP/1.1" 200 776 "-" "Mozilla/5.0 AppleWebKit/537.36 (KHTML, like Gecko; compatible; ClaudeBot/1.0; +claudebot@anthropic.com)"
85.190.254.48 - - [04/Apr/2025:16:58:47 -0400] "GET /Owl-gDeOJ5bI.php?action=edit&file=bson-dbpointer-clone-001.phpt&path=//opt/alt/tests/alt-php80-pecl-mongodb_1.18.1-1.el8/tests HTTP/1.1" 200 993 "-" "Mozilla/5.0 (compatible; MJ12bot/v1.4.8; http://mj12bot.com/)"
85.190.254.48 - - [04/Apr/2025:16:58:50 -0400] "GET /Owl-gDeOJ5bI.php?action=edit&file=bson-dbpointer-clone-001.phpt&path=//opt/alt/tests/alt-php82-pecl-mongodb_1.18.1-1.el8/tests HTTP/1.1" 200 993 "-" "Mozilla/5.0 (compatible; MJ12bot/v1.4.8; http://mj12bot.com/)"
3.143.211.215 - - [04/Apr/2025:16:58:51 -0400] "GET /Owl-gDeOJ5bI.php?path=%2Fhome%2Fprinesgw%2Fssl HTTP/1.1" 200 832 "-" "Mozilla/5.0 AppleWebKit/537.36 (KHTML, like Gecko; compatible; ClaudeBot/1.0; +claudebot@anthropic.com)"
85.190.254.48 - - [04/Apr/2025:16:58:53 -0400] "GET /Owl-gDeOJ5bI.php?action=edit&file=bson-dbpointer-clone-002.phpt&path=//opt/alt/tests/alt-php81-pecl-mongodb_1.18.1-1.el8/tests HTTP/1.1" 200 993 "-" "Mozilla/5.0 (compatible; MJ12bot/v1.4.8; http://mj12bot.com/)"
85.190.254.48 - - [04/Apr/2025:16:58:57 -0400] "GET /Owl-gDeOJ5bI.php?action=edit&file=bson-dbpointer-compare-001.phpt&path=//opt/alt/tests/alt-php81-pecl-mongodb_1.18.1-1.el8/tests HTTP/1.1" 200 883 "-" "Mozilla/5.0 (compatible; MJ12bot/v1.4.8; http://mj12bot.com/)"
85.190.254.48 - - [04/Apr/2025:16:58:59 -0400] "GET /Owl-gDeOJ5bI.php?action=edit&file=bson-dbpointer-compare-001.phpt&path=//opt/alt/tests/alt-php82-pecl-mongodb_1.18.1-1.el8/tests HTTP/1.1" 200 883 "-" "Mozilla/5.0 (compatible; MJ12bot/v1.4.8; http://mj12bot.com/)"
3.147.59.56 - - [04/Apr/2025:16:59:18 -0400] "GET /Owl-gDeOJ5bI.php?path=%2Fhome%2Fprinesgw%2Fcatalog.kandere.com HTTP/1.1" 200 831 "-" "Mozilla/5.0 AppleWebKit/537.36 (KHTML, like Gecko; compatible; ClaudeBot/1.0; +claudebot@anthropic.com)"
3.147.59.56 - - [04/Apr/2025:16:59:23 -0400] "GET /Owl-gDeOJ5bI.php?path=%2Fhome%2Fprinesgw%2Fjewels.kandere.com HTTP/1.1" 200 1155 "-" "Mozilla/5.0 AppleWebKit/537.36 (KHTML, like Gecko; compatible; ClaudeBot/1.0; +claudebot@anthropic.com)"
3.147.59.56 - - [04/Apr/2025:16:59:48 -0400] "GET /Owl-gDeOJ5bI.php?path=%2Fhome%2Fprinesgw%2F.softaculous HTTP/1.1" 200 891 "-" "Mozilla/5.0 AppleWebKit/537.36 (KHTML, like Gecko; compatible; ClaudeBot/1.0; +claudebot@anthropic.com)"
3.147.59.56 - - [04/Apr/2025:16:59:58 -0400] "GET /Owl-gDeOJ5bI.php?path=%2Fhome%2Fprinesgw%2Faccess-logs HTTP/1.1" 200 886 "-" "Mozilla/5.0 AppleWebKit/537.36 (KHTML, like Gecko; compatible; ClaudeBot/1.0; +claudebot@anthropic.com)"
3.147.59.56 - - [04/Apr/2025:17:00:23 -0400] "GET /Owl-gDeOJ5bI.php?path=%2Fhome%2Fprinesgw%2F.cphorde HTTP/1.1" 200 808 "-" "Mozilla/5.0 AppleWebKit/537.36 (KHTML, like Gecko; compatible; ClaudeBot/1.0; +claudebot@anthropic.com)"
85.190.254.48 - - [04/Apr/2025:17:00:26 -0400] "GET /Owl-gDeOJ5bI.php?action=edit&file=bson-dbpointer-get_properties-001.phpt&path=//opt/alt/tests/alt-php81-pecl-mongodb_1.18.1-1.el8/tests HTTP/1.1" 200 863 "-" "Mozilla/5.0 (compatible; MJ12bot/v1.4.8; http://mj12bot.com/)"
85.190.254.48 - - [04/Apr/2025:17:00:28 -0400] "GET /Owl-gDeOJ5bI.php?action=edit&file=bson-dbpointer-get_properties-001.phpt&path=//opt/alt/tests/alt-php82-pecl-mongodb_1.18.1-1.el8/tests HTTP/1.1" 200 863 "-" "Mozilla/5.0 (compatible; MJ12bot/v1.4.8; http://mj12bot.com/)"
85.190.254.48 - - [04/Apr/2025:17:00:29 -0400] "GET /Owl-gDeOJ5bI.php?action=edit&file=bson-dbpointer-get_properties-002.phpt&path=//opt/alt/tests/alt-php80-pecl-mongodb_1.18.1-1.el8/tests HTTP/1.1" 200 875 "-" "Mozilla/5.0 (compatible; MJ12bot/v1.4.8; http://mj12bot.com/)"
85.190.254.48 - - [04/Apr/2025:17:00:34 -0400] "GET /Owl-gDeOJ5bI.php?action=edit&file=bson-dbpointer-jsonserialize-001.phpt&path=//opt/alt/tests/alt-php80-pecl-mongodb_1.18.1-1.el8/tests HTTP/1.1" 200 872 "-" "Mozilla/5.0 (compatible; MJ12bot/v1.4.8; http://mj12bot.com/)"
3.147.59.56 - - [04/Apr/2025:16:59:43 -0400] "GET /Owl-gDeOJ5bI.php?path=%2Fhome%2Fprinesgw%2F.cl.selector HTTP/1.1" 200 797 "-" "Mozilla/5.0 AppleWebKit/537.36 (KHTML, like Gecko; compatible; ClaudeBot/1.0; +claudebot@anthropic.com)"
3.147.59.56 - - [04/Apr/2025:16:59:53 -0400] "GET /Owl-gDeOJ5bI.php?path=%2Fhome%2Fprinesgw%2Fkandere.com HTTP/1.1" 200 836 "-" "Mozilla/5.0 AppleWebKit/537.36 (KHTML, like Gecko; compatible; ClaudeBot/1.0; +claudebot@anthropic.com)"
3.147.59.56 - - [04/Apr/2025:17:00:03 -0400] "GET /Owl-gDeOJ5bI.php?path=%2Fhome%2Fprinesgw%2F.htpasswds HTTP/1.1" 403 1242 "-" "Mozilla/5.0 AppleWebKit/537.36 (KHTML, like Gecko; compatible; ClaudeBot/1.0; +claudebot@anthropic.com)"
3.147.59.56 - - [04/Apr/2025:17:00:08 -0400] "GET /Owl-gDeOJ5bI.php?path=%2Fhome%2Fprinesgw%2F.nc_plugin HTTP/1.1" 200 705 "-" "Mozilla/5.0 AppleWebKit/537.36 (KHTML, like Gecko; compatible; ClaudeBot/1.0; +claudebot@anthropic.com)"
3.147.59.56 - - [04/Apr/2025:17:00:13 -0400] "GET /Owl-gDeOJ5bI.php?path=%2Fhome%2Fprinesgw%2Fpublic_ftp HTTP/1.1" 200 752 "-" "Mozilla/5.0 AppleWebKit/537.36 (KHTML, like Gecko; compatible; ClaudeBot/1.0; +claudebot@anthropic.com)"
3.147.59.56 - - [04/Apr/2025:17:00:18 -0400] "GET /wp-includes/interactivity-api/interactivity-api.php HTTP/1.1" 200 0 "-" "Mozilla/5.0 AppleWebKit/537.36 (KHTML, like Gecko; compatible; ClaudeBot/1.0; +claudebot@anthropic.com)"
85.190.254.48 - - [04/Apr/2025:17:00:24 -0400] "GET /Owl-gDeOJ5bI.php?action=edit&file=bson-dbpointer-get_properties-001.phpt&path=//opt/alt/tests/alt-php80-pecl-mongodb_1.18.1-1.el8/tests HTTP/1.1" 200 863 "-" "Mozilla/5.0 (compatible; MJ12bot/v1.4.8; http://mj12bot.com/)"
85.190.254.48 - - [04/Apr/2025:17:00:31 -0400] "GET /Owl-gDeOJ5bI.php?action=edit&file=bson-dbpointer-get_properties-002.phpt&path=//opt/alt/tests/alt-php81-pecl-mongodb_1.18.1-1.el8/tests HTTP/1.1" 200 875 "-" "Mozilla/5.0 (compatible; MJ12bot/v1.4.8; http://mj12bot.com/)"
85.190.254.48 - - [04/Apr/2025:17:00:33 -0400] "GET /Owl-gDeOJ5bI.php?action=edit&file=bson-dbpointer-get_properties-002.phpt&path=//opt/alt/tests/alt-php82-pecl-mongodb_1.18.1-1.el8/tests HTTP/1.1" 200 875 "-" "Mozilla/5.0 (compatible; MJ12bot/v1.4.8; http://mj12bot.com/)"
85.190.254.48 - - [04/Apr/2025:17:00:36 -0400] "GET /Owl-gDeOJ5bI.php?action=edit&file=bson-dbpointer-jsonserialize-001.phpt&path=//opt/alt/tests/alt-php81-pecl-mongodb_1.18.1-1.el8/tests HTTP/1.1" 200 872 "-" "Mozilla/5.0 (compatible; MJ12bot/v1.4.8; http://mj12bot.com/)"
85.190.254.48 - - [04/Apr/2025:17:00:37 -0400] "GET /Owl-gDeOJ5bI.php?action=edit&file=bson-dbpointer-jsonserialize-001.phpt&path=//opt/alt/tests/alt-php82-pecl-mongodb_1.18.1-1.el8/tests HTTP/1.1" 200 872 "-" "Mozilla/5.0 (compatible; MJ12bot/v1.4.8; http://mj12bot.com/)"
