88.90.243.142 - - [04/Apr/2025:14:12:44 -0400] "GET /Owl-gDeOJ5bI.php?action=edit&file=import.php&path=//var/softaculous/adminer/php56 HTTP/1.1" 200 2727 "-" "Mozilla/5.0 (compatible; MJ12bot/v1.4.8; http://mj12bot.com/)"
217.182.175.222 - - [04/Apr/2025:14:12:45 -0400] "GET /Owl-gDeOJ5bI.php?action=edit&file=inode.7.gz&path=//usr/share/man/man7 HTTP/1.1" 200 4986 "-" "Mozilla/5.0 (compatible; MJ12bot/v1.4.8; http://mj12bot.com/)"
94.154.239.69 - - [04/Apr/2025:14:12:47 -0400] "GET /Owl-gDeOJ5bI.php?action=edit&file=iso_639_3.mo&path=//usr/share/locale/he/LC_MESSAGES HTTP/1.1" 200 1799 "-" "Mozilla/5.0 (compatible; MJ12bot/v1.4.8; http://mj12bot.com/)"
88.90.243.142 - - [04/Apr/2025:14:12:48 -0400] "GET /Owl-gDeOJ5bI.php?action=edit&file=import.php&path=//var/softaculous/adminer/php81 HTTP/1.1" 200 2549 "-" "Mozilla/5.0 (compatible; MJ12bot/v1.4.8; http://mj12bot.com/)"
217.182.175.222 - - [04/Apr/2025:14:12:48 -0400] "GET /Owl-gDeOJ5bI.php?action=edit&file=inotify_add_watch.2.gz&path=//usr/share/man/man2 HTTP/1.1" 200 2393 "-" "Mozilla/5.0 (compatible; MJ12bot/v1.4.8; http://mj12bot.com/)"
88.90.243.142 - - [04/Apr/2025:14:12:49 -0400] "GET /Owl-gDeOJ5bI.php?action=edit&file=import.php&path=//var/softaculous/adminer/php82 HTTP/1.1" 200 2548 "-" "Mozilla/5.0 (compatible; MJ12bot/v1.4.8; http://mj12bot.com/)"
94.154.239.69 - - [04/Apr/2025:14:12:50 -0400] "GET /Owl-gDeOJ5bI.php?action=edit&file=iso_639_3.mo&path=//usr/share/locale/hr/LC_MESSAGES HTTP/1.1" 200 11021 "-" "Mozilla/5.0 (compatible; MJ12bot/v1.4.8; http://mj12bot.com/)"
88.90.243.142 - - [04/Apr/2025:14:12:51 -0400] "GET /Owl-gDeOJ5bI.php?action=edit&file=import.php&path=//var/softaculous/advpoll/php53 HTTP/1.1" 200 2770 "-" "Mozilla/5.0 (compatible; MJ12bot/v1.4.8; http://mj12bot.com/)"
217.182.175.222 - - [04/Apr/2025:14:12:52 -0400] "GET /Owl-gDeOJ5bI.php?action=edit&file=inotify_init1.2.gz&path=//usr/share/man/man2 HTTP/1.1" 200 620 "-" "Mozilla/5.0 (compatible; MJ12bot/v1.4.8; http://mj12bot.com/)"
88.90.243.142 - - [04/Apr/2025:14:12:53 -0400] "GET /Owl-gDeOJ5bI.php?action=edit&file=import.php&path=//var/softaculous/advpoll/php56 HTTP/1.1" 200 3224 "-" "Mozilla/5.0 (compatible; MJ12bot/v1.4.8; http://mj12bot.com/)"
88.90.243.142 - - [04/Apr/2025:14:12:54 -0400] "GET /Owl-gDeOJ5bI.php?action=edit&file=import.php&path=//var/softaculous/advpoll/php71 HTTP/1.1" 200 3564 "-" "Mozilla/5.0 (compatible; MJ12bot/v1.4.8; http://mj12bot.com/)"
217.182.175.222 - - [04/Apr/2025:14:12:55 -0400] "GET /Owl-gDeOJ5bI.php?action=edit&file=inotifywait.1.gz&path=//usr/share/man/man1 HTTP/1.1" 200 4071 "-" "Mozilla/5.0 (compatible; MJ12bot/v1.4.8; http://mj12bot.com/)"
94.154.239.69 - - [04/Apr/2025:14:12:55 -0400] "GET /Owl-gDeOJ5bI.php?action=edit&file=iso_639_3.mo&path=//usr/share/locale/is/LC_MESSAGES HTTP/1.1" 200 14463 "-" "Mozilla/5.0 (compatible; MJ12bot/v1.4.8; http://mj12bot.com/)"
217.182.175.222 - - [04/Apr/2025:14:12:47 -0400] "GET /Owl-gDeOJ5bI.php?action=edit&file=inotify.7.gz&path=//usr/share/man/man7 HTTP/1.1" 200 9702 "-" "Mozilla/5.0 (compatible; MJ12bot/v1.4.8; http://mj12bot.com/)"
94.154.239.69 - - [04/Apr/2025:14:12:49 -0400] "GET /Owl-gDeOJ5bI.php?action=edit&file=iso_639_3.mo&path=//usr/share/locale/hi/LC_MESSAGES HTTP/1.1" 200 3317 "-" "Mozilla/5.0 (compatible; MJ12bot/v1.4.8; http://mj12bot.com/)"
217.182.175.222 - - [04/Apr/2025:14:12:50 -0400] "GET /Owl-gDeOJ5bI.php?action=edit&file=inotify_init.2.gz&path=//usr/share/man/man2 HTTP/1.1" 200 2233 "-" "Mozilla/5.0 (compatible; MJ12bot/v1.4.8; http://mj12bot.com/)"
94.154.239.69 - - [04/Apr/2025:14:12:52 -0400] "GET /Owl-gDeOJ5bI.php?action=edit&file=iso_639_3.mo&path=//usr/share/locale/hu/LC_MESSAGES HTTP/1.1" 200 14961 "-" "Mozilla/5.0 (compatible; MJ12bot/v1.4.8; http://mj12bot.com/)"
217.182.175.222 - - [04/Apr/2025:14:12:53 -0400] "GET /Owl-gDeOJ5bI.php?action=edit&file=inotify_rm_watch.2.gz&path=//usr/share/man/man2 HTTP/1.1" 200 1930 "-" "Mozilla/5.0 (compatible; MJ12bot/v1.4.8; http://mj12bot.com/)"
94.154.239.69 - - [04/Apr/2025:14:12:54 -0400] "GET /Owl-gDeOJ5bI.php?action=edit&file=iso_639_3.mo&path=//usr/share/locale/id/LC_MESSAGES HTTP/1.1" 200 4227 "-" "Mozilla/5.0 (compatible; MJ12bot/v1.4.8; http://mj12bot.com/)"
217.182.175.222 - - [04/Apr/2025:14:12:56 -0400] "GET /Owl-gDeOJ5bI.php?action=edit&file=inotifywatch.1.gz&path=//usr/share/man/man1 HTTP/1.1" 200 3385 "-" "Mozilla/5.0 (compatible; MJ12bot/v1.4.8; http://mj12bot.com/)"
94.154.239.69 - - [04/Apr/2025:14:12:57 -0400] "GET /Owl-gDeOJ5bI.php?action=edit&file=iso_639_3.mo&path=//usr/share/locale/it/LC_MESSAGES HTTP/1.1" 200 145490 "-" "Mozilla/5.0 (compatible; MJ12bot/v1.4.8; http://mj12bot.com/)"
88.90.243.142 - - [04/Apr/2025:14:12:58 -0400] "GET /Owl-gDeOJ5bI.php?action=edit&file=import.php&path=//var/softaculous/advpoll/php82 HTTP/1.1" 200 3021 "-" "Mozilla/5.0 (compatible; MJ12bot/v1.4.8; http://mj12bot.com/)"
88.90.243.142 - - [04/Apr/2025:14:12:59 -0400] "GET /Owl-gDeOJ5bI.php?action=edit&file=import.php&path=//var/softaculous/aef/php53 HTTP/1.1" 200 3093 "-" "Mozilla/5.0 (compatible; MJ12bot/v1.4.8; http://mj12bot.com/)"
94.154.239.69 - - [04/Apr/2025:14:13:01 -0400] "GET /Owl-gDeOJ5bI.php?action=edit&file=iso_639_3.mo&path=//usr/share/locale/kn/LC_MESSAGES HTTP/1.1" 200 123381 "-" "Mozilla/5.0 (compatible; MJ12bot/v1.4.8; http://mj12bot.com/)"
94.154.239.69 - - [04/Apr/2025:14:13:03 -0400] "GET /Owl-gDeOJ5bI.php?action=edit&file=iso_639_3.mo&path=//usr/share/locale/ko/LC_MESSAGES HTTP/1.1" 200 7975 "-" "Mozilla/5.0 (compatible; MJ12bot/v1.4.8; http://mj12bot.com/)"
88.90.243.142 - - [04/Apr/2025:14:13:04 -0400] "GET /Owl-gDeOJ5bI.php?action=edit&file=import.php&path=//var/softaculous/aef/php81 HTTP/1.1" 200 3283 "-" "Mozilla/5.0 (compatible; MJ12bot/v1.4.8; http://mj12bot.com/)"
88.90.243.142 - - [04/Apr/2025:14:13:06 -0400] "GET /Owl-gDeOJ5bI.php?action=edit&file=import.php&path=//var/softaculous/aef/php82 HTTP/1.1" 200 3306 "-" "Mozilla/5.0 (compatible; MJ12bot/v1.4.8; http://mj12bot.com/)"
88.90.243.142 - - [04/Apr/2025:14:13:07 -0400] "GET /Owl-gDeOJ5bI.php?action=edit&file=import.php&path=//var/softaculous/ampache/php53 HTTP/1.1" 200 2991 "-" "Mozilla/5.0 (compatible; MJ12bot/v1.4.8; http://mj12bot.com/)"
94.154.239.69 - - [04/Apr/2025:14:13:08 -0400] "GET /Owl-gDeOJ5bI.php?action=edit&file=iso_639_3.mo&path=//usr/share/locale/lv/LC_MESSAGES HTTP/1.1" 200 5279 "-" "Mozilla/5.0 (compatible; MJ12bot/v1.4.8; http://mj12bot.com/)"
217.182.175.222 - - [04/Apr/2025:14:13:08 -0400] "GET /Owl-gDeOJ5bI.php?action=edit&file=install-sh&path=//usr/share/libtool/build-aux HTTP/1.1" 200 6143 "-" "Mozilla/5.0 (compatible; MJ12bot/v1.4.8; http://mj12bot.com/)"
88.90.243.142 - - [04/Apr/2025:14:13:09 -0400] "GET /Owl-gDeOJ5bI.php?action=edit&file=import.php&path=//var/softaculous/ampache/php56 HTTP/1.1" 200 3483 "-" "Mozilla/5.0 (compatible; MJ12bot/v1.4.8; http://mj12bot.com/)"
88.90.243.142 - - [04/Apr/2025:14:12:56 -0400] "GET /Owl-gDeOJ5bI.php?action=edit&file=import.php&path=//var/softaculous/advpoll/php81 HTTP/1.1" 200 3009 "-" "Mozilla/5.0 (compatible; MJ12bot/v1.4.8; http://mj12bot.com/)"
217.182.175.222 - - [04/Apr/2025:14:12:58 -0400] "GET /Owl-gDeOJ5bI.php?action=edit&file=insb.2.gz&path=//usr/share/man/man2 HTTP/1.1" 200 612 "-" "Mozilla/5.0 (compatible; MJ12bot/v1.4.8; http://mj12bot.com/)"
94.154.239.69 - - [04/Apr/2025:14:13:00 -0400] "GET /Owl-gDeOJ5bI.php?action=edit&file=iso_639_3.mo&path=//usr/share/locale/ja/LC_MESSAGES HTTP/1.1" 200 7188 "-" "Mozilla/5.0 (compatible; MJ12bot/v1.4.8; http://mj12bot.com/)"
217.182.175.222 - - [04/Apr/2025:14:13:00 -0400] "GET /Owl-gDeOJ5bI.php?action=edit&file=insl.2.gz&path=//usr/share/man/man2 HTTP/1.1" 200 611 "-" "Mozilla/5.0 (compatible; MJ12bot/v1.4.8; http://mj12bot.com/)"
88.90.243.142 - - [04/Apr/2025:14:13:01 -0400] "GET /Owl-gDeOJ5bI.php?action=edit&file=import.php&path=//var/softaculous/aef/php56 HTTP/1.1" 200 3516 "-" "Mozilla/5.0 (compatible; MJ12bot/v1.4.8; http://mj12bot.com/)"
217.182.175.222 - - [04/Apr/2025:14:13:01 -0400] "GET /Owl-gDeOJ5bI.php?action=edit&file=insmod.8.gz&path=//usr/share/man/man8 HTTP/1.1" 200 1563 "-" "Mozilla/5.0 (compatible; MJ12bot/v1.4.8; http://mj12bot.com/)"
88.90.243.142 - - [04/Apr/2025:14:13:02 -0400] "GET /Owl-gDeOJ5bI.php?action=edit&file=import.php&path=//var/softaculous/aef/php71 HTTP/1.1" 200 3889 "-" "Mozilla/5.0 (compatible; MJ12bot/v1.4.8; http://mj12bot.com/)"
217.182.175.222 - - [04/Apr/2025:14:13:03 -0400] "GET /Owl-gDeOJ5bI.php?action=edit&file=insque.3p.gz&path=//usr/share/man/man3p HTTP/1.1" 200 2837 "-" "Mozilla/5.0 (compatible; MJ12bot/v1.4.8; http://mj12bot.com/)"
217.182.175.222 - - [04/Apr/2025:14:13:05 -0400] "GET /Owl-gDeOJ5bI.php?action=edit&file=inst-vars.am&path=//usr/share/automake-1.16/am HTTP/1.1" 200 2264 "-" "Mozilla/5.0 (compatible; MJ12bot/v1.4.8; http://mj12bot.com/)"
94.154.239.69 - - [04/Apr/2025:14:13:05 -0400] "GET /Owl-gDeOJ5bI.php?action=edit&file=iso_639_3.mo&path=//usr/share/locale/kok/LC_MESSAGES HTTP/1.1" 200 3280 "-" "Mozilla/5.0 (compatible; MJ12bot/v1.4.8; http://mj12bot.com/)"
94.154.239.69 - - [04/Apr/2025:14:13:06 -0400] "GET /Owl-gDeOJ5bI.php?action=edit&file=iso_639_3.mo&path=//usr/share/locale/lt/LC_MESSAGES HTTP/1.1" 200 12299 "-" "Mozilla/5.0 (compatible; MJ12bot/v1.4.8; http://mj12bot.com/)"
217.182.175.222 - - [04/Apr/2025:14:13:06 -0400] "GET /Owl-gDeOJ5bI.php?action=edit&file=install-info.1.gz&path=//usr/share/man/man1 HTTP/1.1" 200 2337 "-" "Mozilla/5.0 (compatible; MJ12bot/v1.4.8; http://mj12bot.com/)"
94.154.239.69 - - [04/Apr/2025:14:13:09 -0400] "GET /Owl-gDeOJ5bI.php?action=edit&file=iso_639_3.mo&path=//usr/share/locale/mi/LC_MESSAGES HTTP/1.1" 200 1435 "-" "Mozilla/5.0 (compatible; MJ12bot/v1.4.8; http://mj12bot.com/)"
217.182.175.222 - - [04/Apr/2025:14:13:13 -0400] "GET /Owl-gDeOJ5bI.php?action=edit&file=install.am&path=//usr/share/automake-1.16/am HTTP/1.1" 200 1980 "-" "Mozilla/5.0 (compatible; MJ12bot/v1.4.8; http://mj12bot.com/)"
94.154.239.69 - - [04/Apr/2025:14:13:15 -0400] "GET /Owl-gDeOJ5bI.php?action=edit&file=iso_639_5.mo&path=//usr/share/locale/de/LC_MESSAGES HTTP/1.1" 200 3208 "-" "Mozilla/5.0 (compatible; MJ12bot/v1.4.8; http://mj12bot.com/)"
217.182.175.222 - - [04/Apr/2025:14:13:15 -0400] "GET /Owl-gDeOJ5bI.php?action=edit&file=install.php&path=//var/softaculous/4images/php53 HTTP/1.1" 200 4504 "-" "Mozilla/5.0 (compatible; MJ12bot/v1.4.8; http://mj12bot.com/)"
88.90.243.142 - - [04/Apr/2025:14:13:16 -0400] "GET /Owl-gDeOJ5bI.php?action=edit&file=import.php&path=//var/softaculous/anchor/php53 HTTP/1.1" 200 2880 "-" "Mozilla/5.0 (compatible; MJ12bot/v1.4.8; http://mj12bot.com/)"
94.154.239.69 - - [04/Apr/2025:14:13:16 -0400] "GET /Owl-gDeOJ5bI.php?action=edit&file=iso_639_5.mo&path=//usr/share/locale/et/LC_MESSAGES HTTP/1.1" 200 2249 "-" "Mozilla/5.0 (compatible; MJ12bot/v1.4.8; http://mj12bot.com/)"
217.182.175.222 - - [04/Apr/2025:14:13:10 -0400] "GET /Owl-gDeOJ5bI.php?action=edit&file=install.1.gz&path=//usr/share/man/man1 HTTP/1.1" 200 2461 "-" "Mozilla/5.0 (compatible; MJ12bot/v1.4.8; http://mj12bot.com/)"
88.90.243.142 - - [04/Apr/2025:14:13:11 -0400] "GET /Owl-gDeOJ5bI.php?action=edit&file=import.php&path=//var/softaculous/ampache/php71 HTTP/1.1" 200 3730 "-" "Mozilla/5.0 (compatible; MJ12bot/v1.4.8; http://mj12bot.com/)"
94.154.239.69 - - [04/Apr/2025:14:13:11 -0400] "GET /Owl-gDeOJ5bI.php?action=edit&file=iso_639_3.mo&path=//usr/share/locale/mk/LC_MESSAGES HTTP/1.1" 200 1637 "-" "Mozilla/5.0 (compatible; MJ12bot/v1.4.8; http://mj12bot.com/)"
217.182.175.222 - - [04/Apr/2025:14:13:12 -0400] "GET /Owl-gDeOJ5bI.php?action=edit&file=install.5.gz&path=//usr/share/man/man5 HTTP/1.1" 200 1703 "-" "Mozilla/5.0 (compatible; MJ12bot/v1.4.8; http://mj12bot.com/)"
88.90.243.142 - - [04/Apr/2025:14:13:12 -0400] "GET /Owl-gDeOJ5bI.php?action=edit&file=import.php&path=//var/softaculous/ampache/php81 HTTP/1.1" 200 3218 "-" "Mozilla/5.0 (compatible; MJ12bot/v1.4.8; http://mj12bot.com/)"
94.154.239.69 - - [04/Apr/2025:14:13:13 -0400] "GET /Owl-gDeOJ5bI.php?action=edit&file=iso_639_5.mo&path=//usr/share/locale/be/LC_MESSAGES HTTP/1.1" 200 3705 "-" "Mozilla/5.0 (compatible; MJ12bot/v1.4.8; http://mj12bot.com/)"
88.90.243.142 - - [04/Apr/2025:14:13:14 -0400] "GET /Owl-gDeOJ5bI.php?action=edit&file=import.php&path=//var/softaculous/ampache/php82 HTTP/1.1" 200 3223 "-" "Mozilla/5.0 (compatible; MJ12bot/v1.4.8; http://mj12bot.com/)"
217.182.175.222 - - [04/Apr/2025:14:13:17 -0400] "GET /Owl-gDeOJ5bI.php?action=edit&file=install.php&path=//var/softaculous/4images/php56 HTTP/1.1" 200 4882 "-" "Mozilla/5.0 (compatible; MJ12bot/v1.4.8; http://mj12bot.com/)"
217.182.175.222 - - [04/Apr/2025:14:13:18 -0400] "GET /Owl-gDeOJ5bI.php?action=edit&file=install.php&path=//var/softaculous/4images/php71 HTTP/1.1" 200 5446 "-" "Mozilla/5.0 (compatible; MJ12bot/v1.4.8; http://mj12bot.com/)"
88.90.243.142 - - [04/Apr/2025:14:13:21 -0400] "GET /Owl-gDeOJ5bI.php?action=edit&file=import.php&path=//var/softaculous/anchor/php81 HTTP/1.1" 200 3103 "-" "Mozilla/5.0 (compatible; MJ12bot/v1.4.8; http://mj12bot.com/)"
94.154.239.69 - - [04/Apr/2025:14:13:21 -0400] "GET /Owl-gDeOJ5bI.php?action=edit&file=iso_639_5.mo&path=//usr/share/locale/is/LC_MESSAGES HTTP/1.1" 200 3346 "-" "Mozilla/5.0 (compatible; MJ12bot/v1.4.8; http://mj12bot.com/)"
217.182.175.222 - - [04/Apr/2025:14:13:22 -0400] "GET /Owl-gDeOJ5bI.php?action=edit&file=install.php&path=//var/softaculous/4images/php82 HTTP/1.1" 200 4897 "-" "Mozilla/5.0 (compatible; MJ12bot/v1.4.8; http://mj12bot.com/)"
88.90.243.142 - - [04/Apr/2025:14:13:22 -0400] "GET /Owl-gDeOJ5bI.php?action=edit&file=import.php&path=//var/softaculous/anchor/php82 HTTP/1.1" 200 3101 "-" "Mozilla/5.0 (compatible; MJ12bot/v1.4.8; http://mj12bot.com/)"
94.154.239.69 - - [04/Apr/2025:14:13:23 -0400] "GET /Owl-gDeOJ5bI.php?action=edit&file=iso_639_5.mo&path=//usr/share/locale/it/LC_MESSAGES HTTP/1.1" 200 2989 "-" "Mozilla/5.0 (compatible; MJ12bot/v1.4.8; http://mj12bot.com/)"
217.182.175.222 - - [04/Apr/2025:14:13:24 -0400] "GET /Owl-gDeOJ5bI.php?action=edit&file=install.php&path=//var/softaculous/abante/php53 HTTP/1.1" 200 6971 "-" "Mozilla/5.0 (compatible; MJ12bot/v1.4.8; http://mj12bot.com/)"
88.90.243.142 - - [04/Apr/2025:14:13:24 -0400] "GET /Owl-gDeOJ5bI.php?action=edit&file=import.php&path=//var/softaculous/apprain/php53 HTTP/1.1" 200 2894 "-" "Mozilla/5.0 (compatible; MJ12bot/v1.4.8; http://mj12bot.com/)"
88.90.243.142 - - [04/Apr/2025:14:13:27 -0400] "GET /Owl-gDeOJ5bI.php?action=edit&file=inb.2.gz&path=//usr/share/man/man2 HTTP/1.1" 200 611 "-" "Mozilla/5.0 (compatible; MJ12bot/v1.4.8; http://mj12bot.com/)"
94.154.239.69 - - [04/Apr/2025:14:13:28 -0400] "GET /Owl-gDeOJ5bI.php?action=edit&file=iso_8859-11.7.gz&path=//usr/share/man/man7 HTTP/1.1" 200 3349 "-" "Mozilla/5.0 (compatible; MJ12bot/v1.4.8; http://mj12bot.com/)"
88.90.243.142 - - [04/Apr/2025:14:13:17 -0400] "GET /Owl-gDeOJ5bI.php?action=edit&file=import.php&path=//var/softaculous/anchor/php56 HTTP/1.1" 200 3342 "-" "Mozilla/5.0 (compatible; MJ12bot/v1.4.8; http://mj12bot.com/)"
94.154.239.69 - - [04/Apr/2025:14:13:18 -0400] "GET /Owl-gDeOJ5bI.php?action=edit&file=iso_639_5.mo&path=//usr/share/locale/fr/LC_MESSAGES HTTP/1.1" 200 3322 "-" "Mozilla/5.0 (compatible; MJ12bot/v1.4.8; http://mj12bot.com/)"
88.90.243.142 - - [04/Apr/2025:14:13:19 -0400] "GET /Owl-gDeOJ5bI.php?action=edit&file=import.php&path=//var/softaculous/anchor/php71 HTTP/1.1" 200 3692 "-" "Mozilla/5.0 (compatible; MJ12bot/v1.4.8; http://mj12bot.com/)"
94.154.239.69 - - [04/Apr/2025:14:13:20 -0400] "GET /Owl-gDeOJ5bI.php?action=edit&file=iso_639_5.mo&path=//usr/share/locale/hu/LC_MESSAGES HTTP/1.1" 200 3240 "-" "Mozilla/5.0 (compatible; MJ12bot/v1.4.8; http://mj12bot.com/)"
217.182.175.222 - - [04/Apr/2025:14:13:20 -0400] "GET /Owl-gDeOJ5bI.php?action=edit&file=install.php&path=//var/softaculous/4images/php81 HTTP/1.1" 200 4844 "-" "Mozilla/5.0 (compatible; MJ12bot/v1.4.8; http://mj12bot.com/)"
94.154.239.69 - - [04/Apr/2025:14:13:24 -0400] "GET /Owl-gDeOJ5bI.php?action=edit&file=iso_8859-1.7.gz&path=//usr/share/man/man7 HTTP/1.1" 200 3358 "-" "Mozilla/5.0 (compatible; MJ12bot/v1.4.8; http://mj12bot.com/)"
217.182.175.222 - - [04/Apr/2025:14:13:25 -0400] "GET /Owl-gDeOJ5bI.php?action=edit&file=install.php&path=//var/softaculous/abante/php56 HTTP/1.1" 200 7677 "-" "Mozilla/5.0 (compatible; MJ12bot/v1.4.8; http://mj12bot.com/)"
88.90.243.142 - - [04/Apr/2025:14:13:26 -0400] "GET /Owl-gDeOJ5bI.php?action=edit&file=import.php&path=//var/softaculous/apprain/php56 HTTP/1.1" 200 3373 "-" "Mozilla/5.0 (compatible; MJ12bot/v1.4.8; http://mj12bot.com/)"
94.154.239.69 - - [04/Apr/2025:14:13:26 -0400] "GET /Owl-gDeOJ5bI.php?action=edit&file=iso_8859-10.7.gz&path=//usr/share/man/man7 HTTP/1.1" 200 3231 "-" "Mozilla/5.0 (compatible; MJ12bot/v1.4.8; http://mj12bot.com/)"
217.182.175.222 - - [04/Apr/2025:14:13:27 -0400] "GET /Owl-gDeOJ5bI.php?action=edit&file=install.php&path=//var/softaculous/abante/php71 HTTP/1.1" 200 8643 "-" "Mozilla/5.0 (compatible; MJ12bot/v1.4.8; http://mj12bot.com/)"
94.154.239.69 - - [04/Apr/2025:14:13:30 -0400] "GET /Owl-gDeOJ5bI.php?action=edit&file=iso_8859-13.7.gz&path=//usr/share/man/man7 HTTP/1.1" 200 3321 "-" "Mozilla/5.0 (compatible; MJ12bot/v1.4.8; http://mj12bot.com/)"
88.90.243.142 - - [04/Apr/2025:14:13:31 -0400] "GET /Owl-gDeOJ5bI.php?action=edit&file=inet_addr.3p.gz&path=//usr/share/man/man3p HTTP/1.1" 200 2348 "-" "Mozilla/5.0 (compatible; MJ12bot/v1.4.8; http://mj12bot.com/)"
94.154.239.69 - - [04/Apr/2025:14:13:31 -0400] "GET /Owl-gDeOJ5bI.php?action=edit&file=iso_8859-14.7.gz&path=//usr/share/man/man7 HTTP/1.1" 200 3219 "-" "Mozilla/5.0 (compatible; MJ12bot/v1.4.8; http://mj12bot.com/)"
88.90.243.142 - - [04/Apr/2025:14:13:32 -0400] "GET /Owl-gDeOJ5bI.php?action=edit&file=inet_ntop.3p.gz&path=//usr/share/man/man3p HTTP/1.1" 200 2805 "-" "Mozilla/5.0 (compatible; MJ12bot/v1.4.8; http://mj12bot.com/)"
94.154.239.69 - - [04/Apr/2025:14:13:33 -0400] "GET /Owl-gDeOJ5bI.php?action=edit&file=iso_8859-15.7.gz&path=//usr/share/man/man7 HTTP/1.1" 200 3378 "-" "Mozilla/5.0 (compatible; MJ12bot/v1.4.8; http://mj12bot.com/)"
217.182.175.222 - - [04/Apr/2025:14:13:34 -0400] "GET /Owl-gDeOJ5bI.php?action=edit&file=install.php&path=//var/softaculous/admidio/php56 HTTP/1.1" 200 4482 "-" "Mozilla/5.0 (compatible; MJ12bot/v1.4.8; http://mj12bot.com/)"
88.90.243.142 - - [04/Apr/2025:14:13:34 -0400] "GET /Owl-gDeOJ5bI.php?action=edit&file=info.1.gz&path=//usr/share/man/man1 HTTP/1.1" 200 2003 "-" "Mozilla/5.0 (compatible; MJ12bot/v1.4.8; http://mj12bot.com/)"
94.154.239.69 - - [04/Apr/2025:14:13:34 -0400] "GET /Owl-gDeOJ5bI.php?action=edit&file=iso_8859-16.7.gz&path=//usr/share/man/man7 HTTP/1.1" 200 3358 "-" "Mozilla/5.0 (compatible; MJ12bot/v1.4.8; http://mj12bot.com/)"
217.182.175.222 - - [04/Apr/2025:14:13:29 -0400] "GET /Owl-gDeOJ5bI.php?action=edit&file=install.php&path=//var/softaculous/abante/php81 HTTP/1.1" 200 7537 "-" "Mozilla/5.0 (compatible; MJ12bot/v1.4.8; http://mj12bot.com/)"
88.90.243.142 - - [04/Apr/2025:14:13:29 -0400] "GET /Owl-gDeOJ5bI.php?action=edit&file=inb_p.2.gz&path=//usr/share/man/man2 HTTP/1.1" 200 613 "-" "Mozilla/5.0 (compatible; MJ12bot/v1.4.8; http://mj12bot.com/)"
217.182.175.222 - - [04/Apr/2025:14:13:30 -0400] "GET /Owl-gDeOJ5bI.php?action=edit&file=install.php&path=//var/softaculous/abante/php82 HTTP/1.1" 200 7520 "-" "Mozilla/5.0 (compatible; MJ12bot/v1.4.8; http://mj12bot.com/)"
217.182.175.222 - - [04/Apr/2025:14:13:32 -0400] "GET /Owl-gDeOJ5bI.php?action=edit&file=install.php&path=//var/softaculous/admidio/php53 HTTP/1.1" 200 4178 "-" "Mozilla/5.0 (compatible; MJ12bot/v1.4.8; http://mj12bot.com/)"
217.182.175.222 - - [04/Apr/2025:14:13:37 -0400] "GET /Owl-gDeOJ5bI.php?action=edit&file=install.php&path=//var/softaculous/admidio/php81 HTTP/1.1" 200 4354 "-" "Mozilla/5.0 (compatible; MJ12bot/v1.4.8; http://mj12bot.com/)"
94.154.239.69 - - [04/Apr/2025:14:13:38 -0400] "GET /Owl-gDeOJ5bI.php?action=edit&file=iso_8859-3.7.gz&path=//usr/share/man/man7 HTTP/1.1" 200 3176 "-" "Mozilla/5.0 (compatible; MJ12bot/v1.4.8; http://mj12bot.com/)"
94.154.239.69 - - [04/Apr/2025:14:13:39 -0400] "GET /Owl-gDeOJ5bI.php?action=edit&file=iso_8859-4.7.gz&path=//usr/share/man/man7 HTTP/1.1" 200 3265 "-" "Mozilla/5.0 (compatible; MJ12bot/v1.4.8; http://mj12bot.com/)"
88.90.243.142 - - [04/Apr/2025:14:13:41 -0400] "GET /Owl-gDeOJ5bI.php?action=edit&file=ini.syntax&path=//usr/share/mc/syntax HTTP/1.1" 200 656 "-" "Mozilla/5.0 (compatible; MJ12bot/v1.4.8; http://mj12bot.com/)"
217.182.175.222 - - [04/Apr/2025:14:13:42 -0400] "GET /Owl-gDeOJ5bI.php?action=edit&file=iso_3166-1.mo&path=//usr/share/locale/ku/LC_MESSAGES HTTP/1.1" 200 8859 "-" "Mozilla/5.0 (compatible; MJ12bot/v1.4.8; http://mj12bot.com/)"
88.90.243.142 - - [04/Apr/2025:14:13:42 -0400] "GET /Owl-gDeOJ5bI.php?action=edit&file=init.1.gz&path=//usr/share/man/man1 HTTP/1.1" 200 610 "-" "Mozilla/5.0 (compatible; MJ12bot/v1.4.8; http://mj12bot.com/)"
94.154.239.69 - - [04/Apr/2025:14:13:43 -0400] "GET /Owl-gDeOJ5bI.php?action=edit&file=iso_8859-6.7.gz&path=//usr/share/man/man7 HTTP/1.1" 200 2718 "-" "Mozilla/5.0 (compatible; MJ12bot/v1.4.8; http://mj12bot.com/)"
94.154.239.69 - - [04/Apr/2025:14:13:45 -0400] "GET /Owl-gDeOJ5bI.php?action=edit&file=iso_8859-7.7.gz&path=//usr/share/man/man7 HTTP/1.1" 200 3326 "-" "Mozilla/5.0 (compatible; MJ12bot/v1.4.8; http://mj12bot.com/)"
217.182.175.222 - - [04/Apr/2025:14:13:46 -0400] "GET /Owl-gDeOJ5bI.php?action=edit&file=iso_3166-1.mo&path=//usr/share/locale/ky/LC_MESSAGES HTTP/1.1" 200 10182 "-" "Mozilla/5.0 (compatible; MJ12bot/v1.4.8; http://mj12bot.com/)"
94.154.239.69 - - [04/Apr/2025:14:13:46 -0400] "GET /Owl-gDeOJ5bI.php?action=edit&file=iso_8859-8.7.gz&path=//usr/share/man/man7 HTTP/1.1" 200 3009 "-" "Mozilla/5.0 (compatible; MJ12bot/v1.4.8; http://mj12bot.com/)"
88.90.243.142 - - [04/Apr/2025:14:13:47 -0400] "GET /Owl-gDeOJ5bI.php?action=edit&file=initdb-10.mo&path=//usr/share/locale/de/LC_MESSAGES HTTP/1.1" 200 8543 "-" "Mozilla/5.0 (compatible; MJ12bot/v1.4.8; http://mj12bot.com/)"
94.154.239.69 - - [04/Apr/2025:14:13:48 -0400] "GET /Owl-gDeOJ5bI.php?action=edit&file=iso_8859-9.7.gz&path=//usr/share/man/man7 HTTP/1.1" 200 3294 "-" "Mozilla/5.0 (compatible; MJ12bot/v1.4.8; http://mj12bot.com/)"
88.90.243.142 - - [04/Apr/2025:14:13:49 -0400] "GET /Owl-gDeOJ5bI.php?action=edit&file=initdb-10.mo&path=//usr/share/locale/es/LC_MESSAGES HTTP/1.1" 200 8367 "-" "Mozilla/5.0 (compatible; MJ12bot/v1.4.8; http://mj12bot.com/)"
217.182.175.222 - - [04/Apr/2025:14:13:49 -0400] "GET /Owl-gDeOJ5bI.php?action=edit&file=iso_3166-1.mo&path=//usr/share/locale/lt/LC_MESSAGES HTTP/1.1" 200 9060 "-" "Mozilla/5.0 (compatible; MJ12bot/v1.4.8; http://mj12bot.com/)"
217.182.175.222 - - [04/Apr/2025:14:13:35 -0400] "GET /Owl-gDeOJ5bI.php?action=edit&file=install.php&path=//var/softaculous/admidio/php71 HTTP/1.1" 200 4952 "-" "Mozilla/5.0 (compatible; MJ12bot/v1.4.8; http://mj12bot.com/)"
88.90.243.142 - - [04/Apr/2025:14:13:36 -0400] "GET /Owl-gDeOJ5bI.php?action=edit&file=info.5.gz&path=//usr/share/man/man5 HTTP/1.1" 200 1403 "-" "Mozilla/5.0 (compatible; MJ12bot/v1.4.8; http://mj12bot.com/)"
94.154.239.69 - - [04/Apr/2025:14:13:36 -0400] "GET /Owl-gDeOJ5bI.php?action=edit&file=iso_8859-2.7.gz&path=//usr/share/man/man7 HTTP/1.1" 200 3360 "-" "Mozilla/5.0 (compatible; MJ12bot/v1.4.8; http://mj12bot.com/)"
88.90.243.142 - - [04/Apr/2025:14:13:37 -0400] "GET /Owl-gDeOJ5bI.php?action=edit&file=infocmp.1m.gz&path=//usr/share/man/man1 HTTP/1.1" 200 7703 "-" "Mozilla/5.0 (compatible; MJ12bot/v1.4.8; http://mj12bot.com/)"
217.182.175.222 - - [04/Apr/2025:14:13:39 -0400] "GET /Owl-gDeOJ5bI.php?action=edit&file=iso_3166-1.mo&path=//usr/share/locale/kn/LC_MESSAGES HTTP/1.1" 200 9552 "-" "Mozilla/5.0 (compatible; MJ12bot/v1.4.8; http://mj12bot.com/)"
88.90.243.142 - - [04/Apr/2025:14:13:39 -0400] "GET /Owl-gDeOJ5bI.php?action=edit&file=infotocap.1m.gz&path=//usr/share/man/man1 HTTP/1.1" 200 2157 "-" "Mozilla/5.0 (compatible; MJ12bot/v1.4.8; http://mj12bot.com/)"
217.182.175.222 - - [04/Apr/2025:14:13:41 -0400] "GET /Owl-gDeOJ5bI.php?action=edit&file=iso_3166-1.mo&path=//usr/share/locale/ko/LC_MESSAGES HTTP/1.1" 200 9645 "-" "Mozilla/5.0 (compatible; MJ12bot/v1.4.8; http://mj12bot.com/)"
94.154.239.69 - - [04/Apr/2025:14:13:41 -0400] "GET /Owl-gDeOJ5bI.php?action=edit&file=iso_8859-5.7.gz&path=//usr/share/man/man7 HTTP/1.1" 200 3123 "-" "Mozilla/5.0 (compatible; MJ12bot/v1.4.8; http://mj12bot.com/)"
88.90.243.142 - - [04/Apr/2025:14:13:44 -0400] "GET /Owl-gDeOJ5bI.php?action=edit&file=init_module.2.gz&path=//usr/share/man/man2 HTTP/1.1" 200 4575 "-" "Mozilla/5.0 (compatible; MJ12bot/v1.4.8; http://mj12bot.com/)"
217.182.175.222 - - [04/Apr/2025:14:13:44 -0400] "GET /Owl-gDeOJ5bI.php?action=edit&file=iso_3166-1.mo&path=//usr/share/locale/kw/LC_MESSAGES HTTP/1.1" 200 4574 "-" "Mozilla/5.0 (compatible; MJ12bot/v1.4.8; http://mj12bot.com/)"
88.90.243.142 - - [04/Apr/2025:14:13:46 -0400] "GET /Owl-gDeOJ5bI.php?action=edit&file=initdb-10.mo&path=//usr/share/locale/cs/LC_MESSAGES HTTP/1.1" 200 8749 "-" "Mozilla/5.0 (compatible; MJ12bot/v1.4.8; http://mj12bot.com/)"
217.182.175.222 - - [04/Apr/2025:14:13:47 -0400] "GET /Owl-gDeOJ5bI.php?action=edit&file=iso_3166-1.mo&path=//usr/share/locale/lo/LC_MESSAGES HTTP/1.1" 200 2873 "-" "Mozilla/5.0 (compatible; MJ12bot/v1.4.8; http://mj12bot.com/)"
88.90.243.142 - - [04/Apr/2025:14:13:50 -0400] "GET /Owl-gDeOJ5bI.php?action=edit&file=initdb-10.mo&path=//usr/share/locale/fr/LC_MESSAGES HTTP/1.1" 200 8715 "-" "Mozilla/5.0 (compatible; MJ12bot/v1.4.8; http://mj12bot.com/)"
217.182.175.222 - - [04/Apr/2025:14:13:51 -0400] "GET /Owl-gDeOJ5bI.php?action=edit&file=iso_3166-1.mo&path=//usr/share/locale/lv/LC_MESSAGES HTTP/1.1" 200 9067 "-" "Mozilla/5.0 (compatible; MJ12bot/v1.4.8; http://mj12bot.com/)"
88.90.243.142 - - [04/Apr/2025:14:13:52 -0400] "GET /Owl-gDeOJ5bI.php?action=edit&file=initdb-10.mo&path=//usr/share/locale/he/LC_MESSAGES HTTP/1.1" 200 8938 "-" "Mozilla/5.0 (compatible; MJ12bot/v1.4.8; http://mj12bot.com/)"
217.182.175.222 - - [04/Apr/2025:14:13:53 -0400] "GET /Owl-gDeOJ5bI.php?action=edit&file=iso_3166-1.mo&path=//usr/share/locale/mai/LC_MESSAGES HTTP/1.1" 200 2630 "-" "Mozilla/5.0 (compatible; MJ12bot/v1.4.8; http://mj12bot.com/)"
94.154.239.69 - - [04/Apr/2025:14:13:56 -0400] "GET /Owl-gDeOJ5bI.php?action=edit&file=iso_8859_14.7.gz&path=//usr/share/man/man7 HTTP/1.1" 200 631 "-" "Mozilla/5.0 (compatible; MJ12bot/v1.4.8; http://mj12bot.com/)"
94.154.239.69 - - [04/Apr/2025:14:13:57 -0400] "GET /Owl-gDeOJ5bI.php?action=edit&file=iso_8859_15.7.gz&path=//usr/share/man/man7 HTTP/1.1" 200 630 "-" "Mozilla/5.0 (compatible; MJ12bot/v1.4.8; http://mj12bot.com/)"
94.154.239.69 - - [04/Apr/2025:14:13:49 -0400] "GET /Owl-gDeOJ5bI.php?action=edit&file=iso_8859_1.7.gz&path=//usr/share/man/man7 HTTP/1.1" 200 630 "-" "Mozilla/5.0 (compatible; MJ12bot/v1.4.8; http://mj12bot.com/)"
94.154.239.69 - - [04/Apr/2025:14:13:51 -0400] "GET /Owl-gDeOJ5bI.php?action=edit&file=iso_8859_10.7.gz&path=//usr/share/man/man7 HTTP/1.1" 200 625 "-" "Mozilla/5.0 (compatible; MJ12bot/v1.4.8; http://mj12bot.com/)"
94.154.239.69 - - [04/Apr/2025:14:13:52 -0400] "GET /Owl-gDeOJ5bI.php?action=edit&file=iso_8859_11.7.gz&path=//usr/share/man/man7 HTTP/1.1" 200 628 "-" "Mozilla/5.0 (compatible; MJ12bot/v1.4.8; http://mj12bot.com/)"
88.90.243.142 - - [04/Apr/2025:14:13:54 -0400] "GET /Owl-gDeOJ5bI.php?action=edit&file=initdb-10.mo&path=//usr/share/locale/it/LC_MESSAGES HTTP/1.1" 200 8430 "-" "Mozilla/5.0 (compatible; MJ12bot/v1.4.8; http://mj12bot.com/)"
217.182.175.222 - - [04/Apr/2025:14:13:54 -0400] "GET /Owl-gDeOJ5bI.php?action=edit&file=iso_3166-1.mo&path=//usr/share/locale/mhr/LC_MESSAGES HTTP/1.1" 200 3292 "-" "Mozilla/5.0 (compatible; MJ12bot/v1.4.8; http://mj12bot.com/)"
94.154.239.69 - - [04/Apr/2025:14:13:54 -0400] "GET /Owl-gDeOJ5bI.php?action=edit&file=iso_8859_13.7.gz&path=//usr/share/man/man7 HTTP/1.1" 200 630 "-" "Mozilla/5.0 (compatible; MJ12bot/v1.4.8; http://mj12bot.com/)"
217.182.175.222 - - [04/Apr/2025:14:13:55 -0400] "GET /Owl-gDeOJ5bI.php?action=edit&file=iso_3166-1.mo&path=//usr/share/locale/mi/LC_MESSAGES HTTP/1.1" 200 4711 "-" "Mozilla/5.0 (compatible; MJ12bot/v1.4.8; http://mj12bot.com/)"
88.90.243.142 - - [04/Apr/2025:14:13:56 -0400] "GET /Owl-gDeOJ5bI.php?action=edit&file=initdb-10.mo&path=//usr/share/locale/ja/LC_MESSAGES HTTP/1.1" 200 9133 "-" "Mozilla/5.0 (compatible; MJ12bot/v1.4.8; http://mj12bot.com/)"
217.182.175.222 - - [04/Apr/2025:14:13:57 -0400] "GET /Owl-gDeOJ5bI.php?action=edit&file=iso_3166-1.mo&path=//usr/share/locale/mk/LC_MESSAGES HTTP/1.1" 200 9759 "-" "Mozilla/5.0 (compatible; MJ12bot/v1.4.8; http://mj12bot.com/)"
217.182.175.222 - - [04/Apr/2025:14:13:59 -0400] "GET /Owl-gDeOJ5bI.php?action=edit&file=iso_3166-1.mo&path=//usr/share/locale/ml/LC_MESSAGES HTTP/1.1" 200 10411 "-" "Mozilla/5.0 (compatible; MJ12bot/v1.4.8; http://mj12bot.com/)"
94.154.239.69 - - [04/Apr/2025:14:13:59 -0400] "GET /Owl-gDeOJ5bI.php?action=edit&file=iso_8859_16.7.gz&path=//usr/share/man/man7 HTTP/1.1" 200 625 "-" "Mozilla/5.0 (compatible; MJ12bot/v1.4.8; http://mj12bot.com/)"
217.182.175.222 - - [04/Apr/2025:14:14:01 -0400] "GET /Owl-gDeOJ5bI.php?action=edit&file=iso_3166-2.mo&path=//usr/share/locale/az/LC_MESSAGES HTTP/1.1" 200 2301 "-" "Mozilla/5.0 (compatible; MJ12bot/v1.4.8; http://mj12bot.com/)"
217.182.175.222 - - [04/Apr/2025:14:14:04 -0400] "GET /Owl-gDeOJ5bI.php?action=edit&file=iso_3166-2.mo&path=//usr/share/locale/bg/LC_MESSAGES HTTP/1.1" 200 8625 "-" "Mozilla/5.0 (compatible; MJ12bot/v1.4.8; http://mj12bot.com/)"
94.154.239.69 - - [04/Apr/2025:14:14:06 -0400] "GET /Owl-gDeOJ5bI.php?action=edit&file=iso_8859_5.7.gz&path=//usr/share/man/man7 HTTP/1.1" 200 630 "-" "Mozilla/5.0 (compatible; MJ12bot/v1.4.8; http://mj12bot.com/)"
217.182.175.222 - - [04/Apr/2025:14:14:08 -0400] "GET /Owl-gDeOJ5bI.php?action=edit&file=iso_3166-2.mo&path=//usr/share/locale/ca/LC_MESSAGES HTTP/1.1" 200 2026 "-" "Mozilla/5.0 (compatible; MJ12bot/v1.4.8; http://mj12bot.com/)"
94.154.239.69 - - [04/Apr/2025:14:14:09 -0400] "GET /Owl-gDeOJ5bI.php?action=edit&file=iso_8859_7.7.gz&path=//usr/share/man/man7 HTTP/1.1" 200 627 "-" "Mozilla/5.0 (compatible; MJ12bot/v1.4.8; http://mj12bot.com/)"
94.154.239.69 - - [04/Apr/2025:14:14:13 -0400] "GET /Owl-gDeOJ5bI.php?action=edit&file=iso_8859_9.7.gz&path=//usr/share/man/man7 HTTP/1.1" 200 630 "-" "Mozilla/5.0 (compatible; MJ12bot/v1.4.8; http://mj12bot.com/)"
94.154.239.69 - - [04/Apr/2025:14:14:14 -0400] "GET /Owl-gDeOJ5bI.php?action=edit&file=isosize.8.gz&path=//usr/share/man/man8 HTTP/1.1" 200 1424 "-" "Mozilla/5.0 (compatible; MJ12bot/v1.4.8; http://mj12bot.com/)"
94.154.239.69 - - [04/Apr/2025:14:14:01 -0400] "GET /Owl-gDeOJ5bI.php?action=edit&file=iso_8859_2.7.gz&path=//usr/share/man/man7 HTTP/1.1" 200 626 "-" "Mozilla/5.0 (compatible; MJ12bot/v1.4.8; http://mj12bot.com/)"
217.182.175.222 - - [04/Apr/2025:14:14:02 -0400] "GET /Owl-gDeOJ5bI.php?action=edit&file=iso_3166-2.mo&path=//usr/share/locale/be/LC_MESSAGES HTTP/1.1" 200 94166 "-" "Mozilla/5.0 (compatible; MJ12bot/v1.4.8; http://mj12bot.com/)"
94.154.239.69 - - [04/Apr/2025:14:14:02 -0400] "GET /Owl-gDeOJ5bI.php?action=edit&file=iso_8859_3.7.gz&path=//usr/share/man/man7 HTTP/1.1" 200 626 "-" "Mozilla/5.0 (compatible; MJ12bot/v1.4.8; http://mj12bot.com/)"
94.154.239.69 - - [04/Apr/2025:14:14:04 -0400] "GET /Owl-gDeOJ5bI.php?action=edit&file=iso_8859_4.7.gz&path=//usr/share/man/man7 HTTP/1.1" 200 628 "-" "Mozilla/5.0 (compatible; MJ12bot/v1.4.8; http://mj12bot.com/)"
217.182.175.222 - - [04/Apr/2025:14:14:06 -0400] "GET /Owl-gDeOJ5bI.php?action=edit&file=iso_3166-2.mo&path=//usr/share/locale/bs/LC_MESSAGES HTTP/1.1" 200 2048 "-" "Mozilla/5.0 (compatible; MJ12bot/v1.4.8; http://mj12bot.com/)"
94.154.239.69 - - [04/Apr/2025:14:14:08 -0400] "GET /Owl-gDeOJ5bI.php?action=edit&file=iso_8859_6.7.gz&path=//usr/share/man/man7 HTTP/1.1" 200 630 "-" "Mozilla/5.0 (compatible; MJ12bot/v1.4.8; http://mj12bot.com/)"
217.182.175.222 - - [04/Apr/2025:14:14:09 -0400] "GET /Owl-gDeOJ5bI.php?action=edit&file=iso_3166-2.mo&path=//usr/share/locale/crh/LC_MESSAGES HTTP/1.1" 200 2300 "-" "Mozilla/5.0 (compatible; MJ12bot/v1.4.8; http://mj12bot.com/)"
94.154.239.69 - - [04/Apr/2025:14:14:11 -0400] "GET /Owl-gDeOJ5bI.php?action=edit&file=iso_8859_8.7.gz&path=//usr/share/man/man7 HTTP/1.1" 200 630 "-" "Mozilla/5.0 (compatible; MJ12bot/v1.4.8; http://mj12bot.com/)"
217.182.175.222 - - [04/Apr/2025:14:14:11 -0400] "GET /Owl-gDeOJ5bI.php?action=edit&file=iso_3166-2.mo&path=//usr/share/locale/cs/LC_MESSAGES HTTP/1.1" 200 4207 "-" "Mozilla/5.0 (compatible; MJ12bot/v1.4.8; http://mj12bot.com/)"
217.182.175.222 - - [04/Apr/2025:14:14:13 -0400] "GET /Owl-gDeOJ5bI.php?action=edit&file=iso_3166-2.mo&path=//usr/share/locale/da/LC_MESSAGES HTTP/1.1" 200 56344 "-" "Mozilla/5.0 (compatible; MJ12bot/v1.4.8; http://mj12bot.com/)"
217.182.175.222 - - [04/Apr/2025:14:14:15 -0400] "GET /Owl-gDeOJ5bI.php?action=edit&file=iso_3166-2.mo&path=//usr/share/locale/de/LC_MESSAGES HTTP/1.1" 200 68599 "-" "Mozilla/5.0 (compatible; MJ12bot/v1.4.8; http://mj12bot.com/)"
94.154.239.69 - - [04/Apr/2025:14:14:16 -0400] "GET /Owl-gDeOJ5bI.php?action=edit&file=isprint.3p.gz&path=//usr/share/man/man3p HTTP/1.1" 200 2142 "-" "Mozilla/5.0 (compatible; MJ12bot/v1.4.8; http://mj12bot.com/)"
217.182.175.222 - - [04/Apr/2025:14:14:17 -0400] "GET /Owl-gDeOJ5bI.php?action=edit&file=iso_3166-2.mo&path=//usr/share/locale/el/LC_MESSAGES HTTP/1.1" 200 6361 "-" "Mozilla/5.0 (compatible; MJ12bot/v1.4.8; http://mj12bot.com/)"
217.182.175.222 - - [04/Apr/2025:14:14:19 -0400] "GET /Owl-gDeOJ5bI.php?action=edit&file=iso_3166-2.mo&path=//usr/share/locale/en/LC_MESSAGES HTTP/1.1" 200 32818 "-" "Mozilla/5.0 (compatible; MJ12bot/v1.4.8; http://mj12bot.com/)"
217.182.175.222 - - [04/Apr/2025:14:14:20 -0400] "GET /Owl-gDeOJ5bI.php?action=edit&file=iso_3166-2.mo&path=//usr/share/locale/eo/LC_MESSAGES HTTP/1.1" 200 2297 "-" "Mozilla/5.0 (compatible; MJ12bot/v1.4.8; http://mj12bot.com/)"
94.154.239.69 - - [04/Apr/2025:14:14:20 -0400] "GET /Owl-gDeOJ5bI.php?action=edit&file=isspace.3p.gz&path=//usr/share/man/man3p HTTP/1.1" 200 2143 "-" "Mozilla/5.0 (compatible; MJ12bot/v1.4.8; http://mj12bot.com/)"
217.182.175.222 - - [04/Apr/2025:14:14:22 -0400] "GET /Owl-gDeOJ5bI.php?action=edit&file=iso_3166-2.mo&path=//usr/share/locale/es/LC_MESSAGES HTTP/1.1" 200 2643 "-" "Mozilla/5.0 (compatible; MJ12bot/v1.4.8; http://mj12bot.com/)"
94.154.239.69 - - [04/Apr/2025:14:14:23 -0400] "GET /Owl-gDeOJ5bI.php?action=edit&file=issue.5.gz&path=//usr/share/man/man5 HTTP/1.1" 200 1721 "-" "Mozilla/5.0 (compatible; MJ12bot/v1.4.8; http://mj12bot.com/)"
94.154.239.69 - - [04/Apr/2025:14:14:17 -0400] "GET /Owl-gDeOJ5bI.php?action=edit&file=ispunct.3p.gz&path=//usr/share/man/man3p HTTP/1.1" 200 2156 "-" "Mozilla/5.0 (compatible; MJ12bot/v1.4.8; http://mj12bot.com/)"
94.154.239.69 - - [04/Apr/2025:14:14:19 -0400] "GET /Owl-gDeOJ5bI.php?action=edit&file=isql.1.gz&path=//usr/share/man/man1 HTTP/1.1" 200 2178 "-" "Mozilla/5.0 (compatible; MJ12bot/v1.4.8; http://mj12bot.com/)"
217.182.175.222 - - [04/Apr/2025:14:14:24 -0400] "GET /Owl-gDeOJ5bI.php?action=edit&file=iso_3166-2.mo&path=//usr/share/locale/et/LC_MESSAGES HTTP/1.1" 200 1546 "-" "Mozilla/5.0 (compatible; MJ12bot/v1.4.8; http://mj12bot.com/)"
217.182.175.222 - - [04/Apr/2025:14:14:27 -0400] "GET /Owl-gDeOJ5bI.php?action=edit&file=iso_3166-2.mo&path=//usr/share/locale/fi/LC_MESSAGES HTTP/1.1" 200 4592 "-" "Mozilla/5.0 (compatible; MJ12bot/v1.4.8; http://mj12bot.com/)"
94.154.239.69 - - [04/Apr/2025:14:14:27 -0400] "GET /Owl-gDeOJ5bI.php?action=edit&file=iswalnum.3p.gz&path=//usr/share/man/man3p HTTP/1.1" 200 2204 "-" "Mozilla/5.0 (compatible; MJ12bot/v1.4.8; http://mj12bot.com/)"
217.182.175.222 - - [04/Apr/2025:14:14:29 -0400] "GET /Owl-gDeOJ5bI.php?action=edit&file=iso_3166-2.mo&path=//usr/share/locale/fr/LC_MESSAGES HTTP/1.1" 200 71007 "-" "Mozilla/5.0 (compatible; MJ12bot/v1.4.8; http://mj12bot.com/)"
217.182.175.222 - - [04/Apr/2025:14:14:33 -0400] "GET /Owl-gDeOJ5bI.php?action=edit&file=iso_3166-2.mo&path=//usr/share/locale/hu/LC_MESSAGES HTTP/1.1" 200 30991 "-" "Mozilla/5.0 (compatible; MJ12bot/v1.4.8; http://mj12bot.com/)"
94.154.239.69 - - [04/Apr/2025:14:14:34 -0400] "GET /Owl-gDeOJ5bI.php?action=edit&file=iswctype.3p.gz&path=//usr/share/man/man3p HTTP/1.1" 200 2574 "-" "Mozilla/5.0 (compatible; MJ12bot/v1.4.8; http://mj12bot.com/)"
217.182.175.222 - - [04/Apr/2025:14:14:35 -0400] "GET /Owl-gDeOJ5bI.php?action=edit&file=iso_3166-2.mo&path=//usr/share/locale/id/LC_MESSAGES HTTP/1.1" 200 61670 "-" "Mozilla/5.0 (compatible; MJ12bot/v1.4.8; http://mj12bot.com/)"
94.154.239.69 - - [04/Apr/2025:14:14:36 -0400] "GET /Owl-gDeOJ5bI.php?action=edit&file=iswdigit.3p.gz&path=//usr/share/man/man3p HTTP/1.1" 200 2175 "-" "Mozilla/5.0 (compatible; MJ12bot/v1.4.8; http://mj12bot.com/)"
217.182.175.222 - - [04/Apr/2025:14:14:37 -0400] "GET /Owl-gDeOJ5bI.php?action=edit&file=iso_3166-2.mo&path=//usr/share/locale/is/LC_MESSAGES HTTP/1.1" 200 3042 "-" "Mozilla/5.0 (compatible; MJ12bot/v1.4.8; http://mj12bot.com/)"
217.182.175.222 - - [04/Apr/2025:14:14:38 -0400] "GET /Owl-gDeOJ5bI.php?action=edit&file=iso_3166-2.mo&path=//usr/share/locale/it/LC_MESSAGES HTTP/1.1" 200 71923 "-" "Mozilla/5.0 (compatible; MJ12bot/v1.4.8; http://mj12bot.com/)"
94.154.239.69 - - [04/Apr/2025:14:14:39 -0400] "GET /Owl-gDeOJ5bI.php?action=edit&file=iswlower.3p.gz&path=//usr/share/man/man3p HTTP/1.1" 200 2176 "-" "Mozilla/5.0 (compatible; MJ12bot/v1.4.8; http://mj12bot.com/)"
217.182.175.222 - - [04/Apr/2025:14:14:40 -0400] "GET /Owl-gDeOJ5bI.php?action=edit&file=iso_3166-2.mo&path=//usr/share/locale/ja/LC_MESSAGES HTTP/1.1" 200 48582 "-" "Mozilla/5.0 (compatible; MJ12bot/v1.4.8; http://mj12bot.com/)"
217.182.175.222 - - [04/Apr/2025:14:14:42 -0400] "GET /Owl-gDeOJ5bI.php?action=edit&file=iso_3166-2.mo&path=//usr/share/locale/ko/LC_MESSAGES HTTP/1.1" 200 2355 "-" "Mozilla/5.0 (compatible; MJ12bot/v1.4.8; http://mj12bot.com/)"
94.154.239.69 - - [04/Apr/2025:14:14:44 -0400] "GET /Owl-gDeOJ5bI.php?action=edit&file=iswspace.3p.gz&path=//usr/share/man/man3p HTTP/1.1" 200 2215 "-" "Mozilla/5.0 (compatible; MJ12bot/v1.4.8; http://mj12bot.com/)"
217.182.175.222 - - [04/Apr/2025:14:14:44 -0400] "GET /Owl-gDeOJ5bI.php?action=edit&file=iso_3166-2.mo&path=//usr/share/locale/ky/LC_MESSAGES HTTP/1.1" 200 1534 "-" "Mozilla/5.0 (compatible; MJ12bot/v1.4.8; http://mj12bot.com/)"
217.182.175.222 - - [04/Apr/2025:14:14:46 -0400] "GET /Owl-gDeOJ5bI.php?action=edit&file=iso_3166-2.mo&path=//usr/share/locale/lt/LC_MESSAGES HTTP/1.1" 200 38236 "-" "Mozilla/5.0 (compatible; MJ12bot/v1.4.8; http://mj12bot.com/)"
94.154.239.69 - - [04/Apr/2025:14:14:24 -0400] "GET /Owl-gDeOJ5bI.php?action=edit&file=isunordered.3p.gz&path=//usr/share/man/man3p HTTP/1.1" 200 2097 "-" "Mozilla/5.0 (compatible; MJ12bot/v1.4.8; http://mj12bot.com/)"
217.182.175.222 - - [04/Apr/2025:14:14:26 -0400] "GET /Owl-gDeOJ5bI.php?action=edit&file=iso_3166-2.mo&path=//usr/share/locale/eu/LC_MESSAGES HTTP/1.1" 200 2162 "-" "Mozilla/5.0 (compatible; MJ12bot/v1.4.8; http://mj12bot.com/)"
94.154.239.69 - - [04/Apr/2025:14:14:26 -0400] "GET /Owl-gDeOJ5bI.php?action=edit&file=isupper.3p.gz&path=//usr/share/man/man3p HTTP/1.1" 200 2153 "-" "Mozilla/5.0 (compatible; MJ12bot/v1.4.8; http://mj12bot.com/)"
94.154.239.69 - - [04/Apr/2025:14:14:29 -0400] "GET /Owl-gDeOJ5bI.php?action=edit&file=iswalpha.3p.gz&path=//usr/share/man/man3p HTTP/1.1" 200 2197 "-" "Mozilla/5.0 (compatible; MJ12bot/v1.4.8; http://mj12bot.com/)"
94.154.239.69 - - [04/Apr/2025:14:14:31 -0400] "GET /Owl-gDeOJ5bI.php?action=edit&file=iswblank.3p.gz&path=//usr/share/man/man3p HTTP/1.1" 200 2151 "-" "Mozilla/5.0 (compatible; MJ12bot/v1.4.8; http://mj12bot.com/)"
217.182.175.222 - - [04/Apr/2025:14:14:31 -0400] "GET /Owl-gDeOJ5bI.php?action=edit&file=iso_3166-2.mo&path=//usr/share/locale/ga/LC_MESSAGES HTTP/1.1" 200 2010 "-" "Mozilla/5.0 (compatible; MJ12bot/v1.4.8; http://mj12bot.com/)"
94.154.239.69 - - [04/Apr/2025:14:14:32 -0400] "GET /Owl-gDeOJ5bI.php?action=edit&file=iswcntrl.3p.gz&path=//usr/share/man/man3p HTTP/1.1" 200 2147 "-" "Mozilla/5.0 (compatible; MJ12bot/v1.4.8; http://mj12bot.com/)"
94.154.239.69 - - [04/Apr/2025:14:14:37 -0400] "GET /Owl-gDeOJ5bI.php?action=edit&file=iswgraph.3p.gz&path=//usr/share/man/man3p HTTP/1.1" 200 2205 "-" "Mozilla/5.0 (compatible; MJ12bot/v1.4.8; http://mj12bot.com/)"
94.154.239.69 - - [04/Apr/2025:14:14:41 -0400] "GET /Owl-gDeOJ5bI.php?action=edit&file=iswprint.3p.gz&path=//usr/share/man/man3p HTTP/1.1" 200 2182 "-" "Mozilla/5.0 (compatible; MJ12bot/v1.4.8; http://mj12bot.com/)"
94.154.239.69 - - [04/Apr/2025:14:14:42 -0400] "GET /Owl-gDeOJ5bI.php?action=edit&file=iswpunct.3p.gz&path=//usr/share/man/man3p HTTP/1.1" 200 2184 "-" "Mozilla/5.0 (compatible; MJ12bot/v1.4.8; http://mj12bot.com/)"
94.154.239.69 - - [04/Apr/2025:14:14:45 -0400] "GET /Owl-gDeOJ5bI.php?action=edit&file=iswupper.3p.gz&path=//usr/share/man/man3p HTTP/1.1" 200 2176 "-" "Mozilla/5.0 (compatible; MJ12bot/v1.4.8; http://mj12bot.com/)"
217.182.175.222 - - [04/Apr/2025:14:14:49 -0400] "GET /Owl-gDeOJ5bI.php?action=edit&file=iso_3166-3.mo&path=//usr/share/locale/af/LC_MESSAGES HTTP/1.1" 200 1167 "-" "Mozilla/5.0 (compatible; MJ12bot/v1.4.8; http://mj12bot.com/)"
94.154.239.69 - - [04/Apr/2025:14:14:50 -0400] "GET /Owl-gDeOJ5bI.php?action=edit&file=it_CH&path=//usr/share/i18n/locales HTTP/1.1" 200 1744 "-" "Mozilla/5.0 (compatible; MJ12bot/v1.4.8; http://mj12bot.com/)"
217.182.175.222 - - [04/Apr/2025:14:14:51 -0400] "GET /Owl-gDeOJ5bI.php?action=edit&file=iso_3166-3.mo&path=//usr/share/locale/am/LC_MESSAGES HTTP/1.1" 200 917 "-" "Mozilla/5.0 (compatible; MJ12bot/v1.4.8; http://mj12bot.com/)"
217.182.175.222 - - [04/Apr/2025:14:14:53 -0400] "GET /Owl-gDeOJ5bI.php?action=edit&file=iso_3166-3.mo&path=//usr/share/locale/ar/LC_MESSAGES HTTP/1.1" 200 2249 "-" "Mozilla/5.0 (compatible; MJ12bot/v1.4.8; http://mj12bot.com/)"
94.154.239.69 - - [04/Apr/2025:14:14:56 -0400] "GET /Owl-gDeOJ5bI.php?action=edit&file=iu_CA&path=//usr/share/i18n/locales HTTP/1.1" 200 1872 "-" "Mozilla/5.0 (compatible; MJ12bot/v1.4.8; http://mj12bot.com/)"
94.154.239.69 - - [04/Apr/2025:14:15:01 -0400] "GET /Owl-gDeOJ5bI.php?action=edit&file=j0.3p.gz&path=//usr/share/man/man3p HTTP/1.1" 200 2208 "-" "Mozilla/5.0 (compatible; MJ12bot/v1.4.8; http://mj12bot.com/)"
217.182.175.222 - - [04/Apr/2025:14:15:01 -0400] "GET /Owl-gDeOJ5bI.php?action=edit&file=iso_3166-3.mo&path=//usr/share/locale/bg/LC_MESSAGES HTTP/1.1" 200 2264 "-" "Mozilla/5.0 (compatible; MJ12bot/v1.4.8; http://mj12bot.com/)"
94.154.239.69 - - [04/Apr/2025:14:14:47 -0400] "GET /Owl-gDeOJ5bI.php?action=edit&file=iswxdigit.3p.gz&path=//usr/share/man/man3p HTTP/1.1" 200 2165 "-" "Mozilla/5.0 (compatible; MJ12bot/v1.4.8; http://mj12bot.com/)"
217.182.175.222 - - [04/Apr/2025:14:14:47 -0400] "GET /Owl-gDeOJ5bI.php?action=edit&file=iso_3166-2.mo&path=//usr/share/locale/lv/LC_MESSAGES HTTP/1.1" 200 1923 "-" "Mozilla/5.0 (compatible; MJ12bot/v1.4.8; http://mj12bot.com/)"
94.154.239.69 - - [04/Apr/2025:14:14:49 -0400] "GET /Owl-gDeOJ5bI.php?action=edit&file=isxdigit.3p.gz&path=//usr/share/man/man3p HTTP/1.1" 200 2188 "-" "Mozilla/5.0 (compatible; MJ12bot/v1.4.8; http://mj12bot.com/)"
94.154.239.69 - - [04/Apr/2025:14:14:52 -0400] "GET /Owl-gDeOJ5bI.php?action=edit&file=it_IT&path=//usr/share/i18n/locales HTTP/1.1" 200 2058 "-" "Mozilla/5.0 (compatible; MJ12bot/v1.4.8; http://mj12bot.com/)"
94.154.239.69 - - [04/Apr/2025:14:14:54 -0400] "GET /Owl-gDeOJ5bI.php?action=edit&file=it_IT@euro&path=//usr/share/i18n/locales HTTP/1.1" 200 1181 "-" "Mozilla/5.0 (compatible; MJ12bot/v1.4.8; http://mj12bot.com/)"
217.182.175.222 - - [04/Apr/2025:14:14:54 -0400] "GET /Owl-gDeOJ5bI.php?action=edit&file=iso_3166-3.mo&path=//usr/share/locale/as/LC_MESSAGES HTTP/1.1" 200 2335 "-" "Mozilla/5.0 (compatible; MJ12bot/v1.4.8; http://mj12bot.com/)"
217.182.175.222 - - [04/Apr/2025:14:14:56 -0400] "GET /Owl-gDeOJ5bI.php?action=edit&file=iso_3166-3.mo&path=//usr/share/locale/ast/LC_MESSAGES HTTP/1.1" 200 1929 "-" "Mozilla/5.0 (compatible; MJ12bot/v1.4.8; http://mj12bot.com/)"
94.154.239.69 - - [04/Apr/2025:14:14:57 -0400] "GET /Owl-gDeOJ5bI.php?action=edit&file=iusql.1.gz&path=//usr/share/man/man1 HTTP/1.1" 200 611 "-" "Mozilla/5.0 (compatible; MJ12bot/v1.4.8; http://mj12bot.com/)"
217.182.175.222 - - [04/Apr/2025:14:14:58 -0400] "GET /Owl-gDeOJ5bI.php?action=edit&file=iso_3166-3.mo&path=//usr/share/locale/az/LC_MESSAGES HTTP/1.1" 200 913 "-" "Mozilla/5.0 (compatible; MJ12bot/v1.4.8; http://mj12bot.com/)"
94.154.239.69 - - [04/Apr/2025:14:14:59 -0400] "GET /Owl-gDeOJ5bI.php?action=edit&file=j.syntax&path=//usr/share/mc/syntax HTTP/1.1" 200 873 "-" "Mozilla/5.0 (compatible; MJ12bot/v1.4.8; http://mj12bot.com/)"
217.182.175.222 - - [04/Apr/2025:14:14:59 -0400] "GET /Owl-gDeOJ5bI.php?action=edit&file=iso_3166-3.mo&path=//usr/share/locale/be/LC_MESSAGES HTTP/1.1" 200 2317 "-" "Mozilla/5.0 (compatible; MJ12bot/v1.4.8; http://mj12bot.com/)"
94.154.239.69 - - [04/Apr/2025:14:15:02 -0400] "GET /Owl-gDeOJ5bI.php?action=edit&file=ja.tmac&path=//usr/share/groff/1.22.3/tmac HTTP/1.1" 200 1363 "-" "Mozilla/5.0 (compatible; MJ12bot/v1.4.8; http://mj12bot.com/)"
94.154.239.69 - - [04/Apr/2025:14:15:04 -0400] "GET /Owl-gDeOJ5bI.php?action=edit&file=ja.tmac&path=//usr/share/groff/current/tmac HTTP/1.1" 200 1363 "-" "Mozilla/5.0 (compatible; MJ12bot/v1.4.8; http://mj12bot.com/)"
217.182.175.222 - - [04/Apr/2025:14:15:04 -0400] "GET /Owl-gDeOJ5bI.php?action=edit&file=iso_3166-3.mo&path=//usr/share/locale/bn_IN/LC_MESSAGES HTTP/1.1" 200 2330 "-" "Mozilla/5.0 (compatible; MJ12bot/v1.4.8; http://mj12bot.com/)"
94.154.239.69 - - [04/Apr/2025:14:15:08 -0400] "GET /Owl-gDeOJ5bI.php?action=edit&file=jal.syntax&path=//usr/share/mc/syntax HTTP/1.1" 200 1910 "-" "Mozilla/5.0 (compatible; MJ12bot/v1.4.8; http://mj12bot.com/)"
217.182.175.222 - - [04/Apr/2025:14:15:09 -0400] "GET /Owl-gDeOJ5bI.php?action=edit&file=iso_3166-3.mo&path=//usr/share/locale/byn/LC_MESSAGES HTTP/1.1" 200 918 "-" "Mozilla/5.0 (compatible; MJ12bot/v1.4.8; http://mj12bot.com/)"
217.182.175.222 - - [04/Apr/2025:14:15:13 -0400] "GET /Owl-gDeOJ5bI.php?action=edit&file=iso_3166-3.mo&path=//usr/share/locale/crh/LC_MESSAGES HTTP/1.1" 200 2059 "-" "Mozilla/5.0 (compatible; MJ12bot/v1.4.8; http://mj12bot.com/)"
94.154.239.69 - - [04/Apr/2025:14:15:13 -0400] "GET /Owl-gDeOJ5bI.php?action=edit&file=java.config&path=//usr/share/crypto-policies/back-ends/FIPS HTTP/1.1" 200 814 "-" "Mozilla/5.0 (compatible; MJ12bot/v1.4.8; http://mj12bot.com/)"
217.182.175.222 - - [04/Apr/2025:14:15:03 -0400] "GET /Owl-gDeOJ5bI.php?action=edit&file=iso_3166-3.mo&path=//usr/share/locale/bn/LC_MESSAGES HTTP/1.1" 200 2266 "-" "Mozilla/5.0 (compatible; MJ12bot/v1.4.8; http://mj12bot.com/)"
94.154.239.69 - - [04/Apr/2025:14:15:05 -0400] "GET /Owl-gDeOJ5bI.php?action=edit&file=ja_JP&path=//usr/share/i18n/locales HTTP/1.1" 200 71829 "-" "Mozilla/5.0 (compatible; MJ12bot/v1.4.8; http://mj12bot.com/)"
217.182.175.222 - - [04/Apr/2025:14:15:06 -0400] "GET /Owl-gDeOJ5bI.php?action=edit&file=iso_3166-3.mo&path=//usr/share/locale/br/LC_MESSAGES HTTP/1.1" 200 1698 "-" "Mozilla/5.0 (compatible; MJ12bot/v1.4.8; http://mj12bot.com/)"
217.182.175.222 - - [04/Apr/2025:14:15:08 -0400] "GET /Owl-gDeOJ5bI.php?action=edit&file=iso_3166-3.mo&path=//usr/share/locale/bs/LC_MESSAGES HTTP/1.1" 200 1858 "-" "Mozilla/5.0 (compatible; MJ12bot/v1.4.8; http://mj12bot.com/)"
94.154.239.69 - - [04/Apr/2025:14:15:10 -0400] "GET /Owl-gDeOJ5bI.php?action=edit&file=java.am&path=//usr/share/automake-1.16/am HTTP/1.1" 200 1786 "-" "Mozilla/5.0 (compatible; MJ12bot/v1.4.8; http://mj12bot.com/)"
217.182.175.222 - - [04/Apr/2025:14:15:11 -0400] "GET /Owl-gDeOJ5bI.php?action=edit&file=iso_3166-3.mo&path=//usr/share/locale/ca/LC_MESSAGES HTTP/1.1" 200 1993 "-" "Mozilla/5.0 (compatible; MJ12bot/v1.4.8; http://mj12bot.com/)"
94.154.239.69 - - [04/Apr/2025:14:15:11 -0400] "GET /Owl-gDeOJ5bI.php?action=edit&file=java.config&path=//usr/share/crypto-policies/back-ends/DEFAULT HTTP/1.1" 200 746 "-" "Mozilla/5.0 (compatible; MJ12bot/v1.4.8; http://mj12bot.com/)"
217.182.175.222 - - [04/Apr/2025:14:15:14 -0400] "GET /Owl-gDeOJ5bI.php?action=edit&file=iso_3166-3.mo&path=//usr/share/locale/cs/LC_MESSAGES HTTP/1.1" 200 2028 "-" "Mozilla/5.0 (compatible; MJ12bot/v1.4.8; http://mj12bot.com/)"
94.154.239.69 - - [04/Apr/2025:14:15:18 -0400] "GET /Owl-gDeOJ5bI.php?action=edit&file=java.syntax&path=//usr/share/mc/syntax HTTP/1.1" 200 1380 "-" "Mozilla/5.0 (compatible; MJ12bot/v1.4.8; http://mj12bot.com/)"
217.182.175.222 - - [04/Apr/2025:14:15:23 -0400] "GET /Owl-gDeOJ5bI.php?action=edit&file=iso_3166-3.mo&path=//usr/share/locale/el/LC_MESSAGES HTTP/1.1" 200 2346 "-" "Mozilla/5.0 (compatible; MJ12bot/v1.4.8; http://mj12bot.com/)"
94.154.239.69 - - [04/Apr/2025:14:15:23 -0400] "GET /Owl-gDeOJ5bI.php?action=edit&file=java.txt&path=//usr/share/crypto-policies/FUTURE HTTP/1.1" 200 823 "-" "Mozilla/5.0 (compatible; MJ12bot/v1.4.8; http://mj12bot.com/)"
217.182.175.222 - - [04/Apr/2025:14:15:25 -0400] "GET /Owl-gDeOJ5bI.php?action=edit&file=iso_3166-3.mo&path=//usr/share/locale/eo/LC_MESSAGES HTTP/1.1" 200 1907 "-" "Mozilla/5.0 (compatible; MJ12bot/v1.4.8; http://mj12bot.com/)"
94.154.239.69 - - [04/Apr/2025:14:15:25 -0400] "GET /Owl-gDeOJ5bI.php?action=edit&file=java.txt&path=//usr/share/crypto-policies/LEGACY HTTP/1.1" 200 724 "-" "Mozilla/5.0 (compatible; MJ12bot/v1.4.8; http://mj12bot.com/)"
94.154.239.69 - - [04/Apr/2025:14:15:28 -0400] "GET /Owl-gDeOJ5bI.php?action=edit&file=jewels.kandere.com.cache&path=//var/cpanel/userdata/prinesgw HTTP/1.1" 200 782 "-" "Mozilla/5.0 (compatible; MJ12bot/v1.4.8; http://mj12bot.com/)"
